2025/01/20 20:14:38 [error] 154186#154186: *451908 open() "/home/mercedes-vietnam.net/public_html/2014.tgz" failed (2: No such file or directory), client: 162.158.162.35, server: mercedes-vietnam.net, request: "HEAD /2014.tgz HTTP/1.1", host: "mercedes-vietnam.net", referrer: "http://gvietnam.com/2014.tgz"
2025/01/20 20:14:38 [error] 154186#154186: *452014 open() "/home/mercedes-vietnam.net/public_html/2015.zip" failed (2: No such file or directory), client: 172.70.189.97, server: mercedes-vietnam.net, request: "GET /2015.zip HTTP/1.1", host: "mercedes-vietnam.net", referrer: "http://gvietnam.com/2015.zip"
2025/01/20 20:14:38 [error] 154186#154186: *452016 open() "/home/mercedes-vietnam.net/public_html/2015.rar" failed (2: No such file or directory), client: 162.158.162.198, server: mercedes-vietnam.net, request: "GET /2015.rar HTTP/1.1", host: "mercedes-vietnam.net", referrer: "http://gvietnam.com/2015.rar"
2025/01/20 20:14:39 [error] 154186#154186: *452017 open() "/home/mercedes-vietnam.net/public_html/2015.tar.gz" failed (2: No such file or directory), client: 172.70.142.38, server: mercedes-vietnam.net, request: "GET /2015.tar.gz HTTP/1.1", host: "mercedes-vietnam.net", referrer: "http://gvietnam.com/2015.tar.gz"
2025/01/20 20:14:39 [error] 154186#154186: *451908 open() "/home/mercedes-vietnam.net/public_html/2015.tgz" failed (2: No such file or directory), client: 162.158.162.35, server: mercedes-vietnam.net, request: "HEAD /2015.tgz HTTP/1.1", host: "mercedes-vietnam.net", referrer: "http://gvietnam.com/2015.tgz"
2025/01/20 20:14:39 [error] 154186#154186: *452019 open() "/home/mercedes-vietnam.net/public_html/2016.zip" failed (2: No such file or directory), client: 162.158.162.195, server: mercedes-vietnam.net, request: "GET /2016.zip HTTP/1.1", host: "mercedes-vietnam.net", referrer: "http://gvietnam.com/2016.zip"
2025/01/20 20:14:39 [error] 154186#154186: *452020 open() "/home/mercedes-vietnam.net/public_html/2016.rar" failed (2: No such file or directory), client: 162.158.162.211, server: mercedes-vietnam.net, request: "GET /2016.rar HTTP/1.1", host: "mercedes-vietnam.net", referrer: "http://gvietnam.com/2016.rar"
2025/01/20 20:14:39 [error] 154186#154186: *452022 open() "/home/mercedes-vietnam.net/public_html/2016.tar.gz" failed (2: No such file or directory), client: 162.158.170.48, server: mercedes-vietnam.net, request: "GET /2016.tar.gz HTTP/1.1", host: "mercedes-vietnam.net", referrer: "http://gvietnam.com/2016.tar.gz"
2025/01/20 20:14:39 [error] 154186#154186: *451908 open() "/home/mercedes-vietnam.net/public_html/2016.tgz" failed (2: No such file or directory), client: 162.158.162.35, server: mercedes-vietnam.net, request: "HEAD /2016.tgz HTTP/1.1", host: "mercedes-vietnam.net", referrer: "http://gvietnam.com/2016.tgz"
2025/01/20 20:14:39 [error] 154186#154186: *451908 open() "/home/mercedes-vietnam.net/public_html/2014.tgz" failed (2: No such file or directory), client: 162.158.162.35, server: mercedes-vietnam.net, request: "HEAD /2014.tgz HTTP/1.1", host: "mercedes-vietnam.net", referrer: "http://gvietnam.com/2014.tgz"
2025/01/20 20:14:40 [error] 154186#154186: *451908 open() "/home/mercedes-vietnam.net/public_html/2015.tgz" failed (2: No such file or directory), client: 162.158.162.35, server: mercedes-vietnam.net, request: "HEAD /2015.tgz HTTP/1.1", host: "mercedes-vietnam.net", referrer: "http://gvietnam.com/2015.tgz"
2025/01/20 20:14:40 [error] 154186#154186: *451908 open() "/home/mercedes-vietnam.net/public_html/2016.tgz" failed (2: No such file or directory), client: 162.158.162.35, server: mercedes-vietnam.net, request: "HEAD /2016.tgz HTTP/1.1", host: "mercedes-vietnam.net", referrer: "http://gvietnam.com/2016.tgz"
2025/01/20 20:14:40 [error] 154186#154186: *452029 open() "/home/mercedes-vietnam.net/public_html/2017.zip" failed (2: No such file or directory), client: 108.162.226.176, server: mercedes-vietnam.net, request: "GET /2017.zip HTTP/1.1", host: "mercedes-vietnam.net", referrer: "http://gvietnam.com/2017.zip"
2025/01/20 20:14:40 [error] 154186#154186: *451999 open() "/home/mercedes-vietnam.net/public_html/2017.rar" failed (2: No such file or directory), client: 172.70.93.18, server: mercedes-vietnam.net, request: "GET /2017.rar HTTP/1.1", host: "mercedes-vietnam.net", referrer: "http://gvietnam.com/2017.rar"
2025/01/20 20:14:41 [error] 154186#154186: *452031 open() "/home/mercedes-vietnam.net/public_html/2017.tar.gz" failed (2: No such file or directory), client: 108.162.226.99, server: mercedes-vietnam.net, request: "GET /2017.tar.gz HTTP/1.1", host: "mercedes-vietnam.net", referrer: "http://gvietnam.com/2017.tar.gz"
2025/01/20 20:14:41 [error] 154186#154186: *451908 open() "/home/mercedes-vietnam.net/public_html/2017.tgz" failed (2: No such file or directory), client: 162.158.162.35, server: mercedes-vietnam.net, request: "HEAD /2017.tgz HTTP/1.1", host: "mercedes-vietnam.net", referrer: "http://gvietnam.com/2017.tgz"
2025/01/20 20:14:41 [error] 154186#154186: *451985 open() "/home/mercedes-vietnam.net/public_html/2018.zip" failed (2: No such file or directory), client: 162.158.170.104, server: mercedes-vietnam.net, request: "GET /2018.zip HTTP/1.1", host: "mercedes-vietnam.net", referrer: "http://gvietnam.com/2018.zip"
2025/01/20 20:14:41 [error] 154186#154186: *452033 open() "/home/mercedes-vietnam.net/public_html/2018.rar" failed (2: No such file or directory), client: 172.70.93.3, server: mercedes-vietnam.net, request: "GET /2018.rar HTTP/1.1", host: "mercedes-vietnam.net", referrer: "http://gvietnam.com/2018.rar"
2025/01/20 20:14:41 [error] 154186#154186: *452035 open() "/home/mercedes-vietnam.net/public_html/2018.tar.gz" failed (2: No such file or directory), client: 162.158.170.130, server: mercedes-vietnam.net, request: "GET /2018.tar.gz HTTP/1.1", host: "mercedes-vietnam.net", referrer: "http://gvietnam.com/2018.tar.gz"
2025/01/20 20:14:41 [error] 154186#154186: *451908 open() "/home/mercedes-vietnam.net/public_html/2018.tgz" failed (2: No such file or directory), client: 162.158.162.35, server: mercedes-vietnam.net, request: "HEAD /2018.tgz HTTP/1.1", host: "mercedes-vietnam.net", referrer: "http://gvietnam.com/2018.tgz"
2025/01/20 20:14:41 [error] 154186#154186: *452037 open() "/home/mercedes-vietnam.net/public_html/2019.zip" failed (2: No such file or directory), client: 162.158.171.18, server: mercedes-vietnam.net, request: "GET /2019.zip HTTP/1.1", host: "mercedes-vietnam.net", referrer: "http://gvietnam.com/2019.zip"
2025/01/20 20:14:41 [error] 154186#154186: *452039 open() "/home/mercedes-vietnam.net/public_html/2019.rar" failed (2: No such file or directory), client: 162.158.190.108, server: mercedes-vietnam.net, request: "GET /2019.rar HTTP/1.1", host: "mercedes-vietnam.net", referrer: "http://gvietnam.com/2019.rar"
2025/01/20 20:14:42 [error] 154186#154186: *452040 open() "/home/mercedes-vietnam.net/public_html/2019.tar.gz" failed (2: No such file or directory), client: 162.158.190.59, server: mercedes-vietnam.net, request: "GET /2019.tar.gz HTTP/1.1", host: "mercedes-vietnam.net", referrer: "http://gvietnam.com/2019.tar.gz"
2025/01/20 20:14:42 [error] 154186#154186: *451908 open() "/home/mercedes-vietnam.net/public_html/2019.tgz" failed (2: No such file or directory), client: 162.158.162.35, server: mercedes-vietnam.net, request: "HEAD /2019.tgz HTTP/1.1", host: "mercedes-vietnam.net", referrer: "http://gvietnam.com/2019.tgz"
2025/01/20 20:14:42 [error] 154186#154186: *452042 open() "/home/mercedes-vietnam.net/public_html/2020.zip" failed (2: No such file or directory), client: 172.70.92.197, server: mercedes-vietnam.net, request: "GET /2020.zip HTTP/1.1", host: "mercedes-vietnam.net", referrer: "http://gvietnam.com/2020.zip"
2025/01/20 20:14:42 [error] 154186#154186: *452043 open() "/home/mercedes-vietnam.net/public_html/2020.rar" failed (2: No such file or directory), client: 172.70.142.24, server: mercedes-vietnam.net, request: "GET /2020.rar HTTP/1.1", host: "mercedes-vietnam.net", referrer: "http://gvietnam.com/2020.rar"
2025/01/20 20:14:42 [error] 154186#154186: *452045 open() "/home/mercedes-vietnam.net/public_html/2020.tar.gz" failed (2: No such file or directory), client: 162.158.162.33, server: mercedes-vietnam.net, request: "GET /2020.tar.gz HTTP/1.1", host: "mercedes-vietnam.net", referrer: "http://gvietnam.com/2020.tar.gz"
2025/01/20 20:14:42 [error] 154186#154186: *451908 open() "/home/mercedes-vietnam.net/public_html/2020.tgz" failed (2: No such file or directory), client: 162.158.162.35, server: mercedes-vietnam.net, request: "HEAD /2020.tgz HTTP/1.1", host: "mercedes-vietnam.net", referrer: "http://gvietnam.com/2020.tgz"
2025/01/20 20:14:42 [error] 154186#154186: *451908 open() "/home/mercedes-vietnam.net/public_html/1.tgz" failed (2: No such file or directory), client: 162.158.162.35, server: mercedes-vietnam.net, request: "HEAD /1.tgz HTTP/1.1", host: "mercedes-vietnam.net", referrer: "http://gvietnam.com/1.tgz"
2025/01/20 20:14:43 [error] 154186#154186: *452048 open() "/home/mercedes-vietnam.net/public_html/2.zip" failed (2: No such file or directory), client: 162.158.163.19, server: mercedes-vietnam.net, request: "GET /2.zip HTTP/1.1", host: "mercedes-vietnam.net", referrer: "http://gvietnam.com/2.zip"
2025/01/20 20:14:43 [error] 154186#154186: *452049 open() "/home/mercedes-vietnam.net/public_html/2.rar" failed (2: No such file or directory), client: 162.158.107.75, server: mercedes-vietnam.net, request: "GET /2.rar HTTP/1.1", host: "mercedes-vietnam.net", referrer: "http://gvietnam.com/2.rar"
2025/01/20 20:14:43 [error] 154187#154187: *452051 open() "/home/mercedes-vietnam.net/public_html/2.tar.gz" failed (2: No such file or directory), client: 162.158.190.46, server: mercedes-vietnam.net, request: "GET /2.tar.gz HTTP/1.1", host: "mercedes-vietnam.net", referrer: "http://gvietnam.com/2.tar.gz"
2025/01/20 20:14:43 [error] 154186#154186: *451908 open() "/home/mercedes-vietnam.net/public_html/2.tgz" failed (2: No such file or directory), client: 162.158.162.35, server: mercedes-vietnam.net, request: "HEAD /2.tgz HTTP/1.1", host: "mercedes-vietnam.net", referrer: "http://gvietnam.com/2.tgz"
2025/01/20 20:14:43 [error] 154186#154186: *451908 open() "/home/mercedes-vietnam.net/public_html/2.tgz" failed (2: No such file or directory), client: 162.158.162.35, server: mercedes-vietnam.net, request: "HEAD /2.tgz HTTP/1.1", host: "mercedes-vietnam.net", referrer: "http://gvietnam.com/2.tgz"
2025/01/20 20:14:44 [error] 154186#154186: *452056 open() "/home/mercedes-vietnam.net/public_html/123.tgz" failed (2: No such file or directory), client: 162.158.162.34, server: mercedes-vietnam.net, request: "HEAD /123.tgz HTTP/1.1", host: "mercedes-vietnam.net", referrer: "http://gvietnam.com/123.tgz"
2025/01/20 20:14:44 [error] 154186#154186: *452056 open() "/home/mercedes-vietnam.net/public_html/a.tgz" failed (2: No such file or directory), client: 162.158.162.34, server: mercedes-vietnam.net, request: "HEAD /a.tgz HTTP/1.1", host: "mercedes-vietnam.net", referrer: "http://gvietnam.com/a.tgz"
2025/01/20 20:14:44 [error] 154186#154186: *452059 open() "/home/mercedes-vietnam.net/public_html/back.zip" failed (2: No such file or directory), client: 162.158.190.88, server: mercedes-vietnam.net, request: "GET /back.zip HTTP/1.1", host: "mercedes-vietnam.net", referrer: "http://gvietnam.com/back.zip"
2025/01/20 20:14:44 [error] 154186#154186: *452060 open() "/home/mercedes-vietnam.net/public_html/back.rar" failed (2: No such file or directory), client: 172.70.188.163, server: mercedes-vietnam.net, request: "GET /back.rar HTTP/1.1", host: "mercedes-vietnam.net", referrer: "http://gvietnam.com/back.rar"
2025/01/20 20:14:45 [error] 154187#154187: *452051 open() "/home/mercedes-vietnam.net/public_html/back.tar.gz" failed (2: No such file or directory), client: 162.158.190.46, server: mercedes-vietnam.net, request: "GET /back.tar.gz HTTP/1.1", host: "mercedes-vietnam.net", referrer: "http://gvietnam.com/back.tar.gz"
2025/01/20 20:14:45 [error] 154186#154186: *452056 open() "/home/mercedes-vietnam.net/public_html/back.tgz" failed (2: No such file or directory), client: 162.158.162.34, server: mercedes-vietnam.net, request: "HEAD /back.tgz HTTP/1.1", host: "mercedes-vietnam.net", referrer: "http://gvietnam.com/back.tgz"
2025/01/20 20:14:45 [error] 154186#154186: *452062 open() "/home/mercedes-vietnam.net/public_html/backup.zip" failed (2: No such file or directory), client: 162.158.170.86, server: mercedes-vietnam.net, request: "GET /backup.zip HTTP/1.1", host: "mercedes-vietnam.net", referrer: "http://gvietnam.com/backup.zip"
2025/01/20 20:14:45 [error] 154186#154186: *452064 open() "/home/mercedes-vietnam.net/public_html/backup.rar" failed (2: No such file or directory), client: 108.162.227.79, server: mercedes-vietnam.net, request: "GET /backup.rar HTTP/1.1", host: "mercedes-vietnam.net", referrer: "http://gvietnam.com/backup.rar"
2025/01/20 20:14:45 [error] 154186#154186: *451908 open() "/home/mercedes-vietnam.net/public_html/backup.tgz" failed (2: No such file or directory), client: 162.158.162.35, server: mercedes-vietnam.net, request: "HEAD /backup.tgz HTTP/1.1", host: "mercedes-vietnam.net", referrer: "http://gvietnam.com/backup.tgz"
2025/01/20 20:14:45 [error] 154186#154186: *452056 open() "/home/mercedes-vietnam.net/public_html/bak.tgz" failed (2: No such file or directory), client: 162.158.162.34, server: mercedes-vietnam.net, request: "HEAD /bak.tgz HTTP/1.1", host: "mercedes-vietnam.net", referrer: "http://gvietnam.com/bak.tgz"
2025/01/20 20:14:46 [error] 154186#154186: *451908 open() "/home/mercedes-vietnam.net/public_html/bbs.tgz" failed (2: No such file or directory), client: 162.158.162.35, server: mercedes-vietnam.net, request: "HEAD /bbs.tgz HTTP/1.1", host: "mercedes-vietnam.net", referrer: "http://gvietnam.com/bbs.tgz"
2025/01/20 20:14:46 [error] 154186#154186: *452056 open() "/home/mercedes-vietnam.net/public_html/bbs.tgz" failed (2: No such file or directory), client: 162.158.162.34, server: mercedes-vietnam.net, request: "HEAD /bbs.tgz HTTP/1.1", host: "mercedes-vietnam.net", referrer: "http://gvietnam.com/bbs.tgz"
2025/01/20 20:14:46 [error] 154186#154186: *452070 open() "/home/mercedes-vietnam.net/public_html/beifen.zip" failed (2: No such file or directory), client: 172.70.189.145, server: mercedes-vietnam.net, request: "GET /beifen.zip HTTP/1.1", host: "mercedes-vietnam.net", referrer: "http://gvietnam.com/beifen.zip"
2025/01/20 20:14:47 [error] 154186#154186: *452064 open() "/home/mercedes-vietnam.net/public_html/beifen.rar" failed (2: No such file or directory), client: 108.162.227.79, server: mercedes-vietnam.net, request: "GET /beifen.rar HTTP/1.1", host: "mercedes-vietnam.net", referrer: "http://gvietnam.com/beifen.rar"
2025/01/20 20:14:47 [error] 154186#154186: *452073 open() "/home/mercedes-vietnam.net/public_html/beifen.tar.gz" failed (2: No such file or directory), client: 172.70.92.178, server: mercedes-vietnam.net, request: "GET /beifen.tar.gz HTTP/1.1", host: "mercedes-vietnam.net", referrer: "http://gvietnam.com/beifen.tar.gz"
2025/01/20 20:14:47 [error] 154186#154186: *451908 open() "/home/mercedes-vietnam.net/public_html/beifen.tgz" failed (2: No such file or directory), client: 162.158.162.35, server: mercedes-vietnam.net, request: "HEAD /beifen.tgz HTTP/1.1", host: "mercedes-vietnam.net", referrer: "http://gvietnam.com/beifen.tgz"
2025/01/20 20:14:47 [error] 154186#154186: *452074 open() "/home/mercedes-vietnam.net/public_html/beian.zip" failed (2: No such file or directory), client: 162.158.170.192, server: mercedes-vietnam.net, request: "GET /beian.zip HTTP/1.1", host: "mercedes-vietnam.net", referrer: "http://gvietnam.com/beian.zip"
2025/01/20 20:14:47 [error] 154186#154186: *452075 open() "/home/mercedes-vietnam.net/public_html/beian.rar" failed (2: No such file or directory), client: 162.158.162.191, server: mercedes-vietnam.net, request: "GET /beian.rar HTTP/1.1", host: "mercedes-vietnam.net", referrer: "http://gvietnam.com/beian.rar"
2025/01/20 20:14:47 [error] 154186#154186: *452077 open() "/home/mercedes-vietnam.net/public_html/beian.tar.gz" failed (2: No such file or directory), client: 108.162.226.211, server: mercedes-vietnam.net, request: "GET /beian.tar.gz HTTP/1.1", host: "mercedes-vietnam.net", referrer: "http://gvietnam.com/beian.tar.gz"
2025/01/20 20:14:47 [error] 154186#154186: *452056 open() "/home/mercedes-vietnam.net/public_html/beian.tgz" failed (2: No such file or directory), client: 162.158.162.34, server: mercedes-vietnam.net, request: "HEAD /beian.tgz HTTP/1.1", host: "mercedes-vietnam.net", referrer: "http://gvietnam.com/beian.tgz"
2025/01/20 20:14:48 [error] 154186#154186: *451908 open() "/home/mercedes-vietnam.net/public_html/data.tgz" failed (2: No such file or directory), client: 162.158.162.35, server: mercedes-vietnam.net, request: "HEAD /data.tgz HTTP/1.1", host: "mercedes-vietnam.net", referrer: "http://gvietnam.com/data.tgz"
2025/01/20 20:14:48 [error] 154186#154186: *452056 open() "/home/mercedes-vietnam.net/public_html/db.tgz" failed (2: No such file or directory), client: 162.158.162.34, server: mercedes-vietnam.net, request: "HEAD /db.tgz HTTP/1.1", host: "mercedes-vietnam.net", referrer: "http://gvietnam.com/db.tgz"
2025/01/20 20:14:48 [error] 154186#154186: *452081 open() "/home/mercedes-vietnam.net/public_html/flashfxp.zip" failed (2: No such file or directory), client: 162.158.171.30, server: mercedes-vietnam.net, request: "GET /flashfxp.zip HTTP/1.1", host: "mercedes-vietnam.net", referrer: "http://gvietnam.com/flashfxp.zip"
2025/01/20 20:14:48 [error] 154186#154186: *452083 open() "/home/mercedes-vietnam.net/public_html/flashfxp.rar" failed (2: No such file or directory), client: 162.158.190.116, server: mercedes-vietnam.net, request: "GET /flashfxp.rar HTTP/1.1", host: "mercedes-vietnam.net", referrer: "http://gvietnam.com/flashfxp.rar"
2025/01/20 20:14:48 [error] 154186#154186: *452084 open() "/home/mercedes-vietnam.net/public_html/flashfxp.tar.gz" failed (2: No such file or directory), client: 172.70.142.144, server: mercedes-vietnam.net, request: "GET /flashfxp.tar.gz HTTP/1.1", host: "mercedes-vietnam.net", referrer: "http://gvietnam.com/flashfxp.tar.gz"
2025/01/20 20:14:49 [error] 154186#154186: *451908 open() "/home/mercedes-vietnam.net/public_html/flashfxp.tgz" failed (2: No such file or directory), client: 162.158.162.35, server: mercedes-vietnam.net, request: "HEAD /flashfxp.tgz HTTP/1.1", host: "mercedes-vietnam.net", referrer: "http://gvietnam.com/flashfxp.tgz"
2025/01/20 20:14:49 [error] 154186#154186: *452086 open() "/home/mercedes-vietnam.net/public_html/fdsa.zip" failed (2: No such file or directory), client: 172.70.92.189, server: mercedes-vietnam.net, request: "GET /fdsa.zip HTTP/1.1", host: "mercedes-vietnam.net", referrer: "http://gvietnam.com/fdsa.zip"
2025/01/20 20:14:49 [error] 154186#154186: *452087 open() "/home/mercedes-vietnam.net/public_html/fdsa.rar" failed (2: No such file or directory), client: 172.70.147.137, server: mercedes-vietnam.net, request: "GET /fdsa.rar HTTP/1.1", host: "mercedes-vietnam.net", referrer: "http://gvietnam.com/fdsa.rar"
2025/01/20 20:14:49 [error] 154186#154186: *452089 open() "/home/mercedes-vietnam.net/public_html/fdsa.tar.gz" failed (2: No such file or directory), client: 172.70.147.10, server: mercedes-vietnam.net, request: "GET /fdsa.tar.gz HTTP/1.1", host: "mercedes-vietnam.net", referrer: "http://gvietnam.com/fdsa.tar.gz"
2025/01/20 20:14:49 [error] 154186#154186: *452056 open() "/home/mercedes-vietnam.net/public_html/fdsa.tgz" failed (2: No such file or directory), client: 162.158.162.34, server: mercedes-vietnam.net, request: "HEAD /fdsa.tgz HTTP/1.1", host: "mercedes-vietnam.net", referrer: "http://gvietnam.com/fdsa.tgz"
2025/01/20 20:14:49 [error] 154186#154186: *452091 open() "/home/mercedes-vietnam.net/public_html/ftp.zip" failed (2: No such file or directory), client: 162.158.106.155, server: mercedes-vietnam.net, request: "GET /ftp.zip HTTP/1.1", host: "mercedes-vietnam.net", referrer: "http://gvietnam.com/ftp.zip"
2025/01/20 20:14:49 [error] 154186#154186: *452092 open() "/home/mercedes-vietnam.net/public_html/ftp.rar" failed (2: No such file or directory), client: 162.158.163.152, server: mercedes-vietnam.net, request: "GET /ftp.rar HTTP/1.1", host: "mercedes-vietnam.net", referrer: "http://gvietnam.com/ftp.rar"
2025/01/20 20:14:49 [error] 154186#154186: *452093 open() "/home/mercedes-vietnam.net/public_html/ftp.tar.gz" failed (2: No such file or directory), client: 172.70.92.214, server: mercedes-vietnam.net, request: "GET /ftp.tar.gz HTTP/1.1", host: "mercedes-vietnam.net", referrer: "http://gvietnam.com/ftp.tar.gz"
2025/01/20 20:14:49 [error] 154186#154186: *451908 open() "/home/mercedes-vietnam.net/public_html/ftp.tgz" failed (2: No such file or directory), client: 162.158.162.35, server: mercedes-vietnam.net, request: "HEAD /ftp.tgz HTTP/1.1", host: "mercedes-vietnam.net", referrer: "http://gvietnam.com/ftp.tgz"
2025/01/20 20:14:50 [error] 154186#154186: *452095 open() "/home/mercedes-vietnam.net/public_html/localhost.zip" failed (2: No such file or directory), client: 172.70.189.53, server: mercedes-vietnam.net, request: "GET /localhost.zip HTTP/1.1", host: "mercedes-vietnam.net", referrer: "http://gvietnam.com/localhost.zip"
2025/01/20 20:14:50 [error] 154186#154186: *452097 open() "/home/mercedes-vietnam.net/public_html/localhost.rar" failed (2: No such file or directory), client: 108.162.227.41, server: mercedes-vietnam.net, request: "GET /localhost.rar HTTP/1.1", host: "mercedes-vietnam.net", referrer: "http://gvietnam.com/localhost.rar"
2025/01/20 20:14:50 [error] 154186#154186: *452098 open() "/home/mercedes-vietnam.net/public_html/localhost.tar.gz" failed (2: No such file or directory), client: 162.158.106.63, server: mercedes-vietnam.net, request: "GET /localhost.tar.gz HTTP/1.1", host: "mercedes-vietnam.net", referrer: "http://gvietnam.com/localhost.tar.gz"
2025/01/20 20:14:50 [error] 154186#154186: *452056 open() "/home/mercedes-vietnam.net/public_html/localhost.tgz" failed (2: No such file or directory), client: 162.158.162.34, server: mercedes-vietnam.net, request: "HEAD /localhost.tgz HTTP/1.1", host: "mercedes-vietnam.net", referrer: "http://gvietnam.com/localhost.tgz"
2025/01/20 20:14:50 [error] 154186#154186: *452100 open() "/home/mercedes-vietnam.net/public_html/gg.zip" failed (2: No such file or directory), client: 162.158.190.14, server: mercedes-vietnam.net, request: "GET /gg.zip HTTP/1.1", host: "mercedes-vietnam.net", referrer: "http://gvietnam.com/gg.zip"
2025/01/20 20:14:50 [error] 154186#154186: *452101 open() "/home/mercedes-vietnam.net/public_html/gg.rar" failed (2: No such file or directory), client: 172.70.189.125, server: mercedes-vietnam.net, request: "GET /gg.rar HTTP/1.1", host: "mercedes-vietnam.net", referrer: "http://gvietnam.com/gg.rar"
2025/01/20 20:14:50 [error] 154186#154186: *452103 open() "/home/mercedes-vietnam.net/public_html/gg.tar.gz" failed (2: No such file or directory), client: 162.158.107.47, server: mercedes-vietnam.net, request: "GET /gg.tar.gz HTTP/1.1", host: "mercedes-vietnam.net", referrer: "http://gvietnam.com/gg.tar.gz"
2025/01/20 20:14:50 [error] 154186#154186: *451908 open() "/home/mercedes-vietnam.net/public_html/gg.tgz" failed (2: No such file or directory), client: 162.158.162.35, server: mercedes-vietnam.net, request: "HEAD /gg.tgz HTTP/1.1", host: "mercedes-vietnam.net", referrer: "http://gvietnam.com/gg.tgz"
2025/01/20 20:14:50 [error] 154186#154186: *452105 open() "/home/mercedes-vietnam.net/public_html/hdocs.zip" failed (2: No such file or directory), client: 172.70.188.46, server: mercedes-vietnam.net, request: "GET /hdocs.zip HTTP/1.1", host: "mercedes-vietnam.net", referrer: "http://gvietnam.com/hdocs.zip"
2025/01/20 20:14:51 [error] 154186#154186: *452107 open() "/home/mercedes-vietnam.net/public_html/hdocs.rar" failed (2: No such file or directory), client: 172.70.189.159, server: mercedes-vietnam.net, request: "GET /hdocs.rar HTTP/1.1", host: "mercedes-vietnam.net", referrer: "http://gvietnam.com/hdocs.rar"
2025/01/20 20:14:51 [error] 154186#154186: *452109 open() "/home/mercedes-vietnam.net/public_html/hdocs.tar.gz" failed (2: No such file or directory), client: 172.70.188.56, server: mercedes-vietnam.net, request: "GET /hdocs.tar.gz HTTP/1.1", host: "mercedes-vietnam.net", referrer: "http://gvietnam.com/hdocs.tar.gz"
2025/01/20 20:14:51 [error] 154186#154186: *451908 open() "/home/mercedes-vietnam.net/public_html/hdocs.tgz" failed (2: No such file or directory), client: 162.158.162.35, server: mercedes-vietnam.net, request: "HEAD /hdocs.tgz HTTP/1.1", host: "mercedes-vietnam.net", referrer: "http://gvietnam.com/hdocs.tgz"
2025/01/20 20:14:51 [error] 154186#154186: *452113 open() "/home/mercedes-vietnam.net/public_html/hdocs.tgz" failed (2: No such file or directory), client: 162.158.162.35, server: mercedes-vietnam.net, request: "HEAD /hdocs.tgz HTTP/1.1", host: "mercedes-vietnam.net", referrer: "http://gvietnam.com/hdocs.tgz"
2025/01/20 20:14:51 [error] 154186#154186: *452115 open() "/home/mercedes-vietnam.net/public_html/HYTop.mdb.zip" failed (2: No such file or directory), client: 172.70.143.107, server: mercedes-vietnam.net, request: "GET /HYTop.mdb.zip HTTP/1.1", host: "mercedes-vietnam.net", referrer: "http://gvietnam.com/HYTop.mdb.zip"
2025/01/20 20:14:51 [error] 154186#154186: *452117 open() "/home/mercedes-vietnam.net/public_html/HYTop.mdb.rar" failed (2: No such file or directory), client: 162.158.163.182, server: mercedes-vietnam.net, request: "GET /HYTop.mdb.rar HTTP/1.1", host: "mercedes-vietnam.net", referrer: "http://gvietnam.com/HYTop.mdb.rar"
2025/01/20 20:14:52 [error] 154186#154186: *452118 open() "/home/mercedes-vietnam.net/public_html/HYTop.mdb.tar.gz" failed (2: No such file or directory), client: 162.158.189.168, server: mercedes-vietnam.net, request: "GET /HYTop.mdb.tar.gz HTTP/1.1", host: "mercedes-vietnam.net", referrer: "http://gvietnam.com/HYTop.mdb.tar.gz"
2025/01/20 20:14:52 [error] 154186#154186: *452056 open() "/home/mercedes-vietnam.net/public_html/HYTop.mdb.tgz" failed (2: No such file or directory), client: 162.158.162.34, server: mercedes-vietnam.net, request: "HEAD /HYTop.mdb.tgz HTTP/1.1", host: "mercedes-vietnam.net", referrer: "http://gvietnam.com/HYTop.mdb.tgz"
2025/01/20 20:14:55 [error] 154186#154186: *452138 open() "/home/mercedes-vietnam.net/public_html/Release.zip" failed (2: No such file or directory), client: 172.70.147.117, server: mercedes-vietnam.net, request: "GET /Release.zip HTTP/1.1", host: "mercedes-vietnam.net", referrer: "http://gvietnam.com/Release.zip"
2025/01/20 20:14:55 [error] 154186#154186: *452140 open() "/home/mercedes-vietnam.net/public_html/Release.rar" failed (2: No such file or directory), client: 162.158.106.143, server: mercedes-vietnam.net, request: "GET /Release.rar HTTP/1.1", host: "mercedes-vietnam.net", referrer: "http://gvietnam.com/Release.rar"
2025/01/20 20:14:55 [error] 154186#154186: *452141 open() "/home/mercedes-vietnam.net/public_html/Release.tar.gz" failed (2: No such file or directory), client: 172.70.143.17, server: mercedes-vietnam.net, request: "GET /Release.tar.gz HTTP/1.1", host: "mercedes-vietnam.net", referrer: "http://gvietnam.com/Release.tar.gz"
2025/01/20 20:14:55 [error] 154186#154186: *451908 open() "/home/mercedes-vietnam.net/public_html/Release.tgz" failed (2: No such file or directory), client: 162.158.162.35, server: mercedes-vietnam.net, request: "HEAD /Release.tgz HTTP/1.1", host: "mercedes-vietnam.net", referrer: "http://gvietnam.com/Release.tgz"
2025/01/20 20:14:56 [error] 154186#154186: *452113 open() "/home/mercedes-vietnam.net/public_html/Release.tgz" failed (2: No such file or directory), client: 162.158.162.35, server: mercedes-vietnam.net, request: "HEAD /Release.tgz HTTP/1.1", host: "mercedes-vietnam.net", referrer: "http://gvietnam.com/Release.tgz"
2025/01/20 20:15:22 [error] 154186#154186: *452291 open() "/home/mercedes-vietnam.net/public_html/test.tgz" failed (2: No such file or directory), client: 162.158.162.13, server: mercedes-vietnam.net, request: "HEAD /test.tgz HTTP/1.1", host: "mercedes-vietnam.net", referrer: "http://gvietnam.com/test.tgz"
2025/01/20 20:15:23 [error] 154186#154186: *452294 open() "/home/mercedes-vietnam.net/public_html/template.zip" failed (2: No such file or directory), client: 172.70.188.85, server: mercedes-vietnam.net, request: "GET /template.zip HTTP/1.1", host: "mercedes-vietnam.net", referrer: "http://gvietnam.com/template.zip"
2025/01/20 20:15:23 [error] 154186#154186: *452295 open() "/home/mercedes-vietnam.net/public_html/template.rar" failed (2: No such file or directory), client: 172.71.152.61, server: mercedes-vietnam.net, request: "GET /template.rar HTTP/1.1", host: "mercedes-vietnam.net", referrer: "http://gvietnam.com/template.rar"
2025/01/20 20:15:23 [error] 154186#154186: *452297 open() "/home/mercedes-vietnam.net/public_html/template.tar.gz" failed (2: No such file or directory), client: 172.70.188.8, server: mercedes-vietnam.net, request: "GET /template.tar.gz HTTP/1.1", host: "mercedes-vietnam.net", referrer: "http://gvietnam.com/template.tar.gz"
2025/01/20 20:15:23 [error] 154186#154186: *452291 open() "/home/mercedes-vietnam.net/public_html/template.tgz" failed (2: No such file or directory), client: 162.158.162.13, server: mercedes-vietnam.net, request: "HEAD /template.tgz HTTP/1.1", host: "mercedes-vietnam.net", referrer: "http://gvietnam.com/template.tgz"
2025/01/20 20:15:23 [error] 154186#154186: *452291 open() "/home/mercedes-vietnam.net/public_html/template.tgz" failed (2: No such file or directory), client: 162.158.162.13, server: mercedes-vietnam.net, request: "HEAD /template.tgz HTTP/1.1", host: "mercedes-vietnam.net", referrer: "http://gvietnam.com/template.tgz"
2025/01/20 20:15:24 [error] 154186#154186: *452301 open() "/home/mercedes-vietnam.net/public_html/upfile.zip" failed (2: No such file or directory), client: 162.158.163.107, server: mercedes-vietnam.net, request: "GET /upfile.zip HTTP/1.1", host: "mercedes-vietnam.net", referrer: "http://gvietnam.com/upfile.zip"
2025/01/20 20:15:24 [error] 154186#154186: *452304 open() "/home/mercedes-vietnam.net/public_html/upfile.rar" failed (2: No such file or directory), client: 162.158.189.140, server: mercedes-vietnam.net, request: "GET /upfile.rar HTTP/1.1", host: "mercedes-vietnam.net", referrer: "http://gvietnam.com/upfile.rar"
2025/01/20 20:15:24 [error] 154186#154186: *452305 open() "/home/mercedes-vietnam.net/public_html/upfile.tar.gz" failed (2: No such file or directory), client: 172.70.92.133, server: mercedes-vietnam.net, request: "GET /upfile.tar.gz HTTP/1.1", host: "mercedes-vietnam.net", referrer: "http://gvietnam.com/upfile.tar.gz"
2025/01/20 20:15:24 [error] 154186#154186: *452291 open() "/home/mercedes-vietnam.net/public_html/upfile.tgz" failed (2: No such file or directory), client: 162.158.162.13, server: mercedes-vietnam.net, request: "HEAD /upfile.tgz HTTP/1.1", host: "mercedes-vietnam.net", referrer: "http://gvietnam.com/upfile.tgz"
2025/01/20 20:15:24 [error] 154186#154186: *452307 open() "/home/mercedes-vietnam.net/public_html/vip.zip" failed (2: No such file or directory), client: 172.70.92.190, server: mercedes-vietnam.net, request: "GET /vip.zip HTTP/1.1", host: "mercedes-vietnam.net", referrer: "http://gvietnam.com/vip.zip"
2025/01/20 20:15:24 [error] 154186#154186: *452309 open() "/home/mercedes-vietnam.net/public_html/vip.rar" failed (2: No such file or directory), client: 162.158.163.23, server: mercedes-vietnam.net, request: "GET /vip.rar HTTP/1.1", host: "mercedes-vietnam.net", referrer: "http://gvietnam.com/vip.rar"
2025/01/20 20:15:24 [error] 154186#154186: *452310 open() "/home/mercedes-vietnam.net/public_html/vip.tar.gz" failed (2: No such file or directory), client: 162.158.170.137, server: mercedes-vietnam.net, request: "GET /vip.tar.gz HTTP/1.1", host: "mercedes-vietnam.net", referrer: "http://gvietnam.com/vip.tar.gz"
2025/01/20 20:15:24 [error] 154186#154186: *452291 open() "/home/mercedes-vietnam.net/public_html/vip.tgz" failed (2: No such file or directory), client: 162.158.162.13, server: mercedes-vietnam.net, request: "HEAD /vip.tgz HTTP/1.1", host: "mercedes-vietnam.net", referrer: "http://gvietnam.com/vip.tgz"
2025/01/20 20:15:25 [error] 154186#154186: *452312 open() "/home/mercedes-vietnam.net/public_html/wangzhan.zip" failed (2: No such file or directory), client: 172.69.166.67, server: mercedes-vietnam.net, request: "GET /wangzhan.zip HTTP/1.1", host: "mercedes-vietnam.net", referrer: "http://gvietnam.com/wangzhan.zip"
2025/01/20 20:15:25 [error] 154186#154186: *452315 open() "/home/mercedes-vietnam.net/public_html/wangzhan.rar" failed (2: No such file or directory), client: 172.70.143.247, server: mercedes-vietnam.net, request: "GET /wangzhan.rar HTTP/1.1", host: "mercedes-vietnam.net", referrer: "http://gvietnam.com/wangzhan.rar"
2025/01/20 20:15:25 [error] 154186#154186: *452316 open() "/home/mercedes-vietnam.net/public_html/wangzhan.tar.gz" failed (2: No such file or directory), client: 162.158.106.238, server: mercedes-vietnam.net, request: "GET /wangzhan.tar.gz HTTP/1.1", host: "mercedes-vietnam.net", referrer: "http://gvietnam.com/wangzhan.tar.gz"
2025/01/20 20:15:25 [error] 154186#154186: *452291 open() "/home/mercedes-vietnam.net/public_html/wangzhan.tgz" failed (2: No such file or directory), client: 162.158.162.13, server: mercedes-vietnam.net, request: "HEAD /wangzhan.tgz HTTP/1.1", host: "mercedes-vietnam.net", referrer: "http://gvietnam.com/wangzhan.tgz"
2025/01/20 20:15:25 [error] 154186#154186: *452291 open() "/home/mercedes-vietnam.net/public_html/web.tgz" failed (2: No such file or directory), client: 162.158.162.13, server: mercedes-vietnam.net, request: "HEAD /web.tgz HTTP/1.1", host: "mercedes-vietnam.net", referrer: "http://gvietnam.com/web.tgz"
2025/01/20 20:15:26 [error] 154186#154186: *452321 open() "/home/mercedes-vietnam.net/public_html/website.zip" failed (2: No such file or directory), client: 162.158.170.153, server: mercedes-vietnam.net, request: "GET /website.zip HTTP/1.1", host: "mercedes-vietnam.net", referrer: "http://gvietnam.com/website.zip"
2025/01/20 20:15:26 [error] 154186#154186: *452323 open() "/home/mercedes-vietnam.net/public_html/website.rar" failed (2: No such file or directory), client: 172.70.93.49, server: mercedes-vietnam.net, request: "GET /website.rar HTTP/1.1", host: "mercedes-vietnam.net", referrer: "http://gvietnam.com/website.rar"
2025/01/20 20:15:26 [error] 154186#154186: *452324 open() "/home/mercedes-vietnam.net/public_html/website.tar.gz" failed (2: No such file or directory), client: 172.70.142.61, server: mercedes-vietnam.net, request: "GET /website.tar.gz HTTP/1.1", host: "mercedes-vietnam.net", referrer: "http://gvietnam.com/website.tar.gz"
2025/01/20 20:15:26 [error] 154186#154186: *452291 open() "/home/mercedes-vietnam.net/public_html/website.tgz" failed (2: No such file or directory), client: 162.158.162.13, server: mercedes-vietnam.net, request: "HEAD /website.tgz HTTP/1.1", host: "mercedes-vietnam.net", referrer: "http://gvietnam.com/website.tgz"
2025/01/20 20:15:26 [error] 154186#154186: *452291 open() "/home/mercedes-vietnam.net/public_html/wwwroot.tgz" failed (2: No such file or directory), client: 162.158.162.13, server: mercedes-vietnam.net, request: "HEAD /wwwroot.tgz HTTP/1.1", host: "mercedes-vietnam.net", referrer: "http://gvietnam.com/wwwroot.tgz"
2025/01/20 20:15:57 [error] 154186#154186: *452469 open() "/home/mercedes-vietnam.net/public_html/����.zip" failed (2: No such file or directory), client: 162.158.163.83, server: mercedes-vietnam.net, request: "GET /%EF%BF%BD%EF%BF%BD%EF%BF%BD%EF%BF%BD.zip HTTP/1.1", host: "mercedes-vietnam.net", referrer: "http://gvietnam.com/%EF%BF%BD%EF%BF%BD%EF%BF%BD%EF%BF%BD.zip"
2025/01/20 20:15:57 [error] 154186#154186: *452471 open() "/home/mercedes-vietnam.net/public_html/����.rar" failed (2: No such file or directory), client: 162.158.162.209, server: mercedes-vietnam.net, request: "GET /%EF%BF%BD%EF%BF%BD%EF%BF%BD%EF%BF%BD.rar HTTP/1.1", host: "mercedes-vietnam.net", referrer: "http://gvietnam.com/%EF%BF%BD%EF%BF%BD%EF%BF%BD%EF%BF%BD.rar"
2025/01/20 20:15:57 [error] 154186#154186: *452472 open() "/home/mercedes-vietnam.net/public_html/����.tar.gz" failed (2: No such file or directory), client: 162.158.163.251, server: mercedes-vietnam.net, request: "GET /%EF%BF%BD%EF%BF%BD%EF%BF%BD%EF%BF%BD.tar.gz HTTP/1.1", host: "mercedes-vietnam.net", referrer: "http://gvietnam.com/%EF%BF%BD%EF%BF%BD%EF%BF%BD%EF%BF%BD.tar.gz"
2025/01/20 20:15:57 [error] 154186#154186: *452473 open() "/home/mercedes-vietnam.net/public_html/����.tgz" failed (2: No such file or directory), client: 162.158.162.12, server: mercedes-vietnam.net, request: "HEAD /%EF%BF%BD%EF%BF%BD%EF%BF%BD%EF%BF%BD.tgz HTTP/1.1", host: "mercedes-vietnam.net", referrer: "http://gvietnam.com/%EF%BF%BD%EF%BF%BD%EF%BF%BD%EF%BF%BD.tgz"
2025/01/20 20:15:57 [error] 154186#154186: *452475 open() "/home/mercedes-vietnam.net/public_html/��վ.zip" failed (2: No such file or directory), client: 162.158.163.77, server: mercedes-vietnam.net, request: "GET /%EF%BF%BD%EF%BF%BD%D5%BE.zip HTTP/1.1", host: "mercedes-vietnam.net", referrer: "http://gvietnam.com/%EF%BF%BD%EF%BF%BD~.zip"
2025/01/20 20:15:58 [error] 154186#154186: *452476 open() "/home/mercedes-vietnam.net/public_html/��վ.rar" failed (2: No such file or directory), client: 162.158.190.68, server: mercedes-vietnam.net, request: "GET /%EF%BF%BD%EF%BF%BD%D5%BE.rar HTTP/1.1", host: "mercedes-vietnam.net", referrer: "http://gvietnam.com/%EF%BF%BD%EF%BF%BD~.rar"
2025/01/20 20:15:58 [error] 154186#154186: *452478 open() "/home/mercedes-vietnam.net/public_html/��վ.tar.gz" failed (2: No such file or directory), client: 108.162.226.236, server: mercedes-vietnam.net, request: "GET /%EF%BF%BD%EF%BF%BD%D5%BE.tar.gz HTTP/1.1", host: "mercedes-vietnam.net", referrer: "http://gvietnam.com/%EF%BF%BD%EF%BF%BD~.tar.gz"
2025/01/20 20:15:58 [error] 154186#154186: *452473 open() "/home/mercedes-vietnam.net/public_html/��վ.tgz" failed (2: No such file or directory), client: 162.158.162.12, server: mercedes-vietnam.net, request: "HEAD /%EF%BF%BD%EF%BF%BD%D5%BE.tgz HTTP/1.1", host: "mercedes-vietnam.net", referrer: "http://gvietnam.com/%EF%BF%BD%EF%BF%BD~.tgz"
2025/01/20 20:15:58 [error] 154186#154186: *452484 open() "/home/mercedes-vietnam.net/public_html/�½��ļ���.zip" failed (2: No such file or directory), client: 172.71.152.19, server: mercedes-vietnam.net, request: "GET /%EF%BF%BD%C2%BD%EF%BF%BD%EF%BF%BD%C4%BC%EF%BF%BD%EF%BF%BD%EF%BF%BD.zip HTTP/1.1", host: "mercedes-vietnam.net", referrer: "http://gvietnam.com/%EF%BF%BD½%EF%BF%BD%EF%BF%BD<%EF%BF%BD%EF%BF%BD%EF%BF%BD.zip"
2025/01/20 20:15:58 [error] 154186#154186: *452485 open() "/home/mercedes-vietnam.net/public_html/�½��ļ���.rar" failed (2: No such file or directory), client: 162.158.106.250, server: mercedes-vietnam.net, request: "GET /%EF%BF%BD%C2%BD%EF%BF%BD%EF%BF%BD%C4%BC%EF%BF%BD%EF%BF%BD%EF%BF%BD.rar HTTP/1.1", host: "mercedes-vietnam.net", referrer: "http://gvietnam.com/%EF%BF%BD½%EF%BF%BD%EF%BF%BD<%EF%BF%BD%EF%BF%BD%EF%BF%BD.rar"
2025/01/20 20:15:58 [error] 154186#154186: *452489 open() "/home/mercedes-vietnam.net/public_html/�½��ļ���.tar.gz" failed (2: No such file or directory), client: 172.70.142.78, server: mercedes-vietnam.net, request: "GET /%EF%BF%BD%C2%BD%EF%BF%BD%EF%BF%BD%C4%BC%EF%BF%BD%EF%BF%BD%EF%BF%BD.tar.gz HTTP/1.1", host: "mercedes-vietnam.net", referrer: "http://gvietnam.com/%EF%BF%BD½%EF%BF%BD%EF%BF%BD<%EF%BF%BD%EF%BF%BD%EF%BF%BD.tar.gz"
2025/01/20 20:15:58 [error] 154186#154186: *452473 open() "/home/mercedes-vietnam.net/public_html/�½��ļ���.tgz" failed (2: No such file or directory), client: 162.158.162.12, server: mercedes-vietnam.net, request: "HEAD /%EF%BF%BD%C2%BD%EF%BF%BD%EF%BF%BD%C4%BC%EF%BF%BD%EF%BF%BD%EF%BF%BD.tgz HTTP/1.1", host: "mercedes-vietnam.net", referrer: "http://gvietnam.com/%EF%BF%BD½%EF%BF%BD%EF%BF%BD<%EF%BF%BD%EF%BF%BD%EF%BF%BD.tgz"
2025/01/20 20:15:58 [error] 154186#154186: *452490 open() "/home/mercedes-vietnam.net/public_html/qilecms.zip" failed (2: No such file or directory), client: 162.158.170.169, server: mercedes-vietnam.net, request: "GET /qilecms.zip HTTP/1.1", host: "mercedes-vietnam.net", referrer: "http://gvietnam.com/qilecms.zip"
2025/01/20 20:15:58 [error] 154186#154186: *452493 open() "/home/mercedes-vietnam.net/public_html/qilecms.rar" failed (2: No such file or directory), client: 172.69.165.34, server: mercedes-vietnam.net, request: "GET /qilecms.rar HTTP/1.1", host: "mercedes-vietnam.net", referrer: "http://gvietnam.com/qilecms.rar"
2025/01/20 20:15:59 [error] 154186#154186: *452495 open() "/home/mercedes-vietnam.net/public_html/qilecms.tar.gz" failed (2: No such file or directory), client: 162.158.170.28, server: mercedes-vietnam.net, request: "GET /qilecms.tar.gz HTTP/1.1", host: "mercedes-vietnam.net", referrer: "http://gvietnam.com/qilecms.tar.gz"
2025/01/20 20:15:59 [error] 154186#154186: *452473 open() "/home/mercedes-vietnam.net/public_html/qilecms.tgz" failed (2: No such file or directory), client: 162.158.162.12, server: mercedes-vietnam.net, request: "HEAD /qilecms.tgz HTTP/1.1", host: "mercedes-vietnam.net", referrer: "http://gvietnam.com/qilecms.tgz"
2025/01/20 20:15:59 [error] 154186#154186: *452498 open() "/home/mercedes-vietnam.net/public_html/qilecms2020.zip" failed (2: No such file or directory), client: 162.158.107.76, server: mercedes-vietnam.net, request: "GET /qilecms2020.zip HTTP/1.1", host: "mercedes-vietnam.net", referrer: "http://gvietnam.com/qilecms2020.zip"
2025/01/20 20:15:59 [error] 154186#154186: *452499 open() "/home/mercedes-vietnam.net/public_html/qilecms2020.rar" failed (2: No such file or directory), client: 172.70.189.119, server: mercedes-vietnam.net, request: "GET /qilecms2020.rar HTTP/1.1", host: "mercedes-vietnam.net", referrer: "http://gvietnam.com/qilecms2020.rar"
2025/01/20 20:15:59 [error] 154186#154186: *452501 open() "/home/mercedes-vietnam.net/public_html/qilecms2020.tar.gz" failed (2: No such file or directory), client: 172.70.189.163, server: mercedes-vietnam.net, request: "GET /qilecms2020.tar.gz HTTP/1.1", host: "mercedes-vietnam.net", referrer: "http://gvietnam.com/qilecms2020.tar.gz"
2025/01/20 20:15:59 [error] 154186#154186: *452473 open() "/home/mercedes-vietnam.net/public_html/qilecms2020.tgz" failed (2: No such file or directory), client: 162.158.162.12, server: mercedes-vietnam.net, request: "HEAD /qilecms2020.tgz HTTP/1.1", host: "mercedes-vietnam.net", referrer: "http://gvietnam.com/qilecms2020.tgz"
2025/01/20 20:15:59 [error] 154186#154186: *452503 open() "/home/mercedes-vietnam.net/public_html/qilecms2019.zip" failed (2: No such file or directory), client: 172.70.92.175, server: mercedes-vietnam.net, request: "GET /qilecms2019.zip HTTP/1.1", host: "mercedes-vietnam.net", referrer: "http://gvietnam.com/qilecms2019.zip"
2025/01/20 20:15:59 [error] 154186#154186: *452504 open() "/home/mercedes-vietnam.net/public_html/qilecms2019.rar" failed (2: No such file or directory), client: 162.158.170.85, server: mercedes-vietnam.net, request: "GET /qilecms2019.rar HTTP/1.1", host: "mercedes-vietnam.net", referrer: "http://gvietnam.com/qilecms2019.rar"
2025/01/20 20:16:00 [error] 154186#154186: *452506 open() "/home/mercedes-vietnam.net/public_html/qilecms2019.tar.gz" failed (2: No such file or directory), client: 162.158.189.135, server: mercedes-vietnam.net, request: "GET /qilecms2019.tar.gz HTTP/1.1", host: "mercedes-vietnam.net", referrer: "http://gvietnam.com/qilecms2019.tar.gz"
2025/01/20 20:16:00 [error] 154186#154186: *452473 open() "/home/mercedes-vietnam.net/public_html/qilecms2019.tgz" failed (2: No such file or directory), client: 162.158.162.12, server: mercedes-vietnam.net, request: "HEAD /qilecms2019.tgz HTTP/1.1", host: "mercedes-vietnam.net", referrer: "http://gvietnam.com/qilecms2019.tgz"
2025/01/20 20:16:00 [error] 154186#154186: *452509 open() "/home/mercedes-vietnam.net/public_html/guarantee1.zip" failed (2: No such file or directory), client: 108.162.227.68, server: mercedes-vietnam.net, request: "GET /guarantee1.zip HTTP/1.1", host: "mercedes-vietnam.net", referrer: "http://gvietnam.com/guarantee1.zip"
2025/01/20 20:16:00 [error] 154186#154186: *452510 open() "/home/mercedes-vietnam.net/public_html/guarantee1.rar" failed (2: No such file or directory), client: 162.158.189.63, server: mercedes-vietnam.net, request: "GET /guarantee1.rar HTTP/1.1", host: "mercedes-vietnam.net", referrer: "http://gvietnam.com/guarantee1.rar"
2025/01/20 20:16:00 [error] 154186#154186: *452511 open() "/home/mercedes-vietnam.net/public_html/guarantee1.tar.gz" failed (2: No such file or directory), client: 162.158.162.95, server: mercedes-vietnam.net, request: "GET /guarantee1.tar.gz HTTP/1.1", host: "mercedes-vietnam.net", referrer: "http://gvietnam.com/guarantee1.tar.gz"
2025/01/20 20:16:00 [error] 154186#154186: *452473 open() "/home/mercedes-vietnam.net/public_html/guarantee1.tgz" failed (2: No such file or directory), client: 162.158.162.12, server: mercedes-vietnam.net, request: "HEAD /guarantee1.tgz HTTP/1.1", host: "mercedes-vietnam.net", referrer: "http://gvietnam.com/guarantee1.tgz"
2025/01/20 20:16:00 [error] 154186#154186: *452513 open() "/home/mercedes-vietnam.net/public_html/guarantee.zip" failed (2: No such file or directory), client: 172.70.147.144, server: mercedes-vietnam.net, request: "GET /guarantee.zip HTTP/1.1", host: "mercedes-vietnam.net", referrer: "http://gvietnam.com/guarantee.zip"
2025/01/20 20:16:00 [error] 154186#154186: *452514 open() "/home/mercedes-vietnam.net/public_html/guarantee.rar" failed (2: No such file or directory), client: 162.158.162.119, server: mercedes-vietnam.net, request: "GET /guarantee.rar HTTP/1.1", host: "mercedes-vietnam.net", referrer: "http://gvietnam.com/guarantee.rar"
2025/01/20 20:16:00 [error] 154186#154186: *452516 open() "/home/mercedes-vietnam.net/public_html/guarantee.tar.gz" failed (2: No such file or directory), client: 162.158.189.226, server: mercedes-vietnam.net, request: "GET /guarantee.tar.gz HTTP/1.1", host: "mercedes-vietnam.net", referrer: "http://gvietnam.com/guarantee.tar.gz"
2025/01/20 20:16:01 [error] 154186#154186: *452473 open() "/home/mercedes-vietnam.net/public_html/guarantee.tgz" failed (2: No such file or directory), client: 162.158.162.12, server: mercedes-vietnam.net, request: "HEAD /guarantee.tgz HTTP/1.1", host: "mercedes-vietnam.net", referrer: "http://gvietnam.com/guarantee.tgz"
2025/01/20 20:16:01 [error] 154186#154186: *452518 open() "/home/mercedes-vietnam.net/public_html/�½� WinRAR ѹ���ļ�.zip" failed (2: No such file or directory), client: 162.158.170.62, server: mercedes-vietnam.net, request: "GET /%EF%BF%BD%C2%BD%EF%BF%BD%20WinRAR%20%D1%B9%EF%BF%BD%EF%BF%BD%EF%BF%BD%C4%BC%EF%BF%BD.zip HTTP/1.1", host: "mercedes-vietnam.net", referrer: "http://gvietnam.com/%EF%BF%BD½%EF%BF%BD WinRAR y%EF%BF%BD%EF%BF%BD%EF%BF%BD<%EF%BF%BD.zip"
2025/01/20 20:16:01 [error] 154186#154186: *452519 open() "/home/mercedes-vietnam.net/public_html/�½� WinRAR ѹ���ļ�.rar" failed (2: No such file or directory), client: 162.158.170.141, server: mercedes-vietnam.net, request: "GET /%EF%BF%BD%C2%BD%EF%BF%BD%20WinRAR%20%D1%B9%EF%BF%BD%EF%BF%BD%EF%BF%BD%C4%BC%EF%BF%BD.rar HTTP/1.1", host: "mercedes-vietnam.net", referrer: "http://gvietnam.com/%EF%BF%BD½%EF%BF%BD WinRAR y%EF%BF%BD%EF%BF%BD%EF%BF%BD<%EF%BF%BD.rar"
2025/01/20 20:16:01 [error] 154186#154186: *452521 open() "/home/mercedes-vietnam.net/public_html/�½� WinRAR ѹ���ļ�.tar.gz" failed (2: No such file or directory), client: 162.158.170.192, server: mercedes-vietnam.net, request: "GET /%EF%BF%BD%C2%BD%EF%BF%BD%20WinRAR%20%D1%B9%EF%BF%BD%EF%BF%BD%EF%BF%BD%C4%BC%EF%BF%BD.tar.gz HTTP/1.1", host: "mercedes-vietnam.net", referrer: "http://gvietnam.com/%EF%BF%BD½%EF%BF%BD WinRAR y%EF%BF%BD%EF%BF%BD%EF%BF%BD<%EF%BF%BD.tar.gz"
2025/01/20 20:16:01 [error] 154186#154186: *452473 open() "/home/mercedes-vietnam.net/public_html/�½� WinRAR ѹ���ļ�.tgz" failed (2: No such file or directory), client: 162.158.162.12, server: mercedes-vietnam.net, request: "HEAD /%EF%BF%BD%C2%BD%EF%BF%BD%20WinRAR%20%D1%B9%EF%BF%BD%EF%BF%BD%EF%BF%BD%C4%BC%EF%BF%BD.tgz HTTP/1.1", host: "mercedes-vietnam.net", referrer: "http://gvietnam.com/%EF%BF%BD½%EF%BF%BD WinRAR y%EF%BF%BD%EF%BF%BD%EF%BF%BD<%EF%BF%BD.tgz"
2025/01/20 20:16:01 [error] 154186#154186: *452522 open() "/home/mercedes-vietnam.net/public_html/KPPW3.6.zip" failed (2: No such file or directory), client: 162.158.170.88, server: mercedes-vietnam.net, request: "GET /KPPW3.6.zip HTTP/1.1", host: "mercedes-vietnam.net", referrer: "http://gvietnam.com/KPPW3.6.zip"
2025/01/20 20:16:01 [error] 154186#154186: *452524 open() "/home/mercedes-vietnam.net/public_html/KPPW3.6.rar" failed (2: No such file or directory), client: 162.158.106.46, server: mercedes-vietnam.net, request: "GET /KPPW3.6.rar HTTP/1.1", host: "mercedes-vietnam.net", referrer: "http://gvietnam.com/KPPW3.6.rar"
2025/01/20 20:16:01 [error] 154186#154186: *452526 open() "/home/mercedes-vietnam.net/public_html/KPPW3.6.tar.gz" failed (2: No such file or directory), client: 172.70.143.232, server: mercedes-vietnam.net, request: "GET /KPPW3.6.tar.gz HTTP/1.1", host: "mercedes-vietnam.net", referrer: "http://gvietnam.com/KPPW3.6.tar.gz"
2025/01/20 20:16:02 [error] 154186#154186: *452473 open() "/home/mercedes-vietnam.net/public_html/KPPW3.6.tgz" failed (2: No such file or directory), client: 162.158.162.12, server: mercedes-vietnam.net, request: "HEAD /KPPW3.6.tgz HTTP/1.1", host: "mercedes-vietnam.net", referrer: "http://gvietnam.com/KPPW3.6.tgz"
