162.158.162.125 - - [04/Feb/2025:00:55:24 +0700] "GET /dan-de/"+t+"?dir=%2Fhome%2Fvietnamesehotels.net%2Fpublic_html%2Fwp-content%2Fplugins%2Fduplicator%2Ftemplate%2Fadmin_pages%2Fabout_us HTTP/1.1" 200 6282 "-" "Mozilla/5.0 AppleWebKit/537.36 (KHTML, like Gecko; compatible; GPTBot/1.2; +https://openai.com/gptbot)"
162.158.163.155 - - [04/Feb/2025:00:55:25 +0700] "GET /casino/?dir=/home/vietnamesehotels.net/public_html&item=readme.html&action=edit HTTP/1.1" 200 29894 "-" "Mozilla/5.0 (compatible; MJ12bot/v1.4.8; http://mj12bot.com/)"
162.158.162.125 - - [04/Feb/2025:00:55:25 +0700] "GET /dan-de/"+t+"?dir=%2Fhome%2Fvietnamesehotels.net%2Fpublic_html%2Fwp-content%2Fplugins%2Fduplicator%2Ftemplate%2Fmocks%2Frecovery HTTP/1.1" 200 6107 "-" "Mozilla/5.0 AppleWebKit/537.36 (KHTML, like Gecko; compatible; GPTBot/1.2; +https://openai.com/gptbot)"
162.158.162.125 - - [04/Feb/2025:00:55:26 +0700] "GET /dan-de/"+t+"?dir=%2Fhome%2Fvietnamesehotels.net%2Fpublic_html%2Fwp-content%2Fplugins%2Fduplicator%2Ftemplate%2Fparts%2Fcross_promotion HTTP/1.1" 200 6104 "-" "Mozilla/5.0 AppleWebKit/537.36 (KHTML, like Gecko; compatible; GPTBot/1.2; +https://openai.com/gptbot)"
162.158.162.125 - - [04/Feb/2025:00:55:28 +0700] "GET /dan-de/"+u+"?dir=%2Fhome%2Fvietnamesehotels.net%2Fpublic_html%2Fwp-content%2Fplugins%2Fwp-rocket%2Finc%2FDependencies%2FMinify%2FExceptions HTTP/1.1" 200 6208 "-" "Mozilla/5.0 AppleWebKit/537.36 (KHTML, like Gecko; compatible; GPTBot/1.2; +https://openai.com/gptbot)"
162.158.162.125 - - [04/Feb/2025:00:55:29 +0700] "GET /dan-de/"+t+"?dir=%2Fhome%2Fvietnamesehotels.net%2Fpublic_html%2Fwp-content%2Fplugins%2Fduplicator%2Ftemplate%2Fadmin_pages%2Fwelcome HTTP/1.1" 200 6430 "-" "Mozilla/5.0 AppleWebKit/537.36 (KHTML, like Gecko; compatible; GPTBot/1.2; +https://openai.com/gptbot)"
162.158.162.125 - - [04/Feb/2025:00:55:30 +0700] "GET /dan-de/"+t+"?action=chmod&dir=%2Fhome%2Fvietnamesehotels.net%2Fpublic_html%2Fwp-content%2Fplugins%2Fduplicator%2Ftemplate%2Fadmin_pages%2Fsettings%2Fgeneral&item=.. HTTP/1.1" 200 6369 "-" "Mozilla/5.0 AppleWebKit/537.36 (KHTML, like Gecko; compatible; GPTBot/1.2; +https://openai.com/gptbot)"
162.158.163.155 - - [04/Feb/2025:00:55:30 +0700] "GET /casino/?dir=/home/vietnamesehotels.net/public_html&item=readme.html&action=rename HTTP/1.1" 200 26826 "-" "Mozilla/5.0 (compatible; MJ12bot/v1.4.8; http://mj12bot.com/)"
162.158.162.125 - - [04/Feb/2025:00:55:31 +0700] "GET /dan-de/"+t+"?action=chmod&dir=%2Fhome%2Fvietnamesehotels.net%2Fpublic_html%2Fwp-content%2Fplugins%2Fduplicator%2Ftemplate%2Fadmin_pages%2Fsettings%2Fgeneral&item=. HTTP/1.1" 200 6368 "-" "Mozilla/5.0 AppleWebKit/537.36 (KHTML, like Gecko; compatible; GPTBot/1.2; +https://openai.com/gptbot)"
162.158.162.125 - - [04/Feb/2025:00:55:32 +0700] "GET /dan-de/"+t+"?dir=%2Fhome%2Fvietnamesehotels.net%2Fpublic_html%2Fwp-content%2Fplugins%2Fduplicator%2Ftemplate%2Fadmin_pages%2Fpackages HTTP/1.1" 200 5918 "-" "Mozilla/5.0 AppleWebKit/537.36 (KHTML, like Gecko; compatible; GPTBot/1.2; +https://openai.com/gptbot)"
162.158.162.125 - - [04/Feb/2025:00:55:33 +0700] "GET /dan-de/"+t+"?action=chmod&dir=%2Fhome%2Fvietnamesehotels.net%2Fpublic_html%2Fwp-content%2Fplugins%2Fduplicator%2Ftemplate%2Fparts%2Ffilters&item=.. HTTP/1.1" 200 6153 "-" "Mozilla/5.0 AppleWebKit/537.36 (KHTML, like Gecko; compatible; GPTBot/1.2; +https://openai.com/gptbot)"
162.158.162.62 - - [04/Feb/2025:00:55:34 +0700] "POST /wp-cron.php?doing_wp_cron=1738605334.6874449253082275390625 HTTP/1.1" 200 31 "-" "WordPress/6.7.1; https://vietnamesehotels.net"
162.158.162.125 - - [04/Feb/2025:00:55:34 +0700] "GET /dan-de/"+t+"?action=chmod&dir=%2Fhome%2Fvietnamesehotels.net%2Fpublic_html%2Fwp-content%2Fplugins%2Fduplicator%2Ftemplate%2Fparts%2Ffilters&item=. HTTP/1.1" 200 6152 "-" "Mozilla/5.0 AppleWebKit/537.36 (KHTML, like Gecko; compatible; GPTBot/1.2; +https://openai.com/gptbot)"
162.158.163.155 - - [04/Feb/2025:00:55:35 +0700] "GET /casino/?dir=/home/vietnamesehotels.net/public_html&item=wp-activate.php&action=chmod HTTP/1.1" 200 26833 "-" "Mozilla/5.0 (compatible; MJ12bot/v1.4.8; http://mj12bot.com/)"
162.158.162.125 - - [04/Feb/2025:00:55:35 +0700] "GET /dan-de/"+t+"?action=chmod&dir=%2Fhome%2Fvietnamesehotels.net%2Fpublic_html%2Fwp-content%2Fplugins%2Fduplicator%2Ftemplate%2Fmocks%2Fimport&item=.. HTTP/1.1" 200 6205 "-" "Mozilla/5.0 AppleWebKit/537.36 (KHTML, like Gecko; compatible; GPTBot/1.2; +https://openai.com/gptbot)"
162.158.162.51 - - [04/Feb/2025:00:55:36 +0700] "POST /wp-cron.php?doing_wp_cron=1738605336.9084930419921875000000 HTTP/1.1" 200 31 "-" "WordPress/6.7.1; https://vietnamesehotels.net"
162.158.162.125 - - [04/Feb/2025:00:55:36 +0700] "GET /dan-de/"+t+"?action=chmod&dir=%2Fhome%2Fvietnamesehotels.net%2Fpublic_html%2Fwp-content%2Fplugins%2Fduplicator%2Ftemplate%2Fmocks%2Fimport&item=. HTTP/1.1" 200 6203 "-" "Mozilla/5.0 AppleWebKit/537.36 (KHTML, like Gecko; compatible; GPTBot/1.2; +https://openai.com/gptbot)"
162.158.162.125 - - [04/Feb/2025:00:55:37 +0700] "GET /dan-de/"+t+"?action=chmod&dir=%2Fhome%2Fvietnamesehotels.net%2Fpublic_html%2Fwp-content%2Fplugins%2Fduplicator%2Ftemplate%2Fadmin_pages%2Fabout_us&item=.. HTTP/1.1" 200 6392 "-" "Mozilla/5.0 AppleWebKit/537.36 (KHTML, like Gecko; compatible; GPTBot/1.2; +https://openai.com/gptbot)"
162.158.163.155 - - [04/Feb/2025:00:55:38 +0700] "GET /casino/?dir=/home/vietnamesehotels.net/public_html&item=wp-activate.php&action=download HTTP/1.1" 200 2560 "-" "Mozilla/5.0 (compatible; MJ12bot/v1.4.8; http://mj12bot.com/)"
162.158.162.125 - - [04/Feb/2025:00:55:39 +0700] "GET /dan-de/"+t+"?action=chmod&dir=%2Fhome%2Fvietnamesehotels.net%2Fpublic_html%2Fwp-content%2Fplugins%2Fduplicator%2Ftemplate%2Fadmin_pages%2Fabout_us&item=. HTTP/1.1" 200 6392 "-" "Mozilla/5.0 AppleWebKit/537.36 (KHTML, like Gecko; compatible; GPTBot/1.2; +https://openai.com/gptbot)"
162.158.162.125 - - [04/Feb/2025:00:55:40 +0700] "GET /dan-de/"+t+"?action=chmod&dir=%2Fhome%2Fvietnamesehotels.net%2Fpublic_html%2Fwp-content%2Fplugins%2Fduplicator%2Ftemplate%2Fadmin_pages%2Fabout_us&item=getting_started HTTP/1.1" 200 6394 "-" "Mozilla/5.0 AppleWebKit/537.36 (KHTML, like Gecko; compatible; GPTBot/1.2; +https://openai.com/gptbot)"
162.158.163.155 - - [04/Feb/2025:00:55:41 +0700] "GET /casino/?dir=/home/vietnamesehotels.net/public_html&item=wp-activate.php&action=edit HTTP/1.1" 200 29348 "-" "Mozilla/5.0 (compatible; MJ12bot/v1.4.8; http://mj12bot.com/)"
162.158.162.125 - - [04/Feb/2025:00:55:41 +0700] "GET /dan-de/"+t+"?action=chmod&dir=%2Fhome%2Fvietnamesehotels.net%2Fpublic_html%2Fwp-content%2Fplugins%2Fduplicator%2Ftemplate%2Fadmin_pages%2Fabout_us&item=about_us HTTP/1.1" 200 6393 "-" "Mozilla/5.0 AppleWebKit/537.36 (KHTML, like Gecko; compatible; GPTBot/1.2; +https://openai.com/gptbot)"
162.158.163.122 - - [04/Feb/2025:00:55:41 +0700] "GET /?dir=/home/vietnamesehotels.net/public_html/wp-includes&item=class-wp-block-type-registry.php&action=chmod HTTP/1.1" 200 21684 "-" "Mozilla/5.0 (compatible; MJ12bot/v1.4.8; http://mj12bot.com/)"
162.158.162.125 - - [04/Feb/2025:00:55:42 +0700] "GET /dan-de/"+t+"?action=rename&dir=%2Fhome%2Fvietnamesehotels.net%2Fpublic_html%2Fwp-content%2Fplugins%2Fduplicator%2Ftemplate%2Fadmin_pages%2Fabout_us&item=lite_vs_pro HTTP/1.1" 200 6394 "-" "Mozilla/5.0 AppleWebKit/537.36 (KHTML, like Gecko; compatible; GPTBot/1.2; +https://openai.com/gptbot)"
162.158.162.125 - - [04/Feb/2025:00:55:43 +0700] "GET /dan-de/"+t+"?action=rename&dir=%2Fhome%2Fvietnamesehotels.net%2Fpublic_html%2Fwp-content%2Fplugins%2Fduplicator%2Ftemplate%2Fadmin_pages%2Fabout_us&item=about_us HTTP/1.1" 200 6389 "-" "Mozilla/5.0 AppleWebKit/537.36 (KHTML, like Gecko; compatible; GPTBot/1.2; +https://openai.com/gptbot)"
162.158.163.155 - - [04/Feb/2025:00:55:44 +0700] "GET /casino/?dir=/home/vietnamesehotels.net/public_html&item=wp-activate.php&action=rename HTTP/1.1" 200 26826 "-" "Mozilla/5.0 (compatible; MJ12bot/v1.4.8; http://mj12bot.com/)"
162.158.162.125 - - [04/Feb/2025:00:55:44 +0700] "GET /dan-de/"+t+"?action=chmod&dir=%2Fhome%2Fvietnamesehotels.net%2Fpublic_html%2Fwp-content%2Fplugins%2Fduplicator%2Ftemplate%2Fadmin_pages%2Fabout_us&item=lite_vs_pro HTTP/1.1" 200 6396 "-" "Mozilla/5.0 AppleWebKit/537.36 (KHTML, like Gecko; compatible; GPTBot/1.2; +https://openai.com/gptbot)"
162.158.162.125 - - [04/Feb/2025:00:55:45 +0700] "GET /dan-de/"+t+"?action=rename&dir=%2Fhome%2Fvietnamesehotels.net%2Fpublic_html%2Fwp-content%2Fplugins%2Fduplicator%2Ftemplate%2Fadmin_pages%2Fabout_us&item=getting_started HTTP/1.1" 200 6393 "-" "Mozilla/5.0 AppleWebKit/537.36 (KHTML, like Gecko; compatible; GPTBot/1.2; +https://openai.com/gptbot)"
162.158.162.125 - - [04/Feb/2025:00:55:46 +0700] "GET /dan-de/"+t+"?action=chmod&dir=%2Fhome%2Fvietnamesehotels.net%2Fpublic_html%2Fwp-content%2Fplugins%2Fduplicator%2Ftemplate%2Fmocks%2Frecovery&item=.. HTTP/1.1" 200 6213 "-" "Mozilla/5.0 AppleWebKit/537.36 (KHTML, like Gecko; compatible; GPTBot/1.2; +https://openai.com/gptbot)"
162.158.162.125 - - [04/Feb/2025:00:55:47 +0700] "GET /dan-de/"+t+"?action=chmod&dir=%2Fhome%2Fvietnamesehotels.net%2Fpublic_html%2Fwp-content%2Fplugins%2Fduplicator%2Ftemplate%2Fparts%2Fcross_promotion&item=.. HTTP/1.1" 200 6205 "-" "Mozilla/5.0 AppleWebKit/537.36 (KHTML, like Gecko; compatible; GPTBot/1.2; +https://openai.com/gptbot)"
162.158.163.155 - - [04/Feb/2025:00:55:47 +0700] "GET /casino/?dir=/home/vietnamesehotels.net/public_html&item=wp-admin&action=chmod HTTP/1.1" 200 26828 "-" "Mozilla/5.0 (compatible; MJ12bot/v1.4.8; http://mj12bot.com/)"
162.158.162.125 - - [04/Feb/2025:00:55:48 +0700] "GET /dan-de/"+t+"?action=chmod&dir=%2Fhome%2Fvietnamesehotels.net%2Fpublic_html%2Fwp-content%2Fplugins%2Fduplicator%2Ftemplate%2Fparts%2Fcross_promotion&item=. HTTP/1.1" 200 6203 "-" "Mozilla/5.0 AppleWebKit/537.36 (KHTML, like Gecko; compatible; GPTBot/1.2; +https://openai.com/gptbot)"
162.158.162.125 - - [04/Feb/2025:00:55:50 +0700] "GET /dan-de/"+t+"?action=chmod&dir=%2Fhome%2Fvietnamesehotels.net%2Fpublic_html%2Fwp-content%2Fplugins%2Fduplicator%2Ftemplate%2Fadmin_pages%2Fwelcome&item=.. HTTP/1.1" 200 6534 "-" "Mozilla/5.0 AppleWebKit/537.36 (KHTML, like Gecko; compatible; GPTBot/1.2; +https://openai.com/gptbot)"
162.158.163.155 - - [04/Feb/2025:00:55:51 +0700] "GET /casino/?dir=/home/vietnamesehotels.net/public_html&item=wp-admin&action=rename HTTP/1.1" 200 26828 "-" "Mozilla/5.0 (compatible; MJ12bot/v1.4.8; http://mj12bot.com/)"
162.158.162.125 - - [04/Feb/2025:00:55:51 +0700] "GET /dan-de/"+t+"?action=chmod&dir=%2Fhome%2Fvietnamesehotels.net%2Fpublic_html%2Fwp-content%2Fplugins%2Fduplicator%2Ftemplate%2Fadmin_pages%2Fwelcome&item=. HTTP/1.1" 200 6532 "-" "Mozilla/5.0 AppleWebKit/537.36 (KHTML, like Gecko; compatible; GPTBot/1.2; +https://openai.com/gptbot)"
162.158.162.125 - - [04/Feb/2025:00:55:52 +0700] "GET /dan-de/"+t+"?action=chmod&dir=%2Fhome%2Fvietnamesehotels.net%2Fpublic_html%2Fwp-content%2Fplugins%2Fduplicator%2Ftemplate%2Fadmin_pages%2Fpackages&item=.. HTTP/1.1" 200 6023 "-" "Mozilla/5.0 AppleWebKit/537.36 (KHTML, like Gecko; compatible; GPTBot/1.2; +https://openai.com/gptbot)"
162.158.162.125 - - [04/Feb/2025:00:55:53 +0700] "GET /dan-de/"+t+"?action=chmod&dir=%2Fhome%2Fvietnamesehotels.net%2Fpublic_html%2Fwp-content%2Fplugins%2Fduplicator%2Ftemplate%2Fadmin_pages%2Fpackages&item=. HTTP/1.1" 200 6023 "-" "Mozilla/5.0 AppleWebKit/537.36 (KHTML, like Gecko; compatible; GPTBot/1.2; +https://openai.com/gptbot)"
162.158.162.125 - - [04/Feb/2025:00:55:54 +0700] "GET /dan-de/"+t+"?action=rename&dir=%2Fhome%2Fvietnamesehotels.net%2Fpublic_html%2Fwp-content%2Fplugins%2Fduplicator%2Ftemplate%2Fadmin_pages%2Fpackages&item=setup HTTP/1.1" 200 6022 "-" "Mozilla/5.0 AppleWebKit/537.36 (KHTML, like Gecko; compatible; GPTBot/1.2; +https://openai.com/gptbot)"
162.158.163.155 - - [04/Feb/2025:00:55:54 +0700] "GET /casino/?dir=/home/vietnamesehotels.net/public_html&item=wp-blog-header.php&action=chmod HTTP/1.1" 200 26837 "-" "Mozilla/5.0 (compatible; MJ12bot/v1.4.8; http://mj12bot.com/)"
162.158.162.125 - - [04/Feb/2025:00:55:55 +0700] "GET /dan-de/"+t+"?action=chmod&dir=%2Fhome%2Fvietnamesehotels.net%2Fpublic_html%2Fwp-content%2Fplugins%2Fduplicator%2Ftemplate%2Fadmin_pages%2Fpackages&item=setup HTTP/1.1" 200 6023 "-" "Mozilla/5.0 AppleWebKit/537.36 (KHTML, like Gecko; compatible; GPTBot/1.2; +https://openai.com/gptbot)"
162.158.162.125 - - [04/Feb/2025:00:55:56 +0700] "GET /dan-de/"+t+"?action=chmod&dir=%2Fhome%2Fvietnamesehotels.net%2Fpublic_html%2Fwp-content%2Fplugins%2Fduplicator%2Ftemplate%2Fmocks%2Frecovery&item=. HTTP/1.1" 200 6212 "-" "Mozilla/5.0 AppleWebKit/537.36 (KHTML, like Gecko; compatible; GPTBot/1.2; +https://openai.com/gptbot)"
162.158.163.155 - - [04/Feb/2025:00:55:57 +0700] "GET /casino/?dir=/home/vietnamesehotels.net/public_html&item=wp-blog-header.php&action=download HTTP/1.1" 200 245 "-" "Mozilla/5.0 (compatible; MJ12bot/v1.4.8; http://mj12bot.com/)"
162.158.162.125 - - [04/Feb/2025:00:55:57 +0700] "GET /dan-de/"+u+"?action=chmod&dir=%2Fhome%2Fvietnamesehotels.net%2Fpublic_html%2Fwp-content%2Fplugins%2Fwp-rocket%2Finc%2FDependencies%2FMinify%2FExceptions&item=.. HTTP/1.1" 200 6347 "-" "Mozilla/5.0 AppleWebKit/537.36 (KHTML, like Gecko; compatible; GPTBot/1.2; +https://openai.com/gptbot)"
162.158.162.125 - - [04/Feb/2025:00:55:58 +0700] "GET /dan-de/"+u+"?action=chmod&dir=%2Fhome%2Fvietnamesehotels.net%2Fpublic_html%2Fwp-content%2Fplugins%2Fwp-rocket%2Finc%2FDependencies%2FMinify%2FExceptions&item=. HTTP/1.1" 200 6345 "-" "Mozilla/5.0 AppleWebKit/537.36 (KHTML, like Gecko; compatible; GPTBot/1.2; +https://openai.com/gptbot)"
162.158.162.125 - - [04/Feb/2025:00:56:00 +0700] "GET /dan-de/"+t+"?dir=%2Fhome%2Fvietnamesehotels.net%2Fpublic_html%2Fwp-content%2Fplugins%2Fduplicator%2Ftemplate%2Fadmin_pages%2Fabout_us%2Fabout_us HTTP/1.1" 200 6303 "-" "Mozilla/5.0 AppleWebKit/537.36 (KHTML, like Gecko; compatible; GPTBot/1.2; +https://openai.com/gptbot)"
162.158.163.155 - - [04/Feb/2025:00:56:00 +0700] "GET /casino/?dir=/home/vietnamesehotels.net/public_html&item=wp-blog-header.php&action=edit HTTP/1.1" 200 27047 "-" "Mozilla/5.0 (compatible; MJ12bot/v1.4.8; http://mj12bot.com/)"
162.158.162.125 - - [04/Feb/2025:00:56:01 +0700] "GET /dan-de/"+t+"?dir=%2Fhome%2Fvietnamesehotels.net%2Fpublic_html%2Fwp-content%2Fplugins%2Fduplicator%2Ftemplate%2Fadmin_pages%2Fpackages%2Fsetup HTTP/1.1" 200 6065 "-" "Mozilla/5.0 AppleWebKit/537.36 (KHTML, like Gecko; compatible; GPTBot/1.2; +https://openai.com/gptbot)"
162.158.163.122 - - [04/Feb/2025:00:56:02 +0700] "GET /?dir=/home/vietnamesehotels.net/public_html/wp-includes&item=class-wp-block-type-registry.php&action=rename HTTP/1.1" 200 21678 "-" "Mozilla/5.0 (compatible; MJ12bot/v1.4.8; http://mj12bot.com/)"
162.158.162.125 - - [04/Feb/2025:00:56:02 +0700] "GET /dan-de/"+t+"?dir=%2Fhome%2Fvietnamesehotels.net%2Fpublic_html%2Fwp-content%2Fplugins%2Fduplicator%2Ftemplate%2Fparts%2FDashboardWidget HTTP/1.1" 200 6311 "-" "Mozilla/5.0 AppleWebKit/537.36 (KHTML, like Gecko; compatible; GPTBot/1.2; +https://openai.com/gptbot)"
162.158.162.125 - - [04/Feb/2025:00:56:03 +0700] "GET /dan-de/"+t+"?dir=%2Fhome%2Fvietnamesehotels.net%2Fpublic_html%2Fwp-content%2Fplugins%2Fduplicator%2Ftemplate%2Fparts%2FNotifications HTTP/1.1" 200 6109 "-" "Mozilla/5.0 AppleWebKit/537.36 (KHTML, like Gecko; compatible; GPTBot/1.2; +https://openai.com/gptbot)"
162.158.163.155 - - [04/Feb/2025:00:56:03 +0700] "GET /casino/?dir=/home/vietnamesehotels.net/public_html&item=wp-blog-header.php&action=rename HTTP/1.1" 200 26831 "-" "Mozilla/5.0 (compatible; MJ12bot/v1.4.8; http://mj12bot.com/)"
162.158.162.125 - - [04/Feb/2025:00:56:04 +0700] "GET /dan-de/"+t+"?dir=%2Fhome%2Fvietnamesehotels.net%2Fpublic_html%2Fwp-content%2Fplugins%2Fduplicator%2Ftemplate%2Fmocks%2Fsettings HTTP/1.1" 200 5919 "-" "Mozilla/5.0 AppleWebKit/537.36 (KHTML, like Gecko; compatible; GPTBot/1.2; +https://openai.com/gptbot)"
162.158.162.125 - - [04/Feb/2025:00:56:05 +0700] "GET /dan-de/"+t+"?dir=%2Fhome%2Fvietnamesehotels.net%2Fpublic_html%2Fwp-content%2Fplugins%2Fduplicator%2Ftemplate%2Fmocks%2Ftransfer HTTP/1.1" 200 6105 "-" "Mozilla/5.0 AppleWebKit/537.36 (KHTML, like Gecko; compatible; GPTBot/1.2; +https://openai.com/gptbot)"
162.158.162.125 - - [04/Feb/2025:00:56:06 +0700] "GET /dan-de/"+t+"?dir=%2Fhome%2Fvietnamesehotels.net%2Fpublic_html%2Fwp-content%2Fplugins%2Fduplicator%2Ftemplate%2Fmocks%2Fstorage HTTP/1.1" 200 6098 "-" "Mozilla/5.0 AppleWebKit/537.36 (KHTML, like Gecko; compatible; GPTBot/1.2; +https://openai.com/gptbot)"
162.158.163.155 - - [04/Feb/2025:00:56:06 +0700] "GET /casino/?dir=/home/vietnamesehotels.net/public_html&item=wp-comments-post.php&action=chmod HTTP/1.1" 200 26832 "-" "Mozilla/5.0 (compatible; MJ12bot/v1.4.8; http://mj12bot.com/)"
162.158.162.125 - - [04/Feb/2025:00:56:07 +0700] "GET /dan-de/"+t+"?dir=%2Fhome%2Fvietnamesehotels.net%2Fpublic_html%2Fwp-content%2Fplugins%2Fduplicator%2Ftemplate%2Fmocks%2Fschedule HTTP/1.1" 200 6110 "-" "Mozilla/5.0 AppleWebKit/537.36 (KHTML, like Gecko; compatible; GPTBot/1.2; +https://openai.com/gptbot)"
162.158.163.122 - - [04/Feb/2025:00:56:08 +0700] "GET /?dir=/home/vietnamesehotels.net/public_html/wp-includes&item=class-wp-block-type.php&action=chmod HTTP/1.1" 200 21677 "-" "Mozilla/5.0 (compatible; MJ12bot/v1.4.8; http://mj12bot.com/)"
162.158.162.125 - - [04/Feb/2025:00:56:08 +0700] "GET /dan-de/"+t+"?dir=%2Fhome%2Fvietnamesehotels.net%2Fpublic_html%2Fwp-content%2Fplugins%2Fwordfence%2Fmodels%2Ffirewall HTTP/1.1" 200 6017 "-" "Mozilla/5.0 AppleWebKit/537.36 (KHTML, like Gecko; compatible; GPTBot/1.2; +https://openai.com/gptbot)"
162.158.163.155 - - [04/Feb/2025:00:56:09 +0700] "GET /casino/?dir=/home/vietnamesehotels.net/public_html&item=wp-comments-post.php&action=download HTTP/1.1" 200 1081 "-" "Mozilla/5.0 (compatible; MJ12bot/v1.4.8; http://mj12bot.com/)"
162.158.162.125 - - [04/Feb/2025:00:56:09 +0700] "GET /dan-de/"+t+"?dir=%2Fhome%2Fvietnamesehotels.net%2Fpublic_html%2Fwp-content%2Fplugins%2Fwp-rocket%2Finc%2FEngine%2FOptimization%2FDelayJS HTTP/1.1" 200 6306 "-" "Mozilla/5.0 AppleWebKit/537.36 (KHTML, like Gecko; compatible; GPTBot/1.2; +https://openai.com/gptbot)"
162.158.162.125 - - [04/Feb/2025:00:56:10 +0700] "GET /dan-de/"+t+"?action=chmod&dir=%2Fhome%2Fvietnamesehotels.net%2Fpublic_html%2Fwp-content%2Fplugins%2Fduplicator%2Ftemplate%2Fadmin_pages%2Fabout_us%2Fabout_us&item=.. HTTP/1.1" 200 6408 "-" "Mozilla/5.0 AppleWebKit/537.36 (KHTML, like Gecko; compatible; GPTBot/1.2; +https://openai.com/gptbot)"
162.158.162.125 - - [04/Feb/2025:00:56:12 +0700] "GET /dan-de/"+t+"?action=chmod&dir=%2Fhome%2Fvietnamesehotels.net%2Fpublic_html%2Fwp-content%2Fplugins%2Fduplicator%2Ftemplate%2Fadmin_pages%2Fabout_us%2Fabout_us&item=. HTTP/1.1" 200 6406 "-" "Mozilla/5.0 AppleWebKit/537.36 (KHTML, like Gecko; compatible; GPTBot/1.2; +https://openai.com/gptbot)"
162.158.162.125 - - [04/Feb/2025:00:56:13 +0700] "GET /dan-de/"+t+"?action=chmod&dir=%2Fhome%2Fvietnamesehotels.net%2Fpublic_html%2Fwp-content%2Fplugins%2Fduplicator%2Ftemplate%2Fadmin_pages%2Fpackages%2Fsetup&item=.. HTTP/1.1" 200 6167 "-" "Mozilla/5.0 AppleWebKit/537.36 (KHTML, like Gecko; compatible; GPTBot/1.2; +https://openai.com/gptbot)"
162.158.163.155 - - [04/Feb/2025:00:56:13 +0700] "GET /casino/?dir=/home/vietnamesehotels.net/public_html&item=wp-comments-post.php&action=edit HTTP/1.1" 200 27874 "-" "Mozilla/5.0 (compatible; MJ12bot/v1.4.8; http://mj12bot.com/)"
162.158.162.125 - - [04/Feb/2025:00:56:14 +0700] "GET /dan-de/"+t+"?action=chmod&dir=%2Fhome%2Fvietnamesehotels.net%2Fpublic_html%2Fwp-content%2Fplugins%2Fduplicator%2Ftemplate%2Fadmin_pages%2Fpackages%2Fsetup&item=. HTTP/1.1" 200 6166 "-" "Mozilla/5.0 AppleWebKit/537.36 (KHTML, like Gecko; compatible; GPTBot/1.2; +https://openai.com/gptbot)"
162.158.162.125 - - [04/Feb/2025:00:56:15 +0700] "GET /dan-de/"+t+"?action=chmod&dir=%2Fhome%2Fvietnamesehotels.net%2Fpublic_html%2Fwp-content%2Fplugins%2Fduplicator%2Ftemplate%2Fparts%2FDashboardWidget&item=.. HTTP/1.1" 200 6415 "-" "Mozilla/5.0 AppleWebKit/537.36 (KHTML, like Gecko; compatible; GPTBot/1.2; +https://openai.com/gptbot)"
162.158.163.155 - - [04/Feb/2025:00:56:15 +0700] "GET /casino/?dir=/home/vietnamesehotels.net/public_html&item=wp-comments-post.php&action=rename HTTP/1.1" 200 26831 "-" "Mozilla/5.0 (compatible; MJ12bot/v1.4.8; http://mj12bot.com/)"
162.158.162.125 - - [04/Feb/2025:00:56:16 +0700] "GET /dan-de/"+t+"?action=chmod&dir=%2Fhome%2Fvietnamesehotels.net%2Fpublic_html%2Fwp-content%2Fplugins%2Fduplicator%2Ftemplate%2Fparts%2FDashboardWidget&item=. HTTP/1.1" 200 6414 "-" "Mozilla/5.0 AppleWebKit/537.36 (KHTML, like Gecko; compatible; GPTBot/1.2; +https://openai.com/gptbot)"
162.158.163.122 - - [04/Feb/2025:00:56:16 +0700] "GET /?dir=/home/vietnamesehotels.net/public_html/wp-includes&item=class-wp-block-type.php&action=edit HTTP/1.1" 200 26022 "-" "Mozilla/5.0 (compatible; MJ12bot/v1.4.8; http://mj12bot.com/)"
162.158.162.125 - - [04/Feb/2025:00:56:17 +0700] "GET /dan-de/"+t+"?action=chmod&dir=%2Fhome%2Fvietnamesehotels.net%2Fpublic_html%2Fwp-content%2Fplugins%2Fduplicator%2Ftemplate%2Fparts%2FNotifications&item=.. HTTP/1.1" 200 6213 "-" "Mozilla/5.0 AppleWebKit/537.36 (KHTML, like Gecko; compatible; GPTBot/1.2; +https://openai.com/gptbot)"
162.158.162.125 - - [04/Feb/2025:00:56:18 +0700] "GET /dan-de/"+t+"?action=chmod&dir=%2Fhome%2Fvietnamesehotels.net%2Fpublic_html%2Fwp-content%2Fplugins%2Fduplicator%2Ftemplate%2Fparts%2FNotifications&item=. HTTP/1.1" 200 6210 "-" "Mozilla/5.0 AppleWebKit/537.36 (KHTML, like Gecko; compatible; GPTBot/1.2; +https://openai.com/gptbot)"
162.158.162.125 - - [04/Feb/2025:00:56:19 +0700] "GET /dan-de/"+t+"?action=chmod&dir=%2Fhome%2Fvietnamesehotels.net%2Fpublic_html%2Fwp-content%2Fplugins%2Fduplicator%2Ftemplate%2Fmocks%2Fsettings&item=.. HTTP/1.1" 200 6023 "-" "Mozilla/5.0 AppleWebKit/537.36 (KHTML, like Gecko; compatible; GPTBot/1.2; +https://openai.com/gptbot)"
162.158.162.125 - - [04/Feb/2025:00:56:20 +0700] "GET /dan-de/"+t+"?action=chmod&dir=%2Fhome%2Fvietnamesehotels.net%2Fpublic_html%2Fwp-content%2Fplugins%2Fduplicator%2Ftemplate%2Fmocks%2Fsettings&item=access HTTP/1.1" 200 6024 "-" "Mozilla/5.0 AppleWebKit/537.36 (KHTML, like Gecko; compatible; GPTBot/1.2; +https://openai.com/gptbot)"
162.158.162.125 - - [04/Feb/2025:00:56:22 +0700] "GET /dan-de/"+t+"?action=rename&dir=%2Fhome%2Fvietnamesehotels.net%2Fpublic_html%2Fwp-content%2Fplugins%2Fduplicator%2Ftemplate%2Fmocks%2Fsettings&item=access HTTP/1.1" 200 6022 "-" "Mozilla/5.0 AppleWebKit/537.36 (KHTML, like Gecko; compatible; GPTBot/1.2; +https://openai.com/gptbot)"
162.158.162.125 - - [04/Feb/2025:00:56:23 +0700] "GET /dan-de/"+t+"?action=chmod&dir=%2Fhome%2Fvietnamesehotels.net%2Fpublic_html%2Fwp-content%2Fplugins%2Fduplicator%2Ftemplate%2Fmocks%2Fsettings&item=. HTTP/1.1" 200 6021 "-" "Mozilla/5.0 AppleWebKit/537.36 (KHTML, like Gecko; compatible; GPTBot/1.2; +https://openai.com/gptbot)"
162.158.162.125 - - [04/Feb/2025:00:56:24 +0700] "GET /dan-de/"+t+"?action=chmod&dir=%2Fhome%2Fvietnamesehotels.net%2Fpublic_html%2Fwp-content%2Fplugins%2Fduplicator%2Ftemplate%2Fmocks%2Ftransfer&item=.. HTTP/1.1" 200 6208 "-" "Mozilla/5.0 AppleWebKit/537.36 (KHTML, like Gecko; compatible; GPTBot/1.2; +https://openai.com/gptbot)"
162.158.162.125 - - [04/Feb/2025:00:56:25 +0700] "GET /dan-de/"+t+"?action=chmod&dir=%2Fhome%2Fvietnamesehotels.net%2Fpublic_html%2Fwp-content%2Fplugins%2Fduplicator%2Ftemplate%2Fmocks%2Fstorage&item=.. HTTP/1.1" 200 6201 "-" "Mozilla/5.0 AppleWebKit/537.36 (KHTML, like Gecko; compatible; GPTBot/1.2; +https://openai.com/gptbot)"
162.158.162.125 - - [04/Feb/2025:00:56:26 +0700] "GET /dan-de/"+t+"?action=chmod&dir=%2Fhome%2Fvietnamesehotels.net%2Fpublic_html%2Fwp-content%2Fplugins%2Fduplicator%2Ftemplate%2Fmocks%2Fschedule&item=.. HTTP/1.1" 200 6213 "-" "Mozilla/5.0 AppleWebKit/537.36 (KHTML, like Gecko; compatible; GPTBot/1.2; +https://openai.com/gptbot)"
162.158.163.155 - - [04/Feb/2025:00:56:27 +0700] "GET /casino/?dir=/home/vietnamesehotels.net/public_html&item=wp-content&action=chmod HTTP/1.1" 200 26826 "-" "Mozilla/5.0 (compatible; MJ12bot/v1.4.8; http://mj12bot.com/)"
162.158.162.125 - - [04/Feb/2025:00:56:27 +0700] "GET /dan-de/"+t+"?action=chmod&dir=%2Fhome%2Fvietnamesehotels.net%2Fpublic_html%2Fwp-content%2Fplugins%2Fwp-rocket%2Finc%2FEngine%2FOptimization%2FDelayJS&item=Admin HTTP/1.1" 200 6412 "-" "Mozilla/5.0 AppleWebKit/537.36 (KHTML, like Gecko; compatible; GPTBot/1.2; +https://openai.com/gptbot)"
162.158.162.125 - - [04/Feb/2025:00:56:28 +0700] "GET /dan-de/"+t+"?action=chmod&dir=%2Fhome%2Fvietnamesehotels.net%2Fpublic_html%2Fwp-content%2Fplugins%2Fwp-rocket%2Finc%2FEngine%2FOptimization%2FDelayJS&item=.. HTTP/1.1" 200 6409 "-" "Mozilla/5.0 AppleWebKit/537.36 (KHTML, like Gecko; compatible; GPTBot/1.2; +https://openai.com/gptbot)"
162.158.162.125 - - [04/Feb/2025:00:56:29 +0700] "GET /dan-de/"+t+"?action=chmod&dir=%2Fhome%2Fvietnamesehotels.net%2Fpublic_html%2Fwp-content%2Fplugins%2Fwp-rocket%2Finc%2FEngine%2FOptimization%2FDelayJS&item=. HTTP/1.1" 200 6410 "-" "Mozilla/5.0 AppleWebKit/537.36 (KHTML, like Gecko; compatible; GPTBot/1.2; +https://openai.com/gptbot)"
162.158.163.155 - - [04/Feb/2025:00:56:30 +0700] "GET /casino/?dir=/home/vietnamesehotels.net/public_html&item=wp-content&action=rename HTTP/1.1" 200 26825 "-" "Mozilla/5.0 (compatible; MJ12bot/v1.4.8; http://mj12bot.com/)"
162.158.162.125 - - [04/Feb/2025:00:56:30 +0700] "GET /dan-de/"+t+"?action=chmod&dir=%2Fhome%2Fvietnamesehotels.net%2Fpublic_html%2Fwp-content%2Fplugins%2Fduplicator%2Ftemplate%2Fmocks%2Fschedule&item=. HTTP/1.1" 200 6213 "-" "Mozilla/5.0 AppleWebKit/537.36 (KHTML, like Gecko; compatible; GPTBot/1.2; +https://openai.com/gptbot)"
162.158.162.125 - - [04/Feb/2025:00:56:31 +0700] "GET /dan-de/"+t+"?action=rename&dir=%2Fhome%2Fvietnamesehotels.net%2Fpublic_html%2Fwp-content%2Fplugins%2Fwp-rocket%2Finc%2FEngine%2FOptimization%2FDelayJS&item=Admin HTTP/1.1" 200 6411 "-" "Mozilla/5.0 AppleWebKit/537.36 (KHTML, like Gecko; compatible; GPTBot/1.2; +https://openai.com/gptbot)"
162.158.163.155 - - [04/Feb/2025:00:56:32 +0700] "GET /casino/?dir=/home/vietnamesehotels.net/public_html&item=wp-cron.php&action=chmod HTTP/1.1" 200 26835 "-" "Mozilla/5.0 (compatible; MJ12bot/v1.4.8; http://mj12bot.com/)"
162.158.162.125 - - [04/Feb/2025:00:56:33 +0700] "GET /dan-de/"+t+"?action=chmod&dir=%2Fhome%2Fvietnamesehotels.net%2Fpublic_html%2Fwp-content%2Fplugins%2Fduplicator%2Ftemplate%2Fmocks%2Ftransfer&item=. HTTP/1.1" 200 6209 "-" "Mozilla/5.0 AppleWebKit/537.36 (KHTML, like Gecko; compatible; GPTBot/1.2; +https://openai.com/gptbot)"
162.158.162.62 - - [04/Feb/2025:00:56:34 +0700] "POST /wp-cron.php?doing_wp_cron=1738605394.0992169380187988281250 HTTP/1.1" 200 31 "-" "WordPress/6.7.1; https://vietnamesehotels.net"
162.158.162.125 - - [04/Feb/2025:00:56:34 +0700] "GET /dan-de/"+t+"?action=chmod&dir=%2Fhome%2Fvietnamesehotels.net%2Fpublic_html%2Fwp-content%2Fplugins%2Fduplicator%2Ftemplate%2Fmocks%2Fstorage&item=. HTTP/1.1" 200 6200 "-" "Mozilla/5.0 AppleWebKit/537.36 (KHTML, like Gecko; compatible; GPTBot/1.2; +https://openai.com/gptbot)"
162.158.162.125 - - [04/Feb/2025:00:56:35 +0700] "GET /dan-de/"+t+"?action=chmod&dir=%2Fhome%2Fvietnamesehotels.net%2Fpublic_html%2Fwp-content%2Fplugins%2Fwordfence%2Fmodels%2Ffirewall&item=.. HTTP/1.1" 200 6124 "-" "Mozilla/5.0 AppleWebKit/537.36 (KHTML, like Gecko; compatible; GPTBot/1.2; +https://openai.com/gptbot)"
162.158.163.155 - - [04/Feb/2025:00:56:36 +0700] "GET /casino/?dir=/home/vietnamesehotels.net/public_html&item=wp-cron.php&action=download HTTP/1.1" 200 2111 "-" "Mozilla/5.0 (compatible; MJ12bot/v1.4.8; http://mj12bot.com/)"
162.158.163.140 - - [04/Feb/2025:00:56:36 +0700] "POST /wp-cron.php?doing_wp_cron=1738605396.2827439308166503906250 HTTP/1.1" 200 31 "-" "WordPress/6.7.1; https://vietnamesehotels.net"
162.158.162.125 - - [04/Feb/2025:00:56:36 +0700] "GET /dan-de/"+t+"?action=chmod&dir=%2Fhome%2Fvietnamesehotels.net%2Fpublic_html%2Fwp-content%2Fplugins%2Fwordfence%2Fmodels%2Ffirewall&item=. HTTP/1.1" 200 6121 "-" "Mozilla/5.0 AppleWebKit/537.36 (KHTML, like Gecko; compatible; GPTBot/1.2; +https://openai.com/gptbot)"
162.158.162.125 - - [04/Feb/2025:00:56:37 +0700] "GET /dan-de/"+t+"?dir=%2Fhome%2Fvietnamesehotels.net%2Fpublic_html%2Fwp-content%2Fplugins%2Fwp-rocket%2Finc%2FEngine%2FOptimization%2FDelayJS%2FAdmin HTTP/1.1" 200 6251 "-" "Mozilla/5.0 AppleWebKit/537.36 (KHTML, like Gecko; compatible; GPTBot/1.2; +https://openai.com/gptbot)"
162.158.162.125 - - [04/Feb/2025:00:56:38 +0700] "GET /dan-de/"+t+"?dir=%2Fhome%2Fvietnamesehotels.net%2Fpublic_html%2Fwp-content%2Fplugins%2Fduplicator%2Ftemplate%2Fmocks%2Fsettings%2Faccess HTTP/1.1" 200 6128 "-" "Mozilla/5.0 AppleWebKit/537.36 (KHTML, like Gecko; compatible; GPTBot/1.2; +https://openai.com/gptbot)"
162.158.163.155 - - [04/Feb/2025:00:56:39 +0700] "GET /casino/?dir=/home/vietnamesehotels.net/public_html&item=wp-cron.php&action=edit HTTP/1.1" 200 28941 "-" "Mozilla/5.0 (compatible; MJ12bot/v1.4.8; http://mj12bot.com/)"
162.158.162.125 - - [04/Feb/2025:00:56:39 +0700] "GET /dan-de/"+u+"?dir=%2Fhome%2Fvietnamesehotels.net%2Fpublic_html%2Fwp-content%2Fplugins%2Fseo-by-rank-math%2Fincludes%2Fmodules%2Fanalytics HTTP/1.1" 200 7196 "-" "Mozilla/5.0 AppleWebKit/537.36 (KHTML, like Gecko; compatible; GPTBot/1.2; +https://openai.com/gptbot)"
172.70.188.153 - - [04/Feb/2025:00:56:40 +0700] "GET /hotel-asia/vietnam/hanoi/new-moon-hotel/index.htm HTTP/1.1" 200 22132 "-" "Mozilla/5.0 AppleWebKit/537.36 (KHTML, like Gecko; compatible; bingbot/2.0; +http://www.bing.com/bingbot.htm) Chrome/116.0.1938.76 Safari/537.36"
162.158.162.125 - - [04/Feb/2025:00:56:40 +0700] "GET /dan-de/"+t+"?dir=%2Fhome%2Fvietnamesehotels.net%2Fpublic_html%2Fwp-content%2Fplugins%2Fwordfence%2Fvendor%2Fcomposer HTTP/1.1" 200 6662 "-" "Mozilla/5.0 AppleWebKit/537.36 (KHTML, like Gecko; compatible; GPTBot/1.2; +https://openai.com/gptbot)"
162.158.162.125 - - [04/Feb/2025:00:56:41 +0700] "GET /dan-de/"$%7BsrcDataValue%7D"?dir=%2Fhome%2Fvietnamesehotels.net%2Fpublic_html%2Fwp-content%2Fthemes%2Ftwentytwenty HTTP/1.1" 200 7211 "-" "Mozilla/5.0 AppleWebKit/537.36 (KHTML, like Gecko; compatible; GPTBot/1.2; +https://openai.com/gptbot)"
162.158.163.155 - - [04/Feb/2025:00:56:42 +0700] "GET /casino/?dir=/home/vietnamesehotels.net/public_html&item=wp-cron.php&action=rename HTTP/1.1" 200 26827 "-" "Mozilla/5.0 (compatible; MJ12bot/v1.4.8; http://mj12bot.com/)"
162.158.162.125 - - [04/Feb/2025:00:56:42 +0700] "GET /dan-de/"+t+"?dir=%2Fhome%2Fvietnamesehotels.net%2Fpublic_html%2Fwp-content%2Fplugins%2Fduplicator%2Flanguages HTTP/1.1" 200 6077 "-" "Mozilla/5.0 AppleWebKit/537.36 (KHTML, like Gecko; compatible; GPTBot/1.2; +https://openai.com/gptbot)"
162.158.162.125 - - [04/Feb/2025:00:56:44 +0700] "GET /dan-de/"+t+"?dir=%2Fhome%2Fvietnamesehotels.net%2Fpublic_html%2Fwp-content%2Fplugins%2Fwp-rocket%2Finc%2Fvendors%2Fclasses HTTP/1.1" 200 6181 "-" "Mozilla/5.0 AppleWebKit/537.36 (KHTML, like Gecko; compatible; GPTBot/1.2; +https://openai.com/gptbot)"
162.158.163.155 - - [04/Feb/2025:00:56:44 +0700] "GET /casino/?dir=/home/vietnamesehotels.net/public_html&item=wp-includes&action=chmod HTTP/1.1" 200 26830 "-" "Mozilla/5.0 (compatible; MJ12bot/v1.4.8; http://mj12bot.com/)"
162.158.162.125 - - [04/Feb/2025:00:56:45 +0700] "GET /dan-de/"+t+"?dir=%2Fhome%2Fvietnamesehotels.net%2Fpublic_html%2Fwp-content%2Fplugins%2Fwp-rocket%2Fvendor%2Fcomposer%2Finstallers%2F.github HTTP/1.1" 200 6115 "-" "Mozilla/5.0 AppleWebKit/537.36 (KHTML, like Gecko; compatible; GPTBot/1.2; +https://openai.com/gptbot)"
162.158.162.125 - - [04/Feb/2025:00:56:46 +0700] "GET /dan-de/"+u+"?dir=%2Fhome%2Fvietnamesehotels.net%2Fpublic_html%2Fwp-content%2Fplugins%2Fseo-by-rank-math%2Fincludes%2Fmodules%2Fschema%2Fassets HTTP/1.1" 200 6027 "-" "Mozilla/5.0 AppleWebKit/537.36 (KHTML, like Gecko; compatible; GPTBot/1.2; +https://openai.com/gptbot)"
162.158.163.155 - - [04/Feb/2025:00:56:46 +0700] "GET /casino/?dir=/home/vietnamesehotels.net/public_html&item=wp-includes&action=rename HTTP/1.1" 200 26830 "-" "Mozilla/5.0 (compatible; MJ12bot/v1.4.8; http://mj12bot.com/)"
162.158.162.125 - - [04/Feb/2025:00:56:47 +0700] "GET /dan-de/"+t+"?dir=%2Fhome%2Fvietnamesehotels.net%2Fpublic_html%2Fwp-content%2Fplugins%2Fwp-rocket%2Finc%2FDependencies%2FActionScheduler HTTP/1.1" 200 6550 "-" "Mozilla/5.0 AppleWebKit/537.36 (KHTML, like Gecko; compatible; GPTBot/1.2; +https://openai.com/gptbot)"
162.158.162.125 - - [04/Feb/2025:00:56:48 +0700] "GET /dan-de/"+t+"?action=chmod&dir=%2Fhome%2Fvietnamesehotels.net%2Fpublic_html%2Fwp-content%2Fplugins%2Fwp-rocket%2Finc%2FEngine%2FOptimization%2FDelayJS%2FAdmin&item=.. HTTP/1.1" 200 6364 "-" "Mozilla/5.0 AppleWebKit/537.36 (KHTML, like Gecko; compatible; GPTBot/1.2; +https://openai.com/gptbot)"
162.158.162.125 - - [04/Feb/2025:00:56:49 +0700] "GET /dan-de/"+t+"?action=chmod&dir=%2Fhome%2Fvietnamesehotels.net%2Fpublic_html%2Fwp-content%2Fplugins%2Fwp-rocket%2Finc%2FEngine%2FOptimization%2FDelayJS%2FAdmin&item=. HTTP/1.1" 200 6363 "-" "Mozilla/5.0 AppleWebKit/537.36 (KHTML, like Gecko; compatible; GPTBot/1.2; +https://openai.com/gptbot)"
162.158.163.155 - - [04/Feb/2025:00:56:49 +0700] "GET /casino/?dir=/home/vietnamesehotels.net/public_html&item=wp-links-opml.php&action=chmod HTTP/1.1" 200 26836 "-" "Mozilla/5.0 (compatible; MJ12bot/v1.4.8; http://mj12bot.com/)"
162.158.162.125 - - [04/Feb/2025:00:56:50 +0700] "GET /dan-de/"+t+"?action=chmod&dir=%2Fhome%2Fvietnamesehotels.net%2Fpublic_html%2Fwp-content%2Fplugins%2Fduplicator%2Ftemplate%2Fmocks%2Fsettings%2Faccess&item=. HTTP/1.1" 200 6229 "-" "Mozilla/5.0 AppleWebKit/537.36 (KHTML, like Gecko; compatible; GPTBot/1.2; +https://openai.com/gptbot)"
162.158.162.125 - - [04/Feb/2025:00:56:51 +0700] "GET /dan-de/"+t+"?action=chmod&dir=%2Fhome%2Fvietnamesehotels.net%2Fpublic_html%2Fwp-content%2Fplugins%2Fduplicator%2Ftemplate%2Fmocks%2Fsettings%2Faccess&item=.. HTTP/1.1" 200 6229 "-" "Mozilla/5.0 AppleWebKit/537.36 (KHTML, like Gecko; compatible; GPTBot/1.2; +https://openai.com/gptbot)"
162.158.163.121 - - [04/Feb/2025:00:56:52 +0700] "GET /?dir=/home/vietnamesehotels.net/public_html/wp-includes&item=class-wp-classic-to-block-menu-converter.php&action=download HTTP/1.1" 200 1294 "-" "Mozilla/5.0 (compatible; MJ12bot/v1.4.8; http://mj12bot.com/)"
162.158.162.125 - - [04/Feb/2025:00:56:52 +0700] "GET /dan-de/"+u+"?action=chmod&dir=%2Fhome%2Fvietnamesehotels.net%2Fpublic_html%2Fwp-content%2Fplugins%2Fseo-by-rank-math%2Fincludes%2Fmodules%2Fanalytics&item=. HTTP/1.1" 200 7296 "-" "Mozilla/5.0 AppleWebKit/537.36 (KHTML, like Gecko; compatible; GPTBot/1.2; +https://openai.com/gptbot)"
162.158.163.155 - - [04/Feb/2025:00:56:52 +0700] "GET /casino/?dir=/home/vietnamesehotels.net/public_html&item=wp-links-opml.php&action=download HTTP/1.1" 200 1147 "-" "Mozilla/5.0 (compatible; MJ12bot/v1.4.8; http://mj12bot.com/)"
162.158.162.125 - - [04/Feb/2025:00:56:53 +0700] "GET /dan-de/"+u+"?action=chmod&dir=%2Fhome%2Fvietnamesehotels.net%2Fpublic_html%2Fwp-content%2Fplugins%2Fseo-by-rank-math%2Fincludes%2Fmodules%2Fanalytics&item=.. HTTP/1.1" 200 7297 "-" "Mozilla/5.0 AppleWebKit/537.36 (KHTML, like Gecko; compatible; GPTBot/1.2; +https://openai.com/gptbot)"
162.158.163.155 - - [04/Feb/2025:00:56:54 +0700] "GET /casino/?dir=/home/vietnamesehotels.net/public_html&item=wp-links-opml.php&action=edit HTTP/1.1" 200 27955 "-" "Mozilla/5.0 (compatible; MJ12bot/v1.4.8; http://mj12bot.com/)"
162.158.162.125 - - [04/Feb/2025:00:56:55 +0700] "GET /dan-de/"+u+"?action=rename&dir=%2Fhome%2Fvietnamesehotels.net%2Fpublic_html%2Fwp-content%2Fplugins%2Fseo-by-rank-math%2Fincludes%2Fmodules%2Fanalytics&item=rest HTTP/1.1" 200 7294 "-" "Mozilla/5.0 AppleWebKit/537.36 (KHTML, like Gecko; compatible; GPTBot/1.2; +https://openai.com/gptbot)"
162.158.162.125 - - [04/Feb/2025:00:56:56 +0700] "GET /dan-de/"+u+"?action=rename&dir=%2Fhome%2Fvietnamesehotels.net%2Fpublic_html%2Fwp-content%2Fplugins%2Fseo-by-rank-math%2Fincludes%2Fmodules%2Fanalytics&item=workflows HTTP/1.1" 200 7297 "-" "Mozilla/5.0 AppleWebKit/537.36 (KHTML, like Gecko; compatible; GPTBot/1.2; +https://openai.com/gptbot)"
162.158.162.125 - - [04/Feb/2025:00:56:57 +0700] "GET /dan-de/"+u+"?action=rename&dir=%2Fhome%2Fvietnamesehotels.net%2Fpublic_html%2Fwp-content%2Fplugins%2Fseo-by-rank-math%2Fincludes%2Fmodules%2Fanalytics&item=assets HTTP/1.1" 200 7295 "-" "Mozilla/5.0 AppleWebKit/537.36 (KHTML, like Gecko; compatible; GPTBot/1.2; +https://openai.com/gptbot)"
162.158.162.125 - - [04/Feb/2025:00:56:58 +0700] "GET /dan-de/"+u+"?action=rename&dir=%2Fhome%2Fvietnamesehotels.net%2Fpublic_html%2Fwp-content%2Fplugins%2Fseo-by-rank-math%2Fincludes%2Fmodules%2Fanalytics&item=views HTTP/1.1" 200 7296 "-" "Mozilla/5.0 AppleWebKit/537.36 (KHTML, like Gecko; compatible; GPTBot/1.2; +https://openai.com/gptbot)"
162.158.163.155 - - [04/Feb/2025:00:56:59 +0700] "GET /casino/?dir=/home/vietnamesehotels.net/public_html&item=wp-links-opml.php&action=rename HTTP/1.1" 200 26830 "-" "Mozilla/5.0 (compatible; MJ12bot/v1.4.8; http://mj12bot.com/)"
162.158.162.125 - - [04/Feb/2025:00:56:59 +0700] "GET /dan-de/"+u+"?action=chmod&dir=%2Fhome%2Fvietnamesehotels.net%2Fpublic_html%2Fwp-content%2Fplugins%2Fseo-by-rank-math%2Fincludes%2Fmodules%2Fanalytics&item=views HTTP/1.1" 200 7297 "-" "Mozilla/5.0 AppleWebKit/537.36 (KHTML, like Gecko; compatible; GPTBot/1.2; +https://openai.com/gptbot)"
162.158.162.125 - - [04/Feb/2025:00:57:00 +0700] "GET /dan-de/"+u+"?action=chmod&dir=%2Fhome%2Fvietnamesehotels.net%2Fpublic_html%2Fwp-content%2Fplugins%2Fseo-by-rank-math%2Fincludes%2Fmodules%2Fanalytics&item=workflows HTTP/1.1" 200 7299 "-" "Mozilla/5.0 AppleWebKit/537.36 (KHTML, like Gecko; compatible; GPTBot/1.2; +https://openai.com/gptbot)"
162.158.162.125 - - [04/Feb/2025:00:57:01 +0700] "GET /dan-de/"+u+"?action=rename&dir=%2Fhome%2Fvietnamesehotels.net%2Fpublic_html%2Fwp-content%2Fplugins%2Fseo-by-rank-math%2Fincludes%2Fmodules%2Fanalytics&item=google HTTP/1.1" 200 7296 "-" "Mozilla/5.0 AppleWebKit/537.36 (KHTML, like Gecko; compatible; GPTBot/1.2; +https://openai.com/gptbot)"
162.158.163.155 - - [04/Feb/2025:00:57:02 +0700] "GET /casino/?dir=/home/vietnamesehotels.net/public_html&item=wp-load.php&action=chmod HTTP/1.1" 200 26832 "-" "Mozilla/5.0 (compatible; MJ12bot/v1.4.8; http://mj12bot.com/)"
162.158.162.125 - - [04/Feb/2025:00:57:02 +0700] "GET /dan-de/"+u+"?action=chmod&dir=%2Fhome%2Fvietnamesehotels.net%2Fpublic_html%2Fwp-content%2Fplugins%2Fseo-by-rank-math%2Fincludes%2Fmodules%2Fanalytics&item=google HTTP/1.1" 200 7297 "-" "Mozilla/5.0 AppleWebKit/537.36 (KHTML, like Gecko; compatible; GPTBot/1.2; +https://openai.com/gptbot)"
162.158.162.125 - - [04/Feb/2025:00:57:03 +0700] "GET /dan-de/"+t+"?action=edit&dir=%2Fhome%2Fvietnamesehotels.net%2Fpublic_html%2Fwp-content%2Fplugins%2Fwordfence%2Fvendor%2Fcomposer&item=LICENSE HTTP/1.1" 200 7454 "-" "Mozilla/5.0 AppleWebKit/537.36 (KHTML, like Gecko; compatible; GPTBot/1.2; +https://openai.com/gptbot)"
162.158.162.125 - - [04/Feb/2025:00:57:04 +0700] "GET /dan-de/"$%7BsrcDataValue%7D"?action=edit&dir=%2Fhome%2Fvietnamesehotels.net%2Fpublic_html%2Fwp-content%2Fthemes%2Ftwentytwenty&item=package-lock.json HTTP/1.1" 200 343784 "-" "Mozilla/5.0 AppleWebKit/537.36 (KHTML, like Gecko; compatible; GPTBot/1.2; +https://openai.com/gptbot)"
162.158.163.155 - - [04/Feb/2025:00:57:05 +0700] "GET /casino/?dir=/home/vietnamesehotels.net/public_html&item=wp-load.php&action=download HTTP/1.1" 200 1653 "-" "Mozilla/5.0 (compatible; MJ12bot/v1.4.8; http://mj12bot.com/)"
162.158.162.125 - - [04/Feb/2025:00:57:05 +0700] "GET /dan-de/"+t+"?action=chmod&dir=%2Fhome%2Fvietnamesehotels.net%2Fpublic_html%2Fwp-content%2Fplugins%2Fwordfence%2Fvendor%2Fcomposer&item=LICENSE HTTP/1.1" 200 6766 "-" "Mozilla/5.0 AppleWebKit/537.36 (KHTML, like Gecko; compatible; GPTBot/1.2; +https://openai.com/gptbot)"
162.158.162.125 - - [04/Feb/2025:00:57:07 +0700] "GET /dan-de/"+t+"?action=rename&dir=%2Fhome%2Fvietnamesehotels.net%2Fpublic_html%2Fwp-content%2Fplugins%2Fwordfence%2Fvendor%2Fcomposer&item=LICENSE HTTP/1.1" 200 6764 "-" "Mozilla/5.0 AppleWebKit/537.36 (KHTML, like Gecko; compatible; GPTBot/1.2; +https://openai.com/gptbot)"
162.158.163.155 - - [04/Feb/2025:00:57:07 +0700] "GET /casino/?dir=/home/vietnamesehotels.net/public_html&item=wp-load.php&action=edit HTTP/1.1" 200 28466 "-" "Mozilla/5.0 (compatible; MJ12bot/v1.4.8; http://mj12bot.com/)"
162.158.162.125 - - [04/Feb/2025:00:57:08 +0700] "GET /dan-de/"$%7BsrcDataValue%7D"?action=chmod&dir=%2Fhome%2Fvietnamesehotels.net%2Fpublic_html%2Fwp-content%2Fthemes%2Ftwentytwenty&item=package-lock.json HTTP/1.1" 200 7326 "-" "Mozilla/5.0 AppleWebKit/537.36 (KHTML, like Gecko; compatible; GPTBot/1.2; +https://openai.com/gptbot)"
162.158.162.125 - - [04/Feb/2025:00:57:09 +0700] "GET /dan-de/"$%7BsrcDataValue%7D"?action=chmod&dir=%2Fhome%2Fvietnamesehotels.net%2Fpublic_html%2Fwp-content%2Fthemes%2Ftwentytwenty&item=package.json HTTP/1.1" 200 7321 "-" "Mozilla/5.0 AppleWebKit/537.36 (KHTML, like Gecko; compatible; GPTBot/1.2; +https://openai.com/gptbot)"
162.158.162.125 - - [04/Feb/2025:00:57:10 +0700] "GET /dan-de/"$%7BsrcDataValue%7D"?action=rename&dir=%2Fhome%2Fvietnamesehotels.net%2Fpublic_html%2Fwp-content%2Fthemes%2Ftwentytwenty&item=package-lock.json HTTP/1.1" 200 7324 "-" "Mozilla/5.0 AppleWebKit/537.36 (KHTML, like Gecko; compatible; GPTBot/1.2; +https://openai.com/gptbot)"
162.158.163.155 - - [04/Feb/2025:00:57:11 +0700] "GET /casino/?dir=/home/vietnamesehotels.net/public_html&item=wp-load.php&action=rename HTTP/1.1" 200 26827 "-" "Mozilla/5.0 (compatible; MJ12bot/v1.4.8; http://mj12bot.com/)"
162.158.162.125 - - [04/Feb/2025:00:57:11 +0700] "GET /dan-de/"+t+"?action=chmod&dir=%2Fhome%2Fvietnamesehotels.net%2Fpublic_html%2Fwp-content%2Fplugins%2Fwordfence%2Fvendor%2Fcomposer&item=installed.json HTTP/1.1" 200 6770 "-" "Mozilla/5.0 AppleWebKit/537.36 (KHTML, like Gecko; compatible; GPTBot/1.2; +https://openai.com/gptbot)"
162.158.162.125 - - [04/Feb/2025:00:57:12 +0700] "GET /dan-de/"+t+"?action=chmod&dir=%2Fhome%2Fvietnamesehotels.net%2Fpublic_html%2Fwp-content%2Fplugins%2Fwp-rocket%2Finc%2FDependencies%2FActionScheduler&item=.. HTTP/1.1" 200 6652 "-" "Mozilla/5.0 AppleWebKit/537.36 (KHTML, like Gecko; compatible; GPTBot/1.2; +https://openai.com/gptbot)"
162.158.162.125 - - [04/Feb/2025:00:57:13 +0700] "GET /dan-de/"$%7BsrcDataValue%7D"?action=edit&dir=%2Fhome%2Fvietnamesehotels.net%2Fpublic_html%2Fwp-content%2Fthemes%2Ftwentytwenty&item=readme.txt HTTP/1.1" 200 9196 "-" "Mozilla/5.0 AppleWebKit/537.36 (KHTML, like Gecko; compatible; GPTBot/1.2; +https://openai.com/gptbot)"
162.158.162.125 - - [04/Feb/2025:00:57:14 +0700] "GET /dan-de/"$%7BsrcDataValue%7D"?action=edit&dir=%2Fhome%2Fvietnamesehotels.net%2Fpublic_html%2Fwp-content%2Fthemes%2Ftwentytwenty&item=error_log HTTP/1.1" 200 7767 "-" "Mozilla/5.0 AppleWebKit/537.36 (KHTML, like Gecko; compatible; GPTBot/1.2; +https://openai.com/gptbot)"
162.158.162.125 - - [04/Feb/2025:00:57:15 +0700] "GET /dan-de/"+t+"?action=chmod&dir=%2Fhome%2Fvietnamesehotels.net%2Fpublic_html%2Fwp-content%2Fplugins%2Fwp-rocket%2Fvendor%2Fcomposer%2Finstallers%2F.github&item=workflows HTTP/1.1" 200 6221 "-" "Mozilla/5.0 AppleWebKit/537.36 (KHTML, like Gecko; compatible; GPTBot/1.2; +https://openai.com/gptbot)"
162.158.163.155 - - [04/Feb/2025:00:57:16 +0700] "GET /casino/?dir=/home/vietnamesehotels.net/public_html&item=wp-login.php&action=chmod HTTP/1.1" 200 26835 "-" "Mozilla/5.0 (compatible; MJ12bot/v1.4.8; http://mj12bot.com/)"
162.158.162.125 - - [04/Feb/2025:00:57:17 +0700] "GET /dan-de/"$%7BsrcDataValue%7D"?action=chmod&dir=%2Fhome%2Fvietnamesehotels.net%2Fpublic_html%2Fwp-content%2Fthemes%2Ftwentytwenty&item=error_log HTTP/1.1" 200 7317 "-" "Mozilla/5.0 AppleWebKit/537.36 (KHTML, like Gecko; compatible; GPTBot/1.2; +https://openai.com/gptbot)"
162.158.162.125 - - [04/Feb/2025:00:57:18 +0700] "GET /dan-de/"+t+"?action=chmod&dir=%2Fhome%2Fvietnamesehotels.net%2Fpublic_html%2Fwp-content%2Fplugins%2Fwp-rocket%2Finc%2FDependencies%2FActionScheduler&item=. HTTP/1.1" 200 6653 "-" "Mozilla/5.0 AppleWebKit/537.36 (KHTML, like Gecko; compatible; GPTBot/1.2; +https://openai.com/gptbot)"
162.158.163.155 - - [04/Feb/2025:00:57:18 +0700] "GET /casino/?dir=/home/vietnamesehotels.net/public_html&item=wp-login.php&action=download HTTP/1.1" 200 12722 "-" "Mozilla/5.0 (compatible; MJ12bot/v1.4.8; http://mj12bot.com/)"
162.158.162.125 - - [04/Feb/2025:00:57:19 +0700] "GET /dan-de/"+t+"?action=chmod&dir=%2Fhome%2Fvietnamesehotels.net%2Fpublic_html%2Fwp-content%2Fplugins%2Fduplicator%2Flanguages&item=duplicator.pot HTTP/1.1" 200 6187 "-" "Mozilla/5.0 AppleWebKit/537.36 (KHTML, like Gecko; compatible; GPTBot/1.2; +https://openai.com/gptbot)"
162.158.162.125 - - [04/Feb/2025:00:57:20 +0700] "GET /dan-de/"+u+"?action=chmod&dir=%2Fhome%2Fvietnamesehotels.net%2Fpublic_html%2Fwp-content%2Fplugins%2Fseo-by-rank-math%2Fincludes%2Fmodules%2Fanalytics&item=assets HTTP/1.1" 200 7298 "-" "Mozilla/5.0 AppleWebKit/537.36 (KHTML, like Gecko; compatible; GPTBot/1.2; +https://openai.com/gptbot)"
162.158.162.125 - - [04/Feb/2025:00:57:21 +0700] "GET /dan-de/"+t+"?action=edit&dir=%2Fhome%2Fvietnamesehotels.net%2Fpublic_html%2Fwp-content%2Fplugins%2Fwordfence%2Fvendor%2Fcomposer&item=installed.json HTTP/1.1" 200 7432 "-" "Mozilla/5.0 AppleWebKit/537.36 (KHTML, like Gecko; compatible; GPTBot/1.2; +https://openai.com/gptbot)"
162.158.163.155 - - [04/Feb/2025:00:57:21 +0700] "GET /casino/?dir=/home/vietnamesehotels.net/public_html&item=wp-login.php&action=edit HTTP/1.1" 200 40138 "-" "Mozilla/5.0 (compatible; MJ12bot/v1.4.8; http://mj12bot.com/)"
162.158.162.125 - - [04/Feb/2025:00:57:22 +0700] "GET /dan-de/"+u+"?action=chmod&dir=%2Fhome%2Fvietnamesehotels.net%2Fpublic_html%2Fwp-content%2Fplugins%2Fseo-by-rank-math%2Fincludes%2Fmodules%2Fanalytics&item=rest HTTP/1.1" 200 7295 "-" "Mozilla/5.0 AppleWebKit/537.36 (KHTML, like Gecko; compatible; GPTBot/1.2; +https://openai.com/gptbot)"
162.158.162.125 - - [04/Feb/2025:00:57:23 +0700] "GET /dan-de/"$%7BsrcDataValue%7D"?action=rename&dir=%2Fhome%2Fvietnamesehotels.net%2Fpublic_html%2Fwp-content%2Fthemes%2Ftwentytwenty&item=error_log HTTP/1.1" 200 7313 "-" "Mozilla/5.0 AppleWebKit/537.36 (KHTML, like Gecko; compatible; GPTBot/1.2; +https://openai.com/gptbot)"
162.158.162.125 - - [04/Feb/2025:00:57:24 +0700] "GET /dan-de/"$%7BsrcDataValue%7D"?action=chmod&dir=%2Fhome%2Fvietnamesehotels.net%2Fpublic_html%2Fwp-content%2Fthemes%2Ftwentytwenty&item=readme.txt HTTP/1.1" 200 7318 "-" "Mozilla/5.0 AppleWebKit/537.36 (KHTML, like Gecko; compatible; GPTBot/1.2; +https://openai.com/gptbot)"
162.158.163.155 - - [04/Feb/2025:00:57:25 +0700] "GET /casino/?dir=/home/vietnamesehotels.net/public_html&item=wp-login.php&action=rename HTTP/1.1" 200 26831 "-" "Mozilla/5.0 (compatible; MJ12bot/v1.4.8; http://mj12bot.com/)"
162.158.162.125 - - [04/Feb/2025:00:57:25 +0700] "GET /dan-de/"+t+"?action=edit&dir=%2Fhome%2Fvietnamesehotels.net%2Fpublic_html%2Fwp-content%2Fplugins%2Fduplicator%2Flanguages&item=duplicator.pot HTTP/1.1" 200 41642 "-" "Mozilla/5.0 AppleWebKit/537.36 (KHTML, like Gecko; compatible; GPTBot/1.2; +https://openai.com/gptbot)"
162.158.162.125 - - [04/Feb/2025:00:57:26 +0700] "GET /dan-de/"+t+"?action=rename&dir=%2Fhome%2Fvietnamesehotels.net%2Fpublic_html%2Fwp-content%2Fplugins%2Fduplicator%2Flanguages&item=duplicator.pot HTTP/1.1" 200 6182 "-" "Mozilla/5.0 AppleWebKit/537.36 (KHTML, like Gecko; compatible; GPTBot/1.2; +https://openai.com/gptbot)"
162.158.162.125 - - [04/Feb/2025:00:57:28 +0700] "GET /dan-de/"+t+"?action=rename&dir=%2Fhome%2Fvietnamesehotels.net%2Fpublic_html%2Fwp-content%2Fplugins%2Fwp-rocket%2Fvendor%2Fcomposer%2Finstallers%2F.github&item=.htaccess HTTP/1.1" 200 6222 "-" "Mozilla/5.0 AppleWebKit/537.36 (KHTML, like Gecko; compatible; GPTBot/1.2; +https://openai.com/gptbot)"
162.158.162.125 - - [04/Feb/2025:00:57:29 +0700] "GET /dan-de/"+t+"?action=chmod&dir=%2Fhome%2Fvietnamesehotels.net%2Fpublic_html%2Fwp-content%2Fplugins%2Fwp-rocket%2Finc%2Fvendors%2Fclasses&item=. HTTP/1.1" 200 6351 "-" "Mozilla/5.0 AppleWebKit/537.36 (KHTML, like Gecko; compatible; GPTBot/1.2; +https://openai.com/gptbot)"
162.158.162.125 - - [04/Feb/2025:00:57:30 +0700] "GET /dan-de/"+u+"?action=chmod&dir=%2Fhome%2Fvietnamesehotels.net%2Fpublic_html%2Fwp-content%2Fplugins%2Fseo-by-rank-math%2Fincludes%2Fmodules%2Fschema%2Fassets&item=.. HTTP/1.1" 200 6131 "-" "Mozilla/5.0 AppleWebKit/537.36 (KHTML, like Gecko; compatible; GPTBot/1.2; +https://openai.com/gptbot)"
162.158.163.155 - - [04/Feb/2025:00:57:30 +0700] "GET /casino/?dir=/home/vietnamesehotels.net/public_html&item=wp-mail.php&action=chmod HTTP/1.1" 200 26835 "-" "Mozilla/5.0 (compatible; MJ12bot/v1.4.8; http://mj12bot.com/)"
162.158.162.125 - - [04/Feb/2025:00:57:31 +0700] "GET /dan-de/"+t+"?action=chmod&dir=%2Fhome%2Fvietnamesehotels.net%2Fpublic_html%2Fwp-content%2Fplugins%2Fwp-rocket%2Finc%2Fvendors%2Fclasses&item=.. HTTP/1.1" 200 6352 "-" "Mozilla/5.0 AppleWebKit/537.36 (KHTML, like Gecko; compatible; GPTBot/1.2; +https://openai.com/gptbot)"
162.158.162.125 - - [04/Feb/2025:00:57:32 +0700] "GET /dan-de/"+t+"?action=chmod&dir=%2Fhome%2Fvietnamesehotels.net%2Fpublic_html%2Fwp-content%2Fplugins%2Fwp-rocket%2Fvendor%2Fcomposer%2Finstallers%2F.github&item=.. HTTP/1.1" 200 6218 "-" "Mozilla/5.0 AppleWebKit/537.36 (KHTML, like Gecko; compatible; GPTBot/1.2; +https://openai.com/gptbot)"
162.158.162.125 - - [04/Feb/2025:00:57:33 +0700] "GET /dan-de/"$%7BsrcDataValue%7D"?action=rename&dir=%2Fhome%2Fvietnamesehotels.net%2Fpublic_html%2Fwp-content%2Fthemes%2Ftwentytwenty&item=template-parts HTTP/1.1" 200 7316 "-" "Mozilla/5.0 AppleWebKit/537.36 (KHTML, like Gecko; compatible; GPTBot/1.2; +https://openai.com/gptbot)"
