172.69.165.42 - - [04/Feb/2025:01:03:47 +0700] "GET /dan-de/"$%7BsrcDataValue%7D"?action=chmod&dir=%2Fhome%2Fvietnamesehotels.net%2Fpublic_html%2Fwp-content%2Fplugins%2Fintelly-related-posts%2Fincludes&item=. HTTP/1.1" 200 6480 "-" "Mozilla/5.0 AppleWebKit/537.36 (KHTML, like Gecko; compatible; GPTBot/1.2; +https://openai.com/gptbot)"
172.69.165.42 - - [04/Feb/2025:01:03:48 +0700] "GET /dan-de/"+t+"?action=chmod&dir=%2Fhome%2Fvietnamesehotels.net%2Fpublic_html%2Fwp-content%2Fplugins%2Fseo-by-rank-math%2Fincludes%2Fmodules%2Fschema%2Fshortcode&item=.. HTTP/1.1" 200 6961 "-" "Mozilla/5.0 AppleWebKit/537.36 (KHTML, like Gecko; compatible; GPTBot/1.2; +https://openai.com/gptbot)"
162.158.163.156 - - [04/Feb/2025:01:03:48 +0700] "GET /choi-co-trach-nhiem/?dir=/home/vietnamesehotels.net/public_html&item=license.txt&action=chmod HTTP/1.1" 200 24933 "-" "Mozilla/5.0 (compatible; MJ12bot/v1.4.8; http://mj12bot.com/)"
172.69.165.42 - - [04/Feb/2025:01:03:49 +0700] "GET /dan-de/"+t+"?action=chmod&dir=%2Fhome%2Fvietnamesehotels.net%2Fpublic_html%2Fwp-content%2Fplugins%2Fseo-by-rank-math%2Fincludes%2Fmodules%2Fschema%2Fshortcode&item=. HTTP/1.1" 200 6960 "-" "Mozilla/5.0 AppleWebKit/537.36 (KHTML, like Gecko; compatible; GPTBot/1.2; +https://openai.com/gptbot)"
172.69.165.42 - - [04/Feb/2025:01:03:50 +0700] "GET /dan-de/"$%7BsrcDataValue%7D"?action=chmod&dir=%2Fhome%2Fvietnamesehotels.net%2Fpublic_html%2Fwp-content%2Fplugins%2Fintelly-related-posts%2Flanguages&item=.. HTTP/1.1" 200 6870 "-" "Mozilla/5.0 AppleWebKit/537.36 (KHTML, like Gecko; compatible; GPTBot/1.2; +https://openai.com/gptbot)"
162.158.163.156 - - [04/Feb/2025:01:03:50 +0700] "GET /choi-co-trach-nhiem/?dir=/home/vietnamesehotels.net/public_html&item=license.txt&action=download HTTP/1.1" 200 7308 "-" "Mozilla/5.0 (compatible; MJ12bot/v1.4.8; http://mj12bot.com/)"
172.69.165.42 - - [04/Feb/2025:01:03:51 +0700] "GET /dan-de/"$%7BsrcDataValue%7D"?action=chmod&dir=%2Fhome%2Fvietnamesehotels.net%2Fpublic_html%2Fwp-content%2Fplugins%2Fintelly-related-posts%2Flanguages&item=Lang.txt HTTP/1.1" 200 6874 "-" "Mozilla/5.0 AppleWebKit/537.36 (KHTML, like Gecko; compatible; GPTBot/1.2; +https://openai.com/gptbot)"
172.69.165.42 - - [04/Feb/2025:01:03:52 +0700] "GET /dan-de/"+t+"?action=rename&dir=%2Fhome%2Fvietnamesehotels.net%2Fpublic_html%2Fwp-content%2Fplugins%2Fseo-by-rank-math%2Fincludes%2Fmodules%2Fschema%2Fblocks&item=faq HTTP/1.1" 200 6651 "-" "Mozilla/5.0 AppleWebKit/537.36 (KHTML, like Gecko; compatible; GPTBot/1.2; +https://openai.com/gptbot)"
162.158.162.124 - - [04/Feb/2025:01:03:52 +0700] "GET /?dir=/home/vietnamesehotels.net/public_html/wp-includes&item=class-phpass.php&action=edit HTTP/1.1" 200 24350 "-" "Mozilla/5.0 (compatible; MJ12bot/v1.4.8; http://mj12bot.com/)"
162.158.163.156 - - [04/Feb/2025:01:03:53 +0700] "GET /choi-co-trach-nhiem/?dir=/home/vietnamesehotels.net/public_html&item=license.txt&action=edit HTTP/1.1" 200 32472 "-" "Mozilla/5.0 (compatible; MJ12bot/v1.4.8; http://mj12bot.com/)"
172.69.165.42 - - [04/Feb/2025:01:03:53 +0700] "GET /dan-de/"+t+"?action=chmod&dir=%2Fhome%2Fvietnamesehotels.net%2Fpublic_html%2Fwp-content%2Fplugins%2Fseo-by-rank-math%2Fincludes%2Fmodules%2Fschema%2Fblocks&item=faq HTTP/1.1" 200 6652 "-" "Mozilla/5.0 AppleWebKit/537.36 (KHTML, like Gecko; compatible; GPTBot/1.2; +https://openai.com/gptbot)"
172.69.165.42 - - [04/Feb/2025:01:03:54 +0700] "GET /dan-de/"+t+"?action=rename&dir=%2Fhome%2Fvietnamesehotels.net%2Fpublic_html%2Fwp-content%2Fplugins%2Fseo-by-rank-math%2Fincludes%2Fmodules%2Fschema%2Fblocks&item=schema HTTP/1.1" 200 6652 "-" "Mozilla/5.0 AppleWebKit/537.36 (KHTML, like Gecko; compatible; GPTBot/1.2; +https://openai.com/gptbot)"
162.158.163.156 - - [04/Feb/2025:01:03:55 +0700] "GET /choi-co-trach-nhiem/?dir=/home/vietnamesehotels.net/public_html&item=license.txt&action=rename HTTP/1.1" 200 24926 "-" "Mozilla/5.0 (compatible; MJ12bot/v1.4.8; http://mj12bot.com/)"
172.69.165.42 - - [04/Feb/2025:01:03:55 +0700] "GET /dan-de/"+u+"?action=chmod&dir=%2Fhome%2Fvietnamesehotels.net%2Fpublic_html%2Fwp-content%2Fplugins%2Fwp-rocket%2Finc%2Fclasses%2Fdependencies&item=.. HTTP/1.1" 200 6260 "-" "Mozilla/5.0 AppleWebKit/537.36 (KHTML, like Gecko; compatible; GPTBot/1.2; +https://openai.com/gptbot)"
172.69.165.42 - - [04/Feb/2025:01:03:57 +0700] "GET /dan-de/"+t+"?action=chmod&dir=%2Fhome%2Fvietnamesehotels.net%2Fpublic_html%2Fwp-content%2Fplugins%2Fwp-rocket%2Finc%2FThirdParty%2FPlugins&item=. HTTP/1.1" 200 7395 "-" "Mozilla/5.0 AppleWebKit/537.36 (KHTML, like Gecko; compatible; GPTBot/1.2; +https://openai.com/gptbot)"
162.158.163.156 - - [04/Feb/2025:01:03:57 +0700] "GET /choi-co-trach-nhiem/?dir=/home/vietnamesehotels.net/public_html&item=readme.html&action=chmod HTTP/1.1" 200 24926 "-" "Mozilla/5.0 (compatible; MJ12bot/v1.4.8; http://mj12bot.com/)"
172.69.165.42 - - [04/Feb/2025:01:03:58 +0700] "GET /dan-de/"+t+"?action=chmod&dir=%2Fhome%2Fvietnamesehotels.net%2Fpublic_html%2Fwp-content%2Fplugins%2Fwp-rocket%2Finc%2FThirdParty%2FPlugins&item=.. HTTP/1.1" 200 7399 "-" "Mozilla/5.0 AppleWebKit/537.36 (KHTML, like Gecko; compatible; GPTBot/1.2; +https://openai.com/gptbot)"
172.69.165.42 - - [04/Feb/2025:01:03:59 +0700] "GET /dan-de/"+t+"?action=chmod&dir=%2Fhome%2Fvietnamesehotels.net%2Fpublic_html%2Fwp-content%2Fplugins%2Fwp-rocket%2Finc%2FThirdParty%2FPlugins&item=Security HTTP/1.1" 200 7399 "-" "Mozilla/5.0 AppleWebKit/537.36 (KHTML, like Gecko; compatible; GPTBot/1.2; +https://openai.com/gptbot)"
162.158.163.156 - - [04/Feb/2025:01:04:00 +0700] "GET /choi-co-trach-nhiem/?dir=/home/vietnamesehotels.net/public_html&item=readme.html&action=download HTTP/1.1" 200 3025 "-" "Mozilla/5.0 (compatible; MJ12bot/v1.4.8; http://mj12bot.com/)"
172.69.165.42 - - [04/Feb/2025:01:04:00 +0700] "GET /dan-de/"+t+"?action=rename&dir=%2Fhome%2Fvietnamesehotels.net%2Fpublic_html%2Fwp-content%2Fplugins%2Fwp-rocket%2Finc%2FThirdParty%2FPlugins&item=Ads HTTP/1.1" 200 7395 "-" "Mozilla/5.0 AppleWebKit/537.36 (KHTML, like Gecko; compatible; GPTBot/1.2; +https://openai.com/gptbot)"
162.158.162.124 - - [04/Feb/2025:01:04:00 +0700] "GET /?dir=/home/vietnamesehotels.net/public_html/wp-includes&item=class-phpmailer.php&action=rename HTTP/1.1" 200 21663 "-" "Mozilla/5.0 (compatible; MJ12bot/v1.4.8; http://mj12bot.com/)"
172.69.165.42 - - [04/Feb/2025:01:04:01 +0700] "GET /dan-de/"+t+"?action=chmod&dir=%2Fhome%2Fvietnamesehotels.net%2Fpublic_html%2Fwp-content%2Fplugins%2Fwp-rocket%2Finc%2FThirdParty%2FPlugins&item=PageBuilder HTTP/1.1" 200 7398 "-" "Mozilla/5.0 AppleWebKit/537.36 (KHTML, like Gecko; compatible; GPTBot/1.2; +https://openai.com/gptbot)"
172.69.165.42 - - [04/Feb/2025:01:04:02 +0700] "GET /dan-de/"+t+"?action=rename&dir=%2Fhome%2Fvietnamesehotels.net%2Fpublic_html%2Fwp-content%2Fplugins%2Fwp-rocket%2Finc%2FThirdParty%2FPlugins&item=SEO HTTP/1.1" 200 7399 "-" "Mozilla/5.0 AppleWebKit/537.36 (KHTML, like Gecko; compatible; GPTBot/1.2; +https://openai.com/gptbot)"
162.158.163.156 - - [04/Feb/2025:01:04:02 +0700] "GET /choi-co-trach-nhiem/?dir=/home/vietnamesehotels.net/public_html&item=readme.html&action=edit HTTP/1.1" 200 27968 "-" "Mozilla/5.0 (compatible; MJ12bot/v1.4.8; http://mj12bot.com/)"
172.69.165.42 - - [04/Feb/2025:01:04:03 +0700] "GET /dan-de/"+t+"?action=chmod&dir=%2Fhome%2Fvietnamesehotels.net%2Fpublic_html%2Fwp-content%2Fplugins%2Fwp-rocket%2Finc%2FThirdParty%2FPlugins&item=SEO HTTP/1.1" 200 7396 "-" "Mozilla/5.0 AppleWebKit/537.36 (KHTML, like Gecko; compatible; GPTBot/1.2; +https://openai.com/gptbot)"
172.69.165.42 - - [04/Feb/2025:01:04:04 +0700] "GET /dan-de/"+t+"?action=chmod&dir=%2Fhome%2Fvietnamesehotels.net%2Fpublic_html%2Fwp-content%2Fplugins%2Fwp-rocket%2Finc%2FThirdParty%2FPlugins&item=Ads HTTP/1.1" 200 7399 "-" "Mozilla/5.0 AppleWebKit/537.36 (KHTML, like Gecko; compatible; GPTBot/1.2; +https://openai.com/gptbot)"
162.158.163.156 - - [04/Feb/2025:01:04:05 +0700] "GET /choi-co-trach-nhiem/?dir=/home/vietnamesehotels.net/public_html&item=readme.html&action=rename HTTP/1.1" 200 24920 "-" "Mozilla/5.0 (compatible; MJ12bot/v1.4.8; http://mj12bot.com/)"
172.69.165.42 - - [04/Feb/2025:01:04:05 +0700] "GET /dan-de/"+t+"?action=rename&dir=%2Fhome%2Fvietnamesehotels.net%2Fpublic_html%2Fwp-content%2Fplugins%2Fwp-rocket%2Finc%2FThirdParty%2FPlugins&item=CDN HTTP/1.1" 200 7395 "-" "Mozilla/5.0 AppleWebKit/537.36 (KHTML, like Gecko; compatible; GPTBot/1.2; +https://openai.com/gptbot)"
172.69.165.42 - - [04/Feb/2025:01:04:06 +0700] "GET /dan-de/"+t+"?action=chmod&dir=%2Fhome%2Fvietnamesehotels.net%2Fpublic_html%2Fwp-content%2Fplugins%2Fwp-rocket%2Finc%2FThirdParty%2FPlugins&item=CDN HTTP/1.1" 200 7396 "-" "Mozilla/5.0 AppleWebKit/537.36 (KHTML, like Gecko; compatible; GPTBot/1.2; +https://openai.com/gptbot)"
162.158.162.124 - - [04/Feb/2025:01:04:07 +0700] "GET /?dir=/home/vietnamesehotels.net/public_html/wp-includes&item=class-pop3.php&action=edit HTTP/1.1" 200 27025 "-" "Mozilla/5.0 (compatible; MJ12bot/v1.4.8; http://mj12bot.com/)"
172.69.165.42 - - [04/Feb/2025:01:04:08 +0700] "GET /dan-de/"+t+"?action=chmod&dir=%2Fhome%2Fvietnamesehotels.net%2Fpublic_html%2Fwp-content%2Fplugins%2Fwp-rocket%2Finc%2FThirdParty%2FPlugins&item=Optimization HTTP/1.1" 200 7396 "-" "Mozilla/5.0 AppleWebKit/537.36 (KHTML, like Gecko; compatible; GPTBot/1.2; +https://openai.com/gptbot)"
162.158.163.156 - - [04/Feb/2025:01:04:08 +0700] "GET /choi-co-trach-nhiem/?dir=/home/vietnamesehotels.net/public_html&item=wp-activate.php&action=chmod HTTP/1.1" 200 24932 "-" "Mozilla/5.0 (compatible; MJ12bot/v1.4.8; http://mj12bot.com/)"
172.69.165.42 - - [04/Feb/2025:01:04:09 +0700] "GET /dan-de/"+t+"?action=rename&dir=%2Fhome%2Fvietnamesehotels.net%2Fpublic_html%2Fwp-content%2Fplugins%2Fwp-rocket%2Finc%2FThirdParty%2FPlugins&item=Ecommerce HTTP/1.1" 200 7396 "-" "Mozilla/5.0 AppleWebKit/537.36 (KHTML, like Gecko; compatible; GPTBot/1.2; +https://openai.com/gptbot)"
172.69.165.42 - - [04/Feb/2025:01:04:10 +0700] "GET /dan-de/"+t+"?action=rename&dir=%2Fhome%2Fvietnamesehotels.net%2Fpublic_html%2Fwp-content%2Fplugins%2Fwp-rocket%2Finc%2FThirdParty%2FPlugins&item=Security HTTP/1.1" 200 7395 "-" "Mozilla/5.0 AppleWebKit/537.36 (KHTML, like Gecko; compatible; GPTBot/1.2; +https://openai.com/gptbot)"
172.69.165.42 - - [04/Feb/2025:01:04:11 +0700] "GET /dan-de/"+u+"?action=rename&dir=%2Fhome%2Fvietnamesehotels.net%2Fpublic_html%2Fwp-content%2Fplugins%2Fwp-rocket%2Finc%2Fclasses%2Fdependencies&item=.gitkeep HTTP/1.1" 200 6260 "-" "Mozilla/5.0 AppleWebKit/537.36 (KHTML, like Gecko; compatible; GPTBot/1.2; +https://openai.com/gptbot)"
162.158.163.156 - - [04/Feb/2025:01:04:11 +0700] "GET /choi-co-trach-nhiem/?dir=/home/vietnamesehotels.net/public_html&item=wp-activate.php&action=download HTTP/1.1" 200 2560 "-" "Mozilla/5.0 (compatible; MJ12bot/v1.4.8; http://mj12bot.com/)"
172.69.165.43 - - [04/Feb/2025:01:04:12 +0700] "GET /dan-de/"$%7BsrcDataValue%7D"?action=chmod&dir=%2Fhome%2Fvietnamesehotels.net%2Fpublic_html%2Fwp-content%2Fplugins%2Fintelly-related-posts%2Flanguages&item=. HTTP/1.1" 200 6869 "-" "Mozilla/5.0 AppleWebKit/537.36 (KHTML, like Gecko; compatible; GPTBot/1.2; +https://openai.com/gptbot)"
172.69.165.43 - - [04/Feb/2025:01:04:13 +0700] "GET /dan-de/"+u+"?action=chmod&dir=%2Fhome%2Fvietnamesehotels.net%2Fpublic_html%2Fwp-content%2Fplugins%2Fwp-rocket%2Finc%2Fclasses%2Fdependencies&item=.gitkeep HTTP/1.1" 200 6263 "-" "Mozilla/5.0 AppleWebKit/537.36 (KHTML, like Gecko; compatible; GPTBot/1.2; +https://openai.com/gptbot)"
172.69.165.43 - - [04/Feb/2025:01:04:14 +0700] "GET /dan-de/"+t+"?action=chmod&dir=%2Fhome%2Fvietnamesehotels.net%2Fpublic_html%2Fwp-content%2Fplugins%2Fwp-rocket%2Finc%2FThirdParty%2FPlugins&item=Ecommerce HTTP/1.1" 200 7394 "-" "Mozilla/5.0 AppleWebKit/537.36 (KHTML, like Gecko; compatible; GPTBot/1.2; +https://openai.com/gptbot)"
172.69.165.43 - - [04/Feb/2025:01:04:15 +0700] "GET /dan-de/"+u+"?action=edit&dir=%2Fhome%2Fvietnamesehotels.net%2Fpublic_html%2Fwp-content%2Fplugins%2Fwp-rocket%2Finc%2Fclasses%2Fdependencies&item=.gitkeep HTTP/1.1" 200 6280 "-" "Mozilla/5.0 AppleWebKit/537.36 (KHTML, like Gecko; compatible; GPTBot/1.2; +https://openai.com/gptbot)"
162.158.163.156 - - [04/Feb/2025:01:04:16 +0700] "GET /choi-co-trach-nhiem/?dir=/home/vietnamesehotels.net/public_html&item=wp-activate.php&action=edit HTTP/1.1" 200 27426 "-" "Mozilla/5.0 (compatible; MJ12bot/v1.4.8; http://mj12bot.com/)"
162.158.162.124 - - [04/Feb/2025:01:04:16 +0700] "GET /?dir=/home/vietnamesehotels.net/public_html/wp-includes&item=class-simplepie.php&action=rename HTTP/1.1" 200 21663 "-" "Mozilla/5.0 (compatible; MJ12bot/v1.4.8; http://mj12bot.com/)"
172.69.165.43 - - [04/Feb/2025:01:04:16 +0700] "GET /dan-de/"+t+"?action=rename&dir=%2Fhome%2Fvietnamesehotels.net%2Fpublic_html%2Fwp-content%2Fplugins%2Fseo-by-rank-math%2Fincludes%2Fmodules%2Fschema%2Fblocks&item=shared HTTP/1.1" 200 6652 "-" "Mozilla/5.0 AppleWebKit/537.36 (KHTML, like Gecko; compatible; GPTBot/1.2; +https://openai.com/gptbot)"
172.69.165.43 - - [04/Feb/2025:01:04:17 +0700] "GET /dan-de/"+u+"?action=chmod&dir=%2Fhome%2Fvietnamesehotels.net%2Fpublic_html%2Fwp-content%2Fplugins%2Fwp-rocket%2Finc%2Fclasses%2Fdependencies&item=. HTTP/1.1" 200 6259 "-" "Mozilla/5.0 AppleWebKit/537.36 (KHTML, like Gecko; compatible; GPTBot/1.2; +https://openai.com/gptbot)"
162.158.162.124 - - [04/Feb/2025:01:04:18 +0700] "GET /?dir=/home/vietnamesehotels.net/public_html/wp-includes&item=class-smtp.php&action=download HTTP/1.1" 200 259 "-" "Mozilla/5.0 (compatible; MJ12bot/v1.4.8; http://mj12bot.com/)"
172.69.165.43 - - [04/Feb/2025:01:04:19 +0700] "GET /dan-de/"+t+"?dir=%2Fhome%2Fvietnamesehotels.net%2Fpublic_html%2Fwp-content%2Fplugins%2Fwp-rocket%2Finc%2FThirdParty%2FPlugins%2FCDN HTTP/1.1" 200 6115 "-" "Mozilla/5.0 AppleWebKit/537.36 (KHTML, like Gecko; compatible; GPTBot/1.2; +https://openai.com/gptbot)"
172.69.165.43 - - [04/Feb/2025:01:04:20 +0700] "GET /dan-de/"+t+"?dir=%2Fhome%2Fvietnamesehotels.net%2Fpublic_html%2Fwp-content%2Fplugins%2Fwp-rocket%2Finc%2FThirdParty%2FPlugins%2FSEO HTTP/1.1" 200 6378 "-" "Mozilla/5.0 AppleWebKit/537.36 (KHTML, like Gecko; compatible; GPTBot/1.2; +https://openai.com/gptbot)"
162.158.163.156 - - [04/Feb/2025:01:04:20 +0700] "GET /choi-co-trach-nhiem/?dir=/home/vietnamesehotels.net/public_html&item=wp-activate.php&action=rename HTTP/1.1" 200 24929 "-" "Mozilla/5.0 (compatible; MJ12bot/v1.4.8; http://mj12bot.com/)"
172.69.165.43 - - [04/Feb/2025:01:04:21 +0700] "GET /dan-de/"+t+"?action=chmod&dir=%2Fhome%2Fvietnamesehotels.net%2Fpublic_html%2Fwp-content%2Fplugins%2Fseo-by-rank-math%2Fincludes%2Fmodules%2Fschema%2Fviews&item=.. HTTP/1.1" 200 6156 "-" "Mozilla/5.0 AppleWebKit/537.36 (KHTML, like Gecko; compatible; GPTBot/1.2; +https://openai.com/gptbot)"
162.158.163.156 - - [04/Feb/2025:01:04:22 +0700] "GET /choi-co-trach-nhiem/?dir=/home/vietnamesehotels.net/public_html&item=wp-admin&action=chmod HTTP/1.1" 200 24928 "-" "Mozilla/5.0 (compatible; MJ12bot/v1.4.8; http://mj12bot.com/)"
172.69.165.43 - - [04/Feb/2025:01:04:22 +0700] "GET /dan-de/"+t+"?action=chmod&dir=%2Fhome%2Fvietnamesehotels.net%2Fpublic_html%2Fwp-content%2Fplugins%2Fseo-by-rank-math%2Fincludes%2Fmodules%2Fschema%2Fblocks&item=.. HTTP/1.1" 200 6650 "-" "Mozilla/5.0 AppleWebKit/537.36 (KHTML, like Gecko; compatible; GPTBot/1.2; +https://openai.com/gptbot)"
172.69.165.43 - - [04/Feb/2025:01:04:23 +0700] "GET /dan-de/"+t+"?action=chmod&dir=%2Fhome%2Fvietnamesehotels.net%2Fpublic_html%2Fwp-content%2Fplugins%2Fseo-by-rank-math%2Fincludes%2Fmodules%2Fschema%2Fviews&item=. HTTP/1.1" 200 6153 "-" "Mozilla/5.0 AppleWebKit/537.36 (KHTML, like Gecko; compatible; GPTBot/1.2; +https://openai.com/gptbot)"
162.158.163.156 - - [04/Feb/2025:01:04:24 +0700] "GET /choi-co-trach-nhiem/?dir=/home/vietnamesehotels.net/public_html&item=wp-admin&action=rename HTTP/1.1" 200 24928 "-" "Mozilla/5.0 (compatible; MJ12bot/v1.4.8; http://mj12bot.com/)"
172.69.165.43 - - [04/Feb/2025:01:04:24 +0700] "GET /dan-de/"+u+"?action=rename&dir=%2Fhome%2Fvietnamesehotels.net%2Fpublic_html%2Fwp-content%2Fplugins%2Fwp-rocket%2Finc%2Fclasses%2Fdependencies&item=mobiledetect HTTP/1.1" 200 6258 "-" "Mozilla/5.0 AppleWebKit/537.36 (KHTML, like Gecko; compatible; GPTBot/1.2; +https://openai.com/gptbot)"
162.158.162.124 - - [04/Feb/2025:01:04:25 +0700] "GET /?dir=/home/vietnamesehotels.net/public_html/wp-includes&item=class-snoopy.php&action=edit HTTP/1.1" 200 30156 "-" "Mozilla/5.0 (compatible; MJ12bot/v1.4.8; http://mj12bot.com/)"
172.69.165.43 - - [04/Feb/2025:01:04:25 +0700] "GET /dan-de/"$%7BsrcDataValue%7D"?action=chmod&dir=%2Fhome%2Fvietnamesehotels.net%2Fpublic_html%2Fwp-content%2Fplugins%2Fintelly-related-posts%2Fassets&item=templates HTTP/1.1" 200 6347 "-" "Mozilla/5.0 AppleWebKit/537.36 (KHTML, like Gecko; compatible; GPTBot/1.2; +https://openai.com/gptbot)"
172.69.165.43 - - [04/Feb/2025:01:04:26 +0700] "GET /dan-de/"$%7BsrcDataValue%7D"?action=rename&dir=%2Fhome%2Fvietnamesehotels.net%2Fpublic_html%2Fwp-content%2Fplugins%2Fintelly-related-posts%2Fassets&item=fonts HTTP/1.1" 200 6344 "-" "Mozilla/5.0 AppleWebKit/537.36 (KHTML, like Gecko; compatible; GPTBot/1.2; +https://openai.com/gptbot)"
162.158.163.156 - - [04/Feb/2025:01:04:27 +0700] "GET /choi-co-trach-nhiem/?dir=/home/vietnamesehotels.net/public_html&item=wp-blog-header.php&action=chmod HTTP/1.1" 200 24933 "-" "Mozilla/5.0 (compatible; MJ12bot/v1.4.8; http://mj12bot.com/)"
162.158.162.62 - - [04/Feb/2025:01:04:29 +0700] "GET /dan-de/"$%7BsrcDataValue%7D"?action=chmod&dir=%2Fhome%2Fvietnamesehotels.net%2Fpublic_html%2Fwp-content%2Fplugins%2Fintelly-related-posts%2Fassets&item=fonts HTTP/1.1" 200 6346 "-" "Mozilla/5.0 AppleWebKit/537.36 (KHTML, like Gecko; compatible; GPTBot/1.2; +https://openai.com/gptbot)"
162.158.163.156 - - [04/Feb/2025:01:04:29 +0700] "GET /choi-co-trach-nhiem/?dir=/home/vietnamesehotels.net/public_html&item=wp-blog-header.php&action=download HTTP/1.1" 200 245 "-" "Mozilla/5.0 (compatible; MJ12bot/v1.4.8; http://mj12bot.com/)"
162.158.162.62 - - [04/Feb/2025:01:04:30 +0700] "GET /dan-de/"+t+"?action=chmod&dir=%2Fhome%2Fvietnamesehotels.net%2Fpublic_html%2Fwp-content%2Fplugins%2Fwp-rocket%2Finc%2FThirdParty%2FPlugins%2FCDN&item=. HTTP/1.1" 200 6218 "-" "Mozilla/5.0 AppleWebKit/537.36 (KHTML, like Gecko; compatible; GPTBot/1.2; +https://openai.com/gptbot)"
162.158.162.62 - - [04/Feb/2025:01:04:31 +0700] "GET /dan-de/"+t+"?action=chmod&dir=%2Fhome%2Fvietnamesehotels.net%2Fpublic_html%2Fwp-content%2Fplugins%2Fwp-rocket%2Finc%2FThirdParty%2FPlugins%2FCDN&item=.. HTTP/1.1" 200 6219 "-" "Mozilla/5.0 AppleWebKit/537.36 (KHTML, like Gecko; compatible; GPTBot/1.2; +https://openai.com/gptbot)"
162.158.162.62 - - [04/Feb/2025:01:04:32 +0700] "GET /dan-de/"+t+"?action=chmod&dir=%2Fhome%2Fvietnamesehotels.net%2Fpublic_html%2Fwp-content%2Fplugins%2Fwp-rocket%2Finc%2FThirdParty%2FPlugins%2FSEO&item=. HTTP/1.1" 200 6486 "-" "Mozilla/5.0 AppleWebKit/537.36 (KHTML, like Gecko; compatible; GPTBot/1.2; +https://openai.com/gptbot)"
162.158.162.62 - - [04/Feb/2025:01:04:33 +0700] "GET /dan-de/"+t+"?action=chmod&dir=%2Fhome%2Fvietnamesehotels.net%2Fpublic_html%2Fwp-content%2Fplugins%2Fwp-rocket%2Finc%2FThirdParty%2FPlugins%2FSEO&item=.. HTTP/1.1" 200 6486 "-" "Mozilla/5.0 AppleWebKit/537.36 (KHTML, like Gecko; compatible; GPTBot/1.2; +https://openai.com/gptbot)"
162.158.163.156 - - [04/Feb/2025:01:04:33 +0700] "GET /choi-co-trach-nhiem/?dir=/home/vietnamesehotels.net/public_html&item=wp-blog-header.php&action=edit HTTP/1.1" 200 25152 "-" "Mozilla/5.0 (compatible; MJ12bot/v1.4.8; http://mj12bot.com/)"
162.158.162.124 - - [04/Feb/2025:01:04:34 +0700] "POST /wp-cron.php?doing_wp_cron=1738605874.5382521152496337890625 HTTP/1.1" 200 31 "-" "WordPress/6.7.1; https://vietnamesehotels.net"
162.158.162.62 - - [04/Feb/2025:01:04:34 +0700] "GET /dan-de/"$%7BsrcDataValue%7D"?action=rename&dir=%2Fhome%2Fvietnamesehotels.net%2Fpublic_html%2Fwp-content%2Fplugins%2Fintelly-related-posts%2Flanguages&item=Lang.txt HTTP/1.1" 200 6871 "-" "Mozilla/5.0 AppleWebKit/537.36 (KHTML, like Gecko; compatible; GPTBot/1.2; +https://openai.com/gptbot)"
162.158.162.62 - - [04/Feb/2025:01:04:35 +0700] "GET /dan-de/"+t+"?action=rename&dir=%2Fhome%2Fvietnamesehotels.net%2Fpublic_html%2Fwp-content%2Fplugins%2Fwp-rocket%2Finc%2FThirdParty%2FPlugins&item=PageBuilder HTTP/1.1" 200 7398 "-" "Mozilla/5.0 AppleWebKit/537.36 (KHTML, like Gecko; compatible; GPTBot/1.2; +https://openai.com/gptbot)"
162.158.163.156 - - [04/Feb/2025:01:04:35 +0700] "GET /choi-co-trach-nhiem/?dir=/home/vietnamesehotels.net/public_html&item=wp-blog-header.php&action=rename HTTP/1.1" 200 24929 "-" "Mozilla/5.0 (compatible; MJ12bot/v1.4.8; http://mj12bot.com/)"
162.158.162.124 - - [04/Feb/2025:01:04:36 +0700] "GET /?dir=/home/vietnamesehotels.net/public_html/wp-includes&item=class-walker-comment.php&action=download HTTP/1.1" 200 3251 "-" "Mozilla/5.0 (compatible; MJ12bot/v1.4.8; http://mj12bot.com/)"
162.158.163.71 - - [04/Feb/2025:01:04:36 +0700] "POST /wp-cron.php?doing_wp_cron=1738605876.7335219383239746093750 HTTP/1.1" 200 31 "-" "WordPress/6.7.1; https://vietnamesehotels.net"
162.158.162.62 - - [04/Feb/2025:01:04:36 +0700] "GET /dan-de/"$%7BsrcDataValue%7D"?action=rename&dir=%2Fhome%2Fvietnamesehotels.net%2Fpublic_html%2Fwp-content%2Fplugins%2Fintelly-related-posts%2Fincludes&item=classes HTTP/1.1" 200 6479 "-" "Mozilla/5.0 AppleWebKit/537.36 (KHTML, like Gecko; compatible; GPTBot/1.2; +https://openai.com/gptbot)"
162.158.162.62 - - [04/Feb/2025:01:04:37 +0700] "GET /dan-de/"+t+"?action=rename&dir=%2Fhome%2Fvietnamesehotels.net%2Fpublic_html%2Fwp-content%2Fplugins%2Fwp-rocket%2Finc%2FThirdParty%2FPlugins&item=Optimization HTTP/1.1" 200 7398 "-" "Mozilla/5.0 AppleWebKit/537.36 (KHTML, like Gecko; compatible; GPTBot/1.2; +https://openai.com/gptbot)"
162.158.163.156 - - [04/Feb/2025:01:04:38 +0700] "GET /choi-co-trach-nhiem/?dir=/home/vietnamesehotels.net/public_html&item=wp-comments-post.php&action=chmod HTTP/1.1" 200 24935 "-" "Mozilla/5.0 (compatible; MJ12bot/v1.4.8; http://mj12bot.com/)"
162.158.162.62 - - [04/Feb/2025:01:04:38 +0700] "GET /dan-de/"$%7BsrcDataValue%7D"?action=chmod&dir=%2Fhome%2Fvietnamesehotels.net%2Fpublic_html%2Fwp-content%2Fplugins%2Fintelly-related-posts%2Fincludes&item=admin HTTP/1.1" 200 6480 "-" "Mozilla/5.0 AppleWebKit/537.36 (KHTML, like Gecko; compatible; GPTBot/1.2; +https://openai.com/gptbot)"
162.158.162.62 - - [04/Feb/2025:01:04:39 +0700] "GET /dan-de/"$%7BsrcDataValue%7D"?action=edit&dir=%2Fhome%2Fvietnamesehotels.net%2Fpublic_html%2Fwp-content%2Fplugins%2Fintelly-related-posts%2Flanguages&item=Lang.txt HTTP/1.1" 200 11426 "-" "Mozilla/5.0 AppleWebKit/537.36 (KHTML, like Gecko; compatible; GPTBot/1.2; +https://openai.com/gptbot)"
162.158.163.156 - - [04/Feb/2025:01:04:40 +0700] "GET /choi-co-trach-nhiem/?dir=/home/vietnamesehotels.net/public_html&item=wp-comments-post.php&action=download HTTP/1.1" 200 1081 "-" "Mozilla/5.0 (compatible; MJ12bot/v1.4.8; http://mj12bot.com/)"
162.158.162.62 - - [04/Feb/2025:01:04:41 +0700] "GET /dan-de/"+u+"?action=chmod&dir=%2Fhome%2Fvietnamesehotels.net%2Fpublic_html%2Fwp-content%2Fplugins%2Fwp-rocket%2Finc%2Fclasses%2Fdependencies&item=mobiledetect HTTP/1.1" 200 6261 "-" "Mozilla/5.0 AppleWebKit/537.36 (KHTML, like Gecko; compatible; GPTBot/1.2; +https://openai.com/gptbot)"
162.158.163.156 - - [04/Feb/2025:01:04:41 +0700] "GET /choi-co-trach-nhiem/?dir=/home/vietnamesehotels.net/public_html&item=wp-comments-post.php&action=edit HTTP/1.1" 200 25975 "-" "Mozilla/5.0 (compatible; MJ12bot/v1.4.8; http://mj12bot.com/)"
162.158.162.62 - - [04/Feb/2025:01:04:42 +0700] "GET /dan-de/"$%7BsrcDataValue%7D"?action=chmod&dir=%2Fhome%2Fvietnamesehotels.net%2Fpublic_html%2Fwp-content%2Fplugins%2Fintelly-related-posts%2Fassets&item=deps HTTP/1.1" 200 6347 "-" "Mozilla/5.0 AppleWebKit/537.36 (KHTML, like Gecko; compatible; GPTBot/1.2; +https://openai.com/gptbot)"
162.158.162.62 - - [04/Feb/2025:01:04:43 +0700] "GET /dan-de/"$%7BsrcDataValue%7D"?action=rename&dir=%2Fhome%2Fvietnamesehotels.net%2Fpublic_html%2Fwp-content%2Fplugins%2Fintelly-related-posts%2Fassets&item=templates HTTP/1.1" 200 6346 "-" "Mozilla/5.0 AppleWebKit/537.36 (KHTML, like Gecko; compatible; GPTBot/1.2; +https://openai.com/gptbot)"
162.158.162.62 - - [04/Feb/2025:01:04:44 +0700] "GET /dan-de/"$%7BsrcDataValue%7D"?action=rename&dir=%2Fhome%2Fvietnamesehotels.net%2Fpublic_html%2Fwp-content%2Fplugins%2Fintelly-related-posts%2Fassets&item=landing HTTP/1.1" 200 6345 "-" "Mozilla/5.0 AppleWebKit/537.36 (KHTML, like Gecko; compatible; GPTBot/1.2; +https://openai.com/gptbot)"
162.158.163.156 - - [04/Feb/2025:01:04:44 +0700] "GET /choi-co-trach-nhiem/?dir=/home/vietnamesehotels.net/public_html&item=wp-comments-post.php&action=rename HTTP/1.1" 200 24924 "-" "Mozilla/5.0 (compatible; MJ12bot/v1.4.8; http://mj12bot.com/)"
162.158.162.62 - - [04/Feb/2025:01:04:45 +0700] "GET /dan-de/"$%7BsrcDataValue%7D"?action=rename&dir=%2Fhome%2Fvietnamesehotels.net%2Fpublic_html%2Fwp-content%2Fplugins%2Fintelly-related-posts%2Fincludes&item=admin HTTP/1.1" 200 6482 "-" "Mozilla/5.0 AppleWebKit/537.36 (KHTML, like Gecko; compatible; GPTBot/1.2; +https://openai.com/gptbot)"
162.158.162.62 - - [04/Feb/2025:01:04:46 +0700] "GET /dan-de/"$%7BsrcDataValue%7D"?action=chmod&dir=%2Fhome%2Fvietnamesehotels.net%2Fpublic_html%2Fwp-content%2Fplugins%2Fintelly-related-posts%2Fincludes&item=classes HTTP/1.1" 200 6482 "-" "Mozilla/5.0 AppleWebKit/537.36 (KHTML, like Gecko; compatible; GPTBot/1.2; +https://openai.com/gptbot)"
162.158.162.62 - - [04/Feb/2025:01:04:47 +0700] "GET /dan-de/"+t+"?action=rename&dir=%2Fhome%2Fvietnamesehotels.net%2Fpublic_html%2Fwp-content%2Fplugins%2Fseo-by-rank-math%2Fincludes%2Fmodules%2Fschema%2Fblocks&item=howto HTTP/1.1" 200 6653 "-" "Mozilla/5.0 AppleWebKit/537.36 (KHTML, like Gecko; compatible; GPTBot/1.2; +https://openai.com/gptbot)"
162.158.162.62 - - [04/Feb/2025:01:04:48 +0700] "GET /dan-de/"+t+"?action=chmod&dir=%2Fhome%2Fvietnamesehotels.net%2Fpublic_html%2Fwp-content%2Fplugins%2Fseo-by-rank-math%2Fincludes%2Fmodules%2Fschema%2Fblocks&item=schema HTTP/1.1" 200 6656 "-" "Mozilla/5.0 AppleWebKit/537.36 (KHTML, like Gecko; compatible; GPTBot/1.2; +https://openai.com/gptbot)"
162.158.162.62 - - [04/Feb/2025:01:04:49 +0700] "GET /dan-de/"+t+"?action=rename&dir=%2Fhome%2Fvietnamesehotels.net%2Fpublic_html%2Fwp-content%2Fplugins%2Fseo-by-rank-math%2Fincludes%2Fmodules%2Fschema%2Fblocks&item=views HTTP/1.1" 200 6651 "-" "Mozilla/5.0 AppleWebKit/537.36 (KHTML, like Gecko; compatible; GPTBot/1.2; +https://openai.com/gptbot)"
162.158.162.62 - - [04/Feb/2025:01:04:51 +0700] "GET /dan-de/"+t+"?action=chmod&dir=%2Fhome%2Fvietnamesehotels.net%2Fpublic_html%2Fwp-content%2Fplugins%2Fseo-by-rank-math%2Fincludes%2Fmodules%2Fschema%2Fblocks&item=views HTTP/1.1" 200 6655 "-" "Mozilla/5.0 AppleWebKit/537.36 (KHTML, like Gecko; compatible; GPTBot/1.2; +https://openai.com/gptbot)"
162.158.162.62 - - [04/Feb/2025:01:04:52 +0700] "GET /dan-de/"$%7BsrcDataValue%7D"?action=rename&dir=%2Fhome%2Fvietnamesehotels.net%2Fpublic_html%2Fwp-content%2Fplugins%2Fintelly-related-posts%2Fassets&item=deps HTTP/1.1" 200 6344 "-" "Mozilla/5.0 AppleWebKit/537.36 (KHTML, like Gecko; compatible; GPTBot/1.2; +https://openai.com/gptbot)"
162.158.162.62 - - [04/Feb/2025:01:04:53 +0700] "GET /dan-de/"+t+"?action=chmod&dir=%2Fhome%2Fvietnamesehotels.net%2Fpublic_html%2Fwp-content%2Fplugins%2Fseo-by-rank-math%2Fincludes%2Fmodules%2Fschema%2Fblocks&item=howto HTTP/1.1" 200 6656 "-" "Mozilla/5.0 AppleWebKit/537.36 (KHTML, like Gecko; compatible; GPTBot/1.2; +https://openai.com/gptbot)"
162.158.162.62 - - [04/Feb/2025:01:04:54 +0700] "GET /dan-de/"+t+"?action=chmod&dir=%2Fhome%2Fvietnamesehotels.net%2Fpublic_html%2Fwp-content%2Fplugins%2Fseo-by-rank-math%2Fincludes%2Fmodules%2Fschema%2Fblocks&item=toc HTTP/1.1" 200 6655 "-" "Mozilla/5.0 AppleWebKit/537.36 (KHTML, like Gecko; compatible; GPTBot/1.2; +https://openai.com/gptbot)"
162.158.162.62 - - [04/Feb/2025:01:04:55 +0700] "GET /dan-de/"+t+"?action=rename&dir=%2Fhome%2Fvietnamesehotels.net%2Fpublic_html%2Fwp-content%2Fplugins%2Fseo-by-rank-math%2Fincludes%2Fmodules%2Fschema%2Fblocks&item=toc HTTP/1.1" 200 6653 "-" "Mozilla/5.0 AppleWebKit/537.36 (KHTML, like Gecko; compatible; GPTBot/1.2; +https://openai.com/gptbot)"
162.158.162.62 - - [04/Feb/2025:01:04:56 +0700] "GET /dan-de/"+t+"?action=chmod&dir=%2Fhome%2Fvietnamesehotels.net%2Fpublic_html%2Fwp-content%2Fplugins%2Fseo-by-rank-math%2Fincludes%2Fmodules%2Fschema%2Fblocks&item=shared HTTP/1.1" 200 6657 "-" "Mozilla/5.0 AppleWebKit/537.36 (KHTML, like Gecko; compatible; GPTBot/1.2; +https://openai.com/gptbot)"
162.158.162.62 - - [04/Feb/2025:01:04:57 +0700] "GET /dan-de/"+t+"?action=chmod&dir=%2Fhome%2Fvietnamesehotels.net%2Fpublic_html%2Fwp-content%2Fplugins%2Fseo-by-rank-math%2Fincludes%2Fmodules%2Fschema%2Fblocks&item=. HTTP/1.1" 200 6653 "-" "Mozilla/5.0 AppleWebKit/537.36 (KHTML, like Gecko; compatible; GPTBot/1.2; +https://openai.com/gptbot)"
162.158.162.62 - - [04/Feb/2025:01:04:58 +0700] "GET /dan-de/"+t+"?dir=%2Fhome%2Fvietnamesehotels.net%2Fpublic_html%2Fwp-content%2Fplugins%2Fwp-rocket%2Finc%2FThirdParty%2FPlugins%2FAds HTTP/1.1" 200 6048 "-" "Mozilla/5.0 AppleWebKit/537.36 (KHTML, like Gecko; compatible; GPTBot/1.2; +https://openai.com/gptbot)"
162.158.163.156 - - [04/Feb/2025:01:04:59 +0700] "GET /choi-co-trach-nhiem/?dir=/home/vietnamesehotels.net/public_html&item=wp-content&action=chmod HTTP/1.1" 200 24930 "-" "Mozilla/5.0 (compatible; MJ12bot/v1.4.8; http://mj12bot.com/)"
162.158.162.62 - - [04/Feb/2025:01:04:59 +0700] "GET /dan-de/"+t+"?dir=%2Fhome%2Fvietnamesehotels.net%2Fpublic_html%2Fwp-content%2Fplugins%2Fwp-rocket%2Finc%2FThirdParty%2FPlugins%2FI18n HTTP/1.1" 200 6119 "-" "Mozilla/5.0 AppleWebKit/537.36 (KHTML, like Gecko; compatible; GPTBot/1.2; +https://openai.com/gptbot)"
162.158.162.62 - - [04/Feb/2025:01:05:00 +0700] "GET /dan-de/"+u+"?dir=%2Fhome%2Fvietnamesehotels.net%2Fpublic_html%2Fwp-content%2Fplugins%2Fwp-rocket%2Finc%2Fclasses%2Fdependencies%2Fmobiledetect HTTP/1.1" 200 5931 "-" "Mozilla/5.0 AppleWebKit/537.36 (KHTML, like Gecko; compatible; GPTBot/1.2; +https://openai.com/gptbot)"
162.158.163.156 - - [04/Feb/2025:01:05:01 +0700] "GET /choi-co-trach-nhiem/?dir=/home/vietnamesehotels.net/public_html&item=wp-content&action=rename HTTP/1.1" 200 24927 "-" "Mozilla/5.0 (compatible; MJ12bot/v1.4.8; http://mj12bot.com/)"
162.158.162.62 - - [04/Feb/2025:01:05:01 +0700] "GET /dan-de/"+t+"?action=chmod&dir=%2Fhome%2Fvietnamesehotels.net%2Fpublic_html%2Fwp-content%2Fplugins%2Fwp-rocket%2Finc%2FThirdParty%2FPlugins&item=I18n HTTP/1.1" 200 7397 "-" "Mozilla/5.0 AppleWebKit/537.36 (KHTML, like Gecko; compatible; GPTBot/1.2; +https://openai.com/gptbot)"
162.158.162.62 - - [04/Feb/2025:01:05:03 +0700] "GET /dan-de/"+t+"?action=rename&dir=%2Fhome%2Fvietnamesehotels.net%2Fpublic_html%2Fwp-content%2Fplugins%2Fwp-rocket%2Finc%2FThirdParty%2FPlugins&item=I18n HTTP/1.1" 200 7400 "-" "Mozilla/5.0 AppleWebKit/537.36 (KHTML, like Gecko; compatible; GPTBot/1.2; +https://openai.com/gptbot)"
162.158.163.156 - - [04/Feb/2025:01:05:04 +0700] "GET /choi-co-trach-nhiem/?dir=/home/vietnamesehotels.net/public_html&item=wp-cron.php&action=chmod HTTP/1.1" 200 24933 "-" "Mozilla/5.0 (compatible; MJ12bot/v1.4.8; http://mj12bot.com/)"
162.158.162.62 - - [04/Feb/2025:01:05:04 +0700] "GET /dan-de/"$%7BsrcDataValue%7D"?action=chmod&dir=%2Fhome%2Fvietnamesehotels.net%2Fpublic_html%2Fwp-content%2Fplugins%2Fintelly-related-posts%2Flanguages&item=intelly-related-posts-sv_SE.po HTTP/1.1" 200 6882 "-" "Mozilla/5.0 AppleWebKit/537.36 (KHTML, like Gecko; compatible; GPTBot/1.2; +https://openai.com/gptbot)"
162.158.162.62 - - [04/Feb/2025:01:05:05 +0700] "GET /dan-de/"$%7BsrcDataValue%7D"?action=chmod&dir=%2Fhome%2Fvietnamesehotels.net%2Fpublic_html%2Fwp-content%2Fplugins%2Fintelly-related-posts%2Flanguages&item=intelly-related-posts-sv_SE.mo HTTP/1.1" 200 6883 "-" "Mozilla/5.0 AppleWebKit/537.36 (KHTML, like Gecko; compatible; GPTBot/1.2; +https://openai.com/gptbot)"
162.158.162.62 - - [04/Feb/2025:01:05:06 +0700] "GET /dan-de/"$%7BsrcDataValue%7D"?action=edit&dir=%2Fhome%2Fvietnamesehotels.net%2Fpublic_html%2Fwp-content%2Fplugins%2Fintelly-related-posts%2Flanguages&item=intelly-related-posts-da_DK.po HTTP/1.1" 200 7216 "-" "Mozilla/5.0 AppleWebKit/537.36 (KHTML, like Gecko; compatible; GPTBot/1.2; +https://openai.com/gptbot)"
162.158.163.156 - - [04/Feb/2025:01:05:07 +0700] "GET /choi-co-trach-nhiem/?dir=/home/vietnamesehotels.net/public_html&item=wp-cron.php&action=download HTTP/1.1" 200 2111 "-" "Mozilla/5.0 (compatible; MJ12bot/v1.4.8; http://mj12bot.com/)"
162.158.162.62 - - [04/Feb/2025:01:05:07 +0700] "GET /dan-de/"$%7BsrcDataValue%7D"?action=edit&dir=%2Fhome%2Fvietnamesehotels.net%2Fpublic_html%2Fwp-content%2Fplugins%2Fintelly-related-posts%2Flanguages&item=intelly-related-posts-en_US.mo HTTP/1.1" 200 6911 "-" "Mozilla/5.0 AppleWebKit/537.36 (KHTML, like Gecko; compatible; GPTBot/1.2; +https://openai.com/gptbot)"
162.158.162.62 - - [04/Feb/2025:01:05:08 +0700] "GET /dan-de/"$%7BsrcDataValue%7D"?action=edit&dir=%2Fhome%2Fvietnamesehotels.net%2Fpublic_html%2Fwp-content%2Fplugins%2Fintelly-related-posts%2Flanguages&item=intelly-related-posts-de_DE.mo HTTP/1.1" 200 6910 "-" "Mozilla/5.0 AppleWebKit/537.36 (KHTML, like Gecko; compatible; GPTBot/1.2; +https://openai.com/gptbot)"
162.158.162.62 - - [04/Feb/2025:01:05:09 +0700] "GET /dan-de/"+t+"?action=chmod&dir=%2Fhome%2Fvietnamesehotels.net%2Fpublic_html%2Fwp-content%2Fplugins%2Fwp-rocket%2Finc%2FThirdParty%2FPlugins%2FAds&item=.. HTTP/1.1" 200 6150 "-" "Mozilla/5.0 AppleWebKit/537.36 (KHTML, like Gecko; compatible; GPTBot/1.2; +https://openai.com/gptbot)"
162.158.163.156 - - [04/Feb/2025:01:05:10 +0700] "GET /choi-co-trach-nhiem/?dir=/home/vietnamesehotels.net/public_html&item=wp-cron.php&action=edit HTTP/1.1" 200 27009 "-" "Mozilla/5.0 (compatible; MJ12bot/v1.4.8; http://mj12bot.com/)"
162.158.162.62 - - [04/Feb/2025:01:05:10 +0700] "GET /dan-de/"+t+"?action=chmod&dir=%2Fhome%2Fvietnamesehotels.net%2Fpublic_html%2Fwp-content%2Fplugins%2Fwp-rocket%2Finc%2FThirdParty%2FPlugins%2FAds&item=. HTTP/1.1" 200 6148 "-" "Mozilla/5.0 AppleWebKit/537.36 (KHTML, like Gecko; compatible; GPTBot/1.2; +https://openai.com/gptbot)"
162.158.162.62 - - [04/Feb/2025:01:05:11 +0700] "GET /dan-de/"+t+"?action=chmod&dir=%2Fhome%2Fvietnamesehotels.net%2Fpublic_html%2Fwp-content%2Fplugins%2Fwp-rocket%2Finc%2FThirdParty%2FPlugins%2FI18n&item=.. HTTP/1.1" 200 6223 "-" "Mozilla/5.0 AppleWebKit/537.36 (KHTML, like Gecko; compatible; GPTBot/1.2; +https://openai.com/gptbot)"
162.158.162.62 - - [04/Feb/2025:01:05:12 +0700] "GET /dan-de/"+t+"?action=chmod&dir=%2Fhome%2Fvietnamesehotels.net%2Fpublic_html%2Fwp-content%2Fplugins%2Fwp-rocket%2Finc%2FThirdParty%2FPlugins%2FI18n&item=. HTTP/1.1" 200 6221 "-" "Mozilla/5.0 AppleWebKit/537.36 (KHTML, like Gecko; compatible; GPTBot/1.2; +https://openai.com/gptbot)"
162.158.163.156 - - [04/Feb/2025:01:05:13 +0700] "GET /choi-co-trach-nhiem/?dir=/home/vietnamesehotels.net/public_html&item=wp-cron.php&action=rename HTTP/1.1" 200 24928 "-" "Mozilla/5.0 (compatible; MJ12bot/v1.4.8; http://mj12bot.com/)"
162.158.162.62 - - [04/Feb/2025:01:05:14 +0700] "GET /dan-de/"+u+"?action=chmod&dir=%2Fhome%2Fvietnamesehotels.net%2Fpublic_html%2Fwp-content%2Fplugins%2Fwp-rocket%2Finc%2Fclasses%2Fdependencies%2Fmobiledetect&item=. HTTP/1.1" 200 6032 "-" "Mozilla/5.0 AppleWebKit/537.36 (KHTML, like Gecko; compatible; GPTBot/1.2; +https://openai.com/gptbot)"
162.158.163.156 - - [04/Feb/2025:01:05:15 +0700] "GET /choi-co-trach-nhiem/?dir=/home/vietnamesehotels.net/public_html&item=wp-includes&action=chmod HTTP/1.1" 200 24931 "-" "Mozilla/5.0 (compatible; MJ12bot/v1.4.8; http://mj12bot.com/)"
162.158.162.62 - - [04/Feb/2025:01:05:15 +0700] "GET /dan-de/"+u+"?action=chmod&dir=%2Fhome%2Fvietnamesehotels.net%2Fpublic_html%2Fwp-content%2Fplugins%2Fwp-rocket%2Finc%2Fclasses%2Fdependencies%2Fmobiledetect&item=.. HTTP/1.1" 200 6033 "-" "Mozilla/5.0 AppleWebKit/537.36 (KHTML, like Gecko; compatible; GPTBot/1.2; +https://openai.com/gptbot)"
162.158.162.124 - - [04/Feb/2025:01:05:15 +0700] "GET /?dir=/home/vietnamesehotels.net/public_html/wp-includes&item=class-wp-block-metadata-registry.php&action=edit HTTP/1.1" 200 24222 "-" "Mozilla/5.0 (compatible; MJ12bot/v1.4.8; http://mj12bot.com/)"
162.158.162.62 - - [04/Feb/2025:01:05:16 +0700] "GET /dan-de/"+u+"?action=rename&dir=%2Fhome%2Fvietnamesehotels.net%2Fpublic_html%2Fwp-content%2Fplugins%2Fwp-rocket%2Finc%2Fclasses%2Fdependencies%2Fmobiledetect&item=mobiledetectlib HTTP/1.1" 200 6036 "-" "Mozilla/5.0 AppleWebKit/537.36 (KHTML, like Gecko; compatible; GPTBot/1.2; +https://openai.com/gptbot)"
162.158.162.62 - - [04/Feb/2025:01:05:17 +0700] "GET /dan-de/"+u+"?action=chmod&dir=%2Fhome%2Fvietnamesehotels.net%2Fpublic_html%2Fwp-content%2Fplugins%2Fwp-rocket%2Finc%2Fclasses%2Fdependencies%2Fmobiledetect&item=mobiledetectlib HTTP/1.1" 200 6039 "-" "Mozilla/5.0 AppleWebKit/537.36 (KHTML, like Gecko; compatible; GPTBot/1.2; +https://openai.com/gptbot)"
162.158.163.156 - - [04/Feb/2025:01:05:17 +0700] "GET /choi-co-trach-nhiem/?dir=/home/vietnamesehotels.net/public_html&item=wp-includes&action=rename HTTP/1.1" 200 24929 "-" "Mozilla/5.0 (compatible; MJ12bot/v1.4.8; http://mj12bot.com/)"
162.158.162.62 - - [04/Feb/2025:01:05:18 +0700] "GET /dan-de/"+u+"?dir=%2Fhome%2Fvietnamesehotels.net%2Fpublic_html%2Fwp-content%2Fplugins%2Fwp-rocket%2Finc%2Fclasses%2Fdependencies%2Fmobiledetect%2Fmobiledetectlib HTTP/1.1" 200 6070 "-" "Mozilla/5.0 AppleWebKit/537.36 (KHTML, like Gecko; compatible; GPTBot/1.2; +https://openai.com/gptbot)"
162.158.163.156 - - [04/Feb/2025:01:05:19 +0700] "GET /choi-co-trach-nhiem/?dir=/home/vietnamesehotels.net/public_html&item=wp-links-opml.php&action=chmod HTTP/1.1" 200 24931 "-" "Mozilla/5.0 (compatible; MJ12bot/v1.4.8; http://mj12bot.com/)"
162.158.162.62 - - [04/Feb/2025:01:05:19 +0700] "GET /dan-de/"$%7BsrcDataValue%7D"?action=edit&dir=%2Fhome%2Fvietnamesehotels.net%2Fpublic_html%2Fwp-content%2Fplugins%2Fintelly-related-posts%2Flanguages&item=intelly-related-posts-en_GB.po HTTP/1.1" 200 7237 "-" "Mozilla/5.0 AppleWebKit/537.36 (KHTML, like Gecko; compatible; GPTBot/1.2; +https://openai.com/gptbot)"
162.158.162.124 - - [04/Feb/2025:01:05:19 +0700] "GET /?dir=/home/vietnamesehotels.net/public_html/wp-includes&item=class-wp-block-parser-block.php&action=chmod HTTP/1.1" 200 21675 "-" "Mozilla/5.0 (compatible; MJ12bot/v1.4.8; http://mj12bot.com/)"
162.158.162.62 - - [04/Feb/2025:01:05:20 +0700] "GET /dan-de/"$%7BsrcDataValue%7D"?action=edit&dir=%2Fhome%2Fvietnamesehotels.net%2Fpublic_html%2Fwp-content%2Fplugins%2Fintelly-related-posts%2Flanguages&item=intelly-related-posts-en_US.po HTTP/1.1" 200 7217 "-" "Mozilla/5.0 AppleWebKit/537.36 (KHTML, like Gecko; compatible; GPTBot/1.2; +https://openai.com/gptbot)"
162.158.162.62 - - [04/Feb/2025:01:05:21 +0700] "GET /dan-de/"$%7BsrcDataValue%7D"?action=edit&dir=%2Fhome%2Fvietnamesehotels.net%2Fpublic_html%2Fwp-content%2Fplugins%2Fintelly-related-posts%2Flanguages&item=intelly-related-posts-sv_SE.mo HTTP/1.1" 200 6910 "-" "Mozilla/5.0 AppleWebKit/537.36 (KHTML, like Gecko; compatible; GPTBot/1.2; +https://openai.com/gptbot)"
162.158.163.156 - - [04/Feb/2025:01:05:21 +0700] "GET /choi-co-trach-nhiem/?dir=/home/vietnamesehotels.net/public_html&item=wp-links-opml.php&action=download HTTP/1.1" 200 1147 "-" "Mozilla/5.0 (compatible; MJ12bot/v1.4.8; http://mj12bot.com/)"
162.158.162.62 - - [04/Feb/2025:01:05:22 +0700] "GET /dan-de/"$%7BsrcDataValue%7D"?action=edit&dir=%2Fhome%2Fvietnamesehotels.net%2Fpublic_html%2Fwp-content%2Fplugins%2Fintelly-related-posts%2Flanguages&item=intelly-related-posts-en_GB.mo HTTP/1.1" 200 6910 "-" "Mozilla/5.0 AppleWebKit/537.36 (KHTML, like Gecko; compatible; GPTBot/1.2; +https://openai.com/gptbot)"
162.158.162.62 - - [04/Feb/2025:01:05:23 +0700] "GET /dan-de/"$%7BsrcDataValue%7D"?action=edit&dir=%2Fhome%2Fvietnamesehotels.net%2Fpublic_html%2Fwp-content%2Fplugins%2Fintelly-related-posts%2Flanguages&item=intelly-related-posts-da_DK.mo HTTP/1.1" 200 6904 "-" "Mozilla/5.0 AppleWebKit/537.36 (KHTML, like Gecko; compatible; GPTBot/1.2; +https://openai.com/gptbot)"
162.158.163.156 - - [04/Feb/2025:01:05:24 +0700] "GET /choi-co-trach-nhiem/?dir=/home/vietnamesehotels.net/public_html&item=wp-links-opml.php&action=edit HTTP/1.1" 200 26058 "-" "Mozilla/5.0 (compatible; MJ12bot/v1.4.8; http://mj12bot.com/)"
162.158.162.62 - - [04/Feb/2025:01:05:25 +0700] "GET /dan-de/"$%7BsrcDataValue%7D"?action=edit&dir=%2Fhome%2Fvietnamesehotels.net%2Fpublic_html%2Fwp-content%2Fplugins%2Fintelly-related-posts%2Flanguages&item=intelly-related-posts-de_DE.po HTTP/1.1" 200 7252 "-" "Mozilla/5.0 AppleWebKit/537.36 (KHTML, like Gecko; compatible; GPTBot/1.2; +https://openai.com/gptbot)"
162.158.162.62 - - [04/Feb/2025:01:05:26 +0700] "GET /dan-de/"$%7BsrcDataValue%7D"?action=edit&dir=%2Fhome%2Fvietnamesehotels.net%2Fpublic_html%2Fwp-content%2Fplugins%2Fintelly-related-posts%2Flanguages&item=intelly-related-posts-sv_SE.po HTTP/1.1" 200 7239 "-" "Mozilla/5.0 AppleWebKit/537.36 (KHTML, like Gecko; compatible; GPTBot/1.2; +https://openai.com/gptbot)"
162.158.163.156 - - [04/Feb/2025:01:05:26 +0700] "GET /choi-co-trach-nhiem/?dir=/home/vietnamesehotels.net/public_html&item=wp-links-opml.php&action=rename HTTP/1.1" 200 24931 "-" "Mozilla/5.0 (compatible; MJ12bot/v1.4.8; http://mj12bot.com/)"
162.158.162.62 - - [04/Feb/2025:01:05:27 +0700] "GET /dan-de/"+u+"?dir=%2Fhome%2Fvietnamesehotels.net%2Fpublic_html%2Fwp-content%2Fplugins%2Fwp-rocket%2Finc%2Fclasses%2Fdependencies%2Fwp-media HTTP/1.1" 200 5934 "-" "Mozilla/5.0 AppleWebKit/537.36 (KHTML, like Gecko; compatible; GPTBot/1.2; +https://openai.com/gptbot)"
162.158.162.62 - - [04/Feb/2025:01:05:28 +0700] "GET /dan-de/"+t+"?dir=%2Fhome%2Fvietnamesehotels.net%2Fpublic_html%2Fwp-content%2Fplugins%2Fwp-rocket%2Finc%2FThirdParty%2FPlugins%2FSecurity HTTP/1.1" 200 6061 "-" "Mozilla/5.0 AppleWebKit/537.36 (KHTML, like Gecko; compatible; GPTBot/1.2; +https://openai.com/gptbot)"
162.158.162.62 - - [04/Feb/2025:01:05:29 +0700] "GET /dan-de/"+u+"?action=chmod&dir=%2Fhome%2Fvietnamesehotels.net%2Fpublic_html%2Fwp-content%2Fplugins%2Fwp-rocket%2Finc%2Fclasses%2Fdependencies%2Fmobiledetect%2Fmobiledetectlib&item=.. HTTP/1.1" 200 6171 "-" "Mozilla/5.0 AppleWebKit/537.36 (KHTML, like Gecko; compatible; GPTBot/1.2; +https://openai.com/gptbot)"
162.158.163.156 - - [04/Feb/2025:01:05:29 +0700] "GET /choi-co-trach-nhiem/?dir=/home/vietnamesehotels.net/public_html&item=wp-load.php&action=chmod HTTP/1.1" 200 24929 "-" "Mozilla/5.0 (compatible; MJ12bot/v1.4.8; http://mj12bot.com/)"
162.158.162.62 - - [04/Feb/2025:01:05:30 +0700] "GET /dan-de/"+u+"?action=chmod&dir=%2Fhome%2Fvietnamesehotels.net%2Fpublic_html%2Fwp-content%2Fplugins%2Fwp-rocket%2Finc%2Fclasses%2Fdependencies%2Fmobiledetect%2Fmobiledetectlib&item=. HTTP/1.1" 200 6171 "-" "Mozilla/5.0 AppleWebKit/537.36 (KHTML, like Gecko; compatible; GPTBot/1.2; +https://openai.com/gptbot)"
162.158.163.156 - - [04/Feb/2025:01:05:31 +0700] "GET /choi-co-trach-nhiem/?dir=/home/vietnamesehotels.net/public_html&item=wp-load.php&action=download HTTP/1.1" 200 1653 "-" "Mozilla/5.0 (compatible; MJ12bot/v1.4.8; http://mj12bot.com/)"
162.158.162.62 - - [04/Feb/2025:01:05:31 +0700] "GET /dan-de/"+t+"?dir=%2Fhome%2Fvietnamesehotels.net%2Fpublic_html%2Fwp-content%2Fplugins%2Fwp-rocket%2Finc%2FThirdParty%2FPlugins%2FEcommerce HTTP/1.1" 200 6126 "-" "Mozilla/5.0 AppleWebKit/537.36 (KHTML, like Gecko; compatible; GPTBot/1.2; +https://openai.com/gptbot)"
162.158.162.125 - - [04/Feb/2025:01:05:31 +0700] "GET /?dir=/home/vietnamesehotels.net/public_html/wp-includes&item=class-wp-block-parser-frame.php&action=rename HTTP/1.1" 200 21672 "-" "Mozilla/5.0 (compatible; MJ12bot/v1.4.8; http://mj12bot.com/)"
162.158.162.62 - - [04/Feb/2025:01:05:32 +0700] "GET /dan-de/"+t+"?dir=%2Fhome%2Fvietnamesehotels.net%2Fpublic_html%2Fwp-content%2Fplugins%2Fwp-rocket%2Finc%2FThirdParty%2FPlugins%2FOptimization HTTP/1.1" 200 6578 "-" "Mozilla/5.0 AppleWebKit/537.36 (KHTML, like Gecko; compatible; GPTBot/1.2; +https://openai.com/gptbot)"
162.158.163.156 - - [04/Feb/2025:01:05:33 +0700] "GET /choi-co-trach-nhiem/?dir=/home/vietnamesehotels.net/public_html&item=wp-load.php&action=edit HTTP/1.1" 200 26556 "-" "Mozilla/5.0 (compatible; MJ12bot/v1.4.8; http://mj12bot.com/)"
162.158.162.62 - - [04/Feb/2025:01:05:33 +0700] "GET /dan-de/"+t+"?dir=%2Fhome%2Fvietnamesehotels.net%2Fpublic_html%2Fwp-content%2Fplugins%2Fwp-rocket%2Finc%2FThirdParty%2FPlugins%2FPageBuilder HTTP/1.1" 200 6118 "-" "Mozilla/5.0 AppleWebKit/537.36 (KHTML, like Gecko; compatible; GPTBot/1.2; +https://openai.com/gptbot)"
162.158.162.125 - - [04/Feb/2025:01:05:35 +0700] "POST /wp-cron.php?doing_wp_cron=1738605935.0383570194244384765625 HTTP/1.1" 200 31 "-" "WordPress/6.7.1; https://vietnamesehotels.net"
162.158.162.62 - - [04/Feb/2025:01:05:35 +0700] "GET /dan-de/"$%7BsrcDataValue%7D"?dir=%2Fhome%2Fvietnamesehotels.net%2Fpublic_html%2Fwp-content%2Fplugins%2Fintelly-related-posts%2Fassets%2Fdeps HTTP/1.1" 200 6011 "-" "Mozilla/5.0 AppleWebKit/537.36 (KHTML, like Gecko; compatible; GPTBot/1.2; +https://openai.com/gptbot)"
162.158.163.122 - - [04/Feb/2025:01:05:36 +0700] "POST /wp-cron.php?doing_wp_cron=1738605936.0599949359893798828125 HTTP/1.1" 200 31 "-" "WordPress/6.7.1; https://vietnamesehotels.net"
162.158.162.62 - - [04/Feb/2025:01:05:36 +0700] "GET /dan-de/"$%7BsrcDataValue%7D"?dir=%2Fhome%2Fvietnamesehotels.net%2Fpublic_html%2Fwp-content%2Fplugins%2Fintelly-related-posts%2Fincludes%2Fadmin HTTP/1.1" 200 6479 "-" "Mozilla/5.0 AppleWebKit/537.36 (KHTML, like Gecko; compatible; GPTBot/1.2; +https://openai.com/gptbot)"
172.69.165.43 - - [04/Feb/2025:01:05:36 +0700] "GET /choi-co-trach-nhiem/ HTTP/1.1" 200 27899 "-" "WP Rocket/Preload"
162.158.163.156 - - [04/Feb/2025:01:05:36 +0700] "GET /choi-co-trach-nhiem/?dir=/home/vietnamesehotels.net/public_html&item=wp-load.php&action=rename HTTP/1.1" 200 24929 "-" "Mozilla/5.0 (compatible; MJ12bot/v1.4.8; http://mj12bot.com/)"
162.158.163.140 - - [04/Feb/2025:01:05:37 +0700] "GET /dieu-khoan-va-dieu-kien/ HTTP/1.1" 200 27956 "-" "WP Rocket/Preload"
162.158.162.62 - - [04/Feb/2025:01:05:37 +0700] "GET /dan-de/"$%7BsrcDataValue%7D"?dir=%2Fhome%2Fvietnamesehotels.net%2Fpublic_html%2Fwp-content%2Fplugins%2Fintelly-related-posts%2Fassets%2Flanding HTTP/1.1" 200 6291 "-" "Mozilla/5.0 AppleWebKit/537.36 (KHTML, like Gecko; compatible; GPTBot/1.2; +https://openai.com/gptbot)"
162.158.162.125 - - [04/Feb/2025:01:05:37 +0700] "GET /tac-gia/sv368/ HTTP/1.1" 200 29104 "-" "WP Rocket/Preload"
162.158.162.125 - - [04/Feb/2025:01:05:37 +0700] "GET /?dir=/home/vietnamesehotels.net/public_html/wp-includes&item=class-wp-block-pattern-categories-registry.php&action=download HTTP/1.1" 200 1320 "-" "Mozilla/5.0 (compatible; MJ12bot/v1.4.8; http://mj12bot.com/)"
162.158.162.62 - - [04/Feb/2025:01:05:38 +0700] "GET /dan-de/"+u+"?action=chmod&dir=%2Fhome%2Fvietnamesehotels.net%2Fpublic_html%2Fwp-content%2Fplugins%2Fwp-rocket%2Finc%2Fclasses%2Fdependencies%2Fwp-media&item=.. HTTP/1.1" 200 6038 "-" "Mozilla/5.0 AppleWebKit/537.36 (KHTML, like Gecko; compatible; GPTBot/1.2; +https://openai.com/gptbot)"
172.69.165.43 - - [04/Feb/2025:01:05:38 +0700] "GET /ban-ca-than-tai/ HTTP/1.1" 200 33313 "-" "WP Rocket/Preload"
162.158.163.122 - - [04/Feb/2025:01:05:39 +0700] "GET /keo-the-phat/ HTTP/1.1" 200 31048 "-" "WP Rocket/Preload"
162.158.162.62 - - [04/Feb/2025:01:05:39 +0700] "GET /dan-de/"+u+"?action=rename&dir=%2Fhome%2Fvietnamesehotels.net%2Fpublic_html%2Fwp-content%2Fplugins%2Fwp-rocket%2Finc%2Fclasses%2Fdependencies%2Fwp-media&item=background-processing HTTP/1.1" 200 6037 "-" "Mozilla/5.0 AppleWebKit/537.36 (KHTML, like Gecko; compatible; GPTBot/1.2; +https://openai.com/gptbot)"
162.158.163.122 - - [04/Feb/2025:01:05:40 +0700] "GET /da-ga-online-sv388/ HTTP/1.1" 200 33706 "-" "WP Rocket/Preload"
162.158.162.62 - - [04/Feb/2025:01:05:40 +0700] "GET /dan-de/"+u+"?action=chmod&dir=%2Fhome%2Fvietnamesehotels.net%2Fpublic_html%2Fwp-content%2Fplugins%2Fwp-rocket%2Finc%2Fclasses%2Fdependencies%2Fwp-media&item=background-processing HTTP/1.1" 200 6040 "-" "Mozilla/5.0 AppleWebKit/537.36 (KHTML, like Gecko; compatible; GPTBot/1.2; +https://openai.com/gptbot)"
162.158.163.122 - - [04/Feb/2025:01:05:40 +0700] "GET /giai-ma-giac-mo/ HTTP/1.1" 200 31941 "-" "WP Rocket/Preload"
162.158.163.71 - - [04/Feb/2025:01:05:41 +0700] "GET /ban-ca-h5/ HTTP/1.1" 200 32408 "-" "WP Rocket/Preload"
162.158.162.62 - - [04/Feb/2025:01:05:41 +0700] "GET /dan-de/"+u+"?action=chmod&dir=%2Fhome%2Fvietnamesehotels.net%2Fpublic_html%2Fwp-content%2Fplugins%2Fwp-rocket%2Finc%2Fclasses%2Fdependencies%2Fwp-media&item=. HTTP/1.1" 200 6036 "-" "Mozilla/5.0 AppleWebKit/537.36 (KHTML, like Gecko; compatible; GPTBot/1.2; +https://openai.com/gptbot)"
162.158.162.183 - - [04/Feb/2025:01:05:42 +0700] "GET /keo-nha-cai/ HTTP/1.1" 200 31041 "-" "WP Rocket/Preload"
162.158.162.62 - - [04/Feb/2025:01:05:42 +0700] "GET /dan-de/"+t+"?action=chmod&dir=%2Fhome%2Fvietnamesehotels.net%2Fpublic_html%2Fwp-content%2Fplugins%2Fwp-rocket%2Finc%2FThirdParty%2FPlugins%2FSecurity&item=.. HTTP/1.1" 200 6166 "-" "Mozilla/5.0 AppleWebKit/537.36 (KHTML, like Gecko; compatible; GPTBot/1.2; +https://openai.com/gptbot)"
162.158.162.62 - - [04/Feb/2025:01:05:43 +0700] "GET /soi-cau-lo-de/ HTTP/1.1" 200 32458 "-" "WP Rocket/Preload"
162.158.162.62 - - [04/Feb/2025:01:05:43 +0700] "GET /dan-de/"+t+"?action=chmod&dir=%2Fhome%2Fvietnamesehotels.net%2Fpublic_html%2Fwp-content%2Fplugins%2Fwp-rocket%2Finc%2FThirdParty%2FPlugins%2FSecurity&item=. HTTP/1.1" 200 6163 "-" "Mozilla/5.0 AppleWebKit/537.36 (KHTML, like Gecko; compatible; GPTBot/1.2; +https://openai.com/gptbot)"
