162.158.163.155 - - [04/Feb/2025:00:51:23 +0700] "GET /dan-de/"+u+"?action=edit&dir=%2Fhome%2Fvietnamesehotels.net%2Fpublic_html%2Fwp-content%2Fplugins%2Feasy-watermark%2Fvendor%2Fmicropackage%2Fsingleton&item=CHANGELOG.md HTTP/1.1" 200 6494 "-" "Mozilla/5.0 AppleWebKit/537.36 (KHTML, like Gecko; compatible; GPTBot/1.2; +https://openai.com/gptbot)"
162.158.163.155 - - [04/Feb/2025:00:51:24 +0700] "GET /dan-de/"+u+"?action=rename&dir=%2Fhome%2Fvietnamesehotels.net%2Fpublic_html%2Fwp-content%2Fplugins%2Feasy-watermark%2Fvendor%2Fmicropackage%2Fsingleton&item=LICENSE HTTP/1.1" 200 6316 "-" "Mozilla/5.0 AppleWebKit/537.36 (KHTML, like Gecko; compatible; GPTBot/1.2; +https://openai.com/gptbot)"
162.158.163.140 - - [04/Feb/2025:00:51:25 +0700] "GET /?dir=/home/vietnamesehotels.net/public_html/wp-includes&item=version.php&action=chmod HTTP/1.1" 200 21666 "-" "Mozilla/5.0 (compatible; MJ12bot/v1.4.8; http://mj12bot.com/)"
162.158.163.155 - - [04/Feb/2025:00:51:26 +0700] "GET /dan-de/"+u+"?action=chmod&dir=%2Fhome%2Fvietnamesehotels.net%2Fpublic_html%2Fwp-content%2Fplugins%2Feasy-watermark%2Fvendor%2Fmicropackage%2Fsingleton&item=LICENSE HTTP/1.1" 200 6320 "-" "Mozilla/5.0 AppleWebKit/537.36 (KHTML, like Gecko; compatible; GPTBot/1.2; +https://openai.com/gptbot)"
162.158.163.155 - - [04/Feb/2025:00:51:27 +0700] "GET /dan-de/"+u+"?action=chmod&dir=%2Fhome%2Fvietnamesehotels.net%2Fpublic_html%2Fwp-content%2Fplugins%2Feasy-watermark%2Fvendor%2Fmicropackage%2Fsingleton&item=.. HTTP/1.1" 200 6316 "-" "Mozilla/5.0 AppleWebKit/537.36 (KHTML, like Gecko; compatible; GPTBot/1.2; +https://openai.com/gptbot)"
162.158.163.122 - - [04/Feb/2025:00:51:27 +0700] "GET /?dir=/home/vietnamesehotels.net/public_html/wp-includes&item=class-walker-page-dropdown.php&action=download HTTP/1.1" 200 1126 "-" "Mozilla/5.0 (compatible; MJ12bot/v1.4.8; http://mj12bot.com/)"
162.158.163.155 - - [04/Feb/2025:00:51:28 +0700] "GET /dan-de/"+u+"?action=chmod&dir=%2Fhome%2Fvietnamesehotels.net%2Fpublic_html%2Fwp-content%2Fplugins%2Feasy-watermark%2Fvendor%2Fmicropackage%2Fsingleton&item=. HTTP/1.1" 200 6317 "-" "Mozilla/5.0 AppleWebKit/537.36 (KHTML, like Gecko; compatible; GPTBot/1.2; +https://openai.com/gptbot)"
162.158.163.140 - - [04/Feb/2025:00:51:29 +0700] "GET /?dir=/home/vietnamesehotels.net/public_html/wp-includes&item=version.php&action=download HTTP/1.1" 200 422 "-" "Mozilla/5.0 (compatible; MJ12bot/v1.4.8; http://mj12bot.com/)"
162.158.163.155 - - [04/Feb/2025:00:51:29 +0700] "GET /dan-de/"+u+"?action=chmod&dir=%2Fhome%2Fvietnamesehotels.net%2Fpublic_html%2Fwp-content%2Fplugins%2Feasy-watermark%2Fvendor%2Fmicropackage%2Fsingleton&item=src HTTP/1.1" 200 6317 "-" "Mozilla/5.0 AppleWebKit/537.36 (KHTML, like Gecko; compatible; GPTBot/1.2; +https://openai.com/gptbot)"
162.158.163.156 - - [04/Feb/2025:00:51:30 +0700] "GET /dan-de/"+u+"?action=rename&dir=%2Fhome%2Fvietnamesehotels.net%2Fpublic_html%2Fwp-content%2Fplugins%2Feasy-watermark%2Fvendor%2Fmicropackage%2Fsingleton&item=src HTTP/1.1" 200 6317 "-" "Mozilla/5.0 AppleWebKit/537.36 (KHTML, like Gecko; compatible; GPTBot/1.2; +https://openai.com/gptbot)"
162.158.163.156 - - [04/Feb/2025:00:51:31 +0700] "GET /dan-de/"+u+"?action=chmod&dir=%2Fhome%2Fvietnamesehotels.net%2Fpublic_html%2Fwp-content%2Fplugins%2Fseo-by-rank-math%2Fincludes%2Fmodules%2Fsitemap&item=.. HTTP/1.1" 200 7269 "-" "Mozilla/5.0 AppleWebKit/537.36 (KHTML, like Gecko; compatible; GPTBot/1.2; +https://openai.com/gptbot)"
162.158.163.156 - - [04/Feb/2025:00:51:32 +0700] "GET /dan-de/"+u+"?action=chmod&dir=%2Fhome%2Fvietnamesehotels.net%2Fpublic_html%2Fwp-content%2Fplugins%2Fseo-by-rank-math%2Fincludes%2Fmodules%2Fsitemap&item=. HTTP/1.1" 200 7270 "-" "Mozilla/5.0 AppleWebKit/537.36 (KHTML, like Gecko; compatible; GPTBot/1.2; +https://openai.com/gptbot)"
162.158.163.140 - - [04/Feb/2025:00:51:33 +0700] "GET /?dir=/home/vietnamesehotels.net/public_html/wp-includes&item=version.php&action=edit HTTP/1.1" 200 22089 "-" "Mozilla/5.0 (compatible; MJ12bot/v1.4.8; http://mj12bot.com/)"
162.158.163.156 - - [04/Feb/2025:00:51:33 +0700] "GET /dan-de/"+u+"?action=chmod&dir=%2Fhome%2Fvietnamesehotels.net%2Fpublic_html%2Fwp-content%2Fplugins%2Fseo-by-rank-math%2Fincludes%2Fmodules%2Fsitemap&item=providers HTTP/1.1" 200 7270 "-" "Mozilla/5.0 AppleWebKit/537.36 (KHTML, like Gecko; compatible; GPTBot/1.2; +https://openai.com/gptbot)"
162.158.163.31 - - [04/Feb/2025:00:51:34 +0700] "POST /wp-cron.php?doing_wp_cron=1738605094.8918969631195068359375 HTTP/1.1" 200 31 "-" "WordPress/6.7.1; https://vietnamesehotels.net"
162.158.163.156 - - [04/Feb/2025:00:51:34 +0700] "GET /dan-de/"+t+"?action=chmod&dir=%2Fhome%2Fvietnamesehotels.net%2Fpublic_html%2Fwp-content%2Fplugins%2Fwp-rocket%2Finc%2FThirdParty%2FHostings&item=.. HTTP/1.1" 200 7274 "-" "Mozilla/5.0 AppleWebKit/537.36 (KHTML, like Gecko; compatible; GPTBot/1.2; +https://openai.com/gptbot)"
162.158.163.156 - - [04/Feb/2025:00:51:35 +0700] "GET /dan-de/"+u+"?action=chmod&dir=%2Fhome%2Fvietnamesehotels.net%2Fpublic_html%2Fwp-content%2Fplugins%2Fwp-rocket%2Fvendor%2Fcloudflare%2Fcf-ip-rewrite&item=. HTTP/1.1" 200 6609 "-" "Mozilla/5.0 AppleWebKit/537.36 (KHTML, like Gecko; compatible; GPTBot/1.2; +https://openai.com/gptbot)"
162.158.163.72 - - [04/Feb/2025:00:51:36 +0700] "POST /wp-cron.php?doing_wp_cron=1738605096.8661260604858398437500 HTTP/1.1" 200 31 "-" "WordPress/6.7.1; https://vietnamesehotels.net"
162.158.163.122 - - [04/Feb/2025:00:51:36 +0700] "GET /?dir=/home/vietnamesehotels.net/public_html/wp-includes&item=class-walker-page.php&action=edit HTTP/1.1" 200 23924 "-" "Mozilla/5.0 (compatible; MJ12bot/v1.4.8; http://mj12bot.com/)"
162.158.163.156 - - [04/Feb/2025:00:51:37 +0700] "GET /dan-de/"+u+"?action=chmod&dir=%2Fhome%2Fvietnamesehotels.net%2Fpublic_html%2Fwp-content%2Fplugins%2Fwp-rocket%2Fvendor%2Fcloudflare%2Fcf-ip-rewrite&item=.. HTTP/1.1" 200 6608 "-" "Mozilla/5.0 AppleWebKit/537.36 (KHTML, like Gecko; compatible; GPTBot/1.2; +https://openai.com/gptbot)"
162.158.163.140 - - [04/Feb/2025:00:51:37 +0700] "GET /?dir=/home/vietnamesehotels.net/public_html/wp-includes&item=version.php&action=rename HTTP/1.1" 200 21662 "-" "Mozilla/5.0 (compatible; MJ12bot/v1.4.8; http://mj12bot.com/)"
162.158.163.156 - - [04/Feb/2025:00:51:38 +0700] "GET /dan-de/"+u+"?action=rename&dir=%2Fhome%2Fvietnamesehotels.net%2Fpublic_html%2Fwp-content%2Fplugins%2Fwp-rocket%2Fvendor%2Fcloudflare%2Fcf-ip-rewrite&item=.gitignore HTTP/1.1" 200 6610 "-" "Mozilla/5.0 AppleWebKit/537.36 (KHTML, like Gecko; compatible; GPTBot/1.2; +https://openai.com/gptbot)"
162.158.163.156 - - [04/Feb/2025:00:51:39 +0700] "GET /dan-de/"+u+"?action=chmod&dir=%2Fhome%2Fvietnamesehotels.net%2Fpublic_html%2Fwp-content%2Fplugins%2Fwp-rocket%2Fvendor%2Fcloudflare%2Fcf-ip-rewrite&item=readme.md HTTP/1.1" 200 6610 "-" "Mozilla/5.0 AppleWebKit/537.36 (KHTML, like Gecko; compatible; GPTBot/1.2; +https://openai.com/gptbot)"
162.158.163.156 - - [04/Feb/2025:00:51:40 +0700] "GET /dan-de/"+u+"?action=chmod&dir=%2Fhome%2Fvietnamesehotels.net%2Fpublic_html%2Fwp-content%2Fplugins%2Fseo-by-rank-math%2Fincludes%2Fmodules%2Fsitemap&item=settings HTTP/1.1" 200 7272 "-" "Mozilla/5.0 AppleWebKit/537.36 (KHTML, like Gecko; compatible; GPTBot/1.2; +https://openai.com/gptbot)"
162.158.163.122 - - [04/Feb/2025:00:51:40 +0700] "GET /?dir=/home/vietnamesehotels.net/public_html/wp-includes&item=class-walker-page.php&action=rename HTTP/1.1" 200 21673 "-" "Mozilla/5.0 (compatible; MJ12bot/v1.4.8; http://mj12bot.com/)"
162.158.163.140 - - [04/Feb/2025:00:51:40 +0700] "GET /?dir=/home/vietnamesehotels.net/public_html/wp-includes&item=widgets&action=chmod HTTP/1.1" 200 21665 "-" "Mozilla/5.0 (compatible; MJ12bot/v1.4.8; http://mj12bot.com/)"
162.158.163.156 - - [04/Feb/2025:00:51:41 +0700] "GET /dan-de/"+u+"?action=chmod&dir=%2Fhome%2Fvietnamesehotels.net%2Fpublic_html%2Fwp-content%2Fplugins%2Fwp-rocket%2Fvendor%2Fcloudflare%2Fcf-ip-rewrite&item=composer.lock HTTP/1.1" 200 6614 "-" "Mozilla/5.0 AppleWebKit/537.36 (KHTML, like Gecko; compatible; GPTBot/1.2; +https://openai.com/gptbot)"
162.158.163.156 - - [04/Feb/2025:00:51:42 +0700] "GET /dan-de/"+u+"?action=rename&dir=%2Fhome%2Fvietnamesehotels.net%2Fpublic_html%2Fwp-content%2Fplugins%2Fseo-by-rank-math%2Fincludes%2Fmodules%2Fsitemap&item=settings HTTP/1.1" 200 7271 "-" "Mozilla/5.0 AppleWebKit/537.36 (KHTML, like Gecko; compatible; GPTBot/1.2; +https://openai.com/gptbot)"
162.158.163.122 - - [04/Feb/2025:00:51:43 +0700] "GET /?dir=/home/vietnamesehotels.net/public_html/wp-includes&item=class-wp-admin-bar.php&action=chmod HTTP/1.1" 200 21679 "-" "Mozilla/5.0 (compatible; MJ12bot/v1.4.8; http://mj12bot.com/)"
162.158.163.156 - - [04/Feb/2025:00:51:43 +0700] "GET /dan-de/"+u+"?action=rename&dir=%2Fhome%2Fvietnamesehotels.net%2Fpublic_html%2Fwp-content%2Fplugins%2Fwp-rocket%2Fvendor%2Fcloudflare%2Fcf-ip-rewrite&item=src HTTP/1.1" 200 6607 "-" "Mozilla/5.0 AppleWebKit/537.36 (KHTML, like Gecko; compatible; GPTBot/1.2; +https://openai.com/gptbot)"
162.158.163.156 - - [04/Feb/2025:00:51:44 +0700] "GET /dan-de/"+u+"?action=rename&dir=%2Fhome%2Fvietnamesehotels.net%2Fpublic_html%2Fwp-content%2Fplugins%2Fseo-by-rank-math%2Fincludes%2Fmodules%2Fsitemap&item=providers HTTP/1.1" 200 7268 "-" "Mozilla/5.0 AppleWebKit/537.36 (KHTML, like Gecko; compatible; GPTBot/1.2; +https://openai.com/gptbot)"
162.158.163.156 - - [04/Feb/2025:00:51:45 +0700] "GET /dan-de/"+u+"?action=chmod&dir=%2Fhome%2Fvietnamesehotels.net%2Fpublic_html%2Fwp-content%2Fplugins%2Fwp-rocket%2Fvendor%2Fcloudflare%2Fcf-ip-rewrite&item=tests HTTP/1.1" 200 6607 "-" "Mozilla/5.0 AppleWebKit/537.36 (KHTML, like Gecko; compatible; GPTBot/1.2; +https://openai.com/gptbot)"
162.158.163.156 - - [04/Feb/2025:00:51:47 +0700] "GET /dan-de/"+u+"?action=rename&dir=%2Fhome%2Fvietnamesehotels.net%2Fpublic_html%2Fwp-content%2Fplugins%2Fwp-rocket%2Fvendor%2Fcloudflare%2Fcf-ip-rewrite&item=composer.json HTTP/1.1" 200 6610 "-" "Mozilla/5.0 AppleWebKit/537.36 (KHTML, like Gecko; compatible; GPTBot/1.2; +https://openai.com/gptbot)"
162.158.163.122 - - [04/Feb/2025:00:51:47 +0700] "GET /?dir=/home/vietnamesehotels.net/public_html/wp-includes&item=class-wp-admin-bar.php&action=edit HTTP/1.1" 200 27036 "-" "Mozilla/5.0 (compatible; MJ12bot/v1.4.8; http://mj12bot.com/)"
162.158.163.156 - - [04/Feb/2025:00:51:48 +0700] "GET /dan-de/"+u+"?action=edit&dir=%2Fhome%2Fvietnamesehotels.net%2Fpublic_html%2Fwp-content%2Fplugins%2Fwp-rocket%2Fvendor%2Fcloudflare%2Fcf-ip-rewrite&item=composer.lock HTTP/1.1" 200 12432 "-" "Mozilla/5.0 AppleWebKit/537.36 (KHTML, like Gecko; compatible; GPTBot/1.2; +https://openai.com/gptbot)"
162.158.163.140 - - [04/Feb/2025:00:51:48 +0700] "GET /?dir=/home/vietnamesehotels.net/public_html/wp-includes&item=widgets&action=rename HTTP/1.1" 200 21663 "-" "Mozilla/5.0 (compatible; MJ12bot/v1.4.8; http://mj12bot.com/)"
162.158.163.156 - - [04/Feb/2025:00:51:49 +0700] "GET /dan-de/"+u+"?action=chmod&dir=%2Fhome%2Fvietnamesehotels.net%2Fpublic_html%2Fwp-content%2Fplugins%2Fwp-rocket%2Fvendor%2Fcloudflare%2Fcf-ip-rewrite&item=.gitignore HTTP/1.1" 200 6612 "-" "Mozilla/5.0 AppleWebKit/537.36 (KHTML, like Gecko; compatible; GPTBot/1.2; +https://openai.com/gptbot)"
162.158.163.122 - - [04/Feb/2025:00:51:49 +0700] "GET /?dir=/home/vietnamesehotels.net/public_html/wp-includes&item=class-wp-admin-bar.php&action=rename HTTP/1.1" 200 21674 "-" "Mozilla/5.0 (compatible; MJ12bot/v1.4.8; http://mj12bot.com/)"
162.158.163.156 - - [04/Feb/2025:00:51:50 +0700] "GET /dan-de/"+u+"?action=edit&dir=%2Fhome%2Fvietnamesehotels.net%2Fpublic_html%2Fwp-content%2Fplugins%2Fwp-rocket%2Fvendor%2Fcloudflare%2Fcf-ip-rewrite&item=phpunit.xml.dist HTTP/1.1" 200 6815 "-" "Mozilla/5.0 AppleWebKit/537.36 (KHTML, like Gecko; compatible; GPTBot/1.2; +https://openai.com/gptbot)"
162.158.163.156 - - [04/Feb/2025:00:51:51 +0700] "GET /dan-de/"+u+"?action=rename&dir=%2Fhome%2Fvietnamesehotels.net%2Fpublic_html%2Fwp-content%2Fplugins%2Fwp-rocket%2Fvendor%2Fcloudflare%2Fcf-ip-rewrite&item=composer.lock HTTP/1.1" 200 6612 "-" "Mozilla/5.0 AppleWebKit/537.36 (KHTML, like Gecko; compatible; GPTBot/1.2; +https://openai.com/gptbot)"
162.158.163.122 - - [04/Feb/2025:00:51:52 +0700] "GET /?dir=/home/vietnamesehotels.net/public_html/wp-includes&item=class-wp-ajax-response.php&action=chmod HTTP/1.1" 200 21681 "-" "Mozilla/5.0 (compatible; MJ12bot/v1.4.8; http://mj12bot.com/)"
162.158.163.156 - - [04/Feb/2025:00:51:52 +0700] "GET /dan-de/"+u+"?action=rename&dir=%2Fhome%2Fvietnamesehotels.net%2Fpublic_html%2Fwp-content%2Fplugins%2Fwp-rocket%2Fvendor%2Fcloudflare%2Fcf-ip-rewrite&item=phpunit.xml.dist HTTP/1.1" 200 6609 "-" "Mozilla/5.0 AppleWebKit/537.36 (KHTML, like Gecko; compatible; GPTBot/1.2; +https://openai.com/gptbot)"
162.158.163.156 - - [04/Feb/2025:00:51:53 +0700] "GET /dan-de/"+u+"?action=chmod&dir=%2Fhome%2Fvietnamesehotels.net%2Fpublic_html%2Fwp-content%2Fplugins%2Fwp-rocket%2Fvendor%2Fcloudflare%2Fcf-ip-rewrite&item=composer.json HTTP/1.1" 200 6614 "-" "Mozilla/5.0 AppleWebKit/537.36 (KHTML, like Gecko; compatible; GPTBot/1.2; +https://openai.com/gptbot)"
162.158.163.156 - - [04/Feb/2025:00:51:54 +0700] "GET /dan-de/"+u+"?action=chmod&dir=%2Fhome%2Fvietnamesehotels.net%2Fpublic_html%2Fwp-content%2Fplugins%2Fwp-rocket%2Fvendor%2Fcloudflare%2Fcf-ip-rewrite&item=src HTTP/1.1" 200 6608 "-" "Mozilla/5.0 AppleWebKit/537.36 (KHTML, like Gecko; compatible; GPTBot/1.2; +https://openai.com/gptbot)"
162.158.163.122 - - [04/Feb/2025:00:51:54 +0700] "GET /?dir=/home/vietnamesehotels.net/public_html/wp-includes&item=class-wp-ajax-response.php&action=download HTTP/1.1" 200 1799 "-" "Mozilla/5.0 (compatible; MJ12bot/v1.4.8; http://mj12bot.com/)"
162.158.163.156 - - [04/Feb/2025:00:51:55 +0700] "GET /dan-de/"+u+"?action=chmod&dir=%2Fhome%2Fvietnamesehotels.net%2Fpublic_html%2Fwp-content%2Fplugins%2Fwp-rocket%2Fvendor%2Fcloudflare%2Fcf-ip-rewrite&item=phpunit.xml.dist HTTP/1.1" 200 6612 "-" "Mozilla/5.0 AppleWebKit/537.36 (KHTML, like Gecko; compatible; GPTBot/1.2; +https://openai.com/gptbot)"
162.158.163.156 - - [04/Feb/2025:00:51:56 +0700] "GET /dan-de/"+u+"?action=rename&dir=%2Fhome%2Fvietnamesehotels.net%2Fpublic_html%2Fwp-content%2Fplugins%2Fwp-rocket%2Fvendor%2Fcloudflare%2Fcf-ip-rewrite&item=readme.md HTTP/1.1" 200 6611 "-" "Mozilla/5.0 AppleWebKit/537.36 (KHTML, like Gecko; compatible; GPTBot/1.2; +https://openai.com/gptbot)"
162.158.163.122 - - [04/Feb/2025:00:51:57 +0700] "GET /?dir=/home/vietnamesehotels.net/public_html/wp-includes&item=class-wp-ajax-response.php&action=edit HTTP/1.1" 200 23651 "-" "Mozilla/5.0 (compatible; MJ12bot/v1.4.8; http://mj12bot.com/)"
162.158.163.156 - - [04/Feb/2025:00:51:58 +0700] "GET /dan-de/"+u+"?action=edit&dir=%2Fhome%2Fvietnamesehotels.net%2Fpublic_html%2Fwp-content%2Fplugins%2Fwp-rocket%2Fvendor%2Fcloudflare%2Fcf-ip-rewrite&item=composer.json HTTP/1.1" 200 6997 "-" "Mozilla/5.0 AppleWebKit/537.36 (KHTML, like Gecko; compatible; GPTBot/1.2; +https://openai.com/gptbot)"
162.158.163.140 - - [04/Feb/2025:00:51:58 +0700] "GET /?dir=/home/vietnamesehotels.net/public_html/wp-includes&item=widgets.php&action=chmod HTTP/1.1" 200 21667 "-" "Mozilla/5.0 (compatible; MJ12bot/v1.4.8; http://mj12bot.com/)"
162.158.163.156 - - [04/Feb/2025:00:51:59 +0700] "GET /dan-de/"$%7BsrcDataValue%7D"?action=chmod&dir=%2Fhome%2Fvietnamesehotels.net%2Fpublic_html%2Fwp-content%2Fthemes%2Ftwentytwentyfive%2Fpatterns&item=.. HTTP/1.1" 200 11869 "-" "Mozilla/5.0 AppleWebKit/537.36 (KHTML, like Gecko; compatible; GPTBot/1.2; +https://openai.com/gptbot)"
162.158.163.122 - - [04/Feb/2025:00:51:59 +0700] "GET /?dir=/home/vietnamesehotels.net/public_html/wp-includes&item=class-wp-ajax-response.php&action=rename HTTP/1.1" 200 21674 "-" "Mozilla/5.0 (compatible; MJ12bot/v1.4.8; http://mj12bot.com/)"
162.158.163.156 - - [04/Feb/2025:00:52:00 +0700] "GET /dan-de/"+u+"?action=rename&dir=%2Fhome%2Fvietnamesehotels.net%2Fpublic_html%2Fwp-content%2Fplugins%2Fwp-rocket%2Fvendor%2Fcloudflare%2Fcf-ip-rewrite&item=tests HTTP/1.1" 200 6608 "-" "Mozilla/5.0 AppleWebKit/537.36 (KHTML, like Gecko; compatible; GPTBot/1.2; +https://openai.com/gptbot)"
162.158.163.156 - - [04/Feb/2025:00:52:01 +0700] "GET /dan-de/"+u+"?action=edit&dir=%2Fhome%2Fvietnamesehotels.net%2Fpublic_html%2Fwp-content%2Fplugins%2Fwp-rocket%2Fvendor%2Fcloudflare%2Fcf-ip-rewrite&item=readme.md HTTP/1.1" 200 7745 "-" "Mozilla/5.0 AppleWebKit/537.36 (KHTML, like Gecko; compatible; GPTBot/1.2; +https://openai.com/gptbot)"
162.158.163.140 - - [04/Feb/2025:00:52:01 +0700] "GET /?dir=/home/vietnamesehotels.net/public_html/wp-includes&item=widgets.php&action=download HTTP/1.1" 200 15700 "-" "Mozilla/5.0 (compatible; MJ12bot/v1.4.8; http://mj12bot.com/)"
162.158.163.122 - - [04/Feb/2025:00:52:01 +0700] "GET /?dir=/home/vietnamesehotels.net/public_html/wp-includes&item=class-wp-application-passwords.php&action=chmod HTTP/1.1" 200 21687 "-" "Mozilla/5.0 (compatible; MJ12bot/v1.4.8; http://mj12bot.com/)"
162.158.163.156 - - [04/Feb/2025:00:52:02 +0700] "GET /dan-de/"+u+"?action=edit&dir=%2Fhome%2Fvietnamesehotels.net%2Fpublic_html%2Fwp-content%2Fplugins%2Fwp-rocket%2Fvendor%2Fcloudflare%2Fcf-ip-rewrite&item=.gitignore HTTP/1.1" 200 6644 "-" "Mozilla/5.0 AppleWebKit/537.36 (KHTML, like Gecko; compatible; GPTBot/1.2; +https://openai.com/gptbot)"
162.158.163.156 - - [04/Feb/2025:00:52:03 +0700] "GET /dan-de/"$%7BsrcDataValue%7D"?action=chmod&dir=%2Fhome%2Fvietnamesehotels.net%2Fpublic_html%2Fwp-content%2Fthemes%2Ftwentytwentyfive%2Fpatterns&item=. HTTP/1.1" 200 11868 "-" "Mozilla/5.0 AppleWebKit/537.36 (KHTML, like Gecko; compatible; GPTBot/1.2; +https://openai.com/gptbot)"
162.158.163.156 - - [04/Feb/2025:00:52:04 +0700] "GET /dan-de/"+t+"?action=chmod&dir=%2Fhome%2Fvietnamesehotels.net%2Fpublic_html%2Fwp-content%2Fplugins%2Fwp-rocket%2Finc%2FThirdParty%2FHostings&item=. HTTP/1.1" 200 7273 "-" "Mozilla/5.0 AppleWebKit/537.36 (KHTML, like Gecko; compatible; GPTBot/1.2; +https://openai.com/gptbot)"
162.158.163.156 - - [04/Feb/2025:00:52:05 +0700] "GET /dan-de/"+t+"?action=chmod&dir=%2Fhome%2Fvietnamesehotels.net%2Fpublic_html%2Fwp-content%2Fplugins%2Fseo-by-rank-math%2Fincludes%2F3rdparty%2Felementor&item=.. HTTP/1.1" 200 6215 "-" "Mozilla/5.0 AppleWebKit/537.36 (KHTML, like Gecko; compatible; GPTBot/1.2; +https://openai.com/gptbot)"
162.158.163.140 - - [04/Feb/2025:00:52:06 +0700] "GET /?dir=/home/vietnamesehotels.net/public_html/wp-includes&item=widgets.php&action=edit HTTP/1.1" 200 38335 "-" "Mozilla/5.0 (compatible; MJ12bot/v1.4.8; http://mj12bot.com/)"
162.158.163.156 - - [04/Feb/2025:00:52:06 +0700] "GET /dan-de/"+u+"?action=chmod&dir=%2Fhome%2Fvietnamesehotels.net%2Fpublic_html%2Fwp-content%2Fplugins%2Fwp-rocket%2Fviews%2Fsettings%2Ffields&item=.. HTTP/1.1" 200 7061 "-" "Mozilla/5.0 AppleWebKit/537.36 (KHTML, like Gecko; compatible; GPTBot/1.2; +https://openai.com/gptbot)"
162.158.163.122 - - [04/Feb/2025:00:52:07 +0700] "GET /?dir=/home/vietnamesehotels.net/public_html/wp-includes&item=class-wp-application-passwords.php&action=edit HTTP/1.1" 200 24767 "-" "Mozilla/5.0 (compatible; MJ12bot/v1.4.8; http://mj12bot.com/)"
162.158.163.156 - - [04/Feb/2025:00:52:07 +0700] "GET /dan-de/"+t+"?action=chmod&dir=%2Fhome%2Fvietnamesehotels.net%2Fpublic_html%2Fwp-content%2Fplugins%2Fwp-rocket%2Finc%2Fdeprecated%2Fvendors%2Fclasses&item=.. HTTP/1.1" 200 6157 "-" "Mozilla/5.0 AppleWebKit/537.36 (KHTML, like Gecko; compatible; GPTBot/1.2; +https://openai.com/gptbot)"
162.158.163.156 - - [04/Feb/2025:00:52:09 +0700] "GET /dan-de/"+u+"?action=chmod&dir=%2Fhome%2Fvietnamesehotels.net%2Fpublic_html%2Fwp-content%2Fplugins%2Fwp-rocket%2Fviews%2Fsettings%2Ffields&item=. HTTP/1.1" 200 7060 "-" "Mozilla/5.0 AppleWebKit/537.36 (KHTML, like Gecko; compatible; GPTBot/1.2; +https://openai.com/gptbot)"
162.158.163.156 - - [04/Feb/2025:00:52:10 +0700] "GET /dan-de/"+u+"?action=rename&dir=%2Fhome%2Fvietnamesehotels.net%2Fpublic_html%2Fwp-content%2Fplugins%2Feasy-watermark%2Fsrc%2Fviews%2Fedit-screen%2Fmetaboxes&item=watermark HTTP/1.1" 200 6099 "-" "Mozilla/5.0 AppleWebKit/537.36 (KHTML, like Gecko; compatible; GPTBot/1.2; +https://openai.com/gptbot)"
162.158.163.140 - - [04/Feb/2025:00:52:11 +0700] "GET /?dir=/home/vietnamesehotels.net/public_html/wp-includes&item=widgets.php&action=rename HTTP/1.1" 200 21664 "-" "Mozilla/5.0 (compatible; MJ12bot/v1.4.8; http://mj12bot.com/)"
162.158.163.156 - - [04/Feb/2025:00:52:11 +0700] "GET /dan-de/"+u+"?action=chmod&dir=%2Fhome%2Fvietnamesehotels.net%2Fpublic_html%2Fwp-content%2Fplugins%2Feasy-watermark%2Fsrc%2Fviews%2Fedit-screen%2Fmetaboxes&item=attachment HTTP/1.1" 200 6098 "-" "Mozilla/5.0 AppleWebKit/537.36 (KHTML, like Gecko; compatible; GPTBot/1.2; +https://openai.com/gptbot)"
162.158.163.156 - - [04/Feb/2025:00:52:12 +0700] "GET /dan-de/"+u+"?action=chmod&dir=%2Fhome%2Fvietnamesehotels.net%2Fpublic_html%2Fwp-content%2Fplugins%2Feasy-watermark%2Fsrc%2Fviews%2Fedit-screen%2Fmetaboxes&item=watermark HTTP/1.1" 200 6100 "-" "Mozilla/5.0 AppleWebKit/537.36 (KHTML, like Gecko; compatible; GPTBot/1.2; +https://openai.com/gptbot)"
162.158.163.156 - - [04/Feb/2025:00:52:13 +0700] "GET /dan-de/"+u+"?action=rename&dir=%2Fhome%2Fvietnamesehotels.net%2Fpublic_html%2Fwp-content%2Fplugins%2Feasy-watermark%2Fsrc%2Fviews%2Fedit-screen%2Fmetaboxes&item=attachment HTTP/1.1" 200 6097 "-" "Mozilla/5.0 AppleWebKit/537.36 (KHTML, like Gecko; compatible; GPTBot/1.2; +https://openai.com/gptbot)"
162.158.163.122 - - [04/Feb/2025:00:52:14 +0700] "GET /?dir=/home/vietnamesehotels.net/public_html/wp-includes&item=class-wp-block-bindings-registry.php&action=download HTTP/1.1" 200 2174 "-" "Mozilla/5.0 (compatible; MJ12bot/v1.4.8; http://mj12bot.com/)"
162.158.163.156 - - [04/Feb/2025:00:52:14 +0700] "GET /dan-de/"+t+"?action=chmod&dir=%2Fhome%2Fvietnamesehotels.net%2Fpublic_html%2Fwp-content%2Fplugins%2Fseo-by-rank-math%2Fincludes%2F3rdparty%2Felementor&item=assets HTTP/1.1" 200 6216 "-" "Mozilla/5.0 AppleWebKit/537.36 (KHTML, like Gecko; compatible; GPTBot/1.2; +https://openai.com/gptbot)"
162.158.163.156 - - [04/Feb/2025:00:52:15 +0700] "GET /dan-de/"+t+"?action=rename&dir=%2Fhome%2Fvietnamesehotels.net%2Fpublic_html%2Fwp-content%2Fplugins%2Fseo-by-rank-math%2Fincludes%2F3rdparty%2Felementor&item=assets HTTP/1.1" 200 6214 "-" "Mozilla/5.0 AppleWebKit/537.36 (KHTML, like Gecko; compatible; GPTBot/1.2; +https://openai.com/gptbot)"
162.158.163.156 - - [04/Feb/2025:00:52:16 +0700] "GET /dan-de/"+t+"?action=chmod&dir=%2Fhome%2Fvietnamesehotels.net%2Fpublic_html%2Fwp-content%2Fplugins%2Fseo-by-rank-math%2Fincludes%2F3rdparty%2Felementor&item=. HTTP/1.1" 200 6215 "-" "Mozilla/5.0 AppleWebKit/537.36 (KHTML, like Gecko; compatible; GPTBot/1.2; +https://openai.com/gptbot)"
162.158.163.156 - - [04/Feb/2025:00:52:17 +0700] "GET /dan-de/"+u+"?action=chmod&dir=%2Fhome%2Fvietnamesehotels.net%2Fpublic_html%2Fwp-content%2Fplugins%2Feasy-watermark%2Fsrc%2Fviews%2Fedit-screen%2Fmetaboxes&item=.. HTTP/1.1" 200 6097 "-" "Mozilla/5.0 AppleWebKit/537.36 (KHTML, like Gecko; compatible; GPTBot/1.2; +https://openai.com/gptbot)"
162.158.163.156 - - [04/Feb/2025:00:52:18 +0700] "GET /dan-de/"+t+"?action=chmod&dir=%2Fhome%2Fvietnamesehotels.net%2Fpublic_html%2Fwp-content%2Fplugins%2Fduplicator%2Fctrls&item=. HTTP/1.1" 200 6492 "-" "Mozilla/5.0 AppleWebKit/537.36 (KHTML, like Gecko; compatible; GPTBot/1.2; +https://openai.com/gptbot)"
162.158.163.140 - - [04/Feb/2025:00:52:19 +0700] "GET /?dir=/home/vietnamesehotels.net/public_html/wp-includes&item=wp-db.php&action=chmod HTTP/1.1" 200 21667 "-" "Mozilla/5.0 (compatible; MJ12bot/v1.4.8; http://mj12bot.com/)"
162.158.163.156 - - [04/Feb/2025:00:52:19 +0700] "GET /dan-de/"+t+"?action=chmod&dir=%2Fhome%2Fvietnamesehotels.net%2Fpublic_html%2Fwp-content%2Fplugins%2Fduplicator%2Fctrls&item=.. HTTP/1.1" 200 6490 "-" "Mozilla/5.0 AppleWebKit/537.36 (KHTML, like Gecko; compatible; GPTBot/1.2; +https://openai.com/gptbot)"
162.158.163.156 - - [04/Feb/2025:00:52:21 +0700] "GET /dan-de/"+t+"?action=chmod&dir=%2Fhome%2Fvietnamesehotels.net%2Fpublic_html%2Fwp-content%2Fplugins%2Fwp-rocket%2Finc%2Fdeprecated%2Fvendors%2Fclasses&item=. HTTP/1.1" 200 6156 "-" "Mozilla/5.0 AppleWebKit/537.36 (KHTML, like Gecko; compatible; GPTBot/1.2; +https://openai.com/gptbot)"
162.158.163.122 - - [04/Feb/2025:00:52:21 +0700] "GET /?dir=/home/vietnamesehotels.net/public_html/wp-includes&item=class-wp-block-bindings-source.php&action=download HTTP/1.1" 200 1013 "-" "Mozilla/5.0 (compatible; MJ12bot/v1.4.8; http://mj12bot.com/)"
162.158.163.156 - - [04/Feb/2025:00:52:22 +0700] "GET /dan-de/"+u+"?action=chmod&dir=%2Fhome%2Fvietnamesehotels.net%2Fpublic_html%2Fwp-content%2Fplugins%2Feasy-watermark%2Fsrc%2Fviews%2Fedit-screen%2Fmetaboxes&item=. HTTP/1.1" 200 6097 "-" "Mozilla/5.0 AppleWebKit/537.36 (KHTML, like Gecko; compatible; GPTBot/1.2; +https://openai.com/gptbot)"
162.158.163.122 - - [04/Feb/2025:00:52:22 +0700] "GET /?dir=/home/vietnamesehotels.net/public_html/wp-includes&item=class-wp-block-bindings-source.php&action=edit HTTP/1.1" 200 22773 "-" "Mozilla/5.0 (compatible; MJ12bot/v1.4.8; http://mj12bot.com/)"
162.158.163.156 - - [04/Feb/2025:00:52:23 +0700] "GET /dan-de/"+u+"?action=chmod&dir=%2Fhome%2Fvietnamesehotels.net%2Fpublic_html%2Fwp-content%2Fplugins%2Fseo-by-rank-math%2Fincludes%2Fmodules%2Fsitemap&item=html-sitemap HTTP/1.1" 200 7273 "-" "Mozilla/5.0 AppleWebKit/537.36 (KHTML, like Gecko; compatible; GPTBot/1.2; +https://openai.com/gptbot)"
162.158.163.156 - - [04/Feb/2025:00:52:24 +0700] "GET /dan-de/"+u+"?action=rename&dir=%2Fhome%2Fvietnamesehotels.net%2Fpublic_html%2Fwp-content%2Fplugins%2Fseo-by-rank-math%2Fincludes%2Fmodules%2Fsitemap&item=html-sitemap HTTP/1.1" 200 7269 "-" "Mozilla/5.0 AppleWebKit/537.36 (KHTML, like Gecko; compatible; GPTBot/1.2; +https://openai.com/gptbot)"
162.158.163.140 - - [04/Feb/2025:00:52:24 +0700] "GET /?dir=/home/vietnamesehotels.net/public_html/wp-includes&item=wp-db.php&action=download HTTP/1.1" 200 301 "-" "Mozilla/5.0 (compatible; MJ12bot/v1.4.8; http://mj12bot.com/)"
162.158.163.156 - - [04/Feb/2025:00:52:25 +0700] "GET /dan-de/"+t+"?dir=%2Fhome%2Fvietnamesehotels.net%2Fpublic_html%2Fwp-content%2Fplugins%2Fseo-by-rank-math%2Fincludes%2F3rdparty%2Felementor%2Fassets HTTP/1.1" 200 5986 "-" "Mozilla/5.0 AppleWebKit/537.36 (KHTML, like Gecko; compatible; GPTBot/1.2; +https://openai.com/gptbot)"
162.158.163.156 - - [04/Feb/2025:00:52:26 +0700] "GET /dan-de/"+u+"?dir=%2Fhome%2Fvietnamesehotels.net%2Fpublic_html%2Fwp-content%2Fplugins%2Fwp-rocket%2Fvendor%2Fcloudflare%2Fcf-ip-rewrite%2Fsrc HTTP/1.1" 200 5938 "-" "Mozilla/5.0 AppleWebKit/537.36 (KHTML, like Gecko; compatible; GPTBot/1.2; +https://openai.com/gptbot)"
162.158.163.122 - - [04/Feb/2025:00:52:26 +0700] "GET /?dir=/home/vietnamesehotels.net/public_html/wp-includes&item=class-wp-block-editor-context.php&action=chmod HTTP/1.1" 200 21684 "-" "Mozilla/5.0 (compatible; MJ12bot/v1.4.8; http://mj12bot.com/)"
162.158.163.156 - - [04/Feb/2025:00:52:27 +0700] "GET /dan-de/"+u+"?dir=%2Fhome%2Fvietnamesehotels.net%2Fpublic_html%2Fwp-content%2Fplugins%2Fwp-rocket%2Fvendor%2Fcloudflare%2Fcf-ip-rewrite%2Ftests HTTP/1.1" 200 6235 "-" "Mozilla/5.0 AppleWebKit/537.36 (KHTML, like Gecko; compatible; GPTBot/1.2; +https://openai.com/gptbot)"
162.158.163.156 - - [04/Feb/2025:00:52:28 +0700] "GET /dan-de/"+u+"?dir=%2Fhome%2Fvietnamesehotels.net%2Fpublic_html%2Fwp-content%2Fplugins%2Fseo-by-rank-math%2Fincludes%2Fmodules%2Fsitemap%2Fproviders HTTP/1.1" 200 6383 "-" "Mozilla/5.0 AppleWebKit/537.36 (KHTML, like Gecko; compatible; GPTBot/1.2; +https://openai.com/gptbot)"
162.158.163.156 - - [04/Feb/2025:00:52:29 +0700] "GET /dan-de/"+u+"?dir=%2Fhome%2Fvietnamesehotels.net%2Fpublic_html%2Fwp-content%2Fplugins%2Fseo-by-rank-math%2Fincludes%2Fmodules%2Fsitemap%2Fsettings HTTP/1.1" 200 6440 "-" "Mozilla/5.0 AppleWebKit/537.36 (KHTML, like Gecko; compatible; GPTBot/1.2; +https://openai.com/gptbot)"
162.158.163.140 - - [04/Feb/2025:00:52:30 +0700] "GET /?dir=/home/vietnamesehotels.net/public_html/wp-includes&item=wp-db.php&action=edit HTTP/1.1" 200 21962 "-" "Mozilla/5.0 (compatible; MJ12bot/v1.4.8; http://mj12bot.com/)"
162.158.163.122 - - [04/Feb/2025:00:52:30 +0700] "GET /?dir=/home/vietnamesehotels.net/public_html/wp-includes&item=class-wp-block-editor-context.php&action=edit HTTP/1.1" 200 22272 "-" "Mozilla/5.0 (compatible; MJ12bot/v1.4.8; http://mj12bot.com/)"
162.158.163.156 - - [04/Feb/2025:00:52:30 +0700] "GET /dan-de/"+u+"?dir=%2Fhome%2Fvietnamesehotels.net%2Fpublic_html%2Fwp-content%2Fplugins%2Feasy-watermark%2Fvendor%2Fmicropackage%2Fsingleton%2Fsrc HTTP/1.1" 200 6055 "-" "Mozilla/5.0 AppleWebKit/537.36 (KHTML, like Gecko; compatible; GPTBot/1.2; +https://openai.com/gptbot)"
162.158.163.156 - - [04/Feb/2025:00:52:32 +0700] "GET /dan-de/"+t+"?dir=%2Fhome%2Fvietnamesehotels.net%2Fpublic_html%2Fwp-content%2Fplugins%2Fduplicator%2Ftemplate HTTP/1.1" 200 6043 "-" "Mozilla/5.0 AppleWebKit/537.36 (KHTML, like Gecko; compatible; GPTBot/1.2; +https://openai.com/gptbot)"
162.158.163.122 - - [04/Feb/2025:00:52:33 +0700] "GET /?dir=/home/vietnamesehotels.net/public_html/wp-includes&item=class-wp-block-editor-context.php&action=rename HTTP/1.1" 200 21678 "-" "Mozilla/5.0 (compatible; MJ12bot/v1.4.8; http://mj12bot.com/)"
162.158.163.156 - - [04/Feb/2025:00:52:33 +0700] "GET /dan-de/t,window.location.href?dir=%2Fhome%2Fvietnamesehotels.net%2Fpublic_html%2Fwp-content%2Fplugins%2Fwp-rocket%2Finc%2FEngine%2FCDN%2FRocketCDN HTTP/1.1" 200 21414 "-" "Mozilla/5.0 AppleWebKit/537.36 (KHTML, like Gecko; compatible; GPTBot/1.2; +https://openai.com/gptbot)"
162.158.163.140 - - [04/Feb/2025:00:52:34 +0700] "POST /wp-cron.php?doing_wp_cron=1738605154.2943758964538574218750 HTTP/1.1" 200 31 "-" "WordPress/6.7.1; https://vietnamesehotels.net"
162.158.163.156 - - [04/Feb/2025:00:52:34 +0700] "GET /dan-de/t,window.location.href?dir=%2Fhome%2Fvietnamesehotels.net%2Fpublic_html%2Fwp-content%2Fplugins%2Fwp-rocket%2Finc%2Fclasses%2FBuffer HTTP/1.1" 200 21104 "-" "Mozilla/5.0 AppleWebKit/537.36 (KHTML, like Gecko; compatible; GPTBot/1.2; +https://openai.com/gptbot)"
162.158.163.156 - - [04/Feb/2025:00:52:35 +0700] "GET /dan-de/"+t+"?dir=%2Fhome%2Fvietnamesehotels.net%2Fpublic_html%2Fwp-content%2Fplugins%2Feasy-watermark%2Fsrc%2Fclasses%2FDashboard HTTP/1.1" 200 6417 "-" "Mozilla/5.0 AppleWebKit/537.36 (KHTML, like Gecko; compatible; GPTBot/1.2; +https://openai.com/gptbot)"
162.158.162.106 - - [04/Feb/2025:00:52:36 +0700] "POST /wp-cron.php?doing_wp_cron=1738605156.4863140583038330078125 HTTP/1.1" 200 31 "-" "WordPress/6.7.1; https://vietnamesehotels.net"
162.158.163.156 - - [04/Feb/2025:00:52:36 +0700] "GET /dan-de/"+t+"?action=chmod&dir=%2Fhome%2Fvietnamesehotels.net%2Fpublic_html%2Fwp-content%2Fplugins%2Fseo-by-rank-math%2Fincludes%2F3rdparty%2Felementor%2Fassets&item=.. HTTP/1.1" 200 6090 "-" "Mozilla/5.0 AppleWebKit/537.36 (KHTML, like Gecko; compatible; GPTBot/1.2; +https://openai.com/gptbot)"
162.158.163.140 - - [04/Feb/2025:00:52:36 +0700] "GET /?dir=/home/vietnamesehotels.net/public_html/wp-includes&item=wp-db.php&action=rename HTTP/1.1" 200 21661 "-" "Mozilla/5.0 (compatible; MJ12bot/v1.4.8; http://mj12bot.com/)"
162.158.163.156 - - [04/Feb/2025:00:52:37 +0700] "GET /dan-de/"+t+"?action=rename&dir=%2Fhome%2Fvietnamesehotels.net%2Fpublic_html%2Fwp-content%2Fplugins%2Fseo-by-rank-math%2Fincludes%2F3rdparty%2Felementor%2Fassets&item=js HTTP/1.1" 200 6088 "-" "Mozilla/5.0 AppleWebKit/537.36 (KHTML, like Gecko; compatible; GPTBot/1.2; +https://openai.com/gptbot)"
162.158.163.156 - - [04/Feb/2025:00:52:38 +0700] "GET /dan-de/"+t+"?action=chmod&dir=%2Fhome%2Fvietnamesehotels.net%2Fpublic_html%2Fwp-content%2Fplugins%2Fseo-by-rank-math%2Fincludes%2F3rdparty%2Felementor%2Fassets&item=. HTTP/1.1" 200 6089 "-" "Mozilla/5.0 AppleWebKit/537.36 (KHTML, like Gecko; compatible; GPTBot/1.2; +https://openai.com/gptbot)"
162.158.163.156 - - [04/Feb/2025:00:52:39 +0700] "GET /dan-de/"+t+"?action=chmod&dir=%2Fhome%2Fvietnamesehotels.net%2Fpublic_html%2Fwp-content%2Fplugins%2Fseo-by-rank-math%2Fincludes%2F3rdparty%2Felementor%2Fassets&item=js HTTP/1.1" 200 6091 "-" "Mozilla/5.0 AppleWebKit/537.36 (KHTML, like Gecko; compatible; GPTBot/1.2; +https://openai.com/gptbot)"
162.158.163.122 - - [04/Feb/2025:00:52:40 +0700] "GET /?dir=/home/vietnamesehotels.net/public_html/wp-includes&item=wp-diff.php&action=chmod HTTP/1.1" 200 21672 "-" "Mozilla/5.0 (compatible; MJ12bot/v1.4.8; http://mj12bot.com/)"
162.158.163.156 - - [04/Feb/2025:00:52:40 +0700] "GET /dan-de/"+u+"?action=rename&dir=%2Fhome%2Fvietnamesehotels.net%2Fpublic_html%2Fwp-content%2Fplugins%2Fwp-rocket%2Fvendor%2Fcloudflare%2Fcf-ip-rewrite%2Fsrc&item=CloudFlare HTTP/1.1" 200 6042 "-" "Mozilla/5.0 AppleWebKit/537.36 (KHTML, like Gecko; compatible; GPTBot/1.2; +https://openai.com/gptbot)"
162.158.163.122 - - [04/Feb/2025:00:52:41 +0700] "GET /?dir=/home/vietnamesehotels.net/public_html/wp-includes&item=class-wp-block-list.php&action=edit HTTP/1.1" 200 22936 "-" "Mozilla/5.0 (compatible; MJ12bot/v1.4.8; http://mj12bot.com/)"
162.158.163.156 - - [04/Feb/2025:00:52:41 +0700] "GET /dan-de/"+u+"?action=chmod&dir=%2Fhome%2Fvietnamesehotels.net%2Fpublic_html%2Fwp-content%2Fplugins%2Fwp-rocket%2Fvendor%2Fcloudflare%2Fcf-ip-rewrite%2Fsrc&item=CloudFlare HTTP/1.1" 200 6043 "-" "Mozilla/5.0 AppleWebKit/537.36 (KHTML, like Gecko; compatible; GPTBot/1.2; +https://openai.com/gptbot)"
162.158.163.156 - - [04/Feb/2025:00:52:43 +0700] "GET /dan-de/"+u+"?action=chmod&dir=%2Fhome%2Fvietnamesehotels.net%2Fpublic_html%2Fwp-content%2Fplugins%2Fwp-rocket%2Fvendor%2Fcloudflare%2Fcf-ip-rewrite%2Fsrc&item=. HTTP/1.1" 200 6039 "-" "Mozilla/5.0 AppleWebKit/537.36 (KHTML, like Gecko; compatible; GPTBot/1.2; +https://openai.com/gptbot)"
162.158.163.140 - - [04/Feb/2025:00:52:44 +0700] "GET /?dir=/home/vietnamesehotels.net/public_html/wp-includes&item=wp-diff.php&action=download HTTP/1.1" 200 330 "-" "Mozilla/5.0 (compatible; MJ12bot/v1.4.8; http://mj12bot.com/)"
162.158.163.156 - - [04/Feb/2025:00:52:44 +0700] "GET /dan-de/"+u+"?action=chmod&dir=%2Fhome%2Fvietnamesehotels.net%2Fpublic_html%2Fwp-content%2Fplugins%2Fwp-rocket%2Fvendor%2Fcloudflare%2Fcf-ip-rewrite%2Fsrc&item=.. HTTP/1.1" 200 6042 "-" "Mozilla/5.0 AppleWebKit/537.36 (KHTML, like Gecko; compatible; GPTBot/1.2; +https://openai.com/gptbot)"
162.158.163.156 - - [04/Feb/2025:00:52:45 +0700] "GET /dan-de/"+u+"?action=chmod&dir=%2Fhome%2Fvietnamesehotels.net%2Fpublic_html%2Fwp-content%2Fplugins%2Fwp-rocket%2Fvendor%2Fcloudflare%2Fcf-ip-rewrite%2Ftests&item=.. HTTP/1.1" 200 6348 "-" "Mozilla/5.0 AppleWebKit/537.36 (KHTML, like Gecko; compatible; GPTBot/1.2; +https://openai.com/gptbot)"
162.158.163.122 - - [04/Feb/2025:00:52:46 +0700] "GET /?dir=/home/vietnamesehotels.net/public_html/wp-includes&item=class-wp-block-metadata-registry.php&action=chmod HTTP/1.1" 200 21687 "-" "Mozilla/5.0 (compatible; MJ12bot/v1.4.8; http://mj12bot.com/)"
162.158.163.156 - - [04/Feb/2025:00:52:46 +0700] "GET /dan-de/"+u+"?action=chmod&dir=%2Fhome%2Fvietnamesehotels.net%2Fpublic_html%2Fwp-content%2Fplugins%2Fwp-rocket%2Fvendor%2Fcloudflare%2Fcf-ip-rewrite%2Ftests&item=. HTTP/1.1" 200 6347 "-" "Mozilla/5.0 AppleWebKit/537.36 (KHTML, like Gecko; compatible; GPTBot/1.2; +https://openai.com/gptbot)"
162.158.163.156 - - [04/Feb/2025:00:52:47 +0700] "GET /dan-de/"+u+"?action=chmod&dir=%2Fhome%2Fvietnamesehotels.net%2Fpublic_html%2Fwp-content%2Fplugins%2Fseo-by-rank-math%2Fincludes%2Fmodules%2Fsitemap%2Fproviders&item=.. HTTP/1.1" 200 6486 "-" "Mozilla/5.0 AppleWebKit/537.36 (KHTML, like Gecko; compatible; GPTBot/1.2; +https://openai.com/gptbot)"
162.158.163.140 - - [04/Feb/2025:00:52:47 +0700] "GET /?dir=/home/vietnamesehotels.net/public_html/wp-includes&item=wp-diff.php&action=edit HTTP/1.1" 200 21990 "-" "Mozilla/5.0 (compatible; MJ12bot/v1.4.8; http://mj12bot.com/)"
162.158.163.156 - - [04/Feb/2025:00:52:48 +0700] "GET /dan-de/"+u+"?action=chmod&dir=%2Fhome%2Fvietnamesehotels.net%2Fpublic_html%2Fwp-content%2Fplugins%2Fseo-by-rank-math%2Fincludes%2Fmodules%2Fsitemap%2Fproviders&item=. HTTP/1.1" 200 6487 "-" "Mozilla/5.0 AppleWebKit/537.36 (KHTML, like Gecko; compatible; GPTBot/1.2; +https://openai.com/gptbot)"
162.158.163.156 - - [04/Feb/2025:00:52:49 +0700] "GET /dan-de/"+u+"?action=chmod&dir=%2Fhome%2Fvietnamesehotels.net%2Fpublic_html%2Fwp-content%2Fplugins%2Fseo-by-rank-math%2Fincludes%2Fmodules%2Fsitemap%2Fsettings&item=.. HTTP/1.1" 200 6543 "-" "Mozilla/5.0 AppleWebKit/537.36 (KHTML, like Gecko; compatible; GPTBot/1.2; +https://openai.com/gptbot)"
162.158.163.156 - - [04/Feb/2025:00:52:50 +0700] "GET /dan-de/"+u+"?action=chmod&dir=%2Fhome%2Fvietnamesehotels.net%2Fpublic_html%2Fwp-content%2Fplugins%2Fseo-by-rank-math%2Fincludes%2Fmodules%2Fsitemap%2Fsettings&item=. HTTP/1.1" 200 6543 "-" "Mozilla/5.0 AppleWebKit/537.36 (KHTML, like Gecko; compatible; GPTBot/1.2; +https://openai.com/gptbot)"
162.158.163.140 - - [04/Feb/2025:00:52:51 +0700] "GET /?dir=/home/vietnamesehotels.net/public_html/wp-includes&item=wp-diff.php&action=rename HTTP/1.1" 200 21662 "-" "Mozilla/5.0 (compatible; MJ12bot/v1.4.8; http://mj12bot.com/)"
162.158.163.156 - - [04/Feb/2025:00:52:51 +0700] "GET /dan-de/"+u+"?action=chmod&dir=%2Fhome%2Fvietnamesehotels.net%2Fpublic_html%2Fwp-content%2Fplugins%2Feasy-watermark%2Fvendor%2Fmicropackage%2Fsingleton%2Fsrc&item=. HTTP/1.1" 200 6158 "-" "Mozilla/5.0 AppleWebKit/537.36 (KHTML, like Gecko; compatible; GPTBot/1.2; +https://openai.com/gptbot)"
162.158.163.156 - - [04/Feb/2025:00:52:52 +0700] "GET /dan-de/"+u+"?action=chmod&dir=%2Fhome%2Fvietnamesehotels.net%2Fpublic_html%2Fwp-content%2Fplugins%2Feasy-watermark%2Fvendor%2Fmicropackage%2Fsingleton%2Fsrc&item=.. HTTP/1.1" 200 6159 "-" "Mozilla/5.0 AppleWebKit/537.36 (KHTML, like Gecko; compatible; GPTBot/1.2; +https://openai.com/gptbot)"
162.158.163.156 - - [04/Feb/2025:00:52:54 +0700] "GET /dan-de/t,window.location.href?action=chmod&dir=%2Fhome%2Fvietnamesehotels.net%2Fpublic_html%2Fwp-content%2Fplugins%2Fwp-rocket%2Finc%2Fclasses%2FBuffer&item=.. HTTP/1.1" 200 21205 "-" "Mozilla/5.0 AppleWebKit/537.36 (KHTML, like Gecko; compatible; GPTBot/1.2; +https://openai.com/gptbot)"
162.158.163.140 - - [04/Feb/2025:00:52:54 +0700] "GET /?dir=/home/vietnamesehotels.net/public_html/wp-includes/ID3 HTTP/1.1" 200 7092 "-" "Mozilla/5.0 (compatible; MJ12bot/v1.4.8; http://mj12bot.com/)"
162.158.163.156 - - [04/Feb/2025:00:52:55 +0700] "GET /dan-de/t,window.location.href?action=chmod&dir=%2Fhome%2Fvietnamesehotels.net%2Fpublic_html%2Fwp-content%2Fplugins%2Fwp-rocket%2Finc%2Fclasses%2FBuffer&item=. HTTP/1.1" 200 21203 "-" "Mozilla/5.0 AppleWebKit/537.36 (KHTML, like Gecko; compatible; GPTBot/1.2; +https://openai.com/gptbot)"
162.158.163.156 - - [04/Feb/2025:00:52:56 +0700] "GET /dan-de/"+t+"?action=chmod&dir=%2Fhome%2Fvietnamesehotels.net%2Fpublic_html%2Fwp-content%2Fplugins%2Feasy-watermark%2Fsrc%2Fclasses%2FDashboard&item=.. HTTP/1.1" 200 6520 "-" "Mozilla/5.0 AppleWebKit/537.36 (KHTML, like Gecko; compatible; GPTBot/1.2; +https://openai.com/gptbot)"
162.158.163.156 - - [04/Feb/2025:00:52:57 +0700] "GET /dan-de/"+t+"?action=chmod&dir=%2Fhome%2Fvietnamesehotels.net%2Fpublic_html%2Fwp-content%2Fplugins%2Feasy-watermark%2Fsrc%2Fclasses%2FDashboard&item=. HTTP/1.1" 200 6521 "-" "Mozilla/5.0 AppleWebKit/537.36 (KHTML, like Gecko; compatible; GPTBot/1.2; +https://openai.com/gptbot)"
162.158.163.140 - - [04/Feb/2025:00:52:57 +0700] "GET /?dir=/home/vietnamesehotels.net/public_html/wp-includes/IXR HTTP/1.1" 200 6641 "-" "Mozilla/5.0 (compatible; MJ12bot/v1.4.8; http://mj12bot.com/)"
162.158.163.156 - - [04/Feb/2025:00:52:58 +0700] "GET /dan-de/"+t+"?action=chmod&dir=%2Fhome%2Fvietnamesehotels.net%2Fpublic_html%2Fwp-content%2Fplugins%2Fduplicator%2Ftemplate&item=.. HTTP/1.1" 200 6148 "-" "Mozilla/5.0 AppleWebKit/537.36 (KHTML, like Gecko; compatible; GPTBot/1.2; +https://openai.com/gptbot)"
162.158.163.156 - - [04/Feb/2025:00:52:59 +0700] "GET /dan-de/"+t+"?action=chmod&dir=%2Fhome%2Fvietnamesehotels.net%2Fpublic_html%2Fwp-content%2Fplugins%2Fduplicator%2Ftemplate&item=. HTTP/1.1" 200 6147 "-" "Mozilla/5.0 AppleWebKit/537.36 (KHTML, like Gecko; compatible; GPTBot/1.2; +https://openai.com/gptbot)"
162.158.163.140 - - [04/Feb/2025:00:53:00 +0700] "GET /?dir=/home/vietnamesehotels.net/public_html/wp-includes/PHPMailer HTTP/1.1" 200 6107 "-" "Mozilla/5.0 (compatible; MJ12bot/v1.4.8; http://mj12bot.com/)"
162.158.163.156 - - [04/Feb/2025:00:53:00 +0700] "GET /dan-de/t,window.location.href?action=chmod&dir=%2Fhome%2Fvietnamesehotels.net%2Fpublic_html%2Fwp-content%2Fplugins%2Fwp-rocket%2Finc%2FEngine%2FCDN%2FRocketCDN&item=views HTTP/1.1" 200 21520 "-" "Mozilla/5.0 AppleWebKit/537.36 (KHTML, like Gecko; compatible; GPTBot/1.2; +https://openai.com/gptbot)"
162.158.163.156 - - [04/Feb/2025:00:53:01 +0700] "GET /dan-de/t,window.location.href?action=rename&dir=%2Fhome%2Fvietnamesehotels.net%2Fpublic_html%2Fwp-content%2Fplugins%2Fwp-rocket%2Finc%2FEngine%2FCDN%2FRocketCDN&item=views HTTP/1.1" 200 21518 "-" "Mozilla/5.0 AppleWebKit/537.36 (KHTML, like Gecko; compatible; GPTBot/1.2; +https://openai.com/gptbot)"
162.158.163.140 - - [04/Feb/2025:00:53:02 +0700] "GET /?dir=/home/vietnamesehotels.net/public_html/wp-includes/Requests HTTP/1.1" 200 5917 "-" "Mozilla/5.0 (compatible; MJ12bot/v1.4.8; http://mj12bot.com/)"
162.158.163.156 - - [04/Feb/2025:00:53:02 +0700] "GET /dan-de/"+t+"?action=chmod&dir=%2Fhome%2Fvietnamesehotels.net%2Fpublic_html%2Fwp-content%2Fplugins%2Fduplicator%2Ftemplate&item=admin_pages HTTP/1.1" 200 6146 "-" "Mozilla/5.0 AppleWebKit/537.36 (KHTML, like Gecko; compatible; GPTBot/1.2; +https://openai.com/gptbot)"
162.158.163.156 - - [04/Feb/2025:00:53:03 +0700] "GET /dan-de/"+t+"?action=rename&dir=%2Fhome%2Fvietnamesehotels.net%2Fpublic_html%2Fwp-content%2Fplugins%2Fduplicator%2Ftemplate&item=admin_pages HTTP/1.1" 200 6144 "-" "Mozilla/5.0 AppleWebKit/537.36 (KHTML, like Gecko; compatible; GPTBot/1.2; +https://openai.com/gptbot)"
162.158.163.156 - - [04/Feb/2025:00:53:05 +0700] "GET /dan-de/"+t+"?action=rename&dir=%2Fhome%2Fvietnamesehotels.net%2Fpublic_html%2Fwp-content%2Fplugins%2Fduplicator%2Ftemplate&item=parts HTTP/1.1" 200 6147 "-" "Mozilla/5.0 AppleWebKit/537.36 (KHTML, like Gecko; compatible; GPTBot/1.2; +https://openai.com/gptbot)"
162.158.163.140 - - [04/Feb/2025:00:53:05 +0700] "GET /?dir=/home/vietnamesehotels.net/public_html/wp-includes/SimplePie HTTP/1.1" 200 6098 "-" "Mozilla/5.0 (compatible; MJ12bot/v1.4.8; http://mj12bot.com/)"
162.158.163.156 - - [04/Feb/2025:00:53:06 +0700] "GET /dan-de/"+t+"?action=rename&dir=%2Fhome%2Fvietnamesehotels.net%2Fpublic_html%2Fwp-content%2Fplugins%2Fduplicator%2Ftemplate&item=mocks HTTP/1.1" 200 6148 "-" "Mozilla/5.0 AppleWebKit/537.36 (KHTML, like Gecko; compatible; GPTBot/1.2; +https://openai.com/gptbot)"
162.158.163.156 - - [04/Feb/2025:00:53:07 +0700] "GET /dan-de/"+t+"?action=chmod&dir=%2Fhome%2Fvietnamesehotels.net%2Fpublic_html%2Fwp-content%2Fplugins%2Fduplicator%2Ftemplate&item=mail HTTP/1.1" 200 6145 "-" "Mozilla/5.0 AppleWebKit/537.36 (KHTML, like Gecko; compatible; GPTBot/1.2; +https://openai.com/gptbot)"
162.158.163.156 - - [04/Feb/2025:00:53:08 +0700] "GET /dan-de/"+t+"?action=rename&dir=%2Fhome%2Fvietnamesehotels.net%2Fpublic_html%2Fwp-content%2Fplugins%2Fduplicator%2Ftemplate&item=mail HTTP/1.1" 200 6144 "-" "Mozilla/5.0 AppleWebKit/537.36 (KHTML, like Gecko; compatible; GPTBot/1.2; +https://openai.com/gptbot)"
162.158.163.156 - - [04/Feb/2025:00:53:09 +0700] "GET /dan-de/"+t+"?action=chmod&dir=%2Fhome%2Fvietnamesehotels.net%2Fpublic_html%2Fwp-content%2Fplugins%2Fduplicator%2Ftemplate&item=mocks HTTP/1.1" 200 6149 "-" "Mozilla/5.0 AppleWebKit/537.36 (KHTML, like Gecko; compatible; GPTBot/1.2; +https://openai.com/gptbot)"
162.158.163.140 - - [04/Feb/2025:00:53:10 +0700] "GET /?dir=/home/vietnamesehotels.net/public_html/wp-includes/Text HTTP/1.1" 200 6108 "-" "Mozilla/5.0 (compatible; MJ12bot/v1.4.8; http://mj12bot.com/)"
162.158.163.156 - - [04/Feb/2025:00:53:10 +0700] "GET /dan-de/"+t+"?action=chmod&dir=%2Fhome%2Fvietnamesehotels.net%2Fpublic_html%2Fwp-content%2Fplugins%2Fduplicator%2Ftemplate&item=parts HTTP/1.1" 200 6149 "-" "Mozilla/5.0 AppleWebKit/537.36 (KHTML, like Gecko; compatible; GPTBot/1.2; +https://openai.com/gptbot)"
162.158.163.156 - - [04/Feb/2025:00:53:11 +0700] "GET /dan-de/t,window.location.href?action=chmod&dir=%2Fhome%2Fvietnamesehotels.net%2Fpublic_html%2Fwp-content%2Fplugins%2Fwp-rocket%2Finc%2FEngine%2FCDN%2FRocketCDN&item=.. HTTP/1.1" 200 21522 "-" "Mozilla/5.0 AppleWebKit/537.36 (KHTML, like Gecko; compatible; GPTBot/1.2; +https://openai.com/gptbot)"
162.158.163.156 - - [04/Feb/2025:00:53:12 +0700] "GET /dan-de/t,window.location.href?action=chmod&dir=%2Fhome%2Fvietnamesehotels.net%2Fpublic_html%2Fwp-content%2Fplugins%2Fwp-rocket%2Finc%2FEngine%2FCDN%2FRocketCDN&item=. HTTP/1.1" 200 21519 "-" "Mozilla/5.0 AppleWebKit/537.36 (KHTML, like Gecko; compatible; GPTBot/1.2; +https://openai.com/gptbot)"
162.158.163.140 - - [04/Feb/2025:00:53:13 +0700] "GET /?dir=/home/vietnamesehotels.net/public_html/wp-includes/assets HTTP/1.1" 200 6452 "-" "Mozilla/5.0 (compatible; MJ12bot/v1.4.8; http://mj12bot.com/)"
172.69.165.42 - - [04/Feb/2025:00:53:13 +0700] "GET /?dir=/home/vietnamesehotels.net/public_html/wp-content&item=..&action=chmod HTTP/1.1" 200 7025 "-" "Mozilla/5.0 (iPhone; CPU iPhone OS 13_2_3 like Mac OS X) AppleWebKit/605.1.15 (KHTML, like Gecko) Version/13.0.3 Mobile/15E148 Safari/604.1"
162.158.163.156 - - [04/Feb/2025:00:53:15 +0700] "GET /dan-de/t,window.location.href?dir=%2Fhome%2Fvietnamesehotels.net%2Fpublic_html%2Fwp-content%2Fplugins%2Fwp-rocket%2Finc%2FEngine%2FCDN%2FRocketCDN%2Fviews HTTP/1.1" 200 21136 "-" "Mozilla/5.0 AppleWebKit/537.36 (KHTML, like Gecko; compatible; GPTBot/1.2; +https://openai.com/gptbot)"
162.158.163.156 - - [04/Feb/2025:00:53:16 +0700] "GET /dan-de/"+t+"?dir=%2Fhome%2Fvietnamesehotels.net%2Fpublic_html%2Fwp-content%2Fplugins%2Fduplicator%2Ftemplate%2Fadmin_pages HTTP/1.1" 200 6070 "-" "Mozilla/5.0 AppleWebKit/537.36 (KHTML, like Gecko; compatible; GPTBot/1.2; +https://openai.com/gptbot)"
162.158.163.140 - - [04/Feb/2025:00:53:16 +0700] "GET /?dir=/home/vietnamesehotels.net/public_html/wp-includes/block-bindings HTTP/1.1" 200 6064 "-" "Mozilla/5.0 (compatible; MJ12bot/v1.4.8; http://mj12bot.com/)"
162.158.163.156 - - [04/Feb/2025:00:53:17 +0700] "GET /dan-de/"+t+"?dir=%2Fhome%2Fvietnamesehotels.net%2Fpublic_html%2Fwp-content%2Fplugins%2Fduplicator%2Ftemplate%2Fparts HTTP/1.1" 200 6548 "-" "Mozilla/5.0 AppleWebKit/537.36 (KHTML, like Gecko; compatible; GPTBot/1.2; +https://openai.com/gptbot)"
162.158.163.156 - - [04/Feb/2025:00:53:18 +0700] "GET /dan-de/"+t+"?dir=%2Fhome%2Fvietnamesehotels.net%2Fpublic_html%2Fwp-content%2Fplugins%2Fduplicator%2Ftemplate%2Fmocks HTTP/1.1" 200 6278 "-" "Mozilla/5.0 AppleWebKit/537.36 (KHTML, like Gecko; compatible; GPTBot/1.2; +https://openai.com/gptbot)"
162.158.163.121 - - [04/Feb/2025:00:53:18 +0700] "GET /?dir=/home/vietnamesehotels.net/public_html/wp-includes&item=class-wp-block-parser-block.php&action=rename HTTP/1.1" 200 21672 "-" "Mozilla/5.0 (compatible; MJ12bot/v1.4.8; http://mj12bot.com/)"
162.158.163.156 - - [04/Feb/2025:00:53:19 +0700] "GET /dan-de/"+t+"?dir=%2Fhome%2Fvietnamesehotels.net%2Fpublic_html%2Fwp-content%2Fplugins%2Fduplicator%2Ftemplate%2Fmail HTTP/1.1" 200 6026 "-" "Mozilla/5.0 AppleWebKit/537.36 (KHTML, like Gecko; compatible; GPTBot/1.2; +https://openai.com/gptbot)"
162.158.163.156 - - [04/Feb/2025:00:53:20 +0700] "GET /dan-de/"+t+"?dir=%2Fhome%2Fvietnamesehotels.net%2Fpublic_html%2Fwp-content%2Fplugins%2Fwordfence%2Fmodels%2Fcommon HTTP/1.1" 200 6016 "-" "Mozilla/5.0 AppleWebKit/537.36 (KHTML, like Gecko; compatible; GPTBot/1.2; +https://openai.com/gptbot)"
162.158.163.140 - - [04/Feb/2025:00:53:20 +0700] "GET /?dir=/home/vietnamesehotels.net/public_html/wp-includes/block-patterns HTTP/1.1" 200 6455 "-" "Mozilla/5.0 (compatible; MJ12bot/v1.4.8; http://mj12bot.com/)"
162.158.163.156 - - [04/Feb/2025:00:53:21 +0700] "GET /dan-de/"+u+"?dir=%2Fhome%2Fvietnamesehotels.net%2Fpublic_html%2Fwp-content%2Fplugins%2Fwp-rocket%2Finc%2FDependencies%2FMinify HTTP/1.1" 200 6393 "-" "Mozilla/5.0 AppleWebKit/537.36 (KHTML, like Gecko; compatible; GPTBot/1.2; +https://openai.com/gptbot)"
162.158.163.156 - - [04/Feb/2025:00:53:22 +0700] "GET /dan-de/"+t+"?dir=%2Fhome%2Fvietnamesehotels.net%2Fpublic_html%2Fwp-content%2Fthemes%2Fflatsome%2Finc%2Fintegrations%2Fwc-composite-products HTTP/1.1" 200 6108 "-" "Mozilla/5.0 AppleWebKit/537.36 (KHTML, like Gecko; compatible; GPTBot/1.2; +https://openai.com/gptbot)"
162.158.163.156 - - [04/Feb/2025:00:53:23 +0700] "GET /dan-de/"+t+"?dir=%2Fhome%2Fvietnamesehotels.net%2Fpublic_html%2Fwp-content%2Fplugins%2Fduplicator%2Fsrc%2FLibs%2FWpConfig HTTP/1.1" 200 6104 "-" "Mozilla/5.0 AppleWebKit/537.36 (KHTML, like Gecko; compatible; GPTBot/1.2; +https://openai.com/gptbot)"
162.158.163.156 - - [04/Feb/2025:00:53:24 +0700] "GET /dan-de/"+u+"?dir=%2Fhome%2Fvietnamesehotels.net%2Fpublic_html%2Fwp-content%2Fplugins%2Fwp-rocket%2Fviews%2Fmetaboxes HTTP/1.1" 200 6022 "-" "Mozilla/5.0 AppleWebKit/537.36 (KHTML, like Gecko; compatible; GPTBot/1.2; +https://openai.com/gptbot)"
162.158.163.140 - - [04/Feb/2025:00:53:25 +0700] "GET /?dir=/home/vietnamesehotels.net/public_html/wp-includes/block-supports HTTP/1.1" 200 7099 "-" "Mozilla/5.0 (compatible; MJ12bot/v1.4.8; http://mj12bot.com/)"
162.158.163.156 - - [04/Feb/2025:00:53:26 +0700] "GET /dan-de/t,window.location.href?action=chmod&dir=%2Fhome%2Fvietnamesehotels.net%2Fpublic_html%2Fwp-content%2Fplugins%2Fwp-rocket%2Finc%2FEngine%2FCDN%2FRocketCDN%2Fviews&item=. HTTP/1.1" 200 21231 "-" "Mozilla/5.0 AppleWebKit/537.36 (KHTML, like Gecko; compatible; GPTBot/1.2; +https://openai.com/gptbot)"
