172.69.165.43 - - [04/Feb/2025:01:01:47 +0700] "GET /dan-de/"$%7BsrcDataValue%7D"?action=chmod&dir=%2Fhome%2Fvietnamesehotels.net%2Fpublic_html%2Fwp-content%2Fplugins%2Fintelly-related-posts&item=.. HTTP/1.1" 200 7289 "-" "Mozilla/5.0 AppleWebKit/537.36 (KHTML, like Gecko; compatible; GPTBot/1.2; +https://openai.com/gptbot)"
162.158.189.130 - - [04/Feb/2025:01:01:48 +0700] "GET /dan-de/"$%7BsrcDataValue%7D"?action=rename&dir=%2Fhome%2Fvietnamesehotels.net%2Fpublic_html%2Fwp-content%2Fplugins%2Fintelly-related-posts&item=screenshot-6.jpg HTTP/1.1" 200 7296 "-" "Mozilla/5.0 AppleWebKit/537.36 (KHTML, like Gecko; compatible; GPTBot/1.2; +https://openai.com/gptbot)"
162.158.163.156 - - [04/Feb/2025:01:01:49 +0700] "GET /chinh-sach-bao-mat/?dir=/home/vietnamesehotels.net/public_html&item=wp-load.php&action=download HTTP/1.1" 200 1653 "-" "Mozilla/5.0 (compatible; MJ12bot/v1.4.8; http://mj12bot.com/)"
172.70.188.155 - - [04/Feb/2025:01:01:49 +0700] "GET /dan-de/"$%7BsrcDataValue%7D"?action=chmod&dir=%2Fhome%2Fvietnamesehotels.net%2Fpublic_html%2Fwp-content%2Fplugins%2Fintelly-related-posts&item=shortcode-block.js HTTP/1.1" 200 7303 "-" "Mozilla/5.0 AppleWebKit/537.36 (KHTML, like Gecko; compatible; GPTBot/1.2; +https://openai.com/gptbot)"
162.158.162.124 - - [04/Feb/2025:01:01:50 +0700] "GET /?dir=/home/vietnamesehotels.net/public_html/wp-includes&item=class-wp-hook.php&action=download HTTP/1.1" 200 3854 "-" "Mozilla/5.0 (compatible; MJ12bot/v1.4.8; http://mj12bot.com/)"
162.158.190.107 - - [04/Feb/2025:01:01:51 +0700] "GET /dan-de/"$%7BsrcDataValue%7D"?action=chmod&dir=%2Fhome%2Fvietnamesehotels.net%2Fpublic_html%2Fwp-content%2Fplugins%2Fintelly-related-posts&item=screenshot-8.png HTTP/1.1" 200 7306 "-" "Mozilla/5.0 AppleWebKit/537.36 (KHTML, like Gecko; compatible; GPTBot/1.2; +https://openai.com/gptbot)"
162.158.163.156 - - [04/Feb/2025:01:01:51 +0700] "GET /chinh-sach-bao-mat/?dir=/home/vietnamesehotels.net/public_html&item=wp-load.php&action=edit HTTP/1.1" 200 26516 "-" "Mozilla/5.0 (compatible; MJ12bot/v1.4.8; http://mj12bot.com/)"
162.158.171.6 - - [04/Feb/2025:01:01:52 +0700] "GET /dan-de/"$%7BsrcDataValue%7D"?action=rename&dir=%2Fhome%2Fvietnamesehotels.net%2Fpublic_html%2Fwp-content%2Fplugins%2Fintelly-related-posts&item=screenshot-1.gif HTTP/1.1" 200 7292 "-" "Mozilla/5.0 AppleWebKit/537.36 (KHTML, like Gecko; compatible; GPTBot/1.2; +https://openai.com/gptbot)"
162.158.162.125 - - [04/Feb/2025:01:01:52 +0700] "GET /?dir=/home/vietnamesehotels.net/public_html/wp-includes&item=class-wp-hook.php&action=edit HTTP/1.1" 200 25882 "-" "Mozilla/5.0 (compatible; MJ12bot/v1.4.8; http://mj12bot.com/)"
162.158.170.250 - - [04/Feb/2025:01:01:53 +0700] "GET /dan-de/"$%7BsrcDataValue%7D"?action=chmod&dir=%2Fhome%2Fvietnamesehotels.net%2Fpublic_html%2Fwp-content%2Fplugins%2Fintelly-related-posts&item=screenshot-3.png HTTP/1.1" 200 7301 "-" "Mozilla/5.0 AppleWebKit/537.36 (KHTML, like Gecko; compatible; GPTBot/1.2; +https://openai.com/gptbot)"
162.158.162.124 - - [04/Feb/2025:01:01:54 +0700] "GET /?dir=/home/vietnamesehotels.net/public_html/wp-includes&item=class-wp-hook.php&action=rename HTTP/1.1" 200 21663 "-" "Mozilla/5.0 (compatible; MJ12bot/v1.4.8; http://mj12bot.com/)"
172.70.147.92 - - [04/Feb/2025:01:01:54 +0700] "GET /dan-de/"$%7BsrcDataValue%7D"?action=chmod&dir=%2Fhome%2Fvietnamesehotels.net%2Fpublic_html%2Fwp-content%2Fplugins%2Fintelly-related-posts&item=screenshot-1.gif HTTP/1.1" 200 7296 "-" "Mozilla/5.0 AppleWebKit/537.36 (KHTML, like Gecko; compatible; GPTBot/1.2; +https://openai.com/gptbot)"
162.158.163.156 - - [04/Feb/2025:01:01:54 +0700] "GET /chinh-sach-bao-mat/?dir=/home/vietnamesehotels.net/public_html&item=wp-load.php&action=rename HTTP/1.1" 200 24893 "-" "Mozilla/5.0 (compatible; MJ12bot/v1.4.8; http://mj12bot.com/)"
172.70.142.41 - - [04/Feb/2025:01:01:55 +0700] "GET /dan-de/"$%7BsrcDataValue%7D"?action=chmod&dir=%2Fhome%2Fvietnamesehotels.net%2Fpublic_html%2Fwp-content%2Fplugins%2Fintelly-related-posts&item=screenshot-6.jpg HTTP/1.1" 200 7298 "-" "Mozilla/5.0 AppleWebKit/537.36 (KHTML, like Gecko; compatible; GPTBot/1.2; +https://openai.com/gptbot)"
162.158.162.125 - - [04/Feb/2025:01:01:55 +0700] "GET /?dir=/home/vietnamesehotels.net/public_html/wp-includes&item=class-wp-http-cookie.php&action=chmod HTTP/1.1" 200 21675 "-" "Mozilla/5.0 (compatible; MJ12bot/v1.4.8; http://mj12bot.com/)"
172.70.189.92 - - [04/Feb/2025:01:01:56 +0700] "GET /dan-de/"$%7BsrcDataValue%7D"?action=edit&dir=%2Fhome%2Fvietnamesehotels.net%2Fpublic_html%2Fwp-content%2Fplugins%2Fintelly-related-posts&item=screenshot-1.gif HTTP/1.1" 200 7323 "-" "Mozilla/5.0 AppleWebKit/537.36 (KHTML, like Gecko; compatible; GPTBot/1.2; +https://openai.com/gptbot)"
162.158.163.156 - - [04/Feb/2025:01:01:57 +0700] "GET /chinh-sach-bao-mat/?dir=/home/vietnamesehotels.net/public_html&item=wp-login.php&action=chmod HTTP/1.1" 200 24899 "-" "Mozilla/5.0 (compatible; MJ12bot/v1.4.8; http://mj12bot.com/)"
162.158.162.124 - - [04/Feb/2025:01:01:57 +0700] "GET /?dir=/home/vietnamesehotels.net/public_html/wp-includes&item=class-wp-http-cookie.php&action=download HTTP/1.1" 200 2509 "-" "Mozilla/5.0 (compatible; MJ12bot/v1.4.8; http://mj12bot.com/)"
162.158.170.102 - - [04/Feb/2025:01:01:57 +0700] "GET /dan-de/"$%7BsrcDataValue%7D"?action=chmod&dir=%2Fhome%2Fvietnamesehotels.net%2Fpublic_html%2Fwp-content%2Fplugins%2Fintelly-related-posts&item=screenshot-5.png HTTP/1.1" 200 7302 "-" "Mozilla/5.0 AppleWebKit/537.36 (KHTML, like Gecko; compatible; GPTBot/1.2; +https://openai.com/gptbot)"
172.70.142.205 - - [04/Feb/2025:01:01:58 +0700] "GET /dan-de/"$%7BsrcDataValue%7D"?action=chmod&dir=%2Fhome%2Fvietnamesehotels.net%2Fpublic_html%2Fwp-content%2Fplugins%2Fintelly-related-posts&item=screenshot-4.png HTTP/1.1" 200 7300 "-" "Mozilla/5.0 AppleWebKit/537.36 (KHTML, like Gecko; compatible; GPTBot/1.2; +https://openai.com/gptbot)"
172.70.147.53 - - [04/Feb/2025:01:01:59 +0700] "GET /dan-de/"$%7BsrcDataValue%7D"?action=chmod&dir=%2Fhome%2Fvietnamesehotels.net%2Fpublic_html%2Fwp-content%2Fplugins%2Fintelly-related-posts&item=screenshot-9.png HTTP/1.1" 200 7300 "-" "Mozilla/5.0 AppleWebKit/537.36 (KHTML, like Gecko; compatible; GPTBot/1.2; +https://openai.com/gptbot)"
162.158.162.125 - - [04/Feb/2025:01:01:59 +0700] "GET /?dir=/home/vietnamesehotels.net/public_html/wp-includes&item=class-wp-http-cookie.php&action=edit HTTP/1.1" 200 24380 "-" "Mozilla/5.0 (compatible; MJ12bot/v1.4.8; http://mj12bot.com/)"
162.158.190.19 - - [04/Feb/2025:01:02:00 +0700] "GET /dan-de/"$%7BsrcDataValue%7D"?action=edit&dir=%2Fhome%2Fvietnamesehotels.net%2Fpublic_html%2Fwp-content%2Fplugins%2Fintelly-related-posts&item=screenshot-6.jpg HTTP/1.1" 200 7327 "-" "Mozilla/5.0 AppleWebKit/537.36 (KHTML, like Gecko; compatible; GPTBot/1.2; +https://openai.com/gptbot)"
162.158.163.156 - - [04/Feb/2025:01:02:01 +0700] "GET /chinh-sach-bao-mat/?dir=/home/vietnamesehotels.net/public_html&item=wp-login.php&action=download HTTP/1.1" 200 12722 "-" "Mozilla/5.0 (compatible; MJ12bot/v1.4.8; http://mj12bot.com/)"
162.158.190.41 - - [04/Feb/2025:01:02:01 +0700] "GET /dan-de/"$%7BsrcDataValue%7D"?action=edit&dir=%2Fhome%2Fvietnamesehotels.net%2Fpublic_html%2Fwp-content%2Fplugins%2Fintelly-related-posts&item=shortcode-block.js HTTP/1.1" 200 9178 "-" "Mozilla/5.0 AppleWebKit/537.36 (KHTML, like Gecko; compatible; GPTBot/1.2; +https://openai.com/gptbot)"
162.158.162.44 - - [04/Feb/2025:01:02:03 +0700] "GET /dan-de/"$%7BsrcDataValue%7D"?action=rename&dir=%2Fhome%2Fvietnamesehotels.net%2Fpublic_html%2Fwp-content%2Fplugins%2Fintelly-related-posts&item=shortcode-block.js HTTP/1.1" 200 7300 "-" "Mozilla/5.0 AppleWebKit/537.36 (KHTML, like Gecko; compatible; GPTBot/1.2; +https://openai.com/gptbot)"
162.158.162.124 - - [04/Feb/2025:01:02:03 +0700] "GET /?dir=/home/vietnamesehotels.net/public_html/wp-includes&item=class-wp-http-curl.php&action=chmod HTTP/1.1" 200 21673 "-" "Mozilla/5.0 (compatible; MJ12bot/v1.4.8; http://mj12bot.com/)"
172.69.165.42 - - [04/Feb/2025:01:02:04 +0700] "GET /dan-de/"$%7BsrcDataValue%7D"?action=chmod&dir=%2Fhome%2Fvietnamesehotels.net%2Fpublic_html%2Fwp-content%2Fplugins%2Fintelly-related-posts&item=composer.lock HTTP/1.1" 200 7296 "-" "Mozilla/5.0 AppleWebKit/537.36 (KHTML, like Gecko; compatible; GPTBot/1.2; +https://openai.com/gptbot)"
172.69.165.42 - - [04/Feb/2025:01:02:05 +0700] "GET /dan-de/"$%7BsrcDataValue%7D"?action=chmod&dir=%2Fhome%2Fvietnamesehotels.net%2Fpublic_html%2Fwp-content%2Fplugins%2Fintelly-related-posts&item=composer.json HTTP/1.1" 200 7295 "-" "Mozilla/5.0 AppleWebKit/537.36 (KHTML, like Gecko; compatible; GPTBot/1.2; +https://openai.com/gptbot)"
162.158.162.125 - - [04/Feb/2025:01:02:05 +0700] "GET /?dir=/home/vietnamesehotels.net/public_html/wp-includes&item=class-wp-http-curl.php&action=download HTTP/1.1" 200 3677 "-" "Mozilla/5.0 (compatible; MJ12bot/v1.4.8; http://mj12bot.com/)"
172.69.165.42 - - [04/Feb/2025:01:02:06 +0700] "GET /dan-de/"+t+"?action=chmod&dir=%2Fhome%2Fvietnamesehotels.net%2Fpublic_html%2Fwp-content%2Fthemes%2Fflatsome%2Finc%2Fintegrations%2Fwc-bulk-variations&item=.. HTTP/1.1" 200 6137 "-" "Mozilla/5.0 AppleWebKit/537.36 (KHTML, like Gecko; compatible; GPTBot/1.2; +https://openai.com/gptbot)"
162.158.163.156 - - [04/Feb/2025:01:02:06 +0700] "GET /chinh-sach-bao-mat/?dir=/home/vietnamesehotels.net/public_html&item=wp-login.php&action=edit HTTP/1.1" 200 38210 "-" "Mozilla/5.0 (compatible; MJ12bot/v1.4.8; http://mj12bot.com/)"
162.158.190.57 - - [04/Feb/2025:01:02:07 +0700] "GET /dan-de/"$%7BsrcDataValue%7D"?action=rename&dir=%2Fhome%2Fvietnamesehotels.net%2Fpublic_html%2Fwp-content%2Fplugins%2Fintelly-related-posts&item=screenshot-4.png HTTP/1.1" 200 7303 "-" "Mozilla/5.0 AppleWebKit/537.36 (KHTML, like Gecko; compatible; GPTBot/1.2; +https://openai.com/gptbot)"
172.69.165.42 - - [04/Feb/2025:01:02:08 +0700] "GET /dan-de/"$%7BsrcDataValue%7D"?action=rename&dir=%2Fhome%2Fvietnamesehotels.net%2Fpublic_html%2Fwp-content%2Fplugins%2Fintelly-related-posts&item=readme.txt HTTP/1.1" 200 7290 "-" "Mozilla/5.0 AppleWebKit/537.36 (KHTML, like Gecko; compatible; GPTBot/1.2; +https://openai.com/gptbot)"
108.162.227.68 - - [04/Feb/2025:01:02:09 +0700] "GET /dan-de/"$%7BsrcDataValue%7D"?action=rename&dir=%2Fhome%2Fvietnamesehotels.net%2Fpublic_html%2Fwp-content%2Fplugins%2Fintelly-related-posts&item=screenshot-2.png HTTP/1.1" 200 7296 "-" "Mozilla/5.0 AppleWebKit/537.36 (KHTML, like Gecko; compatible; GPTBot/1.2; +https://openai.com/gptbot)"
172.69.165.42 - - [04/Feb/2025:01:02:10 +0700] "GET /dan-de/"$%7BsrcDataValue%7D"?action=chmod&dir=%2Fhome%2Fvietnamesehotels.net%2Fpublic_html%2Fwp-content%2Fplugins%2Fintelly-related-posts&item=. HTTP/1.1" 200 7288 "-" "Mozilla/5.0 AppleWebKit/537.36 (KHTML, like Gecko; compatible; GPTBot/1.2; +https://openai.com/gptbot)"
162.158.163.156 - - [04/Feb/2025:01:02:11 +0700] "GET /chinh-sach-bao-mat/?dir=/home/vietnamesehotels.net/public_html&item=wp-login.php&action=rename HTTP/1.1" 200 24894 "-" "Mozilla/5.0 (compatible; MJ12bot/v1.4.8; http://mj12bot.com/)"
172.69.165.42 - - [04/Feb/2025:01:02:11 +0700] "GET /dan-de/"$%7BsrcDataValue%7D"?action=chmod&dir=%2Fhome%2Fvietnamesehotels.net%2Fpublic_html%2Fwp-content%2Fplugins%2Fintelly-related-posts&item=.gitignore HTTP/1.1" 200 7292 "-" "Mozilla/5.0 AppleWebKit/537.36 (KHTML, like Gecko; compatible; GPTBot/1.2; +https://openai.com/gptbot)"
172.69.165.42 - - [04/Feb/2025:01:02:12 +0700] "GET /dan-de/"+t+"?action=rename&dir=%2Fhome%2Fvietnamesehotels.net%2Fpublic_html%2Fwp-content%2Fplugins%2Fseo-by-rank-math%2Fincludes%2Fmodules%2Fschema&item=assets HTTP/1.1" 200 7023 "-" "Mozilla/5.0 AppleWebKit/537.36 (KHTML, like Gecko; compatible; GPTBot/1.2; +https://openai.com/gptbot)"
172.69.165.42 - - [04/Feb/2025:01:02:14 +0700] "GET /dan-de/"+t+"?action=chmod&dir=%2Fhome%2Fvietnamesehotels.net%2Fpublic_html%2Fwp-content%2Fplugins%2Fseo-by-rank-math%2Fincludes%2Fmodules%2Fschema&item=shortcode HTTP/1.1" 200 7018 "-" "Mozilla/5.0 AppleWebKit/537.36 (KHTML, like Gecko; compatible; GPTBot/1.2; +https://openai.com/gptbot)"
162.158.163.156 - - [04/Feb/2025:01:02:14 +0700] "GET /chinh-sach-bao-mat/?dir=/home/vietnamesehotels.net/public_html&item=wp-mail.php&action=chmod HTTP/1.1" 200 24897 "-" "Mozilla/5.0 (compatible; MJ12bot/v1.4.8; http://mj12bot.com/)"
172.69.165.42 - - [04/Feb/2025:01:02:15 +0700] "GET /dan-de/"+t+"?action=chmod&dir=%2Fhome%2Fvietnamesehotels.net%2Fpublic_html%2Fwp-content%2Fplugins%2Fseo-by-rank-math%2Fincludes%2Fmodules%2Fschema&item=snippets HTTP/1.1" 200 7024 "-" "Mozilla/5.0 AppleWebKit/537.36 (KHTML, like Gecko; compatible; GPTBot/1.2; +https://openai.com/gptbot)"
162.158.162.125 - - [04/Feb/2025:01:02:15 +0700] "GET /?dir=/home/vietnamesehotels.net/public_html/wp-includes&item=class-wp-http-encoding.php&action=edit HTTP/1.1" 200 23988 "-" "Mozilla/5.0 (compatible; MJ12bot/v1.4.8; http://mj12bot.com/)"
172.69.165.53 - - [04/Feb/2025:01:02:16 +0700] "GET /dan-de/"$%7BsrcDataValue%7D"?action=rename&dir=%2Fhome%2Fvietnamesehotels.net%2Fpublic_html%2Fwp-content%2Fplugins%2Fintelly-related-posts&item=screenshot-5.png HTTP/1.1" 200 7296 "-" "Mozilla/5.0 AppleWebKit/537.36 (KHTML, like Gecko; compatible; GPTBot/1.2; +https://openai.com/gptbot)"
162.158.170.121 - - [04/Feb/2025:01:02:17 +0700] "GET /dan-de/"$%7BsrcDataValue%7D"?action=rename&dir=%2Fhome%2Fvietnamesehotels.net%2Fpublic_html%2Fwp-content%2Fplugins%2Fintelly-related-posts&item=screenshot-3.png HTTP/1.1" 200 7297 "-" "Mozilla/5.0 AppleWebKit/537.36 (KHTML, like Gecko; compatible; GPTBot/1.2; +https://openai.com/gptbot)"
162.158.163.159 - - [04/Feb/2025:01:02:18 +0700] "GET /dan-de/"$%7BsrcDataValue%7D"?action=chmod&dir=%2Fhome%2Fvietnamesehotels.net%2Fpublic_html%2Fwp-content%2Fplugins%2Fintelly-related-posts&item=screenshot-2.png HTTP/1.1" 200 7299 "-" "Mozilla/5.0 AppleWebKit/537.36 (KHTML, like Gecko; compatible; GPTBot/1.2; +https://openai.com/gptbot)"
162.158.163.156 - - [04/Feb/2025:01:02:18 +0700] "GET /chinh-sach-bao-mat/?dir=/home/vietnamesehotels.net/public_html&item=wp-mail.php&action=download HTTP/1.1" 200 3014 "-" "Mozilla/5.0 (compatible; MJ12bot/v1.4.8; http://mj12bot.com/)"
172.69.166.29 - - [04/Feb/2025:01:02:19 +0700] "GET /dan-de/"$%7BsrcDataValue%7D"?action=rename&dir=%2Fhome%2Fvietnamesehotels.net%2Fpublic_html%2Fwp-content%2Fplugins%2Fintelly-related-posts&item=screenshot-9.png HTTP/1.1" 200 7295 "-" "Mozilla/5.0 AppleWebKit/537.36 (KHTML, like Gecko; compatible; GPTBot/1.2; +https://openai.com/gptbot)"
162.158.190.125 - - [04/Feb/2025:01:02:20 +0700] "GET /dan-de/"$%7BsrcDataValue%7D"?action=edit&dir=%2Fhome%2Fvietnamesehotels.net%2Fpublic_html%2Fwp-content%2Fplugins%2Fintelly-related-posts&item=screenshot-3.png HTTP/1.1" 200 7330 "-" "Mozilla/5.0 AppleWebKit/537.36 (KHTML, like Gecko; compatible; GPTBot/1.2; +https://openai.com/gptbot)"
162.158.189.22 - - [04/Feb/2025:01:02:22 +0700] "GET /dan-de/"$%7BsrcDataValue%7D"?action=edit&dir=%2Fhome%2Fvietnamesehotels.net%2Fpublic_html%2Fwp-content%2Fplugins%2Fintelly-related-posts&item=screenshot-7.png HTTP/1.1" 200 7329 "-" "Mozilla/5.0 AppleWebKit/537.36 (KHTML, like Gecko; compatible; GPTBot/1.2; +https://openai.com/gptbot)"
162.158.163.156 - - [04/Feb/2025:01:02:22 +0700] "GET /chinh-sach-bao-mat/?dir=/home/vietnamesehotels.net/public_html&item=wp-mail.php&action=edit HTTP/1.1" 200 27846 "-" "Mozilla/5.0 (compatible; MJ12bot/v1.4.8; http://mj12bot.com/)"
172.70.189.65 - - [04/Feb/2025:01:02:23 +0700] "GET /dan-de/"$%7BsrcDataValue%7D"?action=edit&dir=%2Fhome%2Fvietnamesehotels.net%2Fpublic_html%2Fwp-content%2Fplugins%2Fintelly-related-posts&item=screenshot-8.png HTTP/1.1" 200 7328 "-" "Mozilla/5.0 AppleWebKit/537.36 (KHTML, like Gecko; compatible; GPTBot/1.2; +https://openai.com/gptbot)"
162.158.189.225 - - [04/Feb/2025:01:02:23 +0700] "GET /dan-de/"$%7BsrcDataValue%7D"?action=chmod&dir=%2Fhome%2Fvietnamesehotels.net%2Fpublic_html%2Fwp-content%2Fplugins%2Fintelly-related-posts&item=screenshot-7.png HTTP/1.1" 200 7303 "-" "Mozilla/5.0 AppleWebKit/537.36 (KHTML, like Gecko; compatible; GPTBot/1.2; +https://openai.com/gptbot)"
172.69.165.42 - - [04/Feb/2025:01:02:25 +0700] "GET /dan-de/"$%7BsrcDataValue%7D"?action=chmod&dir=%2Fhome%2Fvietnamesehotels.net%2Fpublic_html%2Fwp-content%2Fplugins%2Fintelly-related-posts&item=readme.txt HTTP/1.1" 200 7294 "-" "Mozilla/5.0 AppleWebKit/537.36 (KHTML, like Gecko; compatible; GPTBot/1.2; +https://openai.com/gptbot)"
172.70.188.59 - - [04/Feb/2025:01:02:26 +0700] "GET /dan-de/"$%7BsrcDataValue%7D"?action=rename&dir=%2Fhome%2Fvietnamesehotels.net%2Fpublic_html%2Fwp-content%2Fplugins%2Fintelly-related-posts&item=screenshot-7.png HTTP/1.1" 200 7295 "-" "Mozilla/5.0 AppleWebKit/537.36 (KHTML, like Gecko; compatible; GPTBot/1.2; +https://openai.com/gptbot)"
172.69.165.42 - - [04/Feb/2025:01:02:27 +0700] "GET /dan-de/"$%7BsrcDataValue%7D"?action=rename&dir=%2Fhome%2Fvietnamesehotels.net%2Fpublic_html%2Fwp-content%2Fplugins%2Fintelly-related-posts&item=.gitignore HTTP/1.1" 200 7290 "-" "Mozilla/5.0 AppleWebKit/537.36 (KHTML, like Gecko; compatible; GPTBot/1.2; +https://openai.com/gptbot)"
162.158.163.156 - - [04/Feb/2025:01:02:28 +0700] "GET /chinh-sach-bao-mat/?dir=/home/vietnamesehotels.net/public_html&item=wp-mail.php&action=rename HTTP/1.1" 200 24890 "-" "Mozilla/5.0 (compatible; MJ12bot/v1.4.8; http://mj12bot.com/)"
162.158.106.176 - - [04/Feb/2025:01:02:28 +0700] "GET /dan-de/"$%7BsrcDataValue%7D"?action=edit&dir=%2Fhome%2Fvietnamesehotels.net%2Fpublic_html%2Fwp-content%2Fplugins%2Fintelly-related-posts&item=screenshot-2.png HTTP/1.1" 200 7328 "-" "Mozilla/5.0 AppleWebKit/537.36 (KHTML, like Gecko; compatible; GPTBot/1.2; +https://openai.com/gptbot)"
172.70.189.53 - - [04/Feb/2025:01:02:29 +0700] "GET /dan-de/"$%7BsrcDataValue%7D"?action=edit&dir=%2Fhome%2Fvietnamesehotels.net%2Fpublic_html%2Fwp-content%2Fplugins%2Fintelly-related-posts&item=screenshot-5.png HTTP/1.1" 200 7328 "-" "Mozilla/5.0 AppleWebKit/537.36 (KHTML, like Gecko; compatible; GPTBot/1.2; +https://openai.com/gptbot)"
172.69.165.42 - - [04/Feb/2025:01:02:30 +0700] "GET /dan-de/"+t+"?action=chmod&dir=%2Fhome%2Fvietnamesehotels.net%2Fpublic_html%2Fwp-content%2Fplugins%2Fseo-by-rank-math%2Fincludes%2Fmodules%2Fschema&item=assets HTTP/1.1" 200 7022 "-" "Mozilla/5.0 AppleWebKit/537.36 (KHTML, like Gecko; compatible; GPTBot/1.2; +https://openai.com/gptbot)"
162.158.163.156 - - [04/Feb/2025:01:02:31 +0700] "GET /chinh-sach-bao-mat/?dir=/home/vietnamesehotels.net/public_html&item=wp-settings.php&action=chmod HTTP/1.1" 200 24897 "-" "Mozilla/5.0 (compatible; MJ12bot/v1.4.8; http://mj12bot.com/)"
172.69.165.42 - - [04/Feb/2025:01:02:31 +0700] "GET /dan-de/"$%7BsrcDataValue%7D"?action=edit&dir=%2Fhome%2Fvietnamesehotels.net%2Fpublic_html%2Fwp-content%2Fplugins%2Fintelly-related-posts&item=composer.json HTTP/1.1" 200 7446 "-" "Mozilla/5.0 AppleWebKit/537.36 (KHTML, like Gecko; compatible; GPTBot/1.2; +https://openai.com/gptbot)"
172.69.165.42 - - [04/Feb/2025:01:02:32 +0700] "GET /dan-de/"$%7BsrcDataValue%7D"?action=edit&dir=%2Fhome%2Fvietnamesehotels.net%2Fpublic_html%2Fwp-content%2Fplugins%2Fintelly-related-posts&item=.gitignore HTTP/1.1" 200 7330 "-" "Mozilla/5.0 AppleWebKit/537.36 (KHTML, like Gecko; compatible; GPTBot/1.2; +https://openai.com/gptbot)"
162.158.162.124 - - [04/Feb/2025:01:02:33 +0700] "GET /?dir=/home/vietnamesehotels.net/public_html/wp-includes&item=blocks.php&action=chmod HTTP/1.1" 200 21663 "-" "Mozilla/5.0 (compatible; MJ12bot/v1.4.8; http://mj12bot.com/)"
172.69.165.42 - - [04/Feb/2025:01:02:33 +0700] "GET /dan-de/"$%7BsrcDataValue%7D"?action=edit&dir=%2Fhome%2Fvietnamesehotels.net%2Fpublic_html%2Fwp-content%2Fplugins%2Fintelly-related-posts&item=readme.txt HTTP/1.1" 200 12148 "-" "Mozilla/5.0 AppleWebKit/537.36 (KHTML, like Gecko; compatible; GPTBot/1.2; +https://openai.com/gptbot)"
162.158.163.156 - - [04/Feb/2025:01:02:33 +0700] "GET /chinh-sach-bao-mat/?dir=/home/vietnamesehotels.net/public_html&item=wp-settings.php&action=download HTTP/1.1" 200 5950 "-" "Mozilla/5.0 (compatible; MJ12bot/v1.4.8; http://mj12bot.com/)"
172.69.165.42 - - [04/Feb/2025:01:02:34 +0700] "POST /wp-cron.php?doing_wp_cron=1738605754.9156210422515869140625 HTTP/1.1" 200 31 "-" "WordPress/6.7.1; https://vietnamesehotels.net"
108.162.227.36 - - [04/Feb/2025:01:02:34 +0700] "GET /dan-de/"$%7BsrcDataValue%7D"?action=rename&dir=%2Fhome%2Fvietnamesehotels.net%2Fpublic_html%2Fwp-content%2Fplugins%2Fintelly-related-posts&item=screenshot-8.png HTTP/1.1" 200 7297 "-" "Mozilla/5.0 AppleWebKit/537.36 (KHTML, like Gecko; compatible; GPTBot/1.2; +https://openai.com/gptbot)"
162.158.162.51 - - [04/Feb/2025:01:02:36 +0700] "POST /wp-cron.php?doing_wp_cron=1738605756.3916869163513183593750 HTTP/1.1" 200 31 "-" "WordPress/6.7.1; https://vietnamesehotels.net"
162.158.170.133 - - [04/Feb/2025:01:02:36 +0700] "GET /dan-de/"$%7BsrcDataValue%7D"?action=edit&dir=%2Fhome%2Fvietnamesehotels.net%2Fpublic_html%2Fwp-content%2Fplugins%2Fintelly-related-posts&item=screenshot-9.png HTTP/1.1" 200 7330 "-" "Mozilla/5.0 AppleWebKit/537.36 (KHTML, like Gecko; compatible; GPTBot/1.2; +https://openai.com/gptbot)"
162.158.163.156 - - [04/Feb/2025:01:02:36 +0700] "GET /chinh-sach-bao-mat/?dir=/home/vietnamesehotels.net/public_html&item=wp-settings.php&action=edit HTTP/1.1" 200 31021 "-" "Mozilla/5.0 (compatible; MJ12bot/v1.4.8; http://mj12bot.com/)"
162.158.162.124 - - [04/Feb/2025:01:02:37 +0700] "GET /?dir=/home/vietnamesehotels.net/public_html/wp-includes&item=blocks.php&action=rename HTTP/1.1" 200 21660 "-" "Mozilla/5.0 (compatible; MJ12bot/v1.4.8; http://mj12bot.com/)"
172.69.165.42 - - [04/Feb/2025:01:02:37 +0700] "GET /dan-de/"$%7BsrcDataValue%7D"?action=edit&dir=%2Fhome%2Fvietnamesehotels.net%2Fpublic_html%2Fwp-content%2Fplugins%2Fintelly-related-posts&item=composer.lock HTTP/1.1" 200 9751 "-" "Mozilla/5.0 AppleWebKit/537.36 (KHTML, like Gecko; compatible; GPTBot/1.2; +https://openai.com/gptbot)"
172.69.165.42 - - [04/Feb/2025:01:02:38 +0700] "GET /dan-de/"+t+"?action=rename&dir=%2Fhome%2Fvietnamesehotels.net%2Fpublic_html%2Fwp-content%2Fplugins%2Fseo-by-rank-math%2Fincludes%2Fmodules%2Fschema&item=snippets HTTP/1.1" 200 7025 "-" "Mozilla/5.0 AppleWebKit/537.36 (KHTML, like Gecko; compatible; GPTBot/1.2; +https://openai.com/gptbot)"
172.69.165.42 - - [04/Feb/2025:01:02:39 +0700] "GET /dan-de/"$%7BsrcDataValue%7D"?action=chmod&dir=%2Fhome%2Fvietnamesehotels.net%2Fpublic_html%2Fwp-content%2Fplugins%2Fintelly-related-posts&item=assets HTTP/1.1" 200 7293 "-" "Mozilla/5.0 AppleWebKit/537.36 (KHTML, like Gecko; compatible; GPTBot/1.2; +https://openai.com/gptbot)"
162.158.163.156 - - [04/Feb/2025:01:02:39 +0700] "GET /chinh-sach-bao-mat/?dir=/home/vietnamesehotels.net/public_html&item=wp-settings.php&action=rename HTTP/1.1" 200 24895 "-" "Mozilla/5.0 (compatible; MJ12bot/v1.4.8; http://mj12bot.com/)"
172.69.165.42 - - [04/Feb/2025:01:02:40 +0700] "GET /dan-de/"+t+"?action=chmod&dir=%2Fhome%2Fvietnamesehotels.net%2Fpublic_html%2Fwp-content%2Fthemes%2Fflatsome%2Finc%2Fintegrations%2Fwc-bulk-variations&item=. HTTP/1.1" 200 6138 "-" "Mozilla/5.0 AppleWebKit/537.36 (KHTML, like Gecko; compatible; GPTBot/1.2; +https://openai.com/gptbot)"
172.70.188.159 - - [04/Feb/2025:01:02:41 +0700] "GET /dan-de/"$%7BsrcDataValue%7D"?action=edit&dir=%2Fhome%2Fvietnamesehotels.net%2Fpublic_html%2Fwp-content%2Fplugins%2Fintelly-related-posts&item=screenshot-4.png HTTP/1.1" 200 7329 "-" "Mozilla/5.0 AppleWebKit/537.36 (KHTML, like Gecko; compatible; GPTBot/1.2; +https://openai.com/gptbot)"
162.158.163.156 - - [04/Feb/2025:01:02:41 +0700] "GET /chinh-sach-bao-mat/?dir=/home/vietnamesehotels.net/public_html&item=wp-signup.php&action=chmod HTTP/1.1" 200 24894 "-" "Mozilla/5.0 (compatible; MJ12bot/v1.4.8; http://mj12bot.com/)"
172.69.165.42 - - [04/Feb/2025:01:02:42 +0700] "GET /dan-de/"+t+"?action=chmod&dir=%2Fhome%2Fvietnamesehotels.net%2Fpublic_html%2Fwp-content%2Fplugins%2Fseo-by-rank-math%2Fincludes%2Fmodules%2Fschema&item=views HTTP/1.1" 200 7020 "-" "Mozilla/5.0 AppleWebKit/537.36 (KHTML, like Gecko; compatible; GPTBot/1.2; +https://openai.com/gptbot)"
172.69.165.42 - - [04/Feb/2025:01:02:43 +0700] "GET /dan-de/"$%7BsrcDataValue%7D"?action=rename&dir=%2Fhome%2Fvietnamesehotels.net%2Fpublic_html%2Fwp-content%2Fplugins%2Fintelly-related-posts&item=languages HTTP/1.1" 200 7290 "-" "Mozilla/5.0 AppleWebKit/537.36 (KHTML, like Gecko; compatible; GPTBot/1.2; +https://openai.com/gptbot)"
172.69.165.42 - - [04/Feb/2025:01:02:44 +0700] "GET /dan-de/"$%7BsrcDataValue%7D"?action=chmod&dir=%2Fhome%2Fvietnamesehotels.net%2Fpublic_html%2Fwp-content%2Fplugins%2Fintelly-related-posts&item=languages HTTP/1.1" 200 7293 "-" "Mozilla/5.0 AppleWebKit/537.36 (KHTML, like Gecko; compatible; GPTBot/1.2; +https://openai.com/gptbot)"
172.69.165.42 - - [04/Feb/2025:01:02:45 +0700] "GET /dan-de/"$%7BsrcDataValue%7D"?action=rename&dir=%2Fhome%2Fvietnamesehotels.net%2Fpublic_html%2Fwp-content%2Fplugins%2Fintelly-related-posts&item=includes HTTP/1.1" 200 7291 "-" "Mozilla/5.0 AppleWebKit/537.36 (KHTML, like Gecko; compatible; GPTBot/1.2; +https://openai.com/gptbot)"
162.158.163.156 - - [04/Feb/2025:01:02:46 +0700] "GET /chinh-sach-bao-mat/?dir=/home/vietnamesehotels.net/public_html&item=wp-signup.php&action=download HTTP/1.1" 200 7984 "-" "Mozilla/5.0 (compatible; MJ12bot/v1.4.8; http://mj12bot.com/)"
172.69.165.42 - - [04/Feb/2025:01:02:47 +0700] "GET /dan-de/"$%7BsrcDataValue%7D"?action=rename&dir=%2Fhome%2Fvietnamesehotels.net%2Fpublic_html%2Fwp-content%2Fplugins%2Fintelly-related-posts&item=assets HTTP/1.1" 200 7290 "-" "Mozilla/5.0 AppleWebKit/537.36 (KHTML, like Gecko; compatible; GPTBot/1.2; +https://openai.com/gptbot)"
172.69.165.42 - - [04/Feb/2025:01:02:49 +0700] "GET /dan-de/"$%7BsrcDataValue%7D"?action=rename&dir=%2Fhome%2Fvietnamesehotels.net%2Fpublic_html%2Fwp-content%2Fplugins%2Fintelly-related-posts&item=composer.json HTTP/1.1" 200 7292 "-" "Mozilla/5.0 AppleWebKit/537.36 (KHTML, like Gecko; compatible; GPTBot/1.2; +https://openai.com/gptbot)"
172.69.165.42 - - [04/Feb/2025:01:02:49 +0700] "GET /dan-de/"$%7BsrcDataValue%7D"?action=chmod&dir=%2Fhome%2Fvietnamesehotels.net%2Fpublic_html%2Fwp-content%2Fplugins%2Fintelly-related-posts&item=includes HTTP/1.1" 200 7292 "-" "Mozilla/5.0 AppleWebKit/537.36 (KHTML, like Gecko; compatible; GPTBot/1.2; +https://openai.com/gptbot)"
162.158.163.156 - - [04/Feb/2025:01:02:49 +0700] "GET /chinh-sach-bao-mat/?dir=/home/vietnamesehotels.net/public_html&item=wp-signup.php&action=edit HTTP/1.1" 200 33228 "-" "Mozilla/5.0 (compatible; MJ12bot/v1.4.8; http://mj12bot.com/)"
172.69.165.42 - - [04/Feb/2025:01:02:50 +0700] "GET /dan-de/"$%7BsrcDataValue%7D"?action=rename&dir=%2Fhome%2Fvietnamesehotels.net%2Fpublic_html%2Fwp-content%2Fplugins%2Fintelly-related-posts&item=composer.lock HTTP/1.1" 200 7293 "-" "Mozilla/5.0 AppleWebKit/537.36 (KHTML, like Gecko; compatible; GPTBot/1.2; +https://openai.com/gptbot)"
172.69.165.42 - - [04/Feb/2025:01:02:52 +0700] "GET /dan-de/"$%7BsrcDataValue%7D"?action=chmod&dir=%2Fhome%2Fvietnamesehotels.net%2Fpublic_html%2Fwp-content%2Fuploads%2Falm_templates&item=.. HTTP/1.1" 200 6089 "-" "Mozilla/5.0 AppleWebKit/537.36 (KHTML, like Gecko; compatible; GPTBot/1.2; +https://openai.com/gptbot)"
162.158.163.156 - - [04/Feb/2025:01:02:52 +0700] "GET /chinh-sach-bao-mat/?dir=/home/vietnamesehotels.net/public_html&item=wp-signup.php&action=rename HTTP/1.1" 200 24894 "-" "Mozilla/5.0 (compatible; MJ12bot/v1.4.8; http://mj12bot.com/)"
172.69.165.42 - - [04/Feb/2025:01:02:53 +0700] "GET /dan-de/t,window.location.href?action=rename&dir=%2Fhome%2Fvietnamesehotels.net%2Fpublic_html%2Fwp-content%2Fplugins%2Fwp-rocket%2Finc%2F3rd-party%2Fplugins&item=rating HTTP/1.1" 200 22469 "-" "Mozilla/5.0 AppleWebKit/537.36 (KHTML, like Gecko; compatible; GPTBot/1.2; +https://openai.com/gptbot)"
172.69.165.42 - - [04/Feb/2025:01:02:54 +0700] "GET /dan-de/t,window.location.href?action=chmod&dir=%2Fhome%2Fvietnamesehotels.net%2Fpublic_html%2Fwp-content%2Fplugins%2Fwp-rocket%2Finc%2F3rd-party%2Fplugins&item=.. HTTP/1.1" 200 22473 "-" "Mozilla/5.0 AppleWebKit/537.36 (KHTML, like Gecko; compatible; GPTBot/1.2; +https://openai.com/gptbot)"
172.69.165.42 - - [04/Feb/2025:01:02:55 +0700] "GET /dan-de/t,window.location.href?action=chmod&dir=%2Fhome%2Fvietnamesehotels.net%2Fpublic_html%2Fwp-content%2Fplugins%2Fwp-rocket%2Finc%2F3rd-party%2Fhosting&item=.. HTTP/1.1" 200 21417 "-" "Mozilla/5.0 AppleWebKit/537.36 (KHTML, like Gecko; compatible; GPTBot/1.2; +https://openai.com/gptbot)"
162.158.163.156 - - [04/Feb/2025:01:02:55 +0700] "GET /chinh-sach-bao-mat/?dir=/home/vietnamesehotels.net/public_html&item=wp-trackback.php&action=chmod HTTP/1.1" 200 24899 "-" "Mozilla/5.0 (compatible; MJ12bot/v1.4.8; http://mj12bot.com/)"
172.69.165.42 - - [04/Feb/2025:01:02:56 +0700] "GET /dan-de/t,window.location.href?dir=%2Fhome%2Fvietnamesehotels.net%2Fpublic_html%2Fwp-content%2Fplugins%2Fwp-rocket%2Finc%2F3rd-party%2Fplugins%2Frating HTTP/1.1" 200 20902 "-" "Mozilla/5.0 AppleWebKit/537.36 (KHTML, like Gecko; compatible; GPTBot/1.2; +https://openai.com/gptbot)"
162.158.163.156 - - [04/Feb/2025:01:02:57 +0700] "GET /chinh-sach-bao-mat/?dir=/home/vietnamesehotels.net/public_html&item=wp-trackback.php&action=download HTTP/1.1" 200 1870 "-" "Mozilla/5.0 (compatible; MJ12bot/v1.4.8; http://mj12bot.com/)"
172.69.165.42 - - [04/Feb/2025:01:02:57 +0700] "GET /dan-de/t,window.location.href?dir=%2Fhome%2Fvietnamesehotels.net%2Fpublic_html%2Fwp-content%2Fplugins%2Fwp-rocket%2Finc%2F3rd-party%2Fplugins%2Fmobile HTTP/1.1" 200 20817 "-" "Mozilla/5.0 AppleWebKit/537.36 (KHTML, like Gecko; compatible; GPTBot/1.2; +https://openai.com/gptbot)"
172.69.165.42 - - [04/Feb/2025:01:02:58 +0700] "GET /dan-de/t,window.location.href?dir=%2Fhome%2Fvietnamesehotels.net%2Fpublic_html%2Fwp-content%2Fplugins%2Fwp-rocket%2Finc%2F3rd-party%2Fplugins%2Fsecurity HTTP/1.1" 200 21006 "-" "Mozilla/5.0 AppleWebKit/537.36 (KHTML, like Gecko; compatible; GPTBot/1.2; +https://openai.com/gptbot)"
172.69.165.42 - - [04/Feb/2025:01:02:59 +0700] "GET /dan-de/t,window.location.href?dir=%2Fhome%2Fvietnamesehotels.net%2Fpublic_html%2Fwp-content%2Fplugins%2Fwp-rocket%2Finc%2F3rd-party%2Fplugins%2Fslider HTTP/1.1" 200 20903 "-" "Mozilla/5.0 AppleWebKit/537.36 (KHTML, like Gecko; compatible; GPTBot/1.2; +https://openai.com/gptbot)"
162.158.163.156 - - [04/Feb/2025:01:03:00 +0700] "GET /chinh-sach-bao-mat/?dir=/home/vietnamesehotels.net/public_html&item=wp-trackback.php&action=edit HTTP/1.1" 200 26715 "-" "Mozilla/5.0 (compatible; MJ12bot/v1.4.8; http://mj12bot.com/)"
172.69.165.42 - - [04/Feb/2025:01:03:00 +0700] "GET /dan-de/t,window.location.href?dir=%2Fhome%2Fvietnamesehotels.net%2Fpublic_html%2Fwp-content%2Fplugins%2Fwp-rocket%2Finc%2F3rd-party%2Fplugins%2Fecommerce HTTP/1.1" 200 21635 "-" "Mozilla/5.0 AppleWebKit/537.36 (KHTML, like Gecko; compatible; GPTBot/1.2; +https://openai.com/gptbot)"
172.69.165.42 - - [04/Feb/2025:01:03:02 +0700] "GET /dan-de/t,window.location.href?dir=%2Fhome%2Fvietnamesehotels.net%2Fpublic_html%2Fwp-content%2Fplugins%2Fwp-rocket%2Finc%2F3rd-party%2Fplugins%2Fseo HTTP/1.1" 200 20816 "-" "Mozilla/5.0 AppleWebKit/537.36 (KHTML, like Gecko; compatible; GPTBot/1.2; +https://openai.com/gptbot)"
162.158.163.156 - - [04/Feb/2025:01:03:02 +0700] "GET /chinh-sach-bao-mat/?dir=/home/vietnamesehotels.net/public_html&item=wp-trackback.php&action=rename HTTP/1.1" 200 24892 "-" "Mozilla/5.0 (compatible; MJ12bot/v1.4.8; http://mj12bot.com/)"
172.69.165.42 - - [04/Feb/2025:01:03:03 +0700] "GET /dan-de/t,window.location.href?dir=%2Fhome%2Fvietnamesehotels.net%2Fpublic_html%2Fwp-content%2Fplugins%2Fwp-rocket%2Finc%2F3rd-party%2Fplugins%2Fcookies HTTP/1.1" 200 21191 "-" "Mozilla/5.0 AppleWebKit/537.36 (KHTML, like Gecko; compatible; GPTBot/1.2; +https://openai.com/gptbot)"
162.158.163.156 - - [04/Feb/2025:01:03:04 +0700] "GET /chinh-sach-bao-mat/?dir=/home/vietnamesehotels.net/public_html&item=xmlrpc.php&action=chmod HTTP/1.1" 200 24893 "-" "Mozilla/5.0 (compatible; MJ12bot/v1.4.8; http://mj12bot.com/)"
172.69.165.42 - - [04/Feb/2025:01:03:04 +0700] "GET /dan-de/"$%7BsrcDataValue%7D"?action=chmod&dir=%2Fhome%2Fvietnamesehotels.net%2Fpublic_html%2Fwp-content%2Fuploads%2Falm_templates&item=. HTTP/1.1" 200 6090 "-" "Mozilla/5.0 AppleWebKit/537.36 (KHTML, like Gecko; compatible; GPTBot/1.2; +https://openai.com/gptbot)"
172.69.165.42 - - [04/Feb/2025:01:03:05 +0700] "GET /dan-de/t,window.location.href?action=chmod&dir=%2Fhome%2Fvietnamesehotels.net%2Fpublic_html%2Fwp-content%2Fplugins%2Fwp-rocket%2Finc%2F3rd-party%2Fplugins&item=. HTTP/1.1" 200 22473 "-" "Mozilla/5.0 AppleWebKit/537.36 (KHTML, like Gecko; compatible; GPTBot/1.2; +https://openai.com/gptbot)"
162.158.163.156 - - [04/Feb/2025:01:03:06 +0700] "GET /chinh-sach-bao-mat/?dir=/home/vietnamesehotels.net/public_html&item=xmlrpc.php&action=download HTTP/1.1" 200 1449 "-" "Mozilla/5.0 (compatible; MJ12bot/v1.4.8; http://mj12bot.com/)"
172.69.165.42 - - [04/Feb/2025:01:03:06 +0700] "GET /dan-de/t,window.location.href?action=chmod&dir=%2Fhome%2Fvietnamesehotels.net%2Fpublic_html%2Fwp-content%2Fplugins%2Fwp-rocket%2Finc%2F3rd-party%2Fhosting&item=. HTTP/1.1" 200 21414 "-" "Mozilla/5.0 AppleWebKit/537.36 (KHTML, like Gecko; compatible; GPTBot/1.2; +https://openai.com/gptbot)"
162.158.162.125 - - [04/Feb/2025:01:03:07 +0700] "GET /?dir=/home/vietnamesehotels.net/public_html/wp-includes&item=category-template.php&action=chmod HTTP/1.1" 200 21671 "-" "Mozilla/5.0 (compatible; MJ12bot/v1.4.8; http://mj12bot.com/)"
172.69.165.42 - - [04/Feb/2025:01:03:07 +0700] "GET /dan-de/t,window.location.href?action=chmod&dir=%2Fhome%2Fvietnamesehotels.net%2Fpublic_html%2Fwp-content%2Fplugins%2Fwp-rocket%2Finc%2F3rd-party%2Fplugins&item=mobile HTTP/1.1" 200 22464 "-" "Mozilla/5.0 AppleWebKit/537.36 (KHTML, like Gecko; compatible; GPTBot/1.2; +https://openai.com/gptbot)"
162.158.163.156 - - [04/Feb/2025:01:03:08 +0700] "GET /chinh-sach-bao-mat/?dir=/home/vietnamesehotels.net/public_html&item=xmlrpc.php&action=edit HTTP/1.1" 200 26290 "-" "Mozilla/5.0 (compatible; MJ12bot/v1.4.8; http://mj12bot.com/)"
172.69.165.42 - - [04/Feb/2025:01:03:08 +0700] "GET /dan-de/t,window.location.href?action=chmod&dir=%2Fhome%2Fvietnamesehotels.net%2Fpublic_html%2Fwp-content%2Fplugins%2Fwp-rocket%2Finc%2F3rd-party%2Fplugins&item=seo HTTP/1.1" 200 22475 "-" "Mozilla/5.0 AppleWebKit/537.36 (KHTML, like Gecko; compatible; GPTBot/1.2; +https://openai.com/gptbot)"
172.69.165.42 - - [04/Feb/2025:01:03:09 +0700] "GET /dan-de/t,window.location.href?action=rename&dir=%2Fhome%2Fvietnamesehotels.net%2Fpublic_html%2Fwp-content%2Fplugins%2Fwp-rocket%2Finc%2F3rd-party%2Fplugins&item=seo HTTP/1.1" 200 22472 "-" "Mozilla/5.0 AppleWebKit/537.36 (KHTML, like Gecko; compatible; GPTBot/1.2; +https://openai.com/gptbot)"
162.158.163.156 - - [04/Feb/2025:01:03:10 +0700] "GET /chinh-sach-bao-mat/?dir=/home/vietnamesehotels.net/public_html&item=xmlrpc.php&action=rename HTTP/1.1" 200 24890 "-" "Mozilla/5.0 (compatible; MJ12bot/v1.4.8; http://mj12bot.com/)"
172.69.165.42 - - [04/Feb/2025:01:03:10 +0700] "GET /dan-de/t,window.location.href?action=chmod&dir=%2Fhome%2Fvietnamesehotels.net%2Fpublic_html%2Fwp-content%2Fplugins%2Fwp-rocket%2Finc%2F3rd-party%2Fplugins&item=rating HTTP/1.1" 200 22471 "-" "Mozilla/5.0 AppleWebKit/537.36 (KHTML, like Gecko; compatible; GPTBot/1.2; +https://openai.com/gptbot)"
162.158.162.125 - - [04/Feb/2025:01:03:11 +0700] "GET /?dir=/home/vietnamesehotels.net/public_html/wp-includes&item=category-template.php&action=download HTTP/1.1" 200 13225 "-" "Mozilla/5.0 (compatible; MJ12bot/v1.4.8; http://mj12bot.com/)"
172.69.165.42 - - [04/Feb/2025:01:03:11 +0700] "GET /dan-de/t,window.location.href?action=chmod&dir=%2Fhome%2Fvietnamesehotels.net%2Fpublic_html%2Fwp-content%2Fplugins%2Fwp-rocket%2Finc%2F3rd-party%2Fplugins&item=slider HTTP/1.1" 200 22472 "-" "Mozilla/5.0 AppleWebKit/537.36 (KHTML, like Gecko; compatible; GPTBot/1.2; +https://openai.com/gptbot)"
172.69.165.42 - - [04/Feb/2025:01:03:13 +0700] "GET /dan-de/t,window.location.href?dir=%2Fhome%2Fvietnamesehotels.net%2Fpublic_html%2Fwp-content%2Fplugins%2Fwp-rocket%2Finc%2F3rd-party%2Fplugins%2Fi18n HTTP/1.1" 200 20806 "-" "Mozilla/5.0 AppleWebKit/537.36 (KHTML, like Gecko; compatible; GPTBot/1.2; +https://openai.com/gptbot)"
162.158.163.156 - - [04/Feb/2025:01:03:13 +0700] "GET /chinh-sach-bao-mat/?dir=/home/vietnamesehotels.net/public_html/wp-admin HTTP/1.1" 200 29476 "-" "Mozilla/5.0 (compatible; MJ12bot/v1.4.8; http://mj12bot.com/)"
172.69.165.42 - - [04/Feb/2025:01:03:15 +0700] "GET /dan-de/t,window.location.href?action=rename&dir=%2Fhome%2Fvietnamesehotels.net%2Fpublic_html%2Fwp-content%2Fplugins%2Fwp-rocket%2Finc%2F3rd-party%2Fplugins&item=i18n HTTP/1.1" 200 22474 "-" "Mozilla/5.0 AppleWebKit/537.36 (KHTML, like Gecko; compatible; GPTBot/1.2; +https://openai.com/gptbot)"
162.158.163.156 - - [04/Feb/2025:01:03:15 +0700] "GET /chinh-sach-bao-mat/?dir=/home/vietnamesehotels.net/public_html/wp-content HTTP/1.1" 200 24424 "-" "Mozilla/5.0 (compatible; MJ12bot/v1.4.8; http://mj12bot.com/)"
172.69.165.42 - - [04/Feb/2025:01:03:16 +0700] "GET /dan-de/t,window.location.href?action=chmod&dir=%2Fhome%2Fvietnamesehotels.net%2Fpublic_html%2Fwp-content%2Fplugins%2Fwp-rocket%2Finc%2F3rd-party%2Fplugins&item=i18n HTTP/1.1" 200 22469 "-" "Mozilla/5.0 AppleWebKit/537.36 (KHTML, like Gecko; compatible; GPTBot/1.2; +https://openai.com/gptbot)"
172.69.165.42 - - [04/Feb/2025:01:03:17 +0700] "GET /dan-de/t,window.location.href?dir=%2Fhome%2Fvietnamesehotels.net%2Fpublic_html%2Fwp-content%2Fplugins%2Fwp-rocket%2Finc%2F3rd-party%2Fplugins%2Fpage-builder HTTP/1.1" 200 20913 "-" "Mozilla/5.0 AppleWebKit/537.36 (KHTML, like Gecko; compatible; GPTBot/1.2; +https://openai.com/gptbot)"
162.158.163.156 - - [04/Feb/2025:01:03:18 +0700] "GET /chinh-sach-bao-mat/?dir=/home/vietnamesehotels.net/public_html/wp-includes HTTP/1.1" 200 39137 "-" "Mozilla/5.0 (compatible; MJ12bot/v1.4.8; http://mj12bot.com/)"
172.69.165.42 - - [04/Feb/2025:01:03:18 +0700] "GET /dan-de/"+t+"?dir=%2Fhome%2Fvietnamesehotels.net%2Fpublic_html%2Fwp-content%2Fplugins%2Fseo-by-rank-math%2Fincludes%2Fmodules%2Fschema%2Fsnippets HTTP/1.1" 200 6861 "-" "Mozilla/5.0 AppleWebKit/537.36 (KHTML, like Gecko; compatible; GPTBot/1.2; +https://openai.com/gptbot)"
172.69.165.42 - - [04/Feb/2025:01:03:19 +0700] "GET /dan-de/"+t+"?dir=%2Fhome%2Fvietnamesehotels.net%2Fpublic_html%2Fwp-content%2Fplugins%2Fseo-by-rank-math%2Fincludes%2Fmodules%2Fschema%2Fassets HTTP/1.1" 200 6027 "-" "Mozilla/5.0 AppleWebKit/537.36 (KHTML, like Gecko; compatible; GPTBot/1.2; +https://openai.com/gptbot)"
162.158.163.156 - - [04/Feb/2025:01:03:20 +0700] "GET /choi-co-trach-nhiem/?dir=/ HTTP/1.1" 200 24459 "-" "Mozilla/5.0 (compatible; MJ12bot/v1.4.8; http://mj12bot.com/)"
172.69.165.42 - - [04/Feb/2025:01:03:20 +0700] "GET /dan-de/"$%7BsrcDataValue%7D"?dir=%2Fhome%2Fvietnamesehotels.net%2Fpublic_html%2Fwp-content%2Fplugins%2Fintelly-related-posts%2Fassets HTTP/1.1" 200 6237 "-" "Mozilla/5.0 AppleWebKit/537.36 (KHTML, like Gecko; compatible; GPTBot/1.2; +https://openai.com/gptbot)"
172.69.165.42 - - [04/Feb/2025:01:03:21 +0700] "GET /dan-de/"$%7BsrcDataValue%7D"?dir=%2Fhome%2Fvietnamesehotels.net%2Fpublic_html%2Fwp-content%2Fplugins%2Fintelly-related-posts%2Fincludes HTTP/1.1" 200 6378 "-" "Mozilla/5.0 AppleWebKit/537.36 (KHTML, like Gecko; compatible; GPTBot/1.2; +https://openai.com/gptbot)"
172.69.165.42 - - [04/Feb/2025:01:03:22 +0700] "GET /dan-de/"+t+"?dir=%2Fhome%2Fvietnamesehotels.net%2Fpublic_html%2Fwp-content%2Fplugins%2Fseo-by-rank-math%2Fincludes%2Fmodules%2Fschema%2Fshortcode HTTP/1.1" 200 6857 "-" "Mozilla/5.0 AppleWebKit/537.36 (KHTML, like Gecko; compatible; GPTBot/1.2; +https://openai.com/gptbot)"
162.158.163.156 - - [04/Feb/2025:01:03:23 +0700] "GET /choi-co-trach-nhiem/?dir=/home HTTP/1.1" 200 23514 "-" "Mozilla/5.0 (compatible; MJ12bot/v1.4.8; http://mj12bot.com/)"
172.69.165.42 - - [04/Feb/2025:01:03:24 +0700] "GET /dan-de/"$%7BsrcDataValue%7D"?dir=%2Fhome%2Fvietnamesehotels.net%2Fpublic_html%2Fwp-content%2Fplugins%2Fintelly-related-posts%2Flanguages HTTP/1.1" 200 6768 "-" "Mozilla/5.0 AppleWebKit/537.36 (KHTML, like Gecko; compatible; GPTBot/1.2; +https://openai.com/gptbot)"
172.69.165.42 - - [04/Feb/2025:01:03:25 +0700] "GET /dan-de/"+t+"?dir=%2Fhome%2Fvietnamesehotels.net%2Fpublic_html%2Fwp-content%2Fplugins%2Fseo-by-rank-math%2Fincludes%2Fmodules%2Fschema%2Fblocks HTTP/1.1" 200 6548 "-" "Mozilla/5.0 AppleWebKit/537.36 (KHTML, like Gecko; compatible; GPTBot/1.2; +https://openai.com/gptbot)"
162.158.163.156 - - [04/Feb/2025:01:03:26 +0700] "GET /choi-co-trach-nhiem/?dir=/home/vietnamesehotels.net HTTP/1.1" 200 23313 "-" "Mozilla/5.0 (compatible; MJ12bot/v1.4.8; http://mj12bot.com/)"
172.69.165.42 - - [04/Feb/2025:01:03:26 +0700] "GET /dan-de/"+t+"?dir=%2Fhome%2Fvietnamesehotels.net%2Fpublic_html%2Fwp-content%2Fplugins%2Fseo-by-rank-math%2Fincludes%2Fmodules%2Fschema%2Fviews HTTP/1.1" 200 6050 "-" "Mozilla/5.0 AppleWebKit/537.36 (KHTML, like Gecko; compatible; GPTBot/1.2; +https://openai.com/gptbot)"
172.69.165.42 - - [04/Feb/2025:01:03:27 +0700] "GET /dan-de/"+u+"?dir=%2Fhome%2Fvietnamesehotels.net%2Fpublic_html%2Fwp-content%2Fplugins%2Fwp-rocket%2Finc%2Fclasses%2Fdependencies HTTP/1.1" 200 6156 "-" "Mozilla/5.0 AppleWebKit/537.36 (KHTML, like Gecko; compatible; GPTBot/1.2; +https://openai.com/gptbot)"
172.69.165.42 - - [04/Feb/2025:01:03:28 +0700] "GET /dan-de/"+t+"?dir=%2Fhome%2Fvietnamesehotels.net%2Fpublic_html%2Fwp-content%2Fplugins%2Fwp-rocket%2Finc%2FThirdParty%2FPlugins HTTP/1.1" 200 7293 "-" "Mozilla/5.0 AppleWebKit/537.36 (KHTML, like Gecko; compatible; GPTBot/1.2; +https://openai.com/gptbot)"
172.69.165.42 - - [04/Feb/2025:01:03:29 +0700] "GET /dan-de/"+t+"?action=chmod&dir=%2Fhome%2Fvietnamesehotels.net%2Fpublic_html%2Fwp-content%2Fplugins%2Fseo-by-rank-math%2Fincludes%2Fmodules%2Fschema%2Fsnippets&item=.. HTTP/1.1" 200 6965 "-" "Mozilla/5.0 AppleWebKit/537.36 (KHTML, like Gecko; compatible; GPTBot/1.2; +https://openai.com/gptbot)"
162.158.163.156 - - [04/Feb/2025:01:03:29 +0700] "GET /choi-co-trach-nhiem/?dir=/home/vietnamesehotels.net/public_html HTTP/1.1" 200 24822 "-" "Mozilla/5.0 (compatible; MJ12bot/v1.4.8; http://mj12bot.com/)"
172.69.165.42 - - [04/Feb/2025:01:03:30 +0700] "GET /dan-de/"+t+"?action=chmod&dir=%2Fhome%2Fvietnamesehotels.net%2Fpublic_html%2Fwp-content%2Fplugins%2Fseo-by-rank-math%2Fincludes%2Fmodules%2Fschema%2Fsnippets&item=. HTTP/1.1" 200 6966 "-" "Mozilla/5.0 AppleWebKit/537.36 (KHTML, like Gecko; compatible; GPTBot/1.2; +https://openai.com/gptbot)"
172.69.165.42 - - [04/Feb/2025:01:03:31 +0700] "GET /dan-de/"+t+"?action=chmod&dir=%2Fhome%2Fvietnamesehotels.net%2Fpublic_html%2Fwp-content%2Fplugins%2Fseo-by-rank-math%2Fincludes%2Fmodules%2Fschema%2Fassets&item=.. HTTP/1.1" 200 6128 "-" "Mozilla/5.0 AppleWebKit/537.36 (KHTML, like Gecko; compatible; GPTBot/1.2; +https://openai.com/gptbot)"
162.158.163.156 - - [04/Feb/2025:01:03:32 +0700] "GET /choi-co-trach-nhiem/?dir=/home/vietnamesehotels.net/public_html&item=.&action=chmod HTTP/1.1" 200 24925 "-" "Mozilla/5.0 (compatible; MJ12bot/v1.4.8; http://mj12bot.com/)"
172.69.165.42 - - [04/Feb/2025:01:03:32 +0700] "GET /dan-de/"+t+"?action=chmod&dir=%2Fhome%2Fvietnamesehotels.net%2Fpublic_html%2Fwp-content%2Fplugins%2Fseo-by-rank-math%2Fincludes%2Fmodules%2Fschema%2Fassets&item=js HTTP/1.1" 200 6130 "-" "Mozilla/5.0 AppleWebKit/537.36 (KHTML, like Gecko; compatible; GPTBot/1.2; +https://openai.com/gptbot)"
172.69.165.42 - - [04/Feb/2025:01:03:33 +0700] "GET /dan-de/"+t+"?action=rename&dir=%2Fhome%2Fvietnamesehotels.net%2Fpublic_html%2Fwp-content%2Fplugins%2Fseo-by-rank-math%2Fincludes%2Fmodules%2Fschema%2Fassets&item=js HTTP/1.1" 200 6126 "-" "Mozilla/5.0 AppleWebKit/537.36 (KHTML, like Gecko; compatible; GPTBot/1.2; +https://openai.com/gptbot)"
162.158.163.205 - - [04/Feb/2025:01:03:35 +0700] "POST /wp-cron.php?doing_wp_cron=1738605815.0211811065673828125000 HTTP/1.1" 200 31 "-" "WordPress/6.7.1; https://vietnamesehotels.net"
172.69.165.42 - - [04/Feb/2025:01:03:35 +0700] "GET /dan-de/"+t+"?action=chmod&dir=%2Fhome%2Fvietnamesehotels.net%2Fpublic_html%2Fwp-content%2Fplugins%2Fseo-by-rank-math%2Fincludes%2Fmodules%2Fschema%2Fassets&item=. HTTP/1.1" 200 6129 "-" "Mozilla/5.0 AppleWebKit/537.36 (KHTML, like Gecko; compatible; GPTBot/1.2; +https://openai.com/gptbot)"
162.158.162.124 - - [04/Feb/2025:01:03:35 +0700] "GET /?dir=/home/vietnamesehotels.net/public_html/wp-includes&item=class-json.php&action=chmod HTTP/1.1" 200 21666 "-" "Mozilla/5.0 (compatible; MJ12bot/v1.4.8; http://mj12bot.com/)"
162.158.163.122 - - [04/Feb/2025:01:03:36 +0700] "POST /wp-cron.php?doing_wp_cron=1738605816.1210429668426513671875 HTTP/1.1" 200 31 "-" "WordPress/6.7.1; https://vietnamesehotels.net"
172.69.165.42 - - [04/Feb/2025:01:03:36 +0700] "GET /dan-de/"+t+"?action=chmod&dir=%2Fhome%2Fvietnamesehotels.net%2Fpublic_html%2Fwp-content%2Fplugins%2Fseo-by-rank-math%2Fincludes%2Fmodules%2Fschema%2Fassets&item=img HTTP/1.1" 200 6131 "-" "Mozilla/5.0 AppleWebKit/537.36 (KHTML, like Gecko; compatible; GPTBot/1.2; +https://openai.com/gptbot)"
162.158.163.156 - - [04/Feb/2025:01:03:36 +0700] "GET /choi-co-trach-nhiem/?dir=/home/vietnamesehotels.net/public_html&item=..&action=chmod HTTP/1.1" 200 24925 "-" "Mozilla/5.0 (compatible; MJ12bot/v1.4.8; http://mj12bot.com/)"
172.69.165.42 - - [04/Feb/2025:01:03:37 +0700] "GET /dan-de/"+t+"?action=rename&dir=%2Fhome%2Fvietnamesehotels.net%2Fpublic_html%2Fwp-content%2Fplugins%2Fseo-by-rank-math%2Fincludes%2Fmodules%2Fschema%2Fassets&item=img HTTP/1.1" 200 6129 "-" "Mozilla/5.0 AppleWebKit/537.36 (KHTML, like Gecko; compatible; GPTBot/1.2; +https://openai.com/gptbot)"
172.69.165.42 - - [04/Feb/2025:01:03:38 +0700] "GET /dan-de/"$%7BsrcDataValue%7D"?action=chmod&dir=%2Fhome%2Fvietnamesehotels.net%2Fpublic_html%2Fwp-content%2Fplugins%2Fintelly-related-posts%2Fassets&item=.. HTTP/1.1" 200 6345 "-" "Mozilla/5.0 AppleWebKit/537.36 (KHTML, like Gecko; compatible; GPTBot/1.2; +https://openai.com/gptbot)"
162.158.163.156 - - [04/Feb/2025:01:03:38 +0700] "GET /choi-co-trach-nhiem/?dir=/home/vietnamesehotels.net/public_html&item=index.php&action=chmod HTTP/1.1" 200 24930 "-" "Mozilla/5.0 (compatible; MJ12bot/v1.4.8; http://mj12bot.com/)"
172.69.165.42 - - [04/Feb/2025:01:03:39 +0700] "GET /dan-de/"$%7BsrcDataValue%7D"?action=chmod&dir=%2Fhome%2Fvietnamesehotels.net%2Fpublic_html%2Fwp-content%2Fplugins%2Fintelly-related-posts%2Fassets&item=js HTTP/1.1" 200 6344 "-" "Mozilla/5.0 AppleWebKit/537.36 (KHTML, like Gecko; compatible; GPTBot/1.2; +https://openai.com/gptbot)"
172.69.165.42 - - [04/Feb/2025:01:03:40 +0700] "GET /dan-de/"$%7BsrcDataValue%7D"?action=rename&dir=%2Fhome%2Fvietnamesehotels.net%2Fpublic_html%2Fwp-content%2Fplugins%2Fintelly-related-posts%2Fassets&item=js HTTP/1.1" 200 6343 "-" "Mozilla/5.0 AppleWebKit/537.36 (KHTML, like Gecko; compatible; GPTBot/1.2; +https://openai.com/gptbot)"
162.158.163.156 - - [04/Feb/2025:01:03:41 +0700] "GET /choi-co-trach-nhiem/?dir=/home/vietnamesehotels.net/public_html&item=index.php&action=download HTTP/1.1" 200 273 "-" "Mozilla/5.0 (compatible; MJ12bot/v1.4.8; http://mj12bot.com/)"
172.69.165.42 - - [04/Feb/2025:01:03:41 +0700] "GET /dan-de/"$%7BsrcDataValue%7D"?action=chmod&dir=%2Fhome%2Fvietnamesehotels.net%2Fpublic_html%2Fwp-content%2Fplugins%2Fintelly-related-posts%2Fassets&item=. HTTP/1.1" 200 6343 "-" "Mozilla/5.0 AppleWebKit/537.36 (KHTML, like Gecko; compatible; GPTBot/1.2; +https://openai.com/gptbot)"
162.158.162.124 - - [04/Feb/2025:01:03:42 +0700] "GET /?dir=/home/vietnamesehotels.net/public_html/wp-content/ai1wm-backups HTTP/1.1" 200 6281 "-" "Mozilla/5.0 (iPhone; CPU iPhone OS 13_2_3 like Mac OS X) AppleWebKit/605.1.15 (KHTML, like Gecko) Version/13.0.3 Mobile/15E148 Safari/604.1"
172.69.165.42 - - [04/Feb/2025:01:03:42 +0700] "GET /dan-de/"$%7BsrcDataValue%7D"?action=rename&dir=%2Fhome%2Fvietnamesehotels.net%2Fpublic_html%2Fwp-content%2Fplugins%2Fintelly-related-posts%2Fassets&item=images HTTP/1.1" 200 6345 "-" "Mozilla/5.0 AppleWebKit/537.36 (KHTML, like Gecko; compatible; GPTBot/1.2; +https://openai.com/gptbot)"
172.69.165.42 - - [04/Feb/2025:01:03:43 +0700] "GET /dan-de/"$%7BsrcDataValue%7D"?action=chmod&dir=%2Fhome%2Fvietnamesehotels.net%2Fpublic_html%2Fwp-content%2Fplugins%2Fintelly-related-posts%2Fassets&item=images HTTP/1.1" 200 6345 "-" "Mozilla/5.0 AppleWebKit/537.36 (KHTML, like Gecko; compatible; GPTBot/1.2; +https://openai.com/gptbot)"
162.158.163.156 - - [04/Feb/2025:01:03:44 +0700] "GET /choi-co-trach-nhiem/?dir=/home/vietnamesehotels.net/public_html&item=index.php&action=edit HTTP/1.1" 200 25172 "-" "Mozilla/5.0 (compatible; MJ12bot/v1.4.8; http://mj12bot.com/)"
172.69.165.42 - - [04/Feb/2025:01:03:44 +0700] "GET /dan-de/"$%7BsrcDataValue%7D"?action=chmod&dir=%2Fhome%2Fvietnamesehotels.net%2Fpublic_html%2Fwp-content%2Fplugins%2Fintelly-related-posts%2Fassets&item=landing HTTP/1.1" 200 6346 "-" "Mozilla/5.0 AppleWebKit/537.36 (KHTML, like Gecko; compatible; GPTBot/1.2; +https://openai.com/gptbot)"
172.69.165.42 - - [04/Feb/2025:01:03:46 +0700] "GET /dan-de/"$%7BsrcDataValue%7D"?action=chmod&dir=%2Fhome%2Fvietnamesehotels.net%2Fpublic_html%2Fwp-content%2Fplugins%2Fintelly-related-posts%2Fincludes&item=.. HTTP/1.1" 200 6479 "-" "Mozilla/5.0 AppleWebKit/537.36 (KHTML, like Gecko; compatible; GPTBot/1.2; +https://openai.com/gptbot)"
162.158.162.124 - - [04/Feb/2025:01:03:46 +0700] "GET /?dir=/home/vietnamesehotels.net/public_html/wp-includes&item=class-oembed.php&action=edit HTTP/1.1" 200 21936 "-" "Mozilla/5.0 (compatible; MJ12bot/v1.4.8; http://mj12bot.com/)"
162.158.163.156 - - [04/Feb/2025:01:03:46 +0700] "GET /choi-co-trach-nhiem/?dir=/home/vietnamesehotels.net/public_html&item=index.php&action=rename HTTP/1.1" 200 24925 "-" "Mozilla/5.0 (compatible; MJ12bot/v1.4.8; http://mj12bot.com/)"
