162.158.163.156 - - [04/Feb/2025:00:53:27 +0700] "GET /dan-de/t,window.location.href?action=chmod&dir=%2Fhome%2Fvietnamesehotels.net%2Fpublic_html%2Fwp-content%2Fplugins%2Fwp-rocket%2Finc%2FEngine%2FCDN%2FRocketCDN%2Fviews&item=.. HTTP/1.1" 200 21236 "-" "Mozilla/5.0 AppleWebKit/537.36 (KHTML, like Gecko; compatible; GPTBot/1.2; +https://openai.com/gptbot)"
162.158.163.140 - - [04/Feb/2025:00:53:28 +0700] "GET /?dir=/home/vietnamesehotels.net/public_html/wp-includes/blocks HTTP/1.1" 200 14061 "-" "Mozilla/5.0 (compatible; MJ12bot/v1.4.8; http://mj12bot.com/)"
162.158.163.156 - - [04/Feb/2025:00:53:28 +0700] "GET /dan-de/"+t+"?action=rename&dir=%2Fhome%2Fvietnamesehotels.net%2Fpublic_html%2Fwp-content%2Fplugins%2Fduplicator%2Ftemplate%2Fparts&item=tools HTTP/1.1" 200 6652 "-" "Mozilla/5.0 AppleWebKit/537.36 (KHTML, like Gecko; compatible; GPTBot/1.2; +https://openai.com/gptbot)"
162.158.163.156 - - [04/Feb/2025:00:53:29 +0700] "GET /dan-de/"+t+"?action=chmod&dir=%2Fhome%2Fvietnamesehotels.net%2Fpublic_html%2Fwp-content%2Fplugins%2Fduplicator%2Ftemplate%2Fadmin_pages&item=.. HTTP/1.1" 200 6231 "-" "Mozilla/5.0 AppleWebKit/537.36 (KHTML, like Gecko; compatible; GPTBot/1.2; +https://openai.com/gptbot)"
162.158.163.156 - - [04/Feb/2025:00:53:30 +0700] "GET /dan-de/"+t+"?action=chmod&dir=%2Fhome%2Fvietnamesehotels.net%2Fpublic_html%2Fwp-content%2Fplugins%2Fduplicator%2Ftemplate%2Fadmin_pages&item=. HTTP/1.1" 200 6230 "-" "Mozilla/5.0 AppleWebKit/537.36 (KHTML, like Gecko; compatible; GPTBot/1.2; +https://openai.com/gptbot)"
162.158.163.140 - - [04/Feb/2025:00:53:31 +0700] "GET /?dir=/home/vietnamesehotels.net/public_html/wp-includes/certificates HTTP/1.1" 200 5988 "-" "Mozilla/5.0 (compatible; MJ12bot/v1.4.8; http://mj12bot.com/)"
162.158.163.156 - - [04/Feb/2025:00:53:31 +0700] "GET /dan-de/"+t+"?action=rename&dir=%2Fhome%2Fvietnamesehotels.net%2Fpublic_html%2Fwp-content%2Fplugins%2Fduplicator%2Ftemplate%2Fadmin_pages&item=about_us HTTP/1.1" 200 6231 "-" "Mozilla/5.0 AppleWebKit/537.36 (KHTML, like Gecko; compatible; GPTBot/1.2; +https://openai.com/gptbot)"
162.158.163.156 - - [04/Feb/2025:00:53:32 +0700] "GET /dan-de/"+t+"?action=chmod&dir=%2Fhome%2Fvietnamesehotels.net%2Fpublic_html%2Fwp-content%2Fplugins%2Fduplicator%2Ftemplate%2Fadmin_pages&item=packages HTTP/1.1" 200 6229 "-" "Mozilla/5.0 AppleWebKit/537.36 (KHTML, like Gecko; compatible; GPTBot/1.2; +https://openai.com/gptbot)"
162.158.163.156 - - [04/Feb/2025:00:53:33 +0700] "GET /dan-de/"+t+"?action=rename&dir=%2Fhome%2Fvietnamesehotels.net%2Fpublic_html%2Fwp-content%2Fplugins%2Fduplicator%2Ftemplate%2Fadmin_pages&item=welcome HTTP/1.1" 200 6227 "-" "Mozilla/5.0 AppleWebKit/537.36 (KHTML, like Gecko; compatible; GPTBot/1.2; +https://openai.com/gptbot)"
172.69.165.42 - - [04/Feb/2025:00:53:34 +0700] "POST /wp-cron.php?doing_wp_cron=1738605214.7894101142883300781250 HTTP/1.1" 200 31 "-" "WordPress/6.7.1; https://vietnamesehotels.net"
162.158.163.156 - - [04/Feb/2025:00:53:34 +0700] "GET /dan-de/"+t+"?action=chmod&dir=%2Fhome%2Fvietnamesehotels.net%2Fpublic_html%2Fwp-content%2Fplugins%2Fduplicator%2Ftemplate%2Fadmin_pages&item=welcome HTTP/1.1" 200 6227 "-" "Mozilla/5.0 AppleWebKit/537.36 (KHTML, like Gecko; compatible; GPTBot/1.2; +https://openai.com/gptbot)"
162.158.163.156 - - [04/Feb/2025:00:53:35 +0700] "GET /dan-de/"+t+"?action=chmod&dir=%2Fhome%2Fvietnamesehotels.net%2Fpublic_html%2Fwp-content%2Fplugins%2Fduplicator%2Ftemplate%2Fadmin_pages&item=about_us HTTP/1.1" 200 6231 "-" "Mozilla/5.0 AppleWebKit/537.36 (KHTML, like Gecko; compatible; GPTBot/1.2; +https://openai.com/gptbot)"
162.158.163.32 - - [04/Feb/2025:00:53:36 +0700] "POST /wp-cron.php?doing_wp_cron=1738605216.3204939365386962890625 HTTP/1.1" 200 31 "-" "WordPress/6.7.1; https://vietnamesehotels.net"
162.158.163.140 - - [04/Feb/2025:00:53:36 +0700] "GET /?dir=/home/vietnamesehotels.net/public_html/wp-includes/css HTTP/1.1" 200 8184 "-" "Mozilla/5.0 (compatible; MJ12bot/v1.4.8; http://mj12bot.com/)"
162.158.163.156 - - [04/Feb/2025:00:53:37 +0700] "GET /dan-de/"+t+"?action=rename&dir=%2Fhome%2Fvietnamesehotels.net%2Fpublic_html%2Fwp-content%2Fplugins%2Fduplicator%2Ftemplate%2Fparts&item=filters HTTP/1.1" 200 6652 "-" "Mozilla/5.0 AppleWebKit/537.36 (KHTML, like Gecko; compatible; GPTBot/1.2; +https://openai.com/gptbot)"
162.158.163.156 - - [04/Feb/2025:00:53:38 +0700] "GET /dan-de/"+t+"?action=chmod&dir=%2Fhome%2Fvietnamesehotels.net%2Fpublic_html%2Fwp-content%2Fplugins%2Fduplicator%2Ftemplate%2Fadmin_pages&item=settings HTTP/1.1" 200 6231 "-" "Mozilla/5.0 AppleWebKit/537.36 (KHTML, like Gecko; compatible; GPTBot/1.2; +https://openai.com/gptbot)"
162.158.163.156 - - [04/Feb/2025:00:53:39 +0700] "GET /dan-de/"+t+"?action=rename&dir=%2Fhome%2Fvietnamesehotels.net%2Fpublic_html%2Fwp-content%2Fplugins%2Fduplicator%2Ftemplate%2Fmocks&item=storage HTTP/1.1" 200 6383 "-" "Mozilla/5.0 AppleWebKit/537.36 (KHTML, like Gecko; compatible; GPTBot/1.2; +https://openai.com/gptbot)"
162.158.163.140 - - [04/Feb/2025:00:53:39 +0700] "GET /?dir=/home/vietnamesehotels.net/public_html/wp-includes/customize HTTP/1.1" 200 8360 "-" "Mozilla/5.0 (compatible; MJ12bot/v1.4.8; http://mj12bot.com/)"
162.158.163.156 - - [04/Feb/2025:00:53:40 +0700] "GET /dan-de/"+t+"?action=chmod&dir=%2Fhome%2Fvietnamesehotels.net%2Fpublic_html%2Fwp-content%2Fplugins%2Fduplicator%2Ftemplate%2Fmocks&item=settings HTTP/1.1" 200 6381 "-" "Mozilla/5.0 AppleWebKit/537.36 (KHTML, like Gecko; compatible; GPTBot/1.2; +https://openai.com/gptbot)"
162.158.163.156 - - [04/Feb/2025:00:53:41 +0700] "GET /dan-de/"+t+"?action=chmod&dir=%2Fhome%2Fvietnamesehotels.net%2Fpublic_html%2Fwp-content%2Fplugins%2Fduplicator%2Ftemplate%2Fmocks&item=storage HTTP/1.1" 200 6383 "-" "Mozilla/5.0 AppleWebKit/537.36 (KHTML, like Gecko; compatible; GPTBot/1.2; +https://openai.com/gptbot)"
162.158.163.140 - - [04/Feb/2025:00:53:42 +0700] "GET /?dir=/home/vietnamesehotels.net/public_html/wp-includes/fonts HTTP/1.1" 200 6671 "-" "Mozilla/5.0 (compatible; MJ12bot/v1.4.8; http://mj12bot.com/)"
162.158.163.156 - - [04/Feb/2025:00:53:42 +0700] "GET /dan-de/"+u+"?action=chmod&dir=%2Fhome%2Fvietnamesehotels.net%2Fpublic_html%2Fwp-content%2Fplugins%2Fwp-rocket%2Finc%2FDependencies%2FMinify&item=.. HTTP/1.1" 200 6498 "-" "Mozilla/5.0 AppleWebKit/537.36 (KHTML, like Gecko; compatible; GPTBot/1.2; +https://openai.com/gptbot)"
162.158.163.156 - - [04/Feb/2025:00:53:43 +0700] "GET /dan-de/"+u+"?action=chmod&dir=%2Fhome%2Fvietnamesehotels.net%2Fpublic_html%2Fwp-content%2Fplugins%2Fwp-rocket%2Finc%2FDependencies%2FMinify&item=Exceptions HTTP/1.1" 200 6500 "-" "Mozilla/5.0 AppleWebKit/537.36 (KHTML, like Gecko; compatible; GPTBot/1.2; +https://openai.com/gptbot)"
162.158.163.122 - - [04/Feb/2025:00:53:44 +0700] "GET /?dir=/home/vietnamesehotels.net/public_html/wp-includes&item=class-wp-block-parser.php&action=chmod HTTP/1.1" 200 21679 "-" "Mozilla/5.0 (compatible; MJ12bot/v1.4.8; http://mj12bot.com/)"
162.158.163.156 - - [04/Feb/2025:00:53:44 +0700] "GET /dan-de/"+t+"?action=chmod&dir=%2Fhome%2Fvietnamesehotels.net%2Fpublic_html%2Fwp-content%2Fthemes%2Fflatsome%2Finc%2Fintegrations%2Fwc-composite-products&item=.. HTTP/1.1" 200 6211 "-" "Mozilla/5.0 AppleWebKit/537.36 (KHTML, like Gecko; compatible; GPTBot/1.2; +https://openai.com/gptbot)"
162.158.163.156 - - [04/Feb/2025:00:53:45 +0700] "GET /dan-de/"+t+"?action=chmod&dir=%2Fhome%2Fvietnamesehotels.net%2Fpublic_html%2Fwp-content%2Fplugins%2Fduplicator%2Ftemplate%2Fmocks&item=schedule HTTP/1.1" 200 6379 "-" "Mozilla/5.0 AppleWebKit/537.36 (KHTML, like Gecko; compatible; GPTBot/1.2; +https://openai.com/gptbot)"
162.158.163.140 - - [04/Feb/2025:00:53:45 +0700] "GET /?dir=/home/vietnamesehotels.net/public_html/wp-includes/html-api HTTP/1.1" 200 6963 "-" "Mozilla/5.0 (compatible; MJ12bot/v1.4.8; http://mj12bot.com/)"
162.158.163.156 - - [04/Feb/2025:00:53:46 +0700] "GET /dan-de/"+t+"?action=chmod&dir=%2Fhome%2Fvietnamesehotels.net%2Fpublic_html%2Fwp-content%2Fplugins%2Fduplicator%2Ftemplate%2Fmocks&item=transfer HTTP/1.1" 200 6381 "-" "Mozilla/5.0 AppleWebKit/537.36 (KHTML, like Gecko; compatible; GPTBot/1.2; +https://openai.com/gptbot)"
162.158.163.156 - - [04/Feb/2025:00:53:47 +0700] "GET /dan-de/"+t+"?action=rename&dir=%2Fhome%2Fvietnamesehotels.net%2Fpublic_html%2Fwp-content%2Fplugins%2Fduplicator%2Ftemplate%2Fmocks&item=import HTTP/1.1" 200 6381 "-" "Mozilla/5.0 AppleWebKit/537.36 (KHTML, like Gecko; compatible; GPTBot/1.2; +https://openai.com/gptbot)"
162.158.163.140 - - [04/Feb/2025:00:53:48 +0700] "GET /?dir=/home/vietnamesehotels.net/public_html/wp-includes/images HTTP/1.1" 200 7648 "-" "Mozilla/5.0 (compatible; MJ12bot/v1.4.8; http://mj12bot.com/)"
162.158.163.156 - - [04/Feb/2025:00:53:49 +0700] "GET /dan-de/"+t+"?action=chmod&dir=%2Fhome%2Fvietnamesehotels.net%2Fpublic_html%2Fwp-content%2Fplugins%2Fduplicator%2Ftemplate%2Fmocks&item=import HTTP/1.1" 200 6379 "-" "Mozilla/5.0 AppleWebKit/537.36 (KHTML, like Gecko; compatible; GPTBot/1.2; +https://openai.com/gptbot)"
162.158.163.156 - - [04/Feb/2025:00:53:50 +0700] "GET /dan-de/"+u+"?action=rename&dir=%2Fhome%2Fvietnamesehotels.net%2Fpublic_html%2Fwp-content%2Fplugins%2Fwp-rocket%2Finc%2FDependencies%2FMinify&item=data HTTP/1.1" 200 6497 "-" "Mozilla/5.0 AppleWebKit/537.36 (KHTML, like Gecko; compatible; GPTBot/1.2; +https://openai.com/gptbot)"
162.158.163.156 - - [04/Feb/2025:00:53:51 +0700] "GET /dan-de/"+t+"?action=chmod&dir=%2Fhome%2Fvietnamesehotels.net%2Fpublic_html%2Fwp-content%2Fplugins%2Fduplicator%2Ftemplate%2Fparts&item=filters HTTP/1.1" 200 6652 "-" "Mozilla/5.0 AppleWebKit/537.36 (KHTML, like Gecko; compatible; GPTBot/1.2; +https://openai.com/gptbot)"
162.158.163.156 - - [04/Feb/2025:00:53:52 +0700] "GET /dan-de/"+t+"?action=chmod&dir=%2Fhome%2Fvietnamesehotels.net%2Fpublic_html%2Fwp-content%2Fthemes%2Fflatsome%2Finc%2Fintegrations%2Fwc-composite-products&item=. HTTP/1.1" 200 6210 "-" "Mozilla/5.0 AppleWebKit/537.36 (KHTML, like Gecko; compatible; GPTBot/1.2; +https://openai.com/gptbot)"
162.158.163.140 - - [04/Feb/2025:00:53:52 +0700] "GET /?dir=/home/vietnamesehotels.net/public_html/wp-includes/interactivity-api HTTP/1.1" 200 6138 "-" "Mozilla/5.0 (compatible; MJ12bot/v1.4.8; http://mj12bot.com/)"
162.158.163.156 - - [04/Feb/2025:00:53:53 +0700] "GET /dan-de/"+t+"?action=chmod&dir=%2Fhome%2Fvietnamesehotels.net%2Fpublic_html%2Fwp-content%2Fplugins%2Fduplicator%2Ftemplate%2Fmocks&item=recovery HTTP/1.1" 200 6381 "-" "Mozilla/5.0 AppleWebKit/537.36 (KHTML, like Gecko; compatible; GPTBot/1.2; +https://openai.com/gptbot)"
162.158.163.156 - - [04/Feb/2025:00:53:54 +0700] "GET /dan-de/"+u+"?action=chmod&dir=%2Fhome%2Fvietnamesehotels.net%2Fpublic_html%2Fwp-content%2Fplugins%2Fwp-rocket%2Finc%2FDependencies%2FMinify&item=. HTTP/1.1" 200 6497 "-" "Mozilla/5.0 AppleWebKit/537.36 (KHTML, like Gecko; compatible; GPTBot/1.2; +https://openai.com/gptbot)"
162.158.163.140 - - [04/Feb/2025:00:53:55 +0700] "GET /?dir=/home/vietnamesehotels.net/public_html/wp-includes/js HTTP/1.1" 200 12251 "-" "Mozilla/5.0 (compatible; MJ12bot/v1.4.8; http://mj12bot.com/)"
162.158.163.156 - - [04/Feb/2025:00:53:55 +0700] "GET /dan-de/"+t+"?action=chmod&dir=%2Fhome%2Fvietnamesehotels.net%2Fpublic_html%2Fwp-content%2Fplugins%2Fduplicator%2Fsrc%2FLibs%2FWpConfig&item=.. HTTP/1.1" 200 6209 "-" "Mozilla/5.0 AppleWebKit/537.36 (KHTML, like Gecko; compatible; GPTBot/1.2; +https://openai.com/gptbot)"
162.158.163.156 - - [04/Feb/2025:00:53:56 +0700] "GET /dan-de/"+t+"?action=rename&dir=%2Fhome%2Fvietnamesehotels.net%2Fpublic_html%2Fwp-content%2Fplugins%2Fduplicator%2Ftemplate%2Fparts&item=Notifications HTTP/1.1" 200 6651 "-" "Mozilla/5.0 AppleWebKit/537.36 (KHTML, like Gecko; compatible; GPTBot/1.2; +https://openai.com/gptbot)"
162.158.163.121 - - [04/Feb/2025:00:53:57 +0700] "GET /?dir=/home/vietnamesehotels.net/public_html/wp-includes&item=class-wp-block-parser.php&action=rename HTTP/1.1" 200 21669 "-" "Mozilla/5.0 (compatible; MJ12bot/v1.4.8; http://mj12bot.com/)"
162.158.163.156 - - [04/Feb/2025:00:53:57 +0700] "GET /dan-de/"+t+"?action=rename&dir=%2Fhome%2Fvietnamesehotels.net%2Fpublic_html%2Fwp-content%2Fplugins%2Fduplicator%2Ftemplate%2Fparts&item=Education HTTP/1.1" 200 6653 "-" "Mozilla/5.0 AppleWebKit/537.36 (KHTML, like Gecko; compatible; GPTBot/1.2; +https://openai.com/gptbot)"
162.158.163.156 - - [04/Feb/2025:00:53:58 +0700] "GET /dan-de/"+t+"?action=rename&dir=%2Fhome%2Fvietnamesehotels.net%2Fpublic_html%2Fwp-content%2Fplugins%2Fduplicator%2Ftemplate%2Fmocks&item=transfer HTTP/1.1" 200 6382 "-" "Mozilla/5.0 AppleWebKit/537.36 (KHTML, like Gecko; compatible; GPTBot/1.2; +https://openai.com/gptbot)"
162.158.163.156 - - [04/Feb/2025:00:54:00 +0700] "GET /dan-de/"+t+"?action=chmod&dir=%2Fhome%2Fvietnamesehotels.net%2Fpublic_html%2Fwp-content%2Fplugins%2Fduplicator%2Ftemplate%2Fparts&item=Notifications HTTP/1.1" 200 6653 "-" "Mozilla/5.0 AppleWebKit/537.36 (KHTML, like Gecko; compatible; GPTBot/1.2; +https://openai.com/gptbot)"
162.158.163.140 - - [04/Feb/2025:00:54:00 +0700] "GET /?dir=/home/vietnamesehotels.net/public_html/wp-includes/l10n HTTP/1.1" 200 6297 "-" "Mozilla/5.0 (compatible; MJ12bot/v1.4.8; http://mj12bot.com/)"
162.158.163.156 - - [04/Feb/2025:00:54:01 +0700] "GET /dan-de/"+t+"?action=chmod&dir=%2Fhome%2Fvietnamesehotels.net%2Fpublic_html%2Fwp-content%2Fplugins%2Fduplicator%2Ftemplate%2Fparts&item=Education HTTP/1.1" 200 6653 "-" "Mozilla/5.0 AppleWebKit/537.36 (KHTML, like Gecko; compatible; GPTBot/1.2; +https://openai.com/gptbot)"
162.158.163.121 - - [04/Feb/2025:00:54:01 +0700] "GET /?dir=/home/vietnamesehotels.net/public_html/wp-includes&item=class-wp-block-pattern-categories-registry.php&action=chmod HTTP/1.1" 200 21687 "-" "Mozilla/5.0 (compatible; MJ12bot/v1.4.8; http://mj12bot.com/)"
162.158.163.156 - - [04/Feb/2025:00:54:02 +0700] "GET /dan-de/"+t+"?action=chmod&dir=%2Fhome%2Fvietnamesehotels.net%2Fpublic_html%2Fwp-content%2Fplugins%2Fduplicator%2Ftemplate%2Fparts&item=DashboardWidget HTTP/1.1" 200 6649 "-" "Mozilla/5.0 AppleWebKit/537.36 (KHTML, like Gecko; compatible; GPTBot/1.2; +https://openai.com/gptbot)"
162.158.163.156 - - [04/Feb/2025:00:54:03 +0700] "GET /dan-de/"+t+"?action=rename&dir=%2Fhome%2Fvietnamesehotels.net%2Fpublic_html%2Fwp-content%2Fplugins%2Fduplicator%2Ftemplate%2Fmocks&item=schedule HTTP/1.1" 200 6379 "-" "Mozilla/5.0 AppleWebKit/537.36 (KHTML, like Gecko; compatible; GPTBot/1.2; +https://openai.com/gptbot)"
162.158.163.140 - - [04/Feb/2025:00:54:03 +0700] "GET /?dir=/home/vietnamesehotels.net/public_html/wp-includes/php-compat HTTP/1.1" 200 5980 "-" "Mozilla/5.0 (compatible; MJ12bot/v1.4.8; http://mj12bot.com/)"
162.158.163.156 - - [04/Feb/2025:00:54:04 +0700] "GET /dan-de/"+t+"?action=rename&dir=%2Fhome%2Fvietnamesehotels.net%2Fpublic_html%2Fwp-content%2Fplugins%2Fduplicator%2Ftemplate%2Fadmin_pages&item=settings HTTP/1.1" 200 6232 "-" "Mozilla/5.0 AppleWebKit/537.36 (KHTML, like Gecko; compatible; GPTBot/1.2; +https://openai.com/gptbot)"
162.158.163.156 - - [04/Feb/2025:00:54:05 +0700] "GET /dan-de/"+t+"?action=rename&dir=%2Fhome%2Fvietnamesehotels.net%2Fpublic_html%2Fwp-content%2Fplugins%2Fduplicator%2Ftemplate%2Fmocks&item=templates HTTP/1.1" 200 6384 "-" "Mozilla/5.0 AppleWebKit/537.36 (KHTML, like Gecko; compatible; GPTBot/1.2; +https://openai.com/gptbot)"
162.158.163.156 - - [04/Feb/2025:00:54:06 +0700] "GET /dan-de/"+u+"?action=rename&dir=%2Fhome%2Fvietnamesehotels.net%2Fpublic_html%2Fwp-content%2Fplugins%2Fwp-rocket%2Finc%2FDependencies%2FMinify&item=Exceptions HTTP/1.1" 200 6501 "-" "Mozilla/5.0 AppleWebKit/537.36 (KHTML, like Gecko; compatible; GPTBot/1.2; +https://openai.com/gptbot)"
162.158.163.140 - - [04/Feb/2025:00:54:07 +0700] "GET /?dir=/home/vietnamesehotels.net/public_html/wp-includes/pomo HTTP/1.1" 200 6375 "-" "Mozilla/5.0 (compatible; MJ12bot/v1.4.8; http://mj12bot.com/)"
162.158.163.156 - - [04/Feb/2025:00:54:07 +0700] "GET /dan-de/"+t+"?action=rename&dir=%2Fhome%2Fvietnamesehotels.net%2Fpublic_html%2Fwp-content%2Fplugins%2Fduplicator%2Ftemplate%2Fparts&item=DashboardWidget HTTP/1.1" 200 6650 "-" "Mozilla/5.0 AppleWebKit/537.36 (KHTML, like Gecko; compatible; GPTBot/1.2; +https://openai.com/gptbot)"
162.158.163.156 - - [04/Feb/2025:00:54:08 +0700] "GET /dan-de/"+t+"?action=rename&dir=%2Fhome%2Fvietnamesehotels.net%2Fpublic_html%2Fwp-content%2Fplugins%2Fduplicator%2Ftemplate%2Fmocks&item=settings HTTP/1.1" 200 6379 "-" "Mozilla/5.0 AppleWebKit/537.36 (KHTML, like Gecko; compatible; GPTBot/1.2; +https://openai.com/gptbot)"
162.158.163.156 - - [04/Feb/2025:00:54:09 +0700] "GET /dan-de/"+t+"?action=rename&dir=%2Fhome%2Fvietnamesehotels.net%2Fpublic_html%2Fwp-content%2Fplugins%2Fduplicator%2Ftemplate%2Fparts&item=cross_promotion HTTP/1.1" 200 6654 "-" "Mozilla/5.0 AppleWebKit/537.36 (KHTML, like Gecko; compatible; GPTBot/1.2; +https://openai.com/gptbot)"
162.158.163.140 - - [04/Feb/2025:00:54:10 +0700] "GET /?dir=/home/vietnamesehotels.net/public_html/wp-includes/rest-api HTTP/1.1" 200 6365 "-" "Mozilla/5.0 (compatible; MJ12bot/v1.4.8; http://mj12bot.com/)"
162.158.163.156 - - [04/Feb/2025:00:54:11 +0700] "GET /dan-de/"+t+"?action=rename&dir=%2Fhome%2Fvietnamesehotels.net%2Fpublic_html%2Fwp-content%2Fplugins%2Fduplicator%2Ftemplate%2Fmocks&item=recovery HTTP/1.1" 200 6382 "-" "Mozilla/5.0 AppleWebKit/537.36 (KHTML, like Gecko; compatible; GPTBot/1.2; +https://openai.com/gptbot)"
162.158.163.156 - - [04/Feb/2025:00:54:12 +0700] "GET /dan-de/"+t+"?action=chmod&dir=%2Fhome%2Fvietnamesehotels.net%2Fpublic_html%2Fwp-content%2Fplugins%2Fduplicator%2Ftemplate%2Fparts&item=cross_promotion HTTP/1.1" 200 6654 "-" "Mozilla/5.0 AppleWebKit/537.36 (KHTML, like Gecko; compatible; GPTBot/1.2; +https://openai.com/gptbot)"
162.158.163.122 - - [04/Feb/2025:00:54:12 +0700] "GET /?dir=/home/vietnamesehotels.net/public_html/wp-includes&item=class-wp-block-pattern-categories-registry.php&action=edit HTTP/1.1" 200 23085 "-" "Mozilla/5.0 (compatible; MJ12bot/v1.4.8; http://mj12bot.com/)"
162.158.163.140 - - [04/Feb/2025:00:54:13 +0700] "GET /?dir=/home/vietnamesehotels.net/public_html/wp-includes/sitemaps HTTP/1.1" 200 6444 "-" "Mozilla/5.0 (compatible; MJ12bot/v1.4.8; http://mj12bot.com/)"
162.158.163.156 - - [04/Feb/2025:00:54:13 +0700] "GET /dan-de/"+t+"?action=chmod&dir=%2Fhome%2Fvietnamesehotels.net%2Fpublic_html%2Fwp-content%2Fplugins%2Fduplicator%2Ftemplate%2Fmocks&item=templates HTTP/1.1" 200 6383 "-" "Mozilla/5.0 AppleWebKit/537.36 (KHTML, like Gecko; compatible; GPTBot/1.2; +https://openai.com/gptbot)"
162.158.163.156 - - [04/Feb/2025:00:54:14 +0700] "GET /dan-de/"+t+"?action=rename&dir=%2Fhome%2Fvietnamesehotels.net%2Fpublic_html%2Fwp-content%2Fplugins%2Fduplicator%2Ftemplate%2Fadmin_pages&item=packages HTTP/1.1" 200 6228 "-" "Mozilla/5.0 AppleWebKit/537.36 (KHTML, like Gecko; compatible; GPTBot/1.2; +https://openai.com/gptbot)"
162.158.163.156 - - [04/Feb/2025:00:54:15 +0700] "GET /dan-de/"+u+"?action=chmod&dir=%2Fhome%2Fvietnamesehotels.net%2Fpublic_html%2Fwp-content%2Fplugins%2Fwp-rocket%2Finc%2FDependencies%2FMinify&item=data HTTP/1.1" 200 6500 "-" "Mozilla/5.0 AppleWebKit/537.36 (KHTML, like Gecko; compatible; GPTBot/1.2; +https://openai.com/gptbot)"
162.158.163.156 - - [04/Feb/2025:00:54:16 +0700] "GET /dan-de/"+t+"?action=chmod&dir=%2Fhome%2Fvietnamesehotels.net%2Fpublic_html%2Fwp-content%2Fplugins%2Fduplicator%2Fsrc%2FLibs%2FWpConfig&item=. HTTP/1.1" 200 6209 "-" "Mozilla/5.0 AppleWebKit/537.36 (KHTML, like Gecko; compatible; GPTBot/1.2; +https://openai.com/gptbot)"
162.158.163.140 - - [04/Feb/2025:00:54:16 +0700] "GET /?dir=/home/vietnamesehotels.net/public_html/wp-includes/sodium_compat HTTP/1.1" 200 6445 "-" "Mozilla/5.0 (compatible; MJ12bot/v1.4.8; http://mj12bot.com/)"
162.158.163.156 - - [04/Feb/2025:00:54:17 +0700] "GET /dan-de/"+t+"?action=chmod&dir=%2Fhome%2Fvietnamesehotels.net%2Fpublic_html%2Fwp-content%2Fplugins%2Fwordfence%2Fmodels%2Fcommon&item=.. HTTP/1.1" 200 6122 "-" "Mozilla/5.0 AppleWebKit/537.36 (KHTML, like Gecko; compatible; GPTBot/1.2; +https://openai.com/gptbot)"
162.158.163.156 - - [04/Feb/2025:00:54:18 +0700] "GET /dan-de/"+t+"?action=chmod&dir=%2Fhome%2Fvietnamesehotels.net%2Fpublic_html%2Fwp-content%2Fplugins%2Fduplicator%2Ftemplate%2Fparts&item=.. HTTP/1.1" 200 6651 "-" "Mozilla/5.0 AppleWebKit/537.36 (KHTML, like Gecko; compatible; GPTBot/1.2; +https://openai.com/gptbot)"
162.158.163.140 - - [04/Feb/2025:00:54:19 +0700] "GET /?dir=/home/vietnamesehotels.net/public_html/wp-includes/style-engine HTTP/1.1" 200 6318 "-" "Mozilla/5.0 (compatible; MJ12bot/v1.4.8; http://mj12bot.com/)"
162.158.163.122 - - [04/Feb/2025:00:54:19 +0700] "GET /?dir=/home/vietnamesehotels.net/public_html/wp-includes&item=class-wp-block-pattern-categories-registry.php&action=rename HTTP/1.1" 200 21685 "-" "Mozilla/5.0 (compatible; MJ12bot/v1.4.8; http://mj12bot.com/)"
162.158.162.125 - - [04/Feb/2025:00:54:19 +0700] "GET /dan-de/"+t+"?action=chmod&dir=%2Fhome%2Fvietnamesehotels.net%2Fpublic_html%2Fwp-content%2Fplugins%2Fduplicator%2Ftemplate%2Fmail&item=.. HTTP/1.1" 200 6129 "-" "Mozilla/5.0 AppleWebKit/537.36 (KHTML, like Gecko; compatible; GPTBot/1.2; +https://openai.com/gptbot)"
162.158.162.125 - - [04/Feb/2025:00:54:20 +0700] "GET /dan-de/"+t+"?action=chmod&dir=%2Fhome%2Fvietnamesehotels.net%2Fpublic_html%2Fwp-content%2Fplugins%2Fduplicator%2Ftemplate%2Fmocks&item=.. HTTP/1.1" 200 6379 "-" "Mozilla/5.0 AppleWebKit/537.36 (KHTML, like Gecko; compatible; GPTBot/1.2; +https://openai.com/gptbot)"
162.158.162.125 - - [04/Feb/2025:00:54:22 +0700] "GET /dan-de/"+t+"?action=chmod&dir=%2Fhome%2Fvietnamesehotels.net%2Fpublic_html%2Fwp-content%2Fplugins%2Fwordfence%2Fmodels%2Fcommon&item=. HTTP/1.1" 200 6120 "-" "Mozilla/5.0 AppleWebKit/537.36 (KHTML, like Gecko; compatible; GPTBot/1.2; +https://openai.com/gptbot)"
162.158.163.140 - - [04/Feb/2025:00:54:22 +0700] "GET /?dir=/home/vietnamesehotels.net/public_html/wp-includes/theme-compat HTTP/1.1" 200 6592 "-" "Mozilla/5.0 (compatible; MJ12bot/v1.4.8; http://mj12bot.com/)"
162.158.162.125 - - [04/Feb/2025:00:54:23 +0700] "GET /wp-content/plugins/fix/up.php HTTP/1.1" 404 47 "-" "Mozilla/5.0 (Linux; Android 7.0; SM-G892A Build/NRD90M; wv) AppleWebKit/537.36 (KHTML, Gecko) Version/4.0 Chrome/60.0.3112.107 Mobile Safari/537.36"
162.158.162.125 - - [04/Feb/2025:00:54:23 +0700] "GET /dan-de/"+u+"?action=chmod&dir=%2Fhome%2Fvietnamesehotels.net%2Fpublic_html%2Fwp-content%2Fplugins%2Fwp-rocket%2Fviews%2Fmetaboxes&item=. HTTP/1.1" 200 6123 "-" "Mozilla/5.0 AppleWebKit/537.36 (KHTML, like Gecko; compatible; GPTBot/1.2; +https://openai.com/gptbot)"
162.158.163.140 - - [04/Feb/2025:00:54:23 +0700] "GET /wp-content/plugins/pwnd/pwnd.php HTTP/1.1" 404 47 "-" "Mozilla/5.0 (Linux; Android 7.0; SM-G892A Build/NRD90M; wv) AppleWebKit/537.36 (KHTML, Gecko) Version/4.0 Chrome/60.0.3112.107 Mobile Safari/537.36"
162.158.162.125 - - [04/Feb/2025:00:54:24 +0700] "GET /dan-de/"+u+"?action=chmod&dir=%2Fhome%2Fvietnamesehotels.net%2Fpublic_html%2Fwp-content%2Fplugins%2Fwp-rocket%2Fviews%2Fmetaboxes&item=.. HTTP/1.1" 200 6123 "-" "Mozilla/5.0 AppleWebKit/537.36 (KHTML, like Gecko; compatible; GPTBot/1.2; +https://openai.com/gptbot)"
172.69.165.43 - - [04/Feb/2025:00:54:25 +0700] "GET /wp-content/plugins/pwnd-1/pwnd.php HTTP/1.1" 404 47 "-" "Mozilla/5.0 (Linux; Android 7.0; SM-G892A Build/NRD90M; wv) AppleWebKit/537.36 (KHTML, Gecko) Version/4.0 Chrome/60.0.3112.107 Mobile Safari/537.36"
162.158.162.125 - - [04/Feb/2025:00:54:25 +0700] "GET /dan-de/"+t+"?action=chmod&dir=%2Fhome%2Fvietnamesehotels.net%2Fpublic_html%2Fwp-content%2Fplugins%2Fduplicator%2Ftemplate%2Fparts&item=tools HTTP/1.1" 200 6650 "-" "Mozilla/5.0 AppleWebKit/537.36 (KHTML, like Gecko; compatible; GPTBot/1.2; +https://openai.com/gptbot)"
162.158.163.140 - - [04/Feb/2025:00:54:25 +0700] "GET /?dir=/home/vietnamesehotels.net/public_html/wp-includes/widgets HTTP/1.1" 200 7243 "-" "Mozilla/5.0 (compatible; MJ12bot/v1.4.8; http://mj12bot.com/)"
162.158.162.125 - - [04/Feb/2025:00:54:26 +0700] "GET /wp-content/plugins/simple/simple.php HTTP/1.1" 404 47 "-" "Mozilla/5.0 (Linux; Android 7.0; SM-G892A Build/NRD90M; wv) AppleWebKit/537.36 (KHTML, Gecko) Version/4.0 Chrome/60.0.3112.107 Mobile Safari/537.36"
162.158.162.125 - - [04/Feb/2025:00:54:26 +0700] "GET /dan-de/"+t+"?action=chmod&dir=%2Fhome%2Fvietnamesehotels.net%2Fpublic_html%2Fwp-content%2Fplugins%2Fduplicator%2Ftemplate%2Fparts&item=. HTTP/1.1" 200 6650 "-" "Mozilla/5.0 AppleWebKit/537.36 (KHTML, like Gecko; compatible; GPTBot/1.2; +https://openai.com/gptbot)"
162.158.162.55 - - [04/Feb/2025:00:54:27 +0700] "GET /wp-content/cache/index.php HTTP/1.1" 404 47 "-" "Mozilla/5.0 (Linux; Android 7.0; SM-G892A Build/NRD90M; wv) AppleWebKit/537.36 (KHTML, Gecko) Version/4.0 Chrome/60.0.3112.107 Mobile Safari/537.36"
162.158.162.125 - - [04/Feb/2025:00:54:27 +0700] "GET /dan-de/"+t+"?action=chmod&dir=%2Fhome%2Fvietnamesehotels.net%2Fpublic_html%2Fwp-content%2Fplugins%2Fduplicator%2Ftemplate%2Fmocks&item=. HTTP/1.1" 200 6379 "-" "Mozilla/5.0 AppleWebKit/537.36 (KHTML, like Gecko; compatible; GPTBot/1.2; +https://openai.com/gptbot)"
162.158.162.182 - - [04/Feb/2025:00:54:27 +0700] "GET /wp-content/plugins/cIassic-editor/settings.php HTTP/1.1" 404 47 "-" "Mozilla/5.0 (Linux; Android 7.0; SM-G892A Build/NRD90M; wv) AppleWebKit/537.36 (KHTML, Gecko) Version/4.0 Chrome/60.0.3112.107 Mobile Safari/537.36"
162.158.163.140 - - [04/Feb/2025:00:54:28 +0700] "GET /?dir=/home/vietnamet.com HTTP/1.1" 200 5895 "-" "Mozilla/5.0 (compatible; MJ12bot/v1.4.8; http://mj12bot.com/)"
162.158.162.125 - - [04/Feb/2025:00:54:28 +0700] "GET /dan-de/"+t+"?action=chmod&dir=%2Fhome%2Fvietnamesehotels.net%2Fpublic_html%2Fwp-content%2Fplugins%2Fduplicator%2Ftemplate%2Fmail&item=. HTTP/1.1" 200 6128 "-" "Mozilla/5.0 AppleWebKit/537.36 (KHTML, like Gecko; compatible; GPTBot/1.2; +https://openai.com/gptbot)"
162.158.163.140 - - [04/Feb/2025:00:54:28 +0700] "GET /wp-content/themes/twentytwentyfive/assets/index.php HTTP/1.1" 404 47 "-" "Mozilla/5.0 (Linux; Android 7.0; SM-G892A Build/NRD90M; wv) AppleWebKit/537.36 (KHTML, Gecko) Version/4.0 Chrome/60.0.3112.107 Mobile Safari/537.36"
162.158.163.122 - - [04/Feb/2025:00:54:29 +0700] "GET /wp-content/plugins/bdthemes-element-pack/index.php HTTP/1.1" 404 47 "-" "Mozilla/5.0 (Linux; Android 7.0; SM-G892A Build/NRD90M; wv) AppleWebKit/537.36 (KHTML, Gecko) Version/4.0 Chrome/60.0.3112.107 Mobile Safari/537.36"
162.158.162.125 - - [04/Feb/2025:00:54:29 +0700] "GET /dan-de/"+u+"?dir=%2Fhome%2Fvietnamesehotels.net%2Fpublic_html%2Fwp-content%2Fplugins%2Fwp-rocket%2Finc%2FDependencies%2FMinify%2Fdata HTTP/1.1" 200 5929 "-" "Mozilla/5.0 AppleWebKit/537.36 (KHTML, like Gecko; compatible; GPTBot/1.2; +https://openai.com/gptbot)"
162.158.163.140 - - [04/Feb/2025:00:54:29 +0700] "GET /wp-content/index.php HTTP/1.1" 200 31 "-" "Mozilla/5.0 (Linux; Android 7.0; SM-G892A Build/NRD90M; wv) AppleWebKit/537.36 (KHTML, Gecko) Version/4.0 Chrome/60.0.3112.107 Mobile Safari/537.36"
162.158.163.155 - - [04/Feb/2025:00:54:30 +0700] "GET /wp-content/languages/index.php HTTP/1.1" 404 47 "-" "Mozilla/5.0 (Linux; Android 7.0; SM-G892A Build/NRD90M; wv) AppleWebKit/537.36 (KHTML, Gecko) Version/4.0 Chrome/60.0.3112.107 Mobile Safari/537.36"
172.69.165.75 - - [04/Feb/2025:00:54:30 +0700] "GET /wp-content/plugins/index.php HTTP/1.1" 200 31 "-" "Mozilla/5.0 (Linux; Android 7.0; SM-G892A Build/NRD90M; wv) AppleWebKit/537.36 (KHTML, Gecko) Version/4.0 Chrome/60.0.3112.107 Mobile Safari/537.36"
162.158.162.125 - - [04/Feb/2025:00:54:30 +0700] "GET /dan-de/"+t+"?dir=%2Fhome%2Fvietnamesehotels.net%2Fpublic_html%2Fwp-content%2Fplugins%2Fduplicator%2Ftemplate%2Fmocks%2Ftemplates HTTP/1.1" 200 6099 "-" "Mozilla/5.0 AppleWebKit/537.36 (KHTML, like Gecko; compatible; GPTBot/1.2; +https://openai.com/gptbot)"
162.158.163.122 - - [04/Feb/2025:00:54:31 +0700] "GET /?dir=/home/vietnamesehotels.net/public_html/wp-includes&item=class-wp-block-patterns-registry.php&action=download HTTP/1.1" 200 2625 "-" "Mozilla/5.0 (compatible; MJ12bot/v1.4.8; http://mj12bot.com/)"
172.69.165.23 - - [04/Feb/2025:00:54:31 +0700] "GET /wp-content/themes/index.php HTTP/1.1" 200 31 "-" "Mozilla/5.0 (Linux; Android 7.0; SM-G892A Build/NRD90M; wv) AppleWebKit/537.36 (KHTML, Gecko) Version/4.0 Chrome/60.0.3112.107 Mobile Safari/537.36"
172.70.147.205 - - [04/Feb/2025:00:54:32 +0700] "GET /dan-de/"+t+"?action=edit&dir=%2Fhome%2Fvietnamesehotels.net%2Fpublic_html%2Fwp-content%2Fthemes%2Fflatsome%2Finc%2Fintegrations%2Fwc-composite-products&item=composite-products.js HTTP/1.1" 200 6347 "-" "Mozilla/5.0 AppleWebKit/537.36 (KHTML, like Gecko; compatible; GPTBot/1.2; +https://openai.com/gptbot)"
162.158.163.140 - - [04/Feb/2025:00:54:32 +0700] "GET /wp-content/upgrade/index.php HTTP/1.1" 404 47 "-" "Mozilla/5.0 (Linux; Android 7.0; SM-G892A Build/NRD90M; wv) AppleWebKit/537.36 (KHTML, Gecko) Version/4.0 Chrome/60.0.3112.107 Mobile Safari/537.36"
162.158.163.155 - - [04/Feb/2025:00:54:32 +0700] "GET /casino/?dir=/ HTTP/1.1" 200 26364 "-" "Mozilla/5.0 (compatible; MJ12bot/v1.4.8; http://mj12bot.com/)"
162.158.163.205 - - [04/Feb/2025:00:54:32 +0700] "GET /wp-content/uploads/index.php HTTP/1.1" 404 47 "-" "Mozilla/5.0 (Linux; Android 7.0; SM-G892A Build/NRD90M; wv) AppleWebKit/537.36 (KHTML, Gecko) Version/4.0 Chrome/60.0.3112.107 Mobile Safari/537.36"
162.158.170.93 - - [04/Feb/2025:00:54:33 +0700] "GET /dan-de/"+t+"?action=rename&dir=%2Fhome%2Fvietnamesehotels.net%2Fpublic_html%2Fwp-content%2Fthemes%2Fflatsome%2Finc%2Fintegrations%2Fwc-composite-products&item=composite-products.js HTTP/1.1" 200 6211 "-" "Mozilla/5.0 AppleWebKit/537.36 (KHTML, like Gecko; compatible; GPTBot/1.2; +https://openai.com/gptbot)"
162.158.163.140 - - [04/Feb/2025:00:54:33 +0700] "GET /wp-includes/index.php HTTP/1.1" 404 47 "-" "Mozilla/5.0 (Linux; Android 7.0; SM-G892A Build/NRD90M; wv) AppleWebKit/537.36 (KHTML, Gecko) Version/4.0 Chrome/60.0.3112.107 Mobile Safari/537.36"
162.158.162.107 - - [04/Feb/2025:00:54:34 +0700] "POST /wp-cron.php?doing_wp_cron=1738605274.2037999629974365234375 HTTP/1.1" 200 31 "-" "WordPress/6.7.1; https://vietnamesehotels.net"
162.158.107.3 - - [04/Feb/2025:00:54:34 +0700] "GET /dan-de/"+t+"?action=chmod&dir=%2Fhome%2Fvietnamesehotels.net%2Fpublic_html%2Fwp-content%2Fthemes%2Fflatsome%2Finc%2Fintegrations%2Fwc-composite-products&item=composite-products.js HTTP/1.1" 200 6214 "-" "Mozilla/5.0 AppleWebKit/537.36 (KHTML, like Gecko; compatible; GPTBot/1.2; +https://openai.com/gptbot)"
162.158.163.155 - - [04/Feb/2025:00:54:36 +0700] "GET /casino/?dir=/home HTTP/1.1" 200 25476 "-" "Mozilla/5.0 (compatible; MJ12bot/v1.4.8; http://mj12bot.com/)"
172.69.165.75 - - [04/Feb/2025:00:54:36 +0700] "POST /wp-cron.php?doing_wp_cron=1738605276.3943901062011718750000 HTTP/1.1" 200 31 "-" "WordPress/6.7.1; https://vietnamesehotels.net"
162.158.162.125 - - [04/Feb/2025:00:54:36 +0700] "GET /dan-de/"+t+"?dir=%2Fhome%2Fvietnamesehotels.net%2Fpublic_html%2Fwp-content%2Fplugins%2Fduplicator%2Ftemplate%2Fparts%2Ftools HTTP/1.1" 200 6045 "-" "Mozilla/5.0 AppleWebKit/537.36 (KHTML, like Gecko; compatible; GPTBot/1.2; +https://openai.com/gptbot)"
162.158.162.125 - - [04/Feb/2025:00:54:37 +0700] "GET /dan-de/"+t+"?dir=%2Fhome%2Fvietnamesehotels.net%2Fpublic_html%2Fwp-content%2Fplugins%2Fduplicator%2Ftemplate%2Fparts%2Fhelp HTTP/1.1" 200 6165 "-" "Mozilla/5.0 AppleWebKit/537.36 (KHTML, like Gecko; compatible; GPTBot/1.2; +https://openai.com/gptbot)"
162.158.163.155 - - [04/Feb/2025:00:54:38 +0700] "GET /casino/?dir=/home/vietnamesehotels.net HTTP/1.1" 200 25269 "-" "Mozilla/5.0 (compatible; MJ12bot/v1.4.8; http://mj12bot.com/)"
162.158.162.125 - - [04/Feb/2025:00:54:38 +0700] "GET /dan-de/"+t+"?dir=%2Fhome%2Fvietnamesehotels.net%2Fpublic_html%2Fwp-content%2Fplugins%2Fduplicator%2Ftemplate%2Fadmin_pages%2Fsettings HTTP/1.1" 200 5925 "-" "Mozilla/5.0 AppleWebKit/537.36 (KHTML, like Gecko; compatible; GPTBot/1.2; +https://openai.com/gptbot)"
162.158.162.125 - - [04/Feb/2025:00:54:39 +0700] "GET /dan-de/"+t+"?dir=%2Fhome%2Fvietnamesehotels.net%2Fpublic_html%2Fwp-content%2Fplugins%2Fduplicator%2Ftemplate%2Fparts%2FEducation HTTP/1.1" 200 6388 "-" "Mozilla/5.0 AppleWebKit/537.36 (KHTML, like Gecko; compatible; GPTBot/1.2; +https://openai.com/gptbot)"
162.158.162.125 - - [04/Feb/2025:00:54:41 +0700] "GET /dan-de/"+u+"?action=chmod&dir=%2Fhome%2Fvietnamesehotels.net%2Fpublic_html%2Fwp-content%2Fplugins%2Fwp-rocket%2Finc%2FDependencies%2FMinify%2Fdata&item=.. HTTP/1.1" 200 6032 "-" "Mozilla/5.0 AppleWebKit/537.36 (KHTML, like Gecko; compatible; GPTBot/1.2; +https://openai.com/gptbot)"
162.158.163.155 - - [04/Feb/2025:00:54:41 +0700] "GET /casino/?dir=/home/vietnamesehotels.net/public_html HTTP/1.1" 200 26728 "-" "Mozilla/5.0 (compatible; MJ12bot/v1.4.8; http://mj12bot.com/)"
162.158.163.121 - - [04/Feb/2025:00:54:41 +0700] "GET /?dir=/home/vietnamesehotels.net/public_html/wp-includes&item=class-wp-block-styles-registry.php&action=chmod HTTP/1.1" 200 21681 "-" "Mozilla/5.0 (compatible; MJ12bot/v1.4.8; http://mj12bot.com/)"
162.158.162.125 - - [04/Feb/2025:00:54:41 +0700] "GET /dan-de/"+u+"?action=chmod&dir=%2Fhome%2Fvietnamesehotels.net%2Fpublic_html%2Fwp-content%2Fplugins%2Fwp-rocket%2Finc%2FDependencies%2FMinify%2Fdata&item=. HTTP/1.1" 200 6032 "-" "Mozilla/5.0 AppleWebKit/537.36 (KHTML, like Gecko; compatible; GPTBot/1.2; +https://openai.com/gptbot)"
162.158.162.125 - - [04/Feb/2025:00:54:42 +0700] "GET /dan-de/"+u+"?action=rename&dir=%2Fhome%2Fvietnamesehotels.net%2Fpublic_html%2Fwp-content%2Fplugins%2Fwp-rocket%2Finc%2FDependencies%2FMinify%2Fdata&item=js HTTP/1.1" 200 6034 "-" "Mozilla/5.0 AppleWebKit/537.36 (KHTML, like Gecko; compatible; GPTBot/1.2; +https://openai.com/gptbot)"
162.158.162.125 - - [04/Feb/2025:00:54:44 +0700] "GET /dan-de/"+u+"?action=chmod&dir=%2Fhome%2Fvietnamesehotels.net%2Fpublic_html%2Fwp-content%2Fplugins%2Fwp-rocket%2Finc%2FDependencies%2FMinify%2Fdata&item=js HTTP/1.1" 200 6032 "-" "Mozilla/5.0 AppleWebKit/537.36 (KHTML, like Gecko; compatible; GPTBot/1.2; +https://openai.com/gptbot)"
162.158.163.155 - - [04/Feb/2025:00:54:44 +0700] "GET /casino/?dir=/home/vietnamesehotels.net/public_html&item=.&action=chmod HTTP/1.1" 200 26829 "-" "Mozilla/5.0 (compatible; MJ12bot/v1.4.8; http://mj12bot.com/)"
162.158.162.125 - - [04/Feb/2025:00:54:45 +0700] "GET /dan-de/"+u+"?dir=%2Fhome%2Fvietnamesehotels.net%2Fpublic_html%2Fwp-content%2Fplugins%2Fwp-rocket%2Finc%2FDependencies%2FMinify%2Fdata%2Fjs HTTP/1.1" 200 6424 "-" "Mozilla/5.0 AppleWebKit/537.36 (KHTML, like Gecko; compatible; GPTBot/1.2; +https://openai.com/gptbot)"
162.158.162.125 - - [04/Feb/2025:00:54:46 +0700] "GET /dan-de/"+t+"?action=chmod&dir=%2Fhome%2Fvietnamesehotels.net%2Fpublic_html%2Fwp-content%2Fplugins%2Fduplicator%2Ftemplate%2Fmocks%2Ftemplates&item=. HTTP/1.1" 200 6204 "-" "Mozilla/5.0 AppleWebKit/537.36 (KHTML, like Gecko; compatible; GPTBot/1.2; +https://openai.com/gptbot)"
162.158.163.155 - - [04/Feb/2025:00:54:46 +0700] "GET /casino/?dir=/home/vietnamesehotels.net/public_html&item=..&action=chmod HTTP/1.1" 200 26832 "-" "Mozilla/5.0 (compatible; MJ12bot/v1.4.8; http://mj12bot.com/)"
162.158.162.125 - - [04/Feb/2025:00:54:47 +0700] "GET /dan-de/"+t+"?action=chmod&dir=%2Fhome%2Fvietnamesehotels.net%2Fpublic_html%2Fwp-content%2Fplugins%2Fduplicator%2Ftemplate%2Fmocks%2Ftemplates&item=.. HTTP/1.1" 200 6205 "-" "Mozilla/5.0 AppleWebKit/537.36 (KHTML, like Gecko; compatible; GPTBot/1.2; +https://openai.com/gptbot)"
162.158.162.125 - - [04/Feb/2025:00:54:48 +0700] "GET /dan-de/"+t+"?action=chmod&dir=%2Fhome%2Fvietnamesehotels.net%2Fpublic_html%2Fwp-content%2Fplugins%2Fduplicator%2Ftemplate%2Fparts%2Ftools&item=.. HTTP/1.1" 200 6148 "-" "Mozilla/5.0 AppleWebKit/537.36 (KHTML, like Gecko; compatible; GPTBot/1.2; +https://openai.com/gptbot)"
162.158.162.125 - - [04/Feb/2025:00:54:49 +0700] "GET /dan-de/"+t+"?action=chmod&dir=%2Fhome%2Fvietnamesehotels.net%2Fpublic_html%2Fwp-content%2Fplugins%2Fduplicator%2Ftemplate%2Fparts%2Ftools&item=. HTTP/1.1" 200 6148 "-" "Mozilla/5.0 AppleWebKit/537.36 (KHTML, like Gecko; compatible; GPTBot/1.2; +https://openai.com/gptbot)"
162.158.163.155 - - [04/Feb/2025:00:54:49 +0700] "GET /casino/?dir=/home/vietnamesehotels.net/public_html&item=index.php&action=chmod HTTP/1.1" 200 26831 "-" "Mozilla/5.0 (compatible; MJ12bot/v1.4.8; http://mj12bot.com/)"
162.158.163.140 - - [04/Feb/2025:00:54:50 +0700] "GET /?dir=/home/vietnamesehotels.net/public_html/wp-includes&item=class-wp-block-styles-registry.php&action=download HTTP/1.1" 200 1696 "-" "Mozilla/5.0 (compatible; MJ12bot/v1.4.8; http://mj12bot.com/)"
162.158.162.125 - - [04/Feb/2025:00:54:50 +0700] "GET /dan-de/"+t+"?action=chmod&dir=%2Fhome%2Fvietnamesehotels.net%2Fpublic_html%2Fwp-content%2Fplugins%2Fduplicator%2Ftemplate%2Fparts%2Fhelp&item=.. HTTP/1.1" 200 6334 "-" "Mozilla/5.0 AppleWebKit/537.36 (KHTML, like Gecko; compatible; GPTBot/1.2; +https://openai.com/gptbot)"
162.158.162.125 - - [04/Feb/2025:00:54:51 +0700] "GET /dan-de/"+t+"?action=chmod&dir=%2Fhome%2Fvietnamesehotels.net%2Fpublic_html%2Fwp-content%2Fplugins%2Fduplicator%2Ftemplate%2Fparts%2Fhelp&item=. HTTP/1.1" 200 6333 "-" "Mozilla/5.0 AppleWebKit/537.36 (KHTML, like Gecko; compatible; GPTBot/1.2; +https://openai.com/gptbot)"
162.158.163.155 - - [04/Feb/2025:00:54:52 +0700] "GET /casino/?dir=/home/vietnamesehotels.net/public_html&item=index.php&action=download HTTP/1.1" 200 273 "-" "Mozilla/5.0 (compatible; MJ12bot/v1.4.8; http://mj12bot.com/)"
162.158.162.125 - - [04/Feb/2025:00:54:52 +0700] "GET /dan-de/"+t+"?action=rename&dir=%2Fhome%2Fvietnamesehotels.net%2Fpublic_html%2Fwp-content%2Fplugins%2Fduplicator%2Ftemplate%2Fadmin_pages%2Fsettings&item=general HTTP/1.1" 200 6026 "-" "Mozilla/5.0 AppleWebKit/537.36 (KHTML, like Gecko; compatible; GPTBot/1.2; +https://openai.com/gptbot)"
162.158.163.122 - - [04/Feb/2025:00:54:53 +0700] "GET /?dir=/home/vietnamesehotels.net/public_html/wp-includes&item=class-wp-block-styles-registry.php&action=edit HTTP/1.1" 200 23470 "-" "Mozilla/5.0 (compatible; MJ12bot/v1.4.8; http://mj12bot.com/)"
162.158.162.125 - - [04/Feb/2025:00:54:53 +0700] "GET /dan-de/"+t+"?action=chmod&dir=%2Fhome%2Fvietnamesehotels.net%2Fpublic_html%2Fwp-content%2Fplugins%2Fduplicator%2Ftemplate%2Fadmin_pages%2Fsettings&item=.. HTTP/1.1" 200 6028 "-" "Mozilla/5.0 AppleWebKit/537.36 (KHTML, like Gecko; compatible; GPTBot/1.2; +https://openai.com/gptbot)"
162.158.162.125 - - [04/Feb/2025:00:54:55 +0700] "GET /dan-de/"+t+"?action=chmod&dir=%2Fhome%2Fvietnamesehotels.net%2Fpublic_html%2Fwp-content%2Fplugins%2Fduplicator%2Ftemplate%2Fadmin_pages%2Fsettings&item=. HTTP/1.1" 200 6027 "-" "Mozilla/5.0 AppleWebKit/537.36 (KHTML, like Gecko; compatible; GPTBot/1.2; +https://openai.com/gptbot)"
162.158.163.155 - - [04/Feb/2025:00:54:55 +0700] "GET /casino/?dir=/home/vietnamesehotels.net/public_html&item=index.php&action=edit HTTP/1.1" 200 27063 "-" "Mozilla/5.0 (compatible; MJ12bot/v1.4.8; http://mj12bot.com/)"
162.158.162.125 - - [04/Feb/2025:00:54:56 +0700] "GET /dan-de/"+t+"?action=chmod&dir=%2Fhome%2Fvietnamesehotels.net%2Fpublic_html%2Fwp-content%2Fplugins%2Fduplicator%2Ftemplate%2Fadmin_pages%2Fsettings&item=general HTTP/1.1" 200 6027 "-" "Mozilla/5.0 AppleWebKit/537.36 (KHTML, like Gecko; compatible; GPTBot/1.2; +https://openai.com/gptbot)"
162.158.162.125 - - [04/Feb/2025:00:54:57 +0700] "GET /dan-de/"+t+"?action=chmod&dir=%2Fhome%2Fvietnamesehotels.net%2Fpublic_html%2Fwp-content%2Fplugins%2Fduplicator%2Ftemplate%2Fparts%2FEducation&item=. HTTP/1.1" 200 6495 "-" "Mozilla/5.0 AppleWebKit/537.36 (KHTML, like Gecko; compatible; GPTBot/1.2; +https://openai.com/gptbot)"
162.158.162.125 - - [04/Feb/2025:00:54:58 +0700] "GET /dan-de/"+t+"?action=chmod&dir=%2Fhome%2Fvietnamesehotels.net%2Fpublic_html%2Fwp-content%2Fplugins%2Fduplicator%2Ftemplate%2Fparts%2FEducation&item=.. HTTP/1.1" 200 6496 "-" "Mozilla/5.0 AppleWebKit/537.36 (KHTML, like Gecko; compatible; GPTBot/1.2; +https://openai.com/gptbot)"
162.158.162.125 - - [04/Feb/2025:00:54:59 +0700] "GET /dan-de/"+u+"?action=chmod&dir=%2Fhome%2Fvietnamesehotels.net%2Fpublic_html%2Fwp-content%2Fplugins%2Fwp-rocket%2Finc%2FDependencies%2FMinify%2Fdata%2Fjs&item=.. HTTP/1.1" 200 6529 "-" "Mozilla/5.0 AppleWebKit/537.36 (KHTML, like Gecko; compatible; GPTBot/1.2; +https://openai.com/gptbot)"
162.158.163.155 - - [04/Feb/2025:00:54:59 +0700] "GET /casino/?dir=/home/vietnamesehotels.net/public_html&item=index.php&action=rename HTTP/1.1" 200 26827 "-" "Mozilla/5.0 (compatible; MJ12bot/v1.4.8; http://mj12bot.com/)"
162.158.162.125 - - [04/Feb/2025:00:55:00 +0700] "GET /dan-de/"+u+"?action=rename&dir=%2Fhome%2Fvietnamesehotels.net%2Fpublic_html%2Fwp-content%2Fplugins%2Fwp-rocket%2Finc%2FDependencies%2FMinify%2Fdata%2Fjs&item=operators_before.txt HTTP/1.1" 200 6534 "-" "Mozilla/5.0 AppleWebKit/537.36 (KHTML, like Gecko; compatible; GPTBot/1.2; +https://openai.com/gptbot)"
162.158.162.125 - - [04/Feb/2025:00:55:01 +0700] "GET /dan-de/"+u+"?action=chmod&dir=%2Fhome%2Fvietnamesehotels.net%2Fpublic_html%2Fwp-content%2Fplugins%2Fwp-rocket%2Finc%2FDependencies%2FMinify%2Fdata%2Fjs&item=keywords_reserved.txt HTTP/1.1" 200 6535 "-" "Mozilla/5.0 AppleWebKit/537.36 (KHTML, like Gecko; compatible; GPTBot/1.2; +https://openai.com/gptbot)"
162.158.162.125 - - [04/Feb/2025:00:55:02 +0700] "GET /dan-de/"+u+"?action=chmod&dir=%2Fhome%2Fvietnamesehotels.net%2Fpublic_html%2Fwp-content%2Fplugins%2Fwp-rocket%2Finc%2FDependencies%2FMinify%2Fdata%2Fjs&item=. HTTP/1.1" 200 6527 "-" "Mozilla/5.0 AppleWebKit/537.36 (KHTML, like Gecko; compatible; GPTBot/1.2; +https://openai.com/gptbot)"
162.158.162.125 - - [04/Feb/2025:00:55:03 +0700] "GET /dan-de/"+u+"?action=rename&dir=%2Fhome%2Fvietnamesehotels.net%2Fpublic_html%2Fwp-content%2Fplugins%2Fwp-rocket%2Finc%2FDependencies%2FMinify%2Fdata%2Fjs&item=keywords_reserved.txt HTTP/1.1" 200 6532 "-" "Mozilla/5.0 AppleWebKit/537.36 (KHTML, like Gecko; compatible; GPTBot/1.2; +https://openai.com/gptbot)"
162.158.163.155 - - [04/Feb/2025:00:55:04 +0700] "GET /casino/?dir=/home/vietnamesehotels.net/public_html&item=license.txt&action=chmod HTTP/1.1" 200 26833 "-" "Mozilla/5.0 (compatible; MJ12bot/v1.4.8; http://mj12bot.com/)"
162.158.162.125 - - [04/Feb/2025:00:55:05 +0700] "GET /dan-de/"+u+"?action=chmod&dir=%2Fhome%2Fvietnamesehotels.net%2Fpublic_html%2Fwp-content%2Fplugins%2Fwp-rocket%2Finc%2FDependencies%2FMinify%2Fdata%2Fjs&item=operators.txt HTTP/1.1" 200 6534 "-" "Mozilla/5.0 AppleWebKit/537.36 (KHTML, like Gecko; compatible; GPTBot/1.2; +https://openai.com/gptbot)"
162.158.162.125 - - [04/Feb/2025:00:55:06 +0700] "GET /dan-de/"+u+"?action=edit&dir=%2Fhome%2Fvietnamesehotels.net%2Fpublic_html%2Fwp-content%2Fplugins%2Fwp-rocket%2Finc%2FDependencies%2FMinify%2Fdata%2Fjs&item=operators.txt HTTP/1.1" 200 6660 "-" "Mozilla/5.0 AppleWebKit/537.36 (KHTML, like Gecko; compatible; GPTBot/1.2; +https://openai.com/gptbot)"
162.158.163.122 - - [04/Feb/2025:00:55:06 +0700] "GET /?dir=/home/vietnamesehotels.net/public_html/wp-includes&item=class-wp-block-supports.php&action=download HTTP/1.1" 200 1623 "-" "Mozilla/5.0 (compatible; MJ12bot/v1.4.8; http://mj12bot.com/)"
162.158.162.125 - - [04/Feb/2025:00:55:07 +0700] "GET /dan-de/"+u+"?action=edit&dir=%2Fhome%2Fvietnamesehotels.net%2Fpublic_html%2Fwp-content%2Fplugins%2Fwp-rocket%2Finc%2FDependencies%2FMinify%2Fdata%2Fjs&item=keywords_reserved.txt HTTP/1.1" 200 6821 "-" "Mozilla/5.0 AppleWebKit/537.36 (KHTML, like Gecko; compatible; GPTBot/1.2; +https://openai.com/gptbot)"
162.158.163.155 - - [04/Feb/2025:00:55:07 +0700] "GET /casino/?dir=/home/vietnamesehotels.net/public_html&item=license.txt&action=download HTTP/1.1" 200 7308 "-" "Mozilla/5.0 (compatible; MJ12bot/v1.4.8; http://mj12bot.com/)"
162.158.162.125 - - [04/Feb/2025:00:55:08 +0700] "GET /dan-de/"+u+"?action=rename&dir=%2Fhome%2Fvietnamesehotels.net%2Fpublic_html%2Fwp-content%2Fplugins%2Fwp-rocket%2Finc%2FDependencies%2FMinify%2Fdata%2Fjs&item=operators_after.txt HTTP/1.1" 200 6529 "-" "Mozilla/5.0 AppleWebKit/537.36 (KHTML, like Gecko; compatible; GPTBot/1.2; +https://openai.com/gptbot)"
162.158.162.125 - - [04/Feb/2025:00:55:09 +0700] "GET /dan-de/"+u+"?action=rename&dir=%2Fhome%2Fvietnamesehotels.net%2Fpublic_html%2Fwp-content%2Fplugins%2Fwp-rocket%2Finc%2FDependencies%2FMinify%2Fdata%2Fjs&item=operators.txt HTTP/1.1" 200 6531 "-" "Mozilla/5.0 AppleWebKit/537.36 (KHTML, like Gecko; compatible; GPTBot/1.2; +https://openai.com/gptbot)"
162.158.162.125 - - [04/Feb/2025:00:55:10 +0700] "GET /dan-de/"+u+"?action=chmod&dir=%2Fhome%2Fvietnamesehotels.net%2Fpublic_html%2Fwp-content%2Fplugins%2Fwp-rocket%2Finc%2FDependencies%2FMinify%2Fdata%2Fjs&item=operators_after.txt HTTP/1.1" 200 6534 "-" "Mozilla/5.0 AppleWebKit/537.36 (KHTML, like Gecko; compatible; GPTBot/1.2; +https://openai.com/gptbot)"
162.158.163.155 - - [04/Feb/2025:00:55:11 +0700] "GET /casino/?dir=/home/vietnamesehotels.net/public_html&item=license.txt&action=edit HTTP/1.1" 200 34379 "-" "Mozilla/5.0 (compatible; MJ12bot/v1.4.8; http://mj12bot.com/)"
162.158.162.125 - - [04/Feb/2025:00:55:11 +0700] "GET /dan-de/"+u+"?action=edit&dir=%2Fhome%2Fvietnamesehotels.net%2Fpublic_html%2Fwp-content%2Fplugins%2Fwp-rocket%2Finc%2FDependencies%2FMinify%2Fdata%2Fjs&item=keywords_before.txt HTTP/1.1" 200 6661 "-" "Mozilla/5.0 AppleWebKit/537.36 (KHTML, like Gecko; compatible; GPTBot/1.2; +https://openai.com/gptbot)"
162.158.162.125 - - [04/Feb/2025:00:55:12 +0700] "GET /dan-de/"+u+"?action=chmod&dir=%2Fhome%2Fvietnamesehotels.net%2Fpublic_html%2Fwp-content%2Fplugins%2Fwp-rocket%2Finc%2FDependencies%2FMinify%2Fdata%2Fjs&item=operators_before.txt HTTP/1.1" 200 6540 "-" "Mozilla/5.0 AppleWebKit/537.36 (KHTML, like Gecko; compatible; GPTBot/1.2; +https://openai.com/gptbot)"
162.158.162.125 - - [04/Feb/2025:00:55:13 +0700] "GET /dan-de/"+u+"?action=edit&dir=%2Fhome%2Fvietnamesehotels.net%2Fpublic_html%2Fwp-content%2Fplugins%2Fwp-rocket%2Finc%2FDependencies%2FMinify%2Fdata%2Fjs&item=operators_before.txt HTTP/1.1" 200 6659 "-" "Mozilla/5.0 AppleWebKit/537.36 (KHTML, like Gecko; compatible; GPTBot/1.2; +https://openai.com/gptbot)"
162.158.163.155 - - [04/Feb/2025:00:55:14 +0700] "GET /casino/?dir=/home/vietnamesehotels.net/public_html&item=license.txt&action=rename HTTP/1.1" 200 26827 "-" "Mozilla/5.0 (compatible; MJ12bot/v1.4.8; http://mj12bot.com/)"
162.158.162.125 - - [04/Feb/2025:00:55:14 +0700] "GET /dan-de/"+u+"?action=edit&dir=%2Fhome%2Fvietnamesehotels.net%2Fpublic_html%2Fwp-content%2Fplugins%2Fwp-rocket%2Finc%2FDependencies%2FMinify%2Fdata%2Fjs&item=operators_after.txt HTTP/1.1" 200 6653 "-" "Mozilla/5.0 AppleWebKit/537.36 (KHTML, like Gecko; compatible; GPTBot/1.2; +https://openai.com/gptbot)"
162.158.162.125 - - [04/Feb/2025:00:55:15 +0700] "GET /dan-de/"+u+"?action=rename&dir=%2Fhome%2Fvietnamesehotels.net%2Fpublic_html%2Fwp-content%2Fplugins%2Fwp-rocket%2Finc%2FDependencies%2FMinify%2Fdata%2Fjs&item=keywords_after.txt HTTP/1.1" 200 6526 "-" "Mozilla/5.0 AppleWebKit/537.36 (KHTML, like Gecko; compatible; GPTBot/1.2; +https://openai.com/gptbot)"
162.158.162.125 - - [04/Feb/2025:00:55:17 +0700] "GET /dan-de/"+u+"?action=edit&dir=%2Fhome%2Fvietnamesehotels.net%2Fpublic_html%2Fwp-content%2Fplugins%2Fwp-rocket%2Finc%2FDependencies%2FMinify%2Fdata%2Fjs&item=keywords_after.txt HTTP/1.1" 200 6588 "-" "Mozilla/5.0 AppleWebKit/537.36 (KHTML, like Gecko; compatible; GPTBot/1.2; +https://openai.com/gptbot)"
162.158.162.125 - - [04/Feb/2025:00:55:18 +0700] "GET /dan-de/"+t+"?dir=%2Fhome%2Fvietnamesehotels.net%2Fpublic_html%2Fwp-content%2Fplugins%2Fduplicator%2Ftemplate%2Fadmin_pages%2Fsettings%2Fgeneral HTTP/1.1" 200 6256 "-" "Mozilla/5.0 AppleWebKit/537.36 (KHTML, like Gecko; compatible; GPTBot/1.2; +https://openai.com/gptbot)"
162.158.163.155 - - [04/Feb/2025:00:55:18 +0700] "GET /casino/?dir=/home/vietnamesehotels.net/public_html&item=readme.html&action=chmod HTTP/1.1" 200 26834 "-" "Mozilla/5.0 (compatible; MJ12bot/v1.4.8; http://mj12bot.com/)"
162.158.162.125 - - [04/Feb/2025:00:55:19 +0700] "GET /dan-de/"+u+"?action=chmod&dir=%2Fhome%2Fvietnamesehotels.net%2Fpublic_html%2Fwp-content%2Fplugins%2Fwp-rocket%2Finc%2FDependencies%2FMinify%2Fdata%2Fjs&item=keywords_before.txt HTTP/1.1" 200 6536 "-" "Mozilla/5.0 AppleWebKit/537.36 (KHTML, like Gecko; compatible; GPTBot/1.2; +https://openai.com/gptbot)"
162.158.162.125 - - [04/Feb/2025:00:55:20 +0700] "GET /dan-de/"+u+"?action=rename&dir=%2Fhome%2Fvietnamesehotels.net%2Fpublic_html%2Fwp-content%2Fplugins%2Fwp-rocket%2Finc%2FDependencies%2FMinify%2Fdata%2Fjs&item=keywords_before.txt HTTP/1.1" 200 6532 "-" "Mozilla/5.0 AppleWebKit/537.36 (KHTML, like Gecko; compatible; GPTBot/1.2; +https://openai.com/gptbot)"
162.158.162.125 - - [04/Feb/2025:00:55:21 +0700] "GET /dan-de/"+u+"?action=chmod&dir=%2Fhome%2Fvietnamesehotels.net%2Fpublic_html%2Fwp-content%2Fplugins%2Fwp-rocket%2Finc%2FDependencies%2FMinify%2Fdata%2Fjs&item=keywords_after.txt HTTP/1.1" 200 6529 "-" "Mozilla/5.0 AppleWebKit/537.36 (KHTML, like Gecko; compatible; GPTBot/1.2; +https://openai.com/gptbot)"
162.158.163.155 - - [04/Feb/2025:00:55:22 +0700] "GET /casino/?dir=/home/vietnamesehotels.net/public_html&item=readme.html&action=download HTTP/1.1" 200 3025 "-" "Mozilla/5.0 (compatible; MJ12bot/v1.4.8; http://mj12bot.com/)"
162.158.162.125 - - [04/Feb/2025:00:55:22 +0700] "GET /dan-de/"+t+"?dir=%2Fhome%2Fvietnamesehotels.net%2Fpublic_html%2Fwp-content%2Fplugins%2Fduplicator%2Ftemplate%2Fparts%2Ffilters HTTP/1.1" 200 6049 "-" "Mozilla/5.0 AppleWebKit/537.36 (KHTML, like Gecko; compatible; GPTBot/1.2; +https://openai.com/gptbot)"
162.158.162.125 - - [04/Feb/2025:00:55:23 +0700] "GET /dan-de/"+t+"?dir=%2Fhome%2Fvietnamesehotels.net%2Fpublic_html%2Fwp-content%2Fplugins%2Fduplicator%2Ftemplate%2Fmocks%2Fimport HTTP/1.1" 200 6102 "-" "Mozilla/5.0 AppleWebKit/537.36 (KHTML, like Gecko; compatible; GPTBot/1.2; +https://openai.com/gptbot)"
