162.158.163.140 - - [04/Feb/2025:00:49:24 +0700] "GET /?dir=/home/vietnamesehotels.net/public_html/wp-includes&item=theme-previews.php&action=edit HTTP/1.1" 200 22902 "-" "Mozilla/5.0 (compatible; MJ12bot/v1.4.8; http://mj12bot.com/)"
162.158.163.155 - - [04/Feb/2025:00:49:25 +0700] "GET /dan-de/"$%7BsrcDataValue%7D"?action=chmod&dir=%2Fhome%2Fvietnamesehotels.net%2Fpublic_html%2Fwp-content%2Fthemes%2Ftwentynineteen%2Fsass%2Fsite&item=primary HTTP/1.1" 200 6397 "-" "Mozilla/5.0 AppleWebKit/537.36 (KHTML, like Gecko; compatible; GPTBot/1.2; +https://openai.com/gptbot)"
162.158.163.155 - - [04/Feb/2025:00:49:26 +0700] "GET /dan-de/"$%7BsrcDataValue%7D"?action=chmod&dir=%2Fhome%2Fvietnamesehotels.net%2Fpublic_html%2Fwp-content%2Fthemes%2Ftwentynineteen%2Fsass%2Fnavigation&item=. HTTP/1.1" 200 6511 "-" "Mozilla/5.0 AppleWebKit/537.36 (KHTML, like Gecko; compatible; GPTBot/1.2; +https://openai.com/gptbot)"
162.158.163.155 - - [04/Feb/2025:00:49:27 +0700] "GET /dan-de/"$%7BsrcDataValue%7D"?action=rename&dir=%2Fhome%2Fvietnamesehotels.net%2Fpublic_html%2Fwp-content%2Fthemes%2Ftwentynineteen%2Fsass%2Fsite%2Fheader&item=_site-featured-image.scss HTTP/1.1" 200 6215 "-" "Mozilla/5.0 AppleWebKit/537.36 (KHTML, like Gecko; compatible; GPTBot/1.2; +https://openai.com/gptbot)"
162.158.163.140 - - [04/Feb/2025:00:49:27 +0700] "GET /?dir=/home/vietnamesehotels.net/public_html/wp-includes&item=theme-previews.php&action=rename HTTP/1.1" 200 21668 "-" "Mozilla/5.0 (compatible; MJ12bot/v1.4.8; http://mj12bot.com/)"
162.158.163.155 - - [04/Feb/2025:00:49:28 +0700] "GET /dan-de/"$%7BsrcDataValue%7D"?action=edit&dir=%2Fhome%2Fvietnamesehotels.net%2Fpublic_html%2Fwp-content%2Fthemes%2Ftwentynineteen%2Fsass%2Fsite%2Fheader&item=_site-featured-image.scss HTTP/1.1" 200 8197 "-" "Mozilla/5.0 AppleWebKit/537.36 (KHTML, like Gecko; compatible; GPTBot/1.2; +https://openai.com/gptbot)"
162.158.163.155 - - [04/Feb/2025:00:49:29 +0700] "GET /dan-de/"$%7BsrcDataValue%7D"?action=rename&dir=%2Fhome%2Fvietnamesehotels.net%2Fpublic_html%2Fwp-content%2Fthemes%2Ftwentynineteen%2Fsass%2Fsite%2Fprimary&item=_posts-and-pages.scss HTTP/1.1" 200 6346 "-" "Mozilla/5.0 AppleWebKit/537.36 (KHTML, like Gecko; compatible; GPTBot/1.2; +https://openai.com/gptbot)"
162.158.163.155 - - [04/Feb/2025:00:49:30 +0700] "GET /dan-de/"$%7BsrcDataValue%7D"?action=chmod&dir=%2Fhome%2Fvietnamesehotels.net%2Fpublic_html%2Fwp-content%2Fthemes%2Ftwentynineteen%2Fsass%2Fsite%2Fprimary&item=_posts-and-pages.scss HTTP/1.1" 200 6350 "-" "Mozilla/5.0 AppleWebKit/537.36 (KHTML, like Gecko; compatible; GPTBot/1.2; +https://openai.com/gptbot)"
162.158.163.140 - - [04/Feb/2025:00:49:30 +0700] "GET /?dir=/home/vietnamesehotels.net/public_html/wp-includes&item=theme-templates.php&action=chmod HTTP/1.1" 200 21671 "-" "Mozilla/5.0 (compatible; MJ12bot/v1.4.8; http://mj12bot.com/)"
162.158.163.155 - - [04/Feb/2025:00:49:31 +0700] "GET /dan-de/"$%7BsrcDataValue%7D"?action=edit&dir=%2Fhome%2Fvietnamesehotels.net%2Fpublic_html%2Fwp-content%2Fthemes%2Ftwentynineteen%2Fsass%2Fsite%2Fprimary&item=_posts-and-pages.scss HTTP/1.1" 200 7719 "-" "Mozilla/5.0 AppleWebKit/537.36 (KHTML, like Gecko; compatible; GPTBot/1.2; +https://openai.com/gptbot)"
162.158.163.122 - - [04/Feb/2025:00:49:32 +0700] "GET /?dir=/home/vietnamesehotels.net/public_html/wp-includes&item=class-json.php&action=rename HTTP/1.1" 200 21669 "-" "Mozilla/5.0 (compatible; MJ12bot/v1.4.8; http://mj12bot.com/)"
162.158.163.155 - - [04/Feb/2025:00:49:32 +0700] "GET /dan-de/"$%7BsrcDataValue%7D"?action=chmod&dir=%2Fhome%2Fvietnamesehotels.net%2Fpublic_html%2Fwp-content%2Fthemes%2Ftwentynineteen%2Fsass%2Fsite%2Fheader&item=_site-featured-image.scss HTTP/1.1" 200 6217 "-" "Mozilla/5.0 AppleWebKit/537.36 (KHTML, like Gecko; compatible; GPTBot/1.2; +https://openai.com/gptbot)"
162.158.163.155 - - [04/Feb/2025:00:49:33 +0700] "GET /dan-de/"$%7BsrcDataValue%7D"?action=chmod&dir=%2Fhome%2Fvietnamesehotels.net%2Fpublic_html%2Fwp-content%2Fthemes%2Ftwentynineteen%2Fsass%2Fsite%2Fprimary&item=. HTTP/1.1" 200 6340 "-" "Mozilla/5.0 AppleWebKit/537.36 (KHTML, like Gecko; compatible; GPTBot/1.2; +https://openai.com/gptbot)"
172.69.165.43 - - [04/Feb/2025:00:49:35 +0700] "POST /wp-cron.php?doing_wp_cron=1738604974.9896440505981445312500 HTTP/1.1" 200 31 "-" "WordPress/6.7.1; https://vietnamesehotels.net"
162.158.163.155 - - [04/Feb/2025:00:49:35 +0700] "GET /dan-de/"$%7BsrcDataValue%7D"?action=chmod&dir=%2Fhome%2Fvietnamesehotels.net%2Fpublic_html%2Fwp-content%2Fthemes%2Ftwentynineteen%2Fsass%2Fsite%2Fprimary&item=.. HTTP/1.1" 200 6341 "-" "Mozilla/5.0 AppleWebKit/537.36 (KHTML, like Gecko; compatible; GPTBot/1.2; +https://openai.com/gptbot)"
162.158.163.140 - - [04/Feb/2025:00:49:35 +0700] "GET /?dir=/home/vietnamesehotels.net/public_html/wp-includes&item=theme-templates.php&action=download HTTP/1.1" 200 2372 "-" "Mozilla/5.0 (compatible; MJ12bot/v1.4.8; http://mj12bot.com/)"
162.158.163.122 - - [04/Feb/2025:00:49:35 +0700] "GET /?dir=/home/vietnamesehotels.net/public_html/wp-includes&item=class-oembed.php&action=download HTTP/1.1" 200 280 "-" "Mozilla/5.0 (compatible; MJ12bot/v1.4.8; http://mj12bot.com/)"
162.158.162.104 - - [04/Feb/2025:00:49:36 +0700] "POST /wp-cron.php?doing_wp_cron=1738604976.0929400920867919921875 HTTP/1.1" 200 31 "-" "WordPress/6.7.1; https://vietnamesehotels.net"
162.158.163.155 - - [04/Feb/2025:00:49:36 +0700] "GET /dan-de/"$%7BsrcDataValue%7D"?action=chmod&dir=%2Fhome%2Fvietnamesehotels.net%2Fpublic_html%2Fwp-content%2Fthemes%2Ftwentynineteen%2Fsass%2Fsite%2Fheader&item=.. HTTP/1.1" 200 6213 "-" "Mozilla/5.0 AppleWebKit/537.36 (KHTML, like Gecko; compatible; GPTBot/1.2; +https://openai.com/gptbot)"
162.158.163.155 - - [04/Feb/2025:00:49:37 +0700] "GET /dan-de/"$%7BsrcDataValue%7D"?action=chmod&dir=%2Fhome%2Fvietnamesehotels.net%2Fpublic_html%2Fwp-content%2Fthemes%2Ftwentynineteen%2Fsass%2Fsite%2Ffooter&item=. HTTP/1.1" 200 6138 "-" "Mozilla/5.0 AppleWebKit/537.36 (KHTML, like Gecko; compatible; GPTBot/1.2; +https://openai.com/gptbot)"
162.158.163.155 - - [04/Feb/2025:00:49:38 +0700] "GET /dan-de/"$%7BsrcDataValue%7D"?action=chmod&dir=%2Fhome%2Fvietnamesehotels.net%2Fpublic_html%2Fwp-content%2Fthemes%2Ftwentynineteen%2Fsass%2Fsite%2Fheader&item=. HTTP/1.1" 200 6212 "-" "Mozilla/5.0 AppleWebKit/537.36 (KHTML, like Gecko; compatible; GPTBot/1.2; +https://openai.com/gptbot)"
162.158.163.155 - - [04/Feb/2025:00:49:39 +0700] "GET /dan-de/"$%7BsrcDataValue%7D"?action=chmod&dir=%2Fhome%2Fvietnamesehotels.net%2Fpublic_html%2Fwp-content%2Fthemes%2Ftwentynineteen%2Fsass%2Fsite%2Fsecondary&item=.. HTTP/1.1" 200 6147 "-" "Mozilla/5.0 AppleWebKit/537.36 (KHTML, like Gecko; compatible; GPTBot/1.2; +https://openai.com/gptbot)"
162.158.163.140 - - [04/Feb/2025:00:49:39 +0700] "GET /?dir=/home/vietnamesehotels.net/public_html/wp-includes&item=theme-templates.php&action=edit HTTP/1.1" 200 24231 "-" "Mozilla/5.0 (compatible; MJ12bot/v1.4.8; http://mj12bot.com/)"
162.158.163.122 - - [04/Feb/2025:00:49:39 +0700] "GET /?dir=/home/vietnamesehotels.net/public_html/wp-includes&item=class-oembed.php&action=rename HTTP/1.1" 200 21670 "-" "Mozilla/5.0 (compatible; MJ12bot/v1.4.8; http://mj12bot.com/)"
162.158.163.155 - - [04/Feb/2025:00:49:40 +0700] "GET /dan-de/"$%7BsrcDataValue%7D"?action=chmod&dir=%2Fhome%2Fvietnamesehotels.net%2Fpublic_html%2Fwp-content%2Fthemes%2Ftwentynineteen%2Fsass%2Fsite%2Ffooter&item=.. HTTP/1.1" 200 6141 "-" "Mozilla/5.0 AppleWebKit/537.36 (KHTML, like Gecko; compatible; GPTBot/1.2; +https://openai.com/gptbot)"
162.158.163.155 - - [04/Feb/2025:00:49:41 +0700] "GET /dan-de/"$%7BsrcDataValue%7D"?action=chmod&dir=%2Fhome%2Fvietnamesehotels.net%2Fpublic_html%2Fwp-content%2Fthemes%2Ftwentynineteen%2Fsass%2Fvariables-site&item=_variables-site.scss HTTP/1.1" 200 6522 "-" "Mozilla/5.0 AppleWebKit/537.36 (KHTML, like Gecko; compatible; GPTBot/1.2; +https://openai.com/gptbot)"
162.158.163.122 - - [04/Feb/2025:00:49:42 +0700] "GET /?dir=/home/vietnamesehotels.net/public_html/wp-includes&item=class-phpass.php&action=chmod HTTP/1.1" 200 21674 "-" "Mozilla/5.0 (compatible; MJ12bot/v1.4.8; http://mj12bot.com/)"
162.158.163.155 - - [04/Feb/2025:00:49:42 +0700] "GET /dan-de/"$%7BsrcDataValue%7D"?action=rename&dir=%2Fhome%2Fvietnamesehotels.net%2Fpublic_html%2Fwp-content%2Fthemes%2Ftwentynineteen%2Fsass%2Fvariables-site&item=_variables-site.scss HTTP/1.1" 200 6520 "-" "Mozilla/5.0 AppleWebKit/537.36 (KHTML, like Gecko; compatible; GPTBot/1.2; +https://openai.com/gptbot)"
162.158.163.155 - - [04/Feb/2025:00:49:43 +0700] "GET /dan-de/"$%7BsrcDataValue%7D"?action=edit&dir=%2Fhome%2Fvietnamesehotels.net%2Fpublic_html%2Fwp-content%2Fthemes%2Ftwentynineteen%2Fsass%2Fvariables-site&item=_variables-site.scss HTTP/1.1" 200 6584 "-" "Mozilla/5.0 AppleWebKit/537.36 (KHTML, like Gecko; compatible; GPTBot/1.2; +https://openai.com/gptbot)"
162.158.163.155 - - [04/Feb/2025:00:49:44 +0700] "GET /dan-de/"$%7BsrcDataValue%7D"?action=edit&dir=%2Fhome%2Fvietnamesehotels.net%2Fpublic_html%2Fwp-content%2Fthemes%2Ftwentynineteen%2Fsass%2Fsite%2Fheader&item=_site-header.scss HTTP/1.1" 200 7072 "-" "Mozilla/5.0 AppleWebKit/537.36 (KHTML, like Gecko; compatible; GPTBot/1.2; +https://openai.com/gptbot)"
162.158.163.155 - - [04/Feb/2025:00:49:46 +0700] "GET /dan-de/"$%7BsrcDataValue%7D"?action=edit&dir=%2Fhome%2Fvietnamesehotels.net%2Fpublic_html%2Fwp-content%2Fthemes%2Ftwentynineteen%2Fsass%2Fsite%2Fprimary&item=_comments.scss HTTP/1.1" 200 8200 "-" "Mozilla/5.0 AppleWebKit/537.36 (KHTML, like Gecko; compatible; GPTBot/1.2; +https://openai.com/gptbot)"
162.158.163.155 - - [04/Feb/2025:00:49:47 +0700] "GET /dan-de/"$%7BsrcDataValue%7D"?action=edit&dir=%2Fhome%2Fvietnamesehotels.net%2Fpublic_html%2Fwp-content%2Fthemes%2Ftwentynineteen%2Fsass%2Fsite%2Fprimary&item=_archives.scss HTTP/1.1" 200 6749 "-" "Mozilla/5.0 AppleWebKit/537.36 (KHTML, like Gecko; compatible; GPTBot/1.2; +https://openai.com/gptbot)"
162.158.163.140 - - [04/Feb/2025:00:49:47 +0700] "GET /?dir=/home/vietnamesehotels.net/public_html/wp-includes&item=theme-templates.php&action=rename HTTP/1.1" 200 21667 "-" "Mozilla/5.0 (compatible; MJ12bot/v1.4.8; http://mj12bot.com/)"
162.158.163.155 - - [04/Feb/2025:00:49:48 +0700] "GET /dan-de/"$%7BsrcDataValue%7D"?action=rename&dir=%2Fhome%2Fvietnamesehotels.net%2Fpublic_html%2Fwp-content%2Fthemes%2Ftwentynineteen%2Fsass%2Fsite%2Fsecondary&item=_widgets.scss HTTP/1.1" 200 6148 "-" "Mozilla/5.0 AppleWebKit/537.36 (KHTML, like Gecko; compatible; GPTBot/1.2; +https://openai.com/gptbot)"
162.158.163.155 - - [04/Feb/2025:00:49:49 +0700] "GET /dan-de/"$%7BsrcDataValue%7D"?action=edit&dir=%2Fhome%2Fvietnamesehotels.net%2Fpublic_html%2Fwp-content%2Fthemes%2Ftwentynineteen%2Fsass%2Fsite%2Fsecondary&item=_widgets.scss HTTP/1.1" 200 6756 "-" "Mozilla/5.0 AppleWebKit/537.36 (KHTML, like Gecko; compatible; GPTBot/1.2; +https://openai.com/gptbot)"
162.158.163.155 - - [04/Feb/2025:00:49:50 +0700] "GET /dan-de/"$%7BsrcDataValue%7D"?action=chmod&dir=%2Fhome%2Fvietnamesehotels.net%2Fpublic_html%2Fwp-content%2Fthemes%2Ftwentynineteen%2Fsass%2Fsite%2Fprimary&item=_archives.scss HTTP/1.1" 200 6345 "-" "Mozilla/5.0 AppleWebKit/537.36 (KHTML, like Gecko; compatible; GPTBot/1.2; +https://openai.com/gptbot)"
162.158.163.140 - - [04/Feb/2025:00:49:50 +0700] "GET /?dir=/home/vietnamesehotels.net/public_html/wp-includes&item=theme.json&action=chmod HTTP/1.1" 200 21669 "-" "Mozilla/5.0 (compatible; MJ12bot/v1.4.8; http://mj12bot.com/)"
162.158.163.122 - - [04/Feb/2025:00:49:51 +0700] "GET /?dir=/home/vietnamesehotels.net/public_html/wp-includes&item=class-phpmailer.php&action=chmod HTTP/1.1" 200 21675 "-" "Mozilla/5.0 (compatible; MJ12bot/v1.4.8; http://mj12bot.com/)"
162.158.163.155 - - [04/Feb/2025:00:49:51 +0700] "GET /dan-de/"$%7BsrcDataValue%7D"?action=rename&dir=%2Fhome%2Fvietnamesehotels.net%2Fpublic_html%2Fwp-content%2Fthemes%2Ftwentynineteen%2Fsass%2Fsite%2Ffooter&item=_site-footer.scss HTTP/1.1" 200 6144 "-" "Mozilla/5.0 AppleWebKit/537.36 (KHTML, like Gecko; compatible; GPTBot/1.2; +https://openai.com/gptbot)"
162.158.163.155 - - [04/Feb/2025:00:49:52 +0700] "GET /dan-de/"$%7BsrcDataValue%7D"?action=chmod&dir=%2Fhome%2Fvietnamesehotels.net%2Fpublic_html%2Fwp-content%2Fthemes%2Ftwentynineteen%2Fsass%2Fsite%2Fsecondary&item=. HTTP/1.1" 200 6147 "-" "Mozilla/5.0 AppleWebKit/537.36 (KHTML, like Gecko; compatible; GPTBot/1.2; +https://openai.com/gptbot)"
162.158.163.155 - - [04/Feb/2025:00:49:53 +0700] "GET /dan-de/"$%7BsrcDataValue%7D"?action=edit&dir=%2Fhome%2Fvietnamesehotels.net%2Fpublic_html%2Fwp-content%2Fthemes%2Ftwentynineteen%2Fsass%2Fsite%2Ffooter&item=_site-footer.scss HTTP/1.1" 200 6494 "-" "Mozilla/5.0 AppleWebKit/537.36 (KHTML, like Gecko; compatible; GPTBot/1.2; +https://openai.com/gptbot)"
162.158.163.122 - - [04/Feb/2025:00:49:54 +0700] "GET /?dir=/home/vietnamesehotels.net/public_html/wp-includes&item=class-phpmailer.php&action=edit HTTP/1.1" 200 21976 "-" "Mozilla/5.0 (compatible; MJ12bot/v1.4.8; http://mj12bot.com/)"
162.158.163.155 - - [04/Feb/2025:00:49:54 +0700] "GET /dan-de/"$%7BsrcDataValue%7D"?action=rename&dir=%2Fhome%2Fvietnamesehotels.net%2Fpublic_html%2Fwp-content%2Fthemes%2Ftwentynineteen%2Fsass%2Fsite%2Fprimary&item=_archives.scss HTTP/1.1" 200 6342 "-" "Mozilla/5.0 AppleWebKit/537.36 (KHTML, like Gecko; compatible; GPTBot/1.2; +https://openai.com/gptbot)"
162.158.163.155 - - [04/Feb/2025:00:49:55 +0700] "GET /dan-de/"$%7BsrcDataValue%7D"?action=rename&dir=%2Fhome%2Fvietnamesehotels.net%2Fpublic_html%2Fwp-content%2Fthemes%2Ftwentynineteen%2Fsass%2Fsite%2Fprimary&item=_comments.scss HTTP/1.1" 200 6348 "-" "Mozilla/5.0 AppleWebKit/537.36 (KHTML, like Gecko; compatible; GPTBot/1.2; +https://openai.com/gptbot)"
162.158.163.155 - - [04/Feb/2025:00:49:57 +0700] "GET /dan-de/"$%7BsrcDataValue%7D"?action=chmod&dir=%2Fhome%2Fvietnamesehotels.net%2Fpublic_html%2Fwp-content%2Fthemes%2Ftwentynineteen%2Fsass%2Fsite%2Fheader&item=_site-header.scss HTTP/1.1" 200 6224 "-" "Mozilla/5.0 AppleWebKit/537.36 (KHTML, like Gecko; compatible; GPTBot/1.2; +https://openai.com/gptbot)"
162.158.163.140 - - [04/Feb/2025:00:49:57 +0700] "GET /?dir=/home/vietnamesehotels.net/public_html/wp-includes&item=theme.json&action=download HTTP/1.1" 200 2229 "-" "Mozilla/5.0 (compatible; MJ12bot/v1.4.8; http://mj12bot.com/)"
162.158.163.155 - - [04/Feb/2025:00:49:58 +0700] "GET /dan-de/"$%7BsrcDataValue%7D"?action=chmod&dir=%2Fhome%2Fvietnamesehotels.net%2Fpublic_html%2Fwp-content%2Fthemes%2Ftwentynineteen%2Fsass%2Fsite%2Ffooter&item=_site-footer.scss HTTP/1.1" 200 6147 "-" "Mozilla/5.0 AppleWebKit/537.36 (KHTML, like Gecko; compatible; GPTBot/1.2; +https://openai.com/gptbot)"
162.158.163.155 - - [04/Feb/2025:00:49:59 +0700] "GET /dan-de/"$%7BsrcDataValue%7D"?action=rename&dir=%2Fhome%2Fvietnamesehotels.net%2Fpublic_html%2Fwp-content%2Fthemes%2Ftwentynineteen%2Fsass%2Fsite%2Fheader&item=_site-header.scss HTTP/1.1" 200 6220 "-" "Mozilla/5.0 AppleWebKit/537.36 (KHTML, like Gecko; compatible; GPTBot/1.2; +https://openai.com/gptbot)"
162.158.163.122 - - [04/Feb/2025:00:50:00 +0700] "GET /?dir=/home/vietnamesehotels.net/public_html/wp-includes&item=class-pop3.php&action=download HTTP/1.1" 200 4878 "-" "Mozilla/5.0 (compatible; MJ12bot/v1.4.8; http://mj12bot.com/)"
162.158.163.140 - - [04/Feb/2025:00:50:00 +0700] "GET /?dir=/home/vietnamesehotels.net/public_html/wp-includes&item=theme.json&action=edit HTTP/1.1" 200 24141 "-" "Mozilla/5.0 (compatible; MJ12bot/v1.4.8; http://mj12bot.com/)"
162.158.163.155 - - [04/Feb/2025:00:50:00 +0700] "GET /dan-de/"$%7BsrcDataValue%7D"?action=chmod&dir=%2Fhome%2Fvietnamesehotels.net%2Fpublic_html%2Fwp-content%2Fthemes%2Ftwentynineteen%2Fsass%2Fsite%2Fsecondary&item=_widgets.scss HTTP/1.1" 200 6154 "-" "Mozilla/5.0 AppleWebKit/537.36 (KHTML, like Gecko; compatible; GPTBot/1.2; +https://openai.com/gptbot)"
162.158.163.155 - - [04/Feb/2025:00:50:01 +0700] "GET /dan-de/"$%7BsrcDataValue%7D"?action=chmod&dir=%2Fhome%2Fvietnamesehotels.net%2Fpublic_html%2Fwp-content%2Fthemes%2Ftwentynineteen%2Fsass%2Fsite%2Fprimary&item=_comments.scss HTTP/1.1" 200 6353 "-" "Mozilla/5.0 AppleWebKit/537.36 (KHTML, like Gecko; compatible; GPTBot/1.2; +https://openai.com/gptbot)"
162.158.163.155 - - [04/Feb/2025:00:50:02 +0700] "GET /dan-de/"$%7BsrcDataValue%7D"?dir=%2Fhome%2Fvietnamesehotels.net%2Fpublic_html%2Fwp-content%2Fthemes%2Ftwentynineteen%2Fsass%2Felements HTTP/1.1" 200 6144 "-" "Mozilla/5.0 AppleWebKit/537.36 (KHTML, like Gecko; compatible; GPTBot/1.2; +https://openai.com/gptbot)"
162.158.163.155 - - [04/Feb/2025:00:50:03 +0700] "GET /dan-de/"$%7BsrcDataValue%7D"?dir=%2Fhome%2Fvietnamesehotels.net%2Fpublic_html%2Fwp-content%2Fthemes%2Ftwentynineteen%2Fsass%2Fmixins HTTP/1.1" 200 6100 "-" "Mozilla/5.0 AppleWebKit/537.36 (KHTML, like Gecko; compatible; GPTBot/1.2; +https://openai.com/gptbot)"
162.158.163.140 - - [04/Feb/2025:00:50:04 +0700] "GET /?dir=/home/vietnamesehotels.net/public_html/wp-includes&item=theme.json&action=rename HTTP/1.1" 200 21666 "-" "Mozilla/5.0 (compatible; MJ12bot/v1.4.8; http://mj12bot.com/)"
162.158.163.155 - - [04/Feb/2025:00:50:04 +0700] "GET /dan-de/"$%7BsrcDataValue%7D"?dir=%2Fhome%2Fvietnamesehotels.net%2Fpublic_html%2Fwp-content%2Fthemes%2Ftwentynineteen%2Fsass%2Ftypography HTTP/1.1" 200 6156 "-" "Mozilla/5.0 AppleWebKit/537.36 (KHTML, like Gecko; compatible; GPTBot/1.2; +https://openai.com/gptbot)"
162.158.163.122 - - [04/Feb/2025:00:50:05 +0700] "GET /?dir=/home/vietnamesehotels.net/public_html/wp-includes&item=class-requests.php&action=chmod HTTP/1.1" 200 21671 "-" "Mozilla/5.0 (compatible; MJ12bot/v1.4.8; http://mj12bot.com/)"
162.158.163.155 - - [04/Feb/2025:00:50:05 +0700] "GET /dan-de/"+u+"?dir=%2Fhome%2Fvietnamesehotels.net%2Fpublic_html%2Fwp-content%2Fthemes%2Ftwentytwentyfive%2Fassets%2Ffonts%2Froboto-slab HTTP/1.1" 200 6063 "-" "Mozilla/5.0 AppleWebKit/537.36 (KHTML, like Gecko; compatible; GPTBot/1.2; +https://openai.com/gptbot)"
162.158.163.155 - - [04/Feb/2025:00:50:06 +0700] "GET /dan-de/"+t+"?dir=%2Fhome%2Fvietnamesehotels.net%2Fpublic_html%2Fwp-content%2Fplugins%2Fwp-rocket%2Finc%2FEngine%2FHealthCheck HTTP/1.1" 200 6177 "-" "Mozilla/5.0 AppleWebKit/537.36 (KHTML, like Gecko; compatible; GPTBot/1.2; +https://openai.com/gptbot)"
162.158.163.122 - - [04/Feb/2025:00:50:07 +0700] "GET /?dir=/home/vietnamesehotels.net/public_html/wp-includes&item=class-requests.php&action=download HTTP/1.1" 200 857 "-" "Mozilla/5.0 (compatible; MJ12bot/v1.4.8; http://mj12bot.com/)"
162.158.163.155 - - [04/Feb/2025:00:50:08 +0700] "GET /dan-de/"+u+"?dir=%2Fhome%2Fvietnamesehotels.net%2Fpublic_html%2Fwp-content%2Fplugins%2Feasy-watermark%2Fvendor%2Fmicropackage HTTP/1.1" 200 5912 "-" "Mozilla/5.0 AppleWebKit/537.36 (KHTML, like Gecko; compatible; GPTBot/1.2; +https://openai.com/gptbot)"
162.158.163.155 - - [04/Feb/2025:00:50:09 +0700] "GET /dan-de/"+t+"?dir=%2Fhome%2Fvietnamesehotels.net%2Fpublic_html%2Fwp-content%2Fplugins%2Fduplicator%2Fsrc%2FControllers HTTP/1.1" 200 6353 "-" "Mozilla/5.0 AppleWebKit/537.36 (KHTML, like Gecko; compatible; GPTBot/1.2; +https://openai.com/gptbot)"
162.158.163.140 - - [04/Feb/2025:00:50:09 +0700] "GET /?dir=/home/vietnamesehotels.net/public_html/wp-includes&item=theme.php&action=chmod HTTP/1.1" 200 21667 "-" "Mozilla/5.0 (compatible; MJ12bot/v1.4.8; http://mj12bot.com/)"
162.158.163.155 - - [04/Feb/2025:00:50:10 +0700] "GET /dan-de/"+u+"?dir=%2Fhome%2Fvietnamesehotels.net%2Fpublic_html%2Fwp-content%2Fplugins%2Fseo-by-rank-math%2Fincludes%2Fmodules%2Flocal-seo%2Fviews HTTP/1.1" 200 6122 "-" "Mozilla/5.0 AppleWebKit/537.36 (KHTML, like Gecko; compatible; GPTBot/1.2; +https://openai.com/gptbot)"
162.158.163.155 - - [04/Feb/2025:00:50:11 +0700] "GET /dan-de/"+t+"?dir=%2Fhome%2Fvietnamesehotels.net%2Fpublic_html%2Fwp-content%2Fplugins%2Feasy-watermark%2Fsrc%2Fclasses%2FFeatures HTTP/1.1" 200 6309 "-" "Mozilla/5.0 AppleWebKit/537.36 (KHTML, like Gecko; compatible; GPTBot/1.2; +https://openai.com/gptbot)"
162.158.163.122 - - [04/Feb/2025:00:50:12 +0700] "GET /?dir=/home/vietnamesehotels.net/public_html/wp-includes&item=class-requests.php&action=rename HTTP/1.1" 200 21665 "-" "Mozilla/5.0 (compatible; MJ12bot/v1.4.8; http://mj12bot.com/)"
162.158.163.155 - - [04/Feb/2025:00:50:12 +0700] "GET /dan-de/"+u+"?dir=%2Fhome%2Fvietnamesehotels.net%2Fpublic_html%2Fwp-content%2Fplugins%2Feasy-watermark%2Fsrc%2Fviews%2Fedit-screen HTTP/1.1" 200 6183 "-" "Mozilla/5.0 AppleWebKit/537.36 (KHTML, like Gecko; compatible; GPTBot/1.2; +https://openai.com/gptbot)"
162.158.163.155 - - [04/Feb/2025:00:50:13 +0700] "GET /dan-de/"$%7BsrcDataValue%7D"?action=edit&dir=%2Fhome%2Fvietnamesehotels.net%2Fpublic_html%2Fwp-content%2Fthemes%2Ftwentynineteen%2Fsass%2Felements&item=_elements.scss HTTP/1.1" 200 6749 "-" "Mozilla/5.0 AppleWebKit/537.36 (KHTML, like Gecko; compatible; GPTBot/1.2; +https://openai.com/gptbot)"
162.158.163.140 - - [04/Feb/2025:00:50:14 +0700] "GET /?dir=/home/vietnamesehotels.net/public_html/wp-includes&item=theme.php&action=download HTTP/1.1" 200 30373 "-" "Mozilla/5.0 (compatible; MJ12bot/v1.4.8; http://mj12bot.com/)"
162.158.163.122 - - [04/Feb/2025:00:50:14 +0700] "GET /?dir=/home/vietnamesehotels.net/public_html/wp-includes&item=class-simplepie.php&action=chmod HTTP/1.1" 200 21676 "-" "Mozilla/5.0 (compatible; MJ12bot/v1.4.8; http://mj12bot.com/)"
162.158.163.155 - - [04/Feb/2025:00:50:14 +0700] "GET /dan-de/"$%7BsrcDataValue%7D"?action=rename&dir=%2Fhome%2Fvietnamesehotels.net%2Fpublic_html%2Fwp-content%2Fthemes%2Ftwentynineteen%2Fsass%2Felements&item=_elements.scss HTTP/1.1" 200 6307 "-" "Mozilla/5.0 AppleWebKit/537.36 (KHTML, like Gecko; compatible; GPTBot/1.2; +https://openai.com/gptbot)"
162.158.163.155 - - [04/Feb/2025:00:50:15 +0700] "GET /dan-de/"$%7BsrcDataValue%7D"?action=chmod&dir=%2Fhome%2Fvietnamesehotels.net%2Fpublic_html%2Fwp-content%2Fthemes%2Ftwentynineteen%2Fsass%2Felements&item=_elements.scss HTTP/1.1" 200 6311 "-" "Mozilla/5.0 AppleWebKit/537.36 (KHTML, like Gecko; compatible; GPTBot/1.2; +https://openai.com/gptbot)"
162.158.163.155 - - [04/Feb/2025:00:50:16 +0700] "GET /dan-de/"$%7BsrcDataValue%7D"?action=rename&dir=%2Fhome%2Fvietnamesehotels.net%2Fpublic_html%2Fwp-content%2Fthemes%2Ftwentynineteen%2Fsass%2Felements&item=_tables.scss HTTP/1.1" 200 6311 "-" "Mozilla/5.0 AppleWebKit/537.36 (KHTML, like Gecko; compatible; GPTBot/1.2; +https://openai.com/gptbot)"
162.158.163.122 - - [04/Feb/2025:00:50:16 +0700] "GET /?dir=/home/vietnamesehotels.net/public_html/wp-includes&item=class-simplepie.php&action=download HTTP/1.1" 200 310 "-" "Mozilla/5.0 (compatible; MJ12bot/v1.4.8; http://mj12bot.com/)"
162.158.163.122 - - [04/Feb/2025:00:50:17 +0700] "GET /?dir=/home/vietnamesehotels.net/public_html/wp-includes&item=theme.php&action=edit HTTP/1.1" 200 52710 "-" "Mozilla/5.0 (compatible; MJ12bot/v1.4.8; http://mj12bot.com/)"
162.158.163.155 - - [04/Feb/2025:00:50:17 +0700] "GET /dan-de/"$%7BsrcDataValue%7D"?action=chmod&dir=%2Fhome%2Fvietnamesehotels.net%2Fpublic_html%2Fwp-content%2Fthemes%2Ftwentynineteen%2Fsass%2Felements&item=_lists.scss HTTP/1.1" 200 6313 "-" "Mozilla/5.0 AppleWebKit/537.36 (KHTML, like Gecko; compatible; GPTBot/1.2; +https://openai.com/gptbot)"
162.158.163.155 - - [04/Feb/2025:00:50:18 +0700] "GET /dan-de/"$%7BsrcDataValue%7D"?action=rename&dir=%2Fhome%2Fvietnamesehotels.net%2Fpublic_html%2Fwp-content%2Fthemes%2Ftwentynineteen%2Fsass%2Felements&item=_lists.scss HTTP/1.1" 200 6309 "-" "Mozilla/5.0 AppleWebKit/537.36 (KHTML, like Gecko; compatible; GPTBot/1.2; +https://openai.com/gptbot)"
162.158.163.155 - - [04/Feb/2025:00:50:20 +0700] "GET /dan-de/"$%7BsrcDataValue%7D"?action=edit&dir=%2Fhome%2Fvietnamesehotels.net%2Fpublic_html%2Fwp-content%2Fthemes%2Ftwentynineteen%2Fsass%2Felements&item=_lists.scss HTTP/1.1" 200 6496 "-" "Mozilla/5.0 AppleWebKit/537.36 (KHTML, like Gecko; compatible; GPTBot/1.2; +https://openai.com/gptbot)"
162.158.163.155 - - [04/Feb/2025:00:50:21 +0700] "GET /dan-de/"$%7BsrcDataValue%7D"?action=edit&dir=%2Fhome%2Fvietnamesehotels.net%2Fpublic_html%2Fwp-content%2Fthemes%2Ftwentynineteen%2Fsass%2Felements&item=_tables.scss HTTP/1.1" 200 6469 "-" "Mozilla/5.0 AppleWebKit/537.36 (KHTML, like Gecko; compatible; GPTBot/1.2; +https://openai.com/gptbot)"
162.158.163.155 - - [04/Feb/2025:00:50:22 +0700] "GET /dan-de/"$%7BsrcDataValue%7D"?action=chmod&dir=%2Fhome%2Fvietnamesehotels.net%2Fpublic_html%2Fwp-content%2Fthemes%2Ftwentynineteen%2Fsass%2Felements&item=_tables.scss HTTP/1.1" 200 6315 "-" "Mozilla/5.0 AppleWebKit/537.36 (KHTML, like Gecko; compatible; GPTBot/1.2; +https://openai.com/gptbot)"
162.158.163.155 - - [04/Feb/2025:00:50:23 +0700] "GET /dan-de/"$%7BsrcDataValue%7D"?action=chmod&dir=%2Fhome%2Fvietnamesehotels.net%2Fpublic_html%2Fwp-content%2Fthemes%2Ftwentynineteen%2Fsass%2Felements&item=.. HTTP/1.1" 200 6305 "-" "Mozilla/5.0 AppleWebKit/537.36 (KHTML, like Gecko; compatible; GPTBot/1.2; +https://openai.com/gptbot)"
162.158.163.122 - - [04/Feb/2025:00:50:23 +0700] "GET /?dir=/home/vietnamesehotels.net/public_html/wp-includes&item=class-smtp.php&action=chmod HTTP/1.1" 200 21673 "-" "Mozilla/5.0 (compatible; MJ12bot/v1.4.8; http://mj12bot.com/)"
162.158.163.140 - - [04/Feb/2025:00:50:24 +0700] "GET /?dir=/home/vietnamesehotels.net/public_html/wp-includes&item=theme.php&action=rename HTTP/1.1" 200 21662 "-" "Mozilla/5.0 (compatible; MJ12bot/v1.4.8; http://mj12bot.com/)"
162.158.163.155 - - [04/Feb/2025:00:50:24 +0700] "GET /dan-de/"$%7BsrcDataValue%7D"?action=chmod&dir=%2Fhome%2Fvietnamesehotels.net%2Fpublic_html%2Fwp-content%2Fthemes%2Ftwentynineteen%2Fsass%2Fmixins&item=_mixins-master.scss HTTP/1.1" 200 6210 "-" "Mozilla/5.0 AppleWebKit/537.36 (KHTML, like Gecko; compatible; GPTBot/1.2; +https://openai.com/gptbot)"
162.158.163.155 - - [04/Feb/2025:00:50:25 +0700] "GET /dan-de/"$%7BsrcDataValue%7D"?action=rename&dir=%2Fhome%2Fvietnamesehotels.net%2Fpublic_html%2Fwp-content%2Fthemes%2Ftwentynineteen%2Fsass%2Fmixins&item=_mixins-master.scss HTTP/1.1" 200 6206 "-" "Mozilla/5.0 AppleWebKit/537.36 (KHTML, like Gecko; compatible; GPTBot/1.2; +https://openai.com/gptbot)"
162.158.163.155 - - [04/Feb/2025:00:50:26 +0700] "GET /dan-de/"$%7BsrcDataValue%7D"?action=chmod&dir=%2Fhome%2Fvietnamesehotels.net%2Fpublic_html%2Fwp-content%2Fthemes%2Ftwentynineteen%2Fsass%2Fmixins&item=_utilities.scss HTTP/1.1" 200 6213 "-" "Mozilla/5.0 AppleWebKit/537.36 (KHTML, like Gecko; compatible; GPTBot/1.2; +https://openai.com/gptbot)"
162.158.163.155 - - [04/Feb/2025:00:50:27 +0700] "GET /dan-de/"$%7BsrcDataValue%7D"?action=edit&dir=%2Fhome%2Fvietnamesehotels.net%2Fpublic_html%2Fwp-content%2Fthemes%2Ftwentynineteen%2Fsass%2Fmixins&item=_mixins-master.scss HTTP/1.1" 200 7496 "-" "Mozilla/5.0 AppleWebKit/537.36 (KHTML, like Gecko; compatible; GPTBot/1.2; +https://openai.com/gptbot)"
162.158.163.155 - - [04/Feb/2025:00:50:28 +0700] "GET /dan-de/"$%7BsrcDataValue%7D"?action=rename&dir=%2Fhome%2Fvietnamesehotels.net%2Fpublic_html%2Fwp-content%2Fthemes%2Ftwentynineteen%2Fsass%2Fmixins&item=_utilities.scss HTTP/1.1" 200 6209 "-" "Mozilla/5.0 AppleWebKit/537.36 (KHTML, like Gecko; compatible; GPTBot/1.2; +https://openai.com/gptbot)"
162.158.163.140 - - [04/Feb/2025:00:50:29 +0700] "GET /?dir=/home/vietnamesehotels.net/public_html/wp-includes&item=update.php&action=chmod HTTP/1.1" 200 21667 "-" "Mozilla/5.0 (compatible; MJ12bot/v1.4.8; http://mj12bot.com/)"
162.158.163.155 - - [04/Feb/2025:00:50:30 +0700] "GET /dan-de/"+u+"?action=chmod&dir=%2Fhome%2Fvietnamesehotels.net%2Fpublic_html%2Fwp-content%2Fthemes%2Ftwentytwentyfive%2Fassets%2Ffonts%2Froboto-slab&item=.. HTTP/1.1" 200 6169 "-" "Mozilla/5.0 AppleWebKit/537.36 (KHTML, like Gecko; compatible; GPTBot/1.2; +https://openai.com/gptbot)"
162.158.163.155 - - [04/Feb/2025:00:50:31 +0700] "GET /dan-de/"+u+"?action=chmod&dir=%2Fhome%2Fvietnamesehotels.net%2Fpublic_html%2Fwp-content%2Fthemes%2Ftwentytwentyfive%2Fassets%2Ffonts%2Froboto-slab&item=. HTTP/1.1" 200 6166 "-" "Mozilla/5.0 AppleWebKit/537.36 (KHTML, like Gecko; compatible; GPTBot/1.2; +https://openai.com/gptbot)"
162.158.163.122 - - [04/Feb/2025:00:50:31 +0700] "GET /?dir=/home/vietnamesehotels.net/public_html/wp-includes&item=class-smtp.php&action=rename HTTP/1.1" 200 21668 "-" "Mozilla/5.0 (compatible; MJ12bot/v1.4.8; http://mj12bot.com/)"
162.158.163.155 - - [04/Feb/2025:00:50:32 +0700] "GET /dan-de/"$%7BsrcDataValue%7D"?action=chmod&dir=%2Fhome%2Fvietnamesehotels.net%2Fpublic_html%2Fwp-content%2Fthemes%2Ftwentynineteen%2Fsass%2Ftypography&item=_headings.scss HTTP/1.1" 200 6323 "-" "Mozilla/5.0 AppleWebKit/537.36 (KHTML, like Gecko; compatible; GPTBot/1.2; +https://openai.com/gptbot)"
162.158.163.155 - - [04/Feb/2025:00:50:33 +0700] "GET /dan-de/"$%7BsrcDataValue%7D"?action=edit&dir=%2Fhome%2Fvietnamesehotels.net%2Fpublic_html%2Fwp-content%2Fthemes%2Ftwentynineteen%2Fsass%2Ftypography&item=_typography.scss HTTP/1.1" 200 6584 "-" "Mozilla/5.0 AppleWebKit/537.36 (KHTML, like Gecko; compatible; GPTBot/1.2; +https://openai.com/gptbot)"
162.158.163.140 - - [04/Feb/2025:00:50:33 +0700] "GET /?dir=/home/vietnamesehotels.net/public_html/wp-includes&item=update.php&action=download HTTP/1.1" 200 8110 "-" "Mozilla/5.0 (compatible; MJ12bot/v1.4.8; http://mj12bot.com/)"
162.158.163.180 - - [04/Feb/2025:00:50:34 +0700] "POST /wp-cron.php?doing_wp_cron=1738605034.4041669368743896484375 HTTP/1.1" 200 31 "-" "WordPress/6.7.1; https://vietnamesehotels.net"
162.158.163.155 - - [04/Feb/2025:00:50:34 +0700] "GET /dan-de/"$%7BsrcDataValue%7D"?action=edit&dir=%2Fhome%2Fvietnamesehotels.net%2Fpublic_html%2Fwp-content%2Fthemes%2Ftwentynineteen%2Fsass%2Ftypography&item=_headings.scss HTTP/1.1" 200 7060 "-" "Mozilla/5.0 AppleWebKit/537.36 (KHTML, like Gecko; compatible; GPTBot/1.2; +https://openai.com/gptbot)"
162.158.163.155 - - [04/Feb/2025:00:50:35 +0700] "GET /dan-de/"$%7BsrcDataValue%7D"?action=rename&dir=%2Fhome%2Fvietnamesehotels.net%2Fpublic_html%2Fwp-content%2Fthemes%2Ftwentynineteen%2Fsass%2Ftypography&item=_copy.scss HTTP/1.1" 200 6317 "-" "Mozilla/5.0 AppleWebKit/537.36 (KHTML, like Gecko; compatible; GPTBot/1.2; +https://openai.com/gptbot)"
172.69.165.43 - - [04/Feb/2025:00:50:36 +0700] "POST /wp-cron.php?doing_wp_cron=1738605036.5931088924407958984375 HTTP/1.1" 200 31 "-" "WordPress/6.7.1; https://vietnamesehotels.net"
162.158.163.155 - - [04/Feb/2025:00:50:36 +0700] "GET /dan-de/"$%7BsrcDataValue%7D"?action=chmod&dir=%2Fhome%2Fvietnamesehotels.net%2Fpublic_html%2Fwp-content%2Fthemes%2Ftwentynineteen%2Fsass%2Ftypography&item=_typography.scss HTTP/1.1" 200 6326 "-" "Mozilla/5.0 AppleWebKit/537.36 (KHTML, like Gecko; compatible; GPTBot/1.2; +https://openai.com/gptbot)"
162.158.163.122 - - [04/Feb/2025:00:50:36 +0700] "GET /?dir=/home/vietnamesehotels.net/public_html/wp-includes&item=class-snoopy.php&action=download HTTP/1.1" 200 8044 "-" "Mozilla/5.0 (compatible; MJ12bot/v1.4.8; http://mj12bot.com/)"
162.158.163.140 - - [04/Feb/2025:00:50:37 +0700] "GET /?dir=/home/vietnamesehotels.net/public_html/wp-includes&item=update.php&action=edit HTTP/1.1" 200 30202 "-" "Mozilla/5.0 (compatible; MJ12bot/v1.4.8; http://mj12bot.com/)"
162.158.163.155 - - [04/Feb/2025:00:50:37 +0700] "GET /dan-de/"$%7BsrcDataValue%7D"?action=rename&dir=%2Fhome%2Fvietnamesehotels.net%2Fpublic_html%2Fwp-content%2Fthemes%2Ftwentynineteen%2Fsass%2Ftypography&item=_headings.scss HTTP/1.1" 200 6321 "-" "Mozilla/5.0 AppleWebKit/537.36 (KHTML, like Gecko; compatible; GPTBot/1.2; +https://openai.com/gptbot)"
162.158.163.155 - - [04/Feb/2025:00:50:38 +0700] "GET /dan-de/"+t+"?action=chmod&dir=%2Fhome%2Fvietnamesehotels.net%2Fpublic_html%2Fwp-content%2Fplugins%2Fwp-rocket%2Finc%2FEngine%2FHealthCheck&item=.. HTTP/1.1" 200 6346 "-" "Mozilla/5.0 AppleWebKit/537.36 (KHTML, like Gecko; compatible; GPTBot/1.2; +https://openai.com/gptbot)"
162.158.163.140 - - [04/Feb/2025:00:50:39 +0700] "GET /?dir=/home/vietnamesehotels.net/public_html/wp-includes&item=update.php&action=rename HTTP/1.1" 200 21661 "-" "Mozilla/5.0 (compatible; MJ12bot/v1.4.8; http://mj12bot.com/)"
162.158.163.155 - - [04/Feb/2025:00:50:39 +0700] "GET /dan-de/"+t+"?action=chmod&dir=%2Fhome%2Fvietnamesehotels.net%2Fpublic_html%2Fwp-content%2Fplugins%2Fwp-rocket%2Finc%2FEngine%2FHealthCheck&item=. HTTP/1.1" 200 6344 "-" "Mozilla/5.0 AppleWebKit/537.36 (KHTML, like Gecko; compatible; GPTBot/1.2; +https://openai.com/gptbot)"
162.158.163.155 - - [04/Feb/2025:00:50:40 +0700] "GET /dan-de/"+u+"?action=chmod&dir=%2Fhome%2Fvietnamesehotels.net%2Fpublic_html%2Fwp-content%2Fplugins%2Feasy-watermark%2Fvendor%2Fmicropackage&item=.. HTTP/1.1" 200 6015 "-" "Mozilla/5.0 AppleWebKit/537.36 (KHTML, like Gecko; compatible; GPTBot/1.2; +https://openai.com/gptbot)"
162.158.163.155 - - [04/Feb/2025:00:50:42 +0700] "GET /dan-de/"+u+"?action=chmod&dir=%2Fhome%2Fvietnamesehotels.net%2Fpublic_html%2Fwp-content%2Fplugins%2Feasy-watermark%2Fvendor%2Fmicropackage&item=. HTTP/1.1" 200 6014 "-" "Mozilla/5.0 AppleWebKit/537.36 (KHTML, like Gecko; compatible; GPTBot/1.2; +https://openai.com/gptbot)"
162.158.163.140 - - [04/Feb/2025:00:50:42 +0700] "GET /?dir=/home/vietnamesehotels.net/public_html/wp-includes&item=user.php&action=chmod HTTP/1.1" 200 21666 "-" "Mozilla/5.0 (compatible; MJ12bot/v1.4.8; http://mj12bot.com/)"
162.158.163.155 - - [04/Feb/2025:00:50:43 +0700] "GET /dan-de/"+u+"?action=chmod&dir=%2Fhome%2Fvietnamesehotels.net%2Fpublic_html%2Fwp-content%2Fplugins%2Fseo-by-rank-math%2Fincludes%2Fmodules%2Flocal-seo%2Fviews&item=. HTTP/1.1" 200 6223 "-" "Mozilla/5.0 AppleWebKit/537.36 (KHTML, like Gecko; compatible; GPTBot/1.2; +https://openai.com/gptbot)"
162.158.163.155 - - [04/Feb/2025:00:50:44 +0700] "GET /dan-de/"+u+"?action=chmod&dir=%2Fhome%2Fvietnamesehotels.net%2Fpublic_html%2Fwp-content%2Fplugins%2Fseo-by-rank-math%2Fincludes%2Fmodules%2Flocal-seo%2Fviews&item=.. HTTP/1.1" 200 6224 "-" "Mozilla/5.0 AppleWebKit/537.36 (KHTML, like Gecko; compatible; GPTBot/1.2; +https://openai.com/gptbot)"
162.158.163.155 - - [04/Feb/2025:00:50:45 +0700] "GET /dan-de/"+u+"?action=chmod&dir=%2Fhome%2Fvietnamesehotels.net%2Fpublic_html%2Fwp-content%2Fplugins%2Feasy-watermark%2Fsrc%2Fviews%2Fedit-screen&item=. HTTP/1.1" 200 6343 "-" "Mozilla/5.0 AppleWebKit/537.36 (KHTML, like Gecko; compatible; GPTBot/1.2; +https://openai.com/gptbot)"
162.158.163.155 - - [04/Feb/2025:00:50:46 +0700] "GET /dan-de/"+u+"?action=chmod&dir=%2Fhome%2Fvietnamesehotels.net%2Fpublic_html%2Fwp-content%2Fplugins%2Feasy-watermark%2Fsrc%2Fviews%2Fedit-screen&item=.. HTTP/1.1" 200 6345 "-" "Mozilla/5.0 AppleWebKit/537.36 (KHTML, like Gecko; compatible; GPTBot/1.2; +https://openai.com/gptbot)"
162.158.163.140 - - [04/Feb/2025:00:50:46 +0700] "GET /?dir=/home/vietnamesehotels.net/public_html/wp-includes&item=user.php&action=download HTTP/1.1" 200 36410 "-" "Mozilla/5.0 (compatible; MJ12bot/v1.4.8; http://mj12bot.com/)"
162.158.163.122 - - [04/Feb/2025:00:50:46 +0700] "GET /?dir=/home/vietnamesehotels.net/public_html/wp-includes&item=class-walker-category-dropdown.php&action=download HTTP/1.1" 200 1095 "-" "Mozilla/5.0 (compatible; MJ12bot/v1.4.8; http://mj12bot.com/)"
162.158.163.155 - - [04/Feb/2025:00:50:47 +0700] "GET /dan-de/"+t+"?action=chmod&dir=%2Fhome%2Fvietnamesehotels.net%2Fpublic_html%2Fwp-content%2Fplugins%2Feasy-watermark%2Fsrc%2Fclasses%2FFeatures&item=.. HTTP/1.1" 200 6414 "-" "Mozilla/5.0 AppleWebKit/537.36 (KHTML, like Gecko; compatible; GPTBot/1.2; +https://openai.com/gptbot)"
162.158.163.155 - - [04/Feb/2025:00:50:48 +0700] "GET /dan-de/"+u+"?action=chmod&dir=%2Fhome%2Fvietnamesehotels.net%2Fpublic_html%2Fwp-content%2Fplugins%2Feasy-watermark%2Fsrc%2Fviews%2Fedit-screen&item=metaboxes HTTP/1.1" 200 6347 "-" "Mozilla/5.0 AppleWebKit/537.36 (KHTML, like Gecko; compatible; GPTBot/1.2; +https://openai.com/gptbot)"
162.158.163.155 - - [04/Feb/2025:00:50:49 +0700] "GET /dan-de/"+u+"?action=rename&dir=%2Fhome%2Fvietnamesehotels.net%2Fpublic_html%2Fwp-content%2Fplugins%2Feasy-watermark%2Fsrc%2Fviews%2Fedit-screen&item=metaboxes HTTP/1.1" 200 6347 "-" "Mozilla/5.0 AppleWebKit/537.36 (KHTML, like Gecko; compatible; GPTBot/1.2; +https://openai.com/gptbot)"
162.158.163.140 - - [04/Feb/2025:00:50:49 +0700] "GET /?dir=/home/vietnamesehotels.net/public_html/wp-includes&item=user.php&action=edit HTTP/1.1" 200 59167 "-" "Mozilla/5.0 (compatible; MJ12bot/v1.4.8; http://mj12bot.com/)"
162.158.163.155 - - [04/Feb/2025:00:50:50 +0700] "GET /dan-de/"+t+"?action=chmod&dir=%2Fhome%2Fvietnamesehotels.net%2Fpublic_html%2Fwp-content%2Fplugins%2Feasy-watermark%2Fsrc%2Fclasses%2FFeatures&item=. HTTP/1.1" 200 6413 "-" "Mozilla/5.0 AppleWebKit/537.36 (KHTML, like Gecko; compatible; GPTBot/1.2; +https://openai.com/gptbot)"
162.158.163.155 - - [04/Feb/2025:00:50:52 +0700] "GET /dan-de/"+u+"?action=rename&dir=%2Fhome%2Fvietnamesehotels.net%2Fpublic_html%2Fwp-content%2Fplugins%2Feasy-watermark%2Fvendor%2Fmicropackage&item=singleton HTTP/1.1" 200 6016 "-" "Mozilla/5.0 AppleWebKit/537.36 (KHTML, like Gecko; compatible; GPTBot/1.2; +https://openai.com/gptbot)"
162.158.163.122 - - [04/Feb/2025:00:50:52 +0700] "GET /?dir=/home/vietnamesehotels.net/public_html/wp-includes&item=class-walker-category-dropdown.php&action=rename HTTP/1.1" 200 21681 "-" "Mozilla/5.0 (compatible; MJ12bot/v1.4.8; http://mj12bot.com/)"
162.158.163.155 - - [04/Feb/2025:00:50:53 +0700] "GET /dan-de/"+u+"?action=chmod&dir=%2Fhome%2Fvietnamesehotels.net%2Fpublic_html%2Fwp-content%2Fplugins%2Feasy-watermark%2Fvendor%2Fmicropackage&item=singleton HTTP/1.1" 200 6017 "-" "Mozilla/5.0 AppleWebKit/537.36 (KHTML, like Gecko; compatible; GPTBot/1.2; +https://openai.com/gptbot)"
162.158.163.140 - - [04/Feb/2025:00:50:53 +0700] "GET /?dir=/home/vietnamesehotels.net/public_html/wp-includes&item=user.php&action=rename HTTP/1.1" 200 21661 "-" "Mozilla/5.0 (compatible; MJ12bot/v1.4.8; http://mj12bot.com/)"
172.69.165.83 - - [04/Feb/2025:00:50:54 +0700] "GET /dan-de/"+u+"?action=rename&dir=%2Fhome%2Fvietnamesehotels.net%2Fpublic_html%2Fwp-content%2Fthemes%2Ftwentytwentyfive%2Fassets%2Ffonts%2Froboto-slab&item=RobotoSlab-VariableFont_wght.woff2 HTTP/1.1" 200 6168 "-" "Mozilla/5.0 AppleWebKit/537.36 (KHTML, like Gecko; compatible; GPTBot/1.2; +https://openai.com/gptbot)"
162.158.163.155 - - [04/Feb/2025:00:50:55 +0700] "GET /dan-de/"$%7BsrcDataValue%7D"?action=rename&dir=%2Fhome%2Fvietnamesehotels.net%2Fpublic_html%2Fwp-content%2Fthemes%2Ftwentynineteen%2Fsass%2Ftypography&item=_typography.scss HTTP/1.1" 200 6322 "-" "Mozilla/5.0 AppleWebKit/537.36 (KHTML, like Gecko; compatible; GPTBot/1.2; +https://openai.com/gptbot)"
162.158.106.37 - - [04/Feb/2025:00:50:56 +0700] "GET /dan-de/"+u+"?action=edit&dir=%2Fhome%2Fvietnamesehotels.net%2Fpublic_html%2Fwp-content%2Fthemes%2Ftwentytwentyfive%2Fassets%2Ffonts%2Froboto-slab&item=RobotoSlab-VariableFont_wght.woff2 HTTP/1.1" 200 6190 "-" "Mozilla/5.0 AppleWebKit/537.36 (KHTML, like Gecko; compatible; GPTBot/1.2; +https://openai.com/gptbot)"
162.158.163.122 - - [04/Feb/2025:00:50:57 +0700] "GET /?dir=/home/vietnamesehotels.net/public_html/wp-includes&item=vars.php&action=chmod HTTP/1.1" 200 21670 "-" "Mozilla/5.0 (compatible; MJ12bot/v1.4.8; http://mj12bot.com/)"
162.158.170.193 - - [04/Feb/2025:00:50:57 +0700] "GET /dan-de/"+u+"?action=chmod&dir=%2Fhome%2Fvietnamesehotels.net%2Fpublic_html%2Fwp-content%2Fthemes%2Ftwentytwentyfive%2Fassets%2Ffonts%2Froboto-slab&item=RobotoSlab-VariableFont_wght.woff2 HTTP/1.1" 200 6173 "-" "Mozilla/5.0 AppleWebKit/537.36 (KHTML, like Gecko; compatible; GPTBot/1.2; +https://openai.com/gptbot)"
162.158.163.155 - - [04/Feb/2025:00:50:58 +0700] "GET /dan-de/"+t+"?action=chmod&dir=%2Fhome%2Fvietnamesehotels.net%2Fpublic_html%2Fwp-content%2Fplugins%2Fduplicator%2Fsrc%2FControllers&item=.. HTTP/1.1" 200 6458 "-" "Mozilla/5.0 AppleWebKit/537.36 (KHTML, like Gecko; compatible; GPTBot/1.2; +https://openai.com/gptbot)"
162.158.163.155 - - [04/Feb/2025:00:50:59 +0700] "GET /dan-de/"$%7BsrcDataValue%7D"?action=edit&dir=%2Fhome%2Fvietnamesehotels.net%2Fpublic_html%2Fwp-content%2Fthemes%2Ftwentynineteen%2Fsass%2Ftypography&item=_copy.scss HTTP/1.1" 200 6683 "-" "Mozilla/5.0 AppleWebKit/537.36 (KHTML, like Gecko; compatible; GPTBot/1.2; +https://openai.com/gptbot)"
162.158.163.122 - - [04/Feb/2025:00:51:00 +0700] "GET /?dir=/home/vietnamesehotels.net/public_html/wp-includes&item=class-walker-category.php&action=edit HTTP/1.1" 200 24307 "-" "Mozilla/5.0 (compatible; MJ12bot/v1.4.8; http://mj12bot.com/)"
162.158.163.155 - - [04/Feb/2025:00:51:00 +0700] "GET /dan-de/"$%7BsrcDataValue%7D"?action=chmod&dir=%2Fhome%2Fvietnamesehotels.net%2Fpublic_html%2Fwp-content%2Fthemes%2Ftwentynineteen%2Fsass%2Ftypography&item=_copy.scss HTTP/1.1" 200 6319 "-" "Mozilla/5.0 AppleWebKit/537.36 (KHTML, like Gecko; compatible; GPTBot/1.2; +https://openai.com/gptbot)"
162.158.163.155 - - [04/Feb/2025:00:51:01 +0700] "GET /dan-de/"$%7BsrcDataValue%7D"?action=edit&dir=%2Fhome%2Fvietnamesehotels.net%2Fpublic_html%2Fwp-content%2Fthemes%2Ftwentynineteen%2Fsass%2Fmixins&item=_utilities.scss HTTP/1.1" 200 6442 "-" "Mozilla/5.0 AppleWebKit/537.36 (KHTML, like Gecko; compatible; GPTBot/1.2; +https://openai.com/gptbot)"
162.158.163.122 - - [04/Feb/2025:00:51:02 +0700] "GET /?dir=/home/vietnamesehotels.net/public_html/wp-includes&item=class-walker-category.php&action=rename HTTP/1.1" 200 21673 "-" "Mozilla/5.0 (compatible; MJ12bot/v1.4.8; http://mj12bot.com/)"
162.158.163.155 - - [04/Feb/2025:00:51:02 +0700] "GET /dan-de/"$%7BsrcDataValue%7D"?action=chmod&dir=%2Fhome%2Fvietnamesehotels.net%2Fpublic_html%2Fwp-content%2Fthemes%2Ftwentynineteen%2Fsass%2Fmixins&item=.. HTTP/1.1" 200 6203 "-" "Mozilla/5.0 AppleWebKit/537.36 (KHTML, like Gecko; compatible; GPTBot/1.2; +https://openai.com/gptbot)"
162.158.163.155 - - [04/Feb/2025:00:51:04 +0700] "GET /dan-de/"$%7BsrcDataValue%7D"?action=chmod&dir=%2Fhome%2Fvietnamesehotels.net%2Fpublic_html%2Fwp-content%2Fthemes%2Ftwentynineteen%2Fsass%2Ftypography&item=.. HTTP/1.1" 200 6316 "-" "Mozilla/5.0 AppleWebKit/537.36 (KHTML, like Gecko; compatible; GPTBot/1.2; +https://openai.com/gptbot)"
162.158.163.140 - - [04/Feb/2025:00:51:04 +0700] "GET /?dir=/home/vietnamesehotels.net/public_html/wp-includes&item=vars.php&action=download HTTP/1.1" 200 1989 "-" "Mozilla/5.0 (compatible; MJ12bot/v1.4.8; http://mj12bot.com/)"
162.158.163.140 - - [04/Feb/2025:00:51:04 +0700] "GET /?dir=/home/vietnamesehotels.net/public_html/wp-includes&item=class-walker-comment.php&action=chmod HTTP/1.1" 200 21675 "-" "Mozilla/5.0 (compatible; MJ12bot/v1.4.8; http://mj12bot.com/)"
162.158.163.155 - - [04/Feb/2025:00:51:05 +0700] "GET /dan-de/"$%7BsrcDataValue%7D"?action=chmod&dir=%2Fhome%2Fvietnamesehotels.net%2Fpublic_html%2Fwp-content%2Fthemes%2Ftwentynineteen%2Fsass%2Felements&item=. HTTP/1.1" 200 6305 "-" "Mozilla/5.0 AppleWebKit/537.36 (KHTML, like Gecko; compatible; GPTBot/1.2; +https://openai.com/gptbot)"
162.158.163.155 - - [04/Feb/2025:00:51:06 +0700] "GET /dan-de/"$%7BsrcDataValue%7D"?action=chmod&dir=%2Fhome%2Fvietnamesehotels.net%2Fpublic_html%2Fwp-content%2Fthemes%2Ftwentynineteen%2Fsass%2Fmixins&item=. HTTP/1.1" 200 6203 "-" "Mozilla/5.0 AppleWebKit/537.36 (KHTML, like Gecko; compatible; GPTBot/1.2; +https://openai.com/gptbot)"
162.158.163.155 - - [04/Feb/2025:00:51:07 +0700] "GET /dan-de/"+t+"?action=chmod&dir=%2Fhome%2Fvietnamesehotels.net%2Fpublic_html%2Fwp-content%2Fplugins%2Fduplicator%2Fsrc%2FControllers&item=. HTTP/1.1" 200 6457 "-" "Mozilla/5.0 AppleWebKit/537.36 (KHTML, like Gecko; compatible; GPTBot/1.2; +https://openai.com/gptbot)"
162.158.163.140 - - [04/Feb/2025:00:51:08 +0700] "GET /?dir=/home/vietnamesehotels.net/public_html/wp-includes&item=vars.php&action=edit HTTP/1.1" 200 23811 "-" "Mozilla/5.0 (compatible; MJ12bot/v1.4.8; http://mj12bot.com/)"
162.158.163.155 - - [04/Feb/2025:00:51:08 +0700] "GET /dan-de/"$%7BsrcDataValue%7D"?action=chmod&dir=%2Fhome%2Fvietnamesehotels.net%2Fpublic_html%2Fwp-content%2Fthemes%2Ftwentynineteen%2Fsass%2Ftypography&item=. HTTP/1.1" 200 6314 "-" "Mozilla/5.0 AppleWebKit/537.36 (KHTML, like Gecko; compatible; GPTBot/1.2; +https://openai.com/gptbot)"
162.158.163.155 - - [04/Feb/2025:00:51:09 +0700] "GET /dan-de/"+u+"?dir=%2Fhome%2Fvietnamesehotels.net%2Fpublic_html%2Fwp-content%2Fplugins%2Feasy-watermark%2Fvendor%2Fmicropackage%2Fsingleton HTTP/1.1" 200 6179 "-" "Mozilla/5.0 AppleWebKit/537.36 (KHTML, like Gecko; compatible; GPTBot/1.2; +https://openai.com/gptbot)"
162.158.163.155 - - [04/Feb/2025:00:51:10 +0700] "GET /dan-de/"+u+"?dir=%2Fhome%2Fvietnamesehotels.net%2Fpublic_html%2Fwp-content%2Fplugins%2Feasy-watermark%2Fsrc%2Fviews%2Fedit-screen%2Fmetaboxes HTTP/1.1" 200 5995 "-" "Mozilla/5.0 AppleWebKit/537.36 (KHTML, like Gecko; compatible; GPTBot/1.2; +https://openai.com/gptbot)"
162.158.163.155 - - [04/Feb/2025:00:51:11 +0700] "GET /dan-de/"+u+"?dir=%2Fhome%2Fvietnamesehotels.net%2Fpublic_html%2Fwp-content%2Fplugins%2Fseo-by-rank-math%2Fincludes%2Fmodules%2Fsitemap HTTP/1.1" 200 7164 "-" "Mozilla/5.0 AppleWebKit/537.36 (KHTML, like Gecko; compatible; GPTBot/1.2; +https://openai.com/gptbot)"
162.158.163.155 - - [04/Feb/2025:00:51:12 +0700] "GET /dan-de/"+u+"?dir=%2Fhome%2Fvietnamesehotels.net%2Fpublic_html%2Fwp-content%2Fplugins%2Fwp-rocket%2Fviews%2Fsettings%2Ffields HTTP/1.1" 200 6956 "-" "Mozilla/5.0 AppleWebKit/537.36 (KHTML, like Gecko; compatible; GPTBot/1.2; +https://openai.com/gptbot)"
162.158.163.122 - - [04/Feb/2025:00:51:13 +0700] "GET /?dir=/home/vietnamesehotels.net/public_html/wp-includes&item=class-walker-nav-menu.php&action=chmod HTTP/1.1" 200 21682 "-" "Mozilla/5.0 (compatible; MJ12bot/v1.4.8; http://mj12bot.com/)"
162.158.163.155 - - [04/Feb/2025:00:51:13 +0700] "GET /dan-de/"+t+"?dir=%2Fhome%2Fvietnamesehotels.net%2Fpublic_html%2Fwp-content%2Fplugins%2Fseo-by-rank-math%2Fincludes%2F3rdparty%2Felementor HTTP/1.1" 200 6112 "-" "Mozilla/5.0 AppleWebKit/537.36 (KHTML, like Gecko; compatible; GPTBot/1.2; +https://openai.com/gptbot)"
162.158.163.155 - - [04/Feb/2025:00:51:15 +0700] "GET /dan-de/"+t+"?dir=%2Fhome%2Fvietnamesehotels.net%2Fpublic_html%2Fwp-content%2Fplugins%2Fwp-rocket%2Finc%2FThirdParty%2FHostings HTTP/1.1" 200 7166 "-" "Mozilla/5.0 AppleWebKit/537.36 (KHTML, like Gecko; compatible; GPTBot/1.2; +https://openai.com/gptbot)"
162.158.163.122 - - [04/Feb/2025:00:51:15 +0700] "GET /?dir=/home/vietnamesehotels.net/public_html/wp-includes&item=class-walker-nav-menu.php&action=download HTTP/1.1" 200 2609 "-" "Mozilla/5.0 (compatible; MJ12bot/v1.4.8; http://mj12bot.com/)"
162.158.163.155 - - [04/Feb/2025:00:51:16 +0700] "GET /dan-de/"+t+"?dir=%2Fhome%2Fvietnamesehotels.net%2Fpublic_html%2Fwp-content%2Fplugins%2Fduplicator%2Fctrls HTTP/1.1" 200 6384 "-" "Mozilla/5.0 AppleWebKit/537.36 (KHTML, like Gecko; compatible; GPTBot/1.2; +https://openai.com/gptbot)"
162.158.163.155 - - [04/Feb/2025:00:51:17 +0700] "GET /dan-de/"+u+"?dir=%2Fhome%2Fvietnamesehotels.net%2Fpublic_html%2Fwp-content%2Fplugins%2Fwp-rocket%2Fvendor%2Fcloudflare%2Fcf-ip-rewrite HTTP/1.1" 200 6507 "-" "Mozilla/5.0 AppleWebKit/537.36 (KHTML, like Gecko; compatible; GPTBot/1.2; +https://openai.com/gptbot)"
162.158.163.122 - - [04/Feb/2025:00:51:17 +0700] "GET /?dir=/home/vietnamesehotels.net/public_html/wp-includes&item=class-walker-nav-menu.php&action=edit HTTP/1.1" 200 24472 "-" "Mozilla/5.0 (compatible; MJ12bot/v1.4.8; http://mj12bot.com/)"
162.158.163.155 - - [04/Feb/2025:00:51:18 +0700] "GET /dan-de/"$%7BsrcDataValue%7D"?dir=%2Fhome%2Fvietnamesehotels.net%2Fpublic_html%2Fwp-content%2Fthemes%2Ftwentytwentyfive%2Fpatterns HTTP/1.1" 200 11767 "-" "Mozilla/5.0 AppleWebKit/537.36 (KHTML, like Gecko; compatible; GPTBot/1.2; +https://openai.com/gptbot)"
162.158.163.140 - - [04/Feb/2025:00:51:18 +0700] "GET /?dir=/home/vietnamesehotels.net/public_html/wp-includes&item=vars.php&action=rename HTTP/1.1" 200 21661 "-" "Mozilla/5.0 (compatible; MJ12bot/v1.4.8; http://mj12bot.com/)"
172.69.165.43 - - [04/Feb/2025:00:51:19 +0700] "GET /.well-known/acme-challenge/NOL2L7NQYQKPUO8_71NWFR7JY1_4TPA7 HTTP/1.1" 200 22131 "-" "Cpanel-HTTP-Client/1.0"
162.158.163.155 - - [04/Feb/2025:00:51:19 +0700] "GET /dan-de/"+t+"?dir=%2Fhome%2Fvietnamesehotels.net%2Fpublic_html%2Fwp-content%2Fplugins%2Fwp-rocket%2Finc%2Fdeprecated%2Fvendors%2Fclasses HTTP/1.1" 200 6053 "-" "Mozilla/5.0 AppleWebKit/537.36 (KHTML, like Gecko; compatible; GPTBot/1.2; +https://openai.com/gptbot)"
162.158.163.155 - - [04/Feb/2025:00:51:20 +0700] "GET /dan-de/"+u+"?action=rename&dir=%2Fhome%2Fvietnamesehotels.net%2Fpublic_html%2Fwp-content%2Fplugins%2Feasy-watermark%2Fvendor%2Fmicropackage%2Fsingleton&item=CHANGELOG.md HTTP/1.1" 200 6316 "-" "Mozilla/5.0 AppleWebKit/537.36 (KHTML, like Gecko; compatible; GPTBot/1.2; +https://openai.com/gptbot)"
162.158.163.122 - - [04/Feb/2025:00:51:21 +0700] "GET /?dir=/home/vietnamesehotels.net/public_html/wp-includes&item=class-walker-nav-menu.php&action=rename HTTP/1.1" 200 21677 "-" "Mozilla/5.0 (compatible; MJ12bot/v1.4.8; http://mj12bot.com/)"
162.158.163.155 - - [04/Feb/2025:00:51:21 +0700] "GET /dan-de/"+u+"?action=chmod&dir=%2Fhome%2Fvietnamesehotels.net%2Fpublic_html%2Fwp-content%2Fplugins%2Feasy-watermark%2Fvendor%2Fmicropackage%2Fsingleton&item=CHANGELOG.md HTTP/1.1" 200 6318 "-" "Mozilla/5.0 AppleWebKit/537.36 (KHTML, like Gecko; compatible; GPTBot/1.2; +https://openai.com/gptbot)"
162.158.163.155 - - [04/Feb/2025:00:51:22 +0700] "GET /dan-de/"+u+"?action=edit&dir=%2Fhome%2Fvietnamesehotels.net%2Fpublic_html%2Fwp-content%2Fplugins%2Feasy-watermark%2Fvendor%2Fmicropackage%2Fsingleton&item=LICENSE HTTP/1.1" 200 19064 "-" "Mozilla/5.0 AppleWebKit/537.36 (KHTML, like Gecko; compatible; GPTBot/1.2; +https://openai.com/gptbot)"
162.158.163.122 - - [04/Feb/2025:00:51:23 +0700] "GET /?dir=/home/vietnamesehotels.net/public_html/wp-includes&item=class-walker-page-dropdown.php&action=chmod HTTP/1.1" 200 21684 "-" "Mozilla/5.0 (compatible; MJ12bot/v1.4.8; http://mj12bot.com/)"
