162.158.163.236 - - [04/Feb/2025:01:25:36 +0700] "POST /wp-cron.php?doing_wp_cron=1738607136.2614829540252685546875 HTTP/1.1" 200 31 "-" "WordPress/6.7.1; https://vietnamesehotels.net"
162.158.163.140 - - [04/Feb/2025:01:25:36 +0700] "GET /dieu-khoan-va-dieu-kien/?dir=/home/vietnamesehotels.net/public_html&item=wp-trackback.php&action=rename HTTP/1.1" 200 24993 "-" "Mozilla/5.0 (compatible; MJ12bot/v1.4.8; http://mj12bot.com/)"
162.158.162.124 - - [04/Feb/2025:01:25:37 +0700] "GET /?dir=/&item=libx32&action=rename HTTP/1.1" 200 6983 "-" "Mozilla/5.0 (compatible; MJ12bot/v1.4.8; http://mj12bot.com/)"
162.158.162.248 - - [04/Feb/2025:01:25:38 +0700] "GET /dieu-khoan-va-dieu-kien/?dir=/home/vietnamesehotels.net/public_html&item=xmlrpc.php&action=chmod HTTP/1.1" 200 24991 "-" "Mozilla/5.0 (compatible; MJ12bot/v1.4.8; http://mj12bot.com/)"
162.158.163.140 - - [04/Feb/2025:01:25:39 +0700] "GET /?dir=/&item=lost%20found&action=chmod HTTP/1.1" 200 6986 "-" "Mozilla/5.0 (compatible; MJ12bot/v1.4.8; http://mj12bot.com/)"
162.158.163.206 - - [04/Feb/2025:01:25:40 +0700] "GET /dieu-khoan-va-dieu-kien/?dir=/home/vietnamesehotels.net/public_html&item=xmlrpc.php&action=download HTTP/1.1" 200 1449 "-" "Mozilla/5.0 (compatible; MJ12bot/v1.4.8; http://mj12bot.com/)"
162.158.162.124 - - [04/Feb/2025:01:25:41 +0700] "GET /?dir=/&item=lost%20found&action=rename HTTP/1.1" 200 6980 "-" "Mozilla/5.0 (compatible; MJ12bot/v1.4.8; http://mj12bot.com/)"
162.158.163.254 - - [04/Feb/2025:01:25:42 +0700] "GET /dieu-khoan-va-dieu-kien/?dir=/home/vietnamesehotels.net/public_html&item=xmlrpc.php&action=edit HTTP/1.1" 200 26391 "-" "Mozilla/5.0 (compatible; MJ12bot/v1.4.8; http://mj12bot.com/)"
162.158.162.124 - - [04/Feb/2025:01:25:43 +0700] "GET /?dir=/&item=media&action=chmod HTTP/1.1" 200 6982 "-" "Mozilla/5.0 (compatible; MJ12bot/v1.4.8; http://mj12bot.com/)"
172.69.165.43 - - [04/Feb/2025:01:25:44 +0700] "GET /dieu-khoan-va-dieu-kien/?dir=/home/vietnamesehotels.net/public_html&item=xmlrpc.php&action=rename HTTP/1.1" 200 24988 "-" "Mozilla/5.0 (compatible; MJ12bot/v1.4.8; http://mj12bot.com/)"
162.158.162.124 - - [04/Feb/2025:01:25:44 +0700] "GET /?dir=/&item=media&action=rename HTTP/1.1" 200 6981 "-" "Mozilla/5.0 (compatible; MJ12bot/v1.4.8; http://mj12bot.com/)"
162.158.162.124 - - [04/Feb/2025:01:25:45 +0700] "GET /dieu-khoan-va-dieu-kien/?dir=/home/vietnamesehotels.net/public_html/wp-admin HTTP/1.1" 200 29573 "-" "Mozilla/5.0 (compatible; MJ12bot/v1.4.8; http://mj12bot.com/)"
162.158.162.124 - - [04/Feb/2025:01:25:46 +0700] "GET /?dir=/&item=mnt&action=chmod HTTP/1.1" 200 6981 "-" "Mozilla/5.0 (compatible; MJ12bot/v1.4.8; http://mj12bot.com/)"
172.69.165.75 - - [04/Feb/2025:01:25:47 +0700] "GET /dieu-khoan-va-dieu-kien/?dir=/home/vietnamesehotels.net/public_html/wp-content HTTP/1.1" 200 24511 "-" "Mozilla/5.0 (compatible; MJ12bot/v1.4.8; http://mj12bot.com/)"
162.158.162.124 - - [04/Feb/2025:01:25:48 +0700] "GET /?dir=/&item=mnt&action=rename HTTP/1.1" 200 6979 "-" "Mozilla/5.0 (compatible; MJ12bot/v1.4.8; http://mj12bot.com/)"
162.158.163.140 - - [04/Feb/2025:01:25:49 +0700] "GET /dieu-khoan-va-dieu-kien/?dir=/home/vietnamesehotels.net/public_html/wp-includes HTTP/1.1" 200 39238 "-" "Mozilla/5.0 (compatible; MJ12bot/v1.4.8; http://mj12bot.com/)"
162.158.162.124 - - [04/Feb/2025:01:25:50 +0700] "GET /?dir=/&item=opt&action=chmod HTTP/1.1" 200 6981 "-" "Mozilla/5.0 (compatible; MJ12bot/v1.4.8; http://mj12bot.com/)"
162.158.162.63 - - [04/Feb/2025:01:25:51 +0700] "GET /esport/?dir=/ HTTP/1.1" 200 26258 "-" "Mozilla/5.0 (compatible; MJ12bot/v1.4.8; http://mj12bot.com/)"
162.158.162.124 - - [04/Feb/2025:01:25:51 +0700] "GET /?dir=/&item=opt&action=rename HTTP/1.1" 200 6979 "-" "Mozilla/5.0 (compatible; MJ12bot/v1.4.8; http://mj12bot.com/)"
162.158.163.140 - - [04/Feb/2025:01:25:53 +0700] "GET /esport/?dir=/home HTTP/1.1" 200 25355 "-" "Mozilla/5.0 (compatible; MJ12bot/v1.4.8; http://mj12bot.com/)"
162.158.162.124 - - [04/Feb/2025:01:25:53 +0700] "GET /?dir=/&item=proc&action=chmod HTTP/1.1" 200 6982 "-" "Mozilla/5.0 (compatible; MJ12bot/v1.4.8; http://mj12bot.com/)"
162.158.162.124 - - [04/Feb/2025:01:25:55 +0700] "GET /?dir=/&item=proc&action=rename HTTP/1.1" 200 6980 "-" "Mozilla/5.0 (compatible; MJ12bot/v1.4.8; http://mj12bot.com/)"
162.158.162.45 - - [04/Feb/2025:01:25:55 +0700] "GET /esport/?dir=/home/vietnamesehotels.net HTTP/1.1" 200 25158 "-" "Mozilla/5.0 (compatible; MJ12bot/v1.4.8; http://mj12bot.com/)"
162.158.162.124 - - [04/Feb/2025:01:25:57 +0700] "GET /?dir=/&item=root&action=chmod HTTP/1.1" 200 6982 "-" "Mozilla/5.0 (compatible; MJ12bot/v1.4.8; http://mj12bot.com/)"
162.158.163.206 - - [04/Feb/2025:01:25:57 +0700] "GET /esport/?dir=/home/vietnamesehotels.net/public_html HTTP/1.1" 200 26617 "-" "Mozilla/5.0 (compatible; MJ12bot/v1.4.8; http://mj12bot.com/)"
162.158.162.124 - - [04/Feb/2025:01:25:59 +0700] "GET /?dir=/&item=root&action=rename HTTP/1.1" 200 6982 "-" "Mozilla/5.0 (compatible; MJ12bot/v1.4.8; http://mj12bot.com/)"
162.158.162.55 - - [04/Feb/2025:01:25:59 +0700] "GET /esport/?dir=/home/vietnamesehotels.net/public_html&item=.&action=chmod HTTP/1.1" 200 26716 "-" "Mozilla/5.0 (compatible; MJ12bot/v1.4.8; http://mj12bot.com/)"
162.158.162.124 - - [04/Feb/2025:01:26:00 +0700] "GET /?dir=/&item=run&action=chmod HTTP/1.1" 200 6981 "-" "Mozilla/5.0 (compatible; MJ12bot/v1.4.8; http://mj12bot.com/)"
162.158.163.253 - - [04/Feb/2025:01:26:01 +0700] "GET /esport/?dir=/home/vietnamesehotels.net/public_html&item=..&action=chmod HTTP/1.1" 200 26720 "-" "Mozilla/5.0 (compatible; MJ12bot/v1.4.8; http://mj12bot.com/)"
162.158.162.124 - - [04/Feb/2025:01:26:02 +0700] "GET /?dir=/&item=run&action=rename HTTP/1.1" 200 6980 "-" "Mozilla/5.0 (compatible; MJ12bot/v1.4.8; http://mj12bot.com/)"
162.158.162.45 - - [04/Feb/2025:01:26:03 +0700] "GET /esport/?dir=/home/vietnamesehotels.net/public_html&item=index.php&action=chmod HTTP/1.1" 200 26720 "-" "Mozilla/5.0 (compatible; MJ12bot/v1.4.8; http://mj12bot.com/)"
162.158.162.124 - - [04/Feb/2025:01:26:04 +0700] "GET /?dir=/&item=sbin&action=chmod HTTP/1.1" 200 6985 "-" "Mozilla/5.0 (compatible; MJ12bot/v1.4.8; http://mj12bot.com/)"
162.158.162.45 - - [04/Feb/2025:01:26:05 +0700] "GET /esport/?dir=/home/vietnamesehotels.net/public_html&item=index.php&action=download HTTP/1.1" 200 273 "-" "Mozilla/5.0 (compatible; MJ12bot/v1.4.8; http://mj12bot.com/)"
162.158.162.124 - - [04/Feb/2025:01:26:06 +0700] "GET /?dir=/&item=sbin&action=rename HTTP/1.1" 200 6981 "-" "Mozilla/5.0 (compatible; MJ12bot/v1.4.8; http://mj12bot.com/)"
162.158.163.121 - - [04/Feb/2025:01:26:07 +0700] "GET /esport/?dir=/home/vietnamesehotels.net/public_html&item=index.php&action=edit HTTP/1.1" 200 26963 "-" "Mozilla/5.0 (compatible; MJ12bot/v1.4.8; http://mj12bot.com/)"
162.158.162.124 - - [04/Feb/2025:01:26:08 +0700] "GET /?dir=/&item=snap&action=chmod HTTP/1.1" 200 6980 "-" "Mozilla/5.0 (compatible; MJ12bot/v1.4.8; http://mj12bot.com/)"
162.158.162.122 - - [04/Feb/2025:01:26:08 +0700] "GET /esport/?dir=/home/vietnamesehotels.net/public_html&item=index.php&action=rename HTTP/1.1" 200 26720 "-" "Mozilla/5.0 (compatible; MJ12bot/v1.4.8; http://mj12bot.com/)"
162.158.162.124 - - [04/Feb/2025:01:26:09 +0700] "GET /?dir=/&item=snap&action=rename HTTP/1.1" 200 6981 "-" "Mozilla/5.0 (compatible; MJ12bot/v1.4.8; http://mj12bot.com/)"
162.158.162.124 - - [04/Feb/2025:01:26:10 +0700] "GET /esport/?dir=/home/vietnamesehotels.net/public_html&item=license.txt&action=chmod HTTP/1.1" 200 26720 "-" "Mozilla/5.0 (compatible; MJ12bot/v1.4.8; http://mj12bot.com/)"
162.158.162.124 - - [04/Feb/2025:01:26:11 +0700] "GET /?dir=/&item=srv&action=chmod HTTP/1.1" 200 6978 "-" "Mozilla/5.0 (compatible; MJ12bot/v1.4.8; http://mj12bot.com/)"
162.158.163.155 - - [04/Feb/2025:01:26:12 +0700] "GET /esport/?dir=/home/vietnamesehotels.net/public_html&item=license.txt&action=download HTTP/1.1" 200 7308 "-" "Mozilla/5.0 (compatible; MJ12bot/v1.4.8; http://mj12bot.com/)"
162.158.162.124 - - [04/Feb/2025:01:26:13 +0700] "GET /?dir=/&item=srv&action=rename HTTP/1.1" 200 6979 "-" "Mozilla/5.0 (compatible; MJ12bot/v1.4.8; http://mj12bot.com/)"
162.158.163.121 - - [04/Feb/2025:01:26:14 +0700] "GET /esport/?dir=/home/vietnamesehotels.net/public_html/wp-admin HTTP/1.1" 200 31365 "-" "Mozilla/5.0 (compatible; MJ12bot/v1.4.8; http://mj12bot.com/)"
162.158.162.124 - - [04/Feb/2025:01:26:15 +0700] "GET /?dir=/&item=sys&action=chmod HTTP/1.1" 200 6983 "-" "Mozilla/5.0 (compatible; MJ12bot/v1.4.8; http://mj12bot.com/)"
162.158.163.155 - - [04/Feb/2025:01:26:16 +0700] "GET /esport/?dir=/home/vietnamesehotels.net/public_html/wp-content HTTP/1.1" 200 26246 "-" "Mozilla/5.0 (compatible; MJ12bot/v1.4.8; http://mj12bot.com/)"
162.158.162.124 - - [04/Feb/2025:01:26:17 +0700] "GET /?dir=/&item=sys&action=rename HTTP/1.1" 200 6981 "-" "Mozilla/5.0 (compatible; MJ12bot/v1.4.8; http://mj12bot.com/)"
172.69.165.22 - - [04/Feb/2025:01:26:18 +0700] "GET /esport/?dir=/home/vietnamesehotels.net/public_html/wp-includes HTTP/1.1" 200 40969 "-" "Mozilla/5.0 (compatible; MJ12bot/v1.4.8; http://mj12bot.com/)"
162.158.162.124 - - [04/Feb/2025:01:26:19 +0700] "GET /?dir=/&item=tmp&action=chmod HTTP/1.1" 200 6981 "-" "Mozilla/5.0 (compatible; MJ12bot/v1.4.8; http://mj12bot.com/)"
162.158.162.124 - - [04/Feb/2025:01:26:21 +0700] "GET /?dir=/&item=tmp&action=rename HTTP/1.1" 200 6977 "-" "Mozilla/5.0 (compatible; MJ12bot/v1.4.8; http://mj12bot.com/)"
162.158.162.124 - - [04/Feb/2025:01:26:22 +0700] "GET /lien-he/?dir=/ HTTP/1.1" 200 22539 "-" "Mozilla/5.0 (compatible; MJ12bot/v1.4.8; http://mj12bot.com/)"
162.158.162.125 - - [04/Feb/2025:01:26:22 +0700] "GET /?dir=/&item=usr&action=chmod HTTP/1.1" 200 6986 "-" "Mozilla/5.0 (compatible; MJ12bot/v1.4.8; http://mj12bot.com/)"
162.158.162.124 - - [04/Feb/2025:01:26:24 +0700] "GET /?dir=/&item=usr&action=rename HTTP/1.1" 200 6982 "-" "Mozilla/5.0 (compatible; MJ12bot/v1.4.8; http://mj12bot.com/)"
162.158.162.248 - - [04/Feb/2025:01:26:25 +0700] "GET /lien-he/?dir=/home HTTP/1.1" 200 21631 "-" "Mozilla/5.0 (compatible; MJ12bot/v1.4.8; http://mj12bot.com/)"
162.158.162.125 - - [04/Feb/2025:01:26:26 +0700] "GET /?dir=/&item=var&action=chmod HTTP/1.1" 200 6988 "-" "Mozilla/5.0 (compatible; MJ12bot/v1.4.8; http://mj12bot.com/)"
162.158.163.156 - - [04/Feb/2025:01:26:27 +0700] "GET /lien-he/?dir=/home/vietnamesehotels.net HTTP/1.1" 200 21433 "-" "Mozilla/5.0 (compatible; MJ12bot/v1.4.8; http://mj12bot.com/)"
162.158.162.124 - - [04/Feb/2025:01:26:28 +0700] "GET /?dir=/&item=var&action=rename HTTP/1.1" 200 6980 "-" "Mozilla/5.0 (compatible; MJ12bot/v1.4.8; http://mj12bot.com/)"
162.158.163.139 - - [04/Feb/2025:01:26:29 +0700] "GET /lien-he/?dir=/home/vietnamesehotels.net/public_html HTTP/1.1" 200 22915 "-" "Mozilla/5.0 (compatible; MJ12bot/v1.4.8; http://mj12bot.com/)"
162.158.162.125 - - [04/Feb/2025:01:26:30 +0700] "GET /?dir=//bin HTTP/1.1" 200 76326 "-" "Mozilla/5.0 (compatible; MJ12bot/v1.4.8; http://mj12bot.com/)"
162.158.162.124 - - [04/Feb/2025:01:26:31 +0700] "GET /lien-he/?dir=/home/vietnamesehotels.net/public_html&item=index.php&action=chmod HTTP/1.1" 200 23020 "-" "Mozilla/5.0 (compatible; MJ12bot/v1.4.8; http://mj12bot.com/)"
162.158.162.125 - - [04/Feb/2025:01:26:32 +0700] "GET /?dir=//boot HTTP/1.1" 200 6690 "-" "Mozilla/5.0 (compatible; MJ12bot/v1.4.8; http://mj12bot.com/)"
162.158.163.205 - - [04/Feb/2025:01:26:33 +0700] "GET /lien-he/?dir=/home/vietnamesehotels.net/public_html&item=index.php&action=download HTTP/1.1" 200 273 "-" "Mozilla/5.0 (compatible; MJ12bot/v1.4.8; http://mj12bot.com/)"
162.158.163.139 - - [04/Feb/2025:01:26:34 +0700] "POST /wp-cron.php?doing_wp_cron=1738607194.1820099353790283203125 HTTP/1.1" 200 31 "-" "WordPress/6.7.1; https://vietnamesehotels.net"
162.158.162.124 - - [04/Feb/2025:01:26:34 +0700] "GET /?dir=//dev HTTP/1.1" 200 6735 "-" "Mozilla/5.0 (compatible; MJ12bot/v1.4.8; http://mj12bot.com/)"
162.158.162.125 - - [04/Feb/2025:01:26:35 +0700] "GET /lien-he/?dir=/home/vietnamesehotels.net/public_html&item=index.php&action=edit HTTP/1.1" 200 23264 "-" "Mozilla/5.0 (compatible; MJ12bot/v1.4.8; http://mj12bot.com/)"
162.158.163.121 - - [04/Feb/2025:01:26:36 +0700] "POST /wp-cron.php?doing_wp_cron=1738607196.1224310398101806640625 HTTP/1.1" 200 31 "-" "WordPress/6.7.1; https://vietnamesehotels.net"
162.158.162.124 - - [04/Feb/2025:01:26:36 +0700] "GET /?dir=//etc HTTP/1.1" 200 16425 "-" "Mozilla/5.0 (compatible; MJ12bot/v1.4.8; http://mj12bot.com/)"
162.158.162.55 - - [04/Feb/2025:01:26:37 +0700] "GET /lien-he/?dir=/home/vietnamesehotels.net/public_html&item=index.php&action=rename HTTP/1.1" 200 23013 "-" "Mozilla/5.0 (compatible; MJ12bot/v1.4.8; http://mj12bot.com/)"
162.158.162.125 - - [04/Feb/2025:01:26:37 +0700] "GET /?dir=//home HTTP/1.1" 200 6042 "-" "Mozilla/5.0 (compatible; MJ12bot/v1.4.8; http://mj12bot.com/)"
162.158.163.139 - - [04/Feb/2025:01:26:38 +0700] "GET /lien-he/?dir=/home/vietnamesehotels.net/public_html/wp-admin HTTP/1.1" 200 27651 "-" "Mozilla/5.0 (compatible; MJ12bot/v1.4.8; http://mj12bot.com/)"
162.158.162.124 - - [04/Feb/2025:01:26:39 +0700] "GET /?dir=//lib HTTP/1.1" 200 11329 "-" "Mozilla/5.0 (compatible; MJ12bot/v1.4.8; http://mj12bot.com/)"
162.158.162.248 - - [04/Feb/2025:01:26:40 +0700] "GET /lien-he/?dir=/home/vietnamesehotels.net/public_html/wp-content HTTP/1.1" 200 22541 "-" "Mozilla/5.0 (compatible; MJ12bot/v1.4.8; http://mj12bot.com/)"
162.158.162.125 - - [04/Feb/2025:01:26:41 +0700] "GET /?dir=//lib32 HTTP/1.1" 200 5675 "-" "Mozilla/5.0 (compatible; MJ12bot/v1.4.8; http://mj12bot.com/)"
172.69.165.22 - - [04/Feb/2025:01:26:42 +0700] "GET /lien-he/?dir=/home/vietnamesehotels.net/public_html/wp-includes HTTP/1.1" 200 37322 "-" "Mozilla/5.0 (compatible; MJ12bot/v1.4.8; http://mj12bot.com/)"
162.158.162.124 - - [04/Feb/2025:01:26:43 +0700] "GET /?dir=//lib64 HTTP/1.1" 200 5916 "-" "Mozilla/5.0 (compatible; MJ12bot/v1.4.8; http://mj12bot.com/)"
162.158.163.155 - - [04/Feb/2025:01:26:44 +0700] "GET /quyen-rieng-tu/?dir=/ HTTP/1.1" 200 24492 "-" "Mozilla/5.0 (compatible; MJ12bot/v1.4.8; http://mj12bot.com/)"
162.158.162.125 - - [04/Feb/2025:01:26:45 +0700] "GET /?dir=//libx32 HTTP/1.1" 200 5677 "-" "Mozilla/5.0 (compatible; MJ12bot/v1.4.8; http://mj12bot.com/)"
162.158.162.122 - - [04/Feb/2025:01:26:46 +0700] "GET /quyen-rieng-tu/?dir=/home HTTP/1.1" 200 23541 "-" "Mozilla/5.0 (compatible; MJ12bot/v1.4.8; http://mj12bot.com/)"
162.158.162.124 - - [04/Feb/2025:01:26:47 +0700] "GET /?dir=//lost%20found HTTP/1.1" 200 5435 "-" "Mozilla/5.0 (compatible; MJ12bot/v1.4.8; http://mj12bot.com/)"
162.158.163.206 - - [04/Feb/2025:01:26:48 +0700] "GET /quyen-rieng-tu/?dir=/home/vietnamesehotels.net HTTP/1.1" 200 23351 "-" "Mozilla/5.0 (compatible; MJ12bot/v1.4.8; http://mj12bot.com/)"
162.158.162.125 - - [04/Feb/2025:01:26:48 +0700] "GET /?dir=//media HTTP/1.1" 200 5689 "-" "Mozilla/5.0 (compatible; MJ12bot/v1.4.8; http://mj12bot.com/)"
162.158.163.254 - - [04/Feb/2025:01:26:50 +0700] "GET /quyen-rieng-tu/?dir=/home/vietnamesehotels.net/public_html HTTP/1.1" 200 24853 "-" "Mozilla/5.0 (compatible; MJ12bot/v1.4.8; http://mj12bot.com/)"
162.158.162.124 - - [04/Feb/2025:01:26:50 +0700] "GET /?dir=//mnt HTTP/1.1" 200 5686 "-" "Mozilla/5.0 (compatible; MJ12bot/v1.4.8; http://mj12bot.com/)"
162.158.163.139 - - [04/Feb/2025:01:26:52 +0700] "GET /?dir=//opt HTTP/1.1" 200 5691 "-" "Mozilla/5.0 (compatible; MJ12bot/v1.4.8; http://mj12bot.com/)"
162.158.163.121 - - [04/Feb/2025:01:26:52 +0700] "GET /quyen-rieng-tu/?dir=/home/vietnamesehotels.net/public_html&item=index.php&action=chmod HTTP/1.1" 200 24964 "-" "Mozilla/5.0 (compatible; MJ12bot/v1.4.8; http://mj12bot.com/)"
162.158.162.54 - - [04/Feb/2025:01:26:54 +0700] "GET /quyen-rieng-tu/?dir=/home/vietnamesehotels.net/public_html&item=index.php&action=download HTTP/1.1" 200 273 "-" "Mozilla/5.0 (compatible; MJ12bot/v1.4.8; http://mj12bot.com/)"
162.158.162.125 - - [04/Feb/2025:01:26:54 +0700] "GET /?dir=//proc HTTP/1.1" 200 13912 "-" "Mozilla/5.0 (compatible; MJ12bot/v1.4.8; http://mj12bot.com/)"
162.158.162.249 - - [04/Feb/2025:01:26:55 +0700] "GET /quyen-rieng-tu/?dir=/home/vietnamesehotels.net/public_html&item=index.php&action=edit HTTP/1.1" 200 25204 "-" "Mozilla/5.0 (compatible; MJ12bot/v1.4.8; http://mj12bot.com/)"
162.158.162.124 - - [04/Feb/2025:01:26:55 +0700] "GET /?dir=//root HTTP/1.1" 200 5434 "-" "Mozilla/5.0 (compatible; MJ12bot/v1.4.8; http://mj12bot.com/)"
172.69.165.23 - - [04/Feb/2025:01:26:57 +0700] "GET /quyen-rieng-tu/?dir=/home/vietnamesehotels.net/public_html&item=index.php&action=rename HTTP/1.1" 200 24946 "-" "Mozilla/5.0 (compatible; MJ12bot/v1.4.8; http://mj12bot.com/)"
162.158.162.125 - - [04/Feb/2025:01:26:57 +0700] "GET /?dir=//run HTTP/1.1" 200 8260 "-" "Mozilla/5.0 (compatible; MJ12bot/v1.4.8; http://mj12bot.com/)"
162.158.162.54 - - [04/Feb/2025:01:26:59 +0700] "GET /quyen-rieng-tu/?dir=/home/vietnamesehotels.net/public_html/wp-admin HTTP/1.1" 200 29542 "-" "Mozilla/5.0 (compatible; MJ12bot/v1.4.8; http://mj12bot.com/)"
162.158.162.124 - - [04/Feb/2025:01:26:59 +0700] "GET /?dir=//sbin HTTP/1.1" 200 29766 "-" "Mozilla/5.0 (compatible; MJ12bot/v1.4.8; http://mj12bot.com/)"
172.69.165.74 - - [04/Feb/2025:01:27:01 +0700] "GET /quyen-rieng-tu/?dir=/home/vietnamesehotels.net/public_html/wp-content HTTP/1.1" 200 24478 "-" "Mozilla/5.0 (compatible; MJ12bot/v1.4.8; http://mj12bot.com/)"
162.158.162.125 - - [04/Feb/2025:01:27:01 +0700] "GET /?dir=//snap HTTP/1.1" 200 5881 "-" "Mozilla/5.0 (compatible; MJ12bot/v1.4.8; http://mj12bot.com/)"
162.158.162.124 - - [04/Feb/2025:01:27:03 +0700] "GET /?dir=//srv HTTP/1.1" 200 5687 "-" "Mozilla/5.0 (compatible; MJ12bot/v1.4.8; http://mj12bot.com/)"
162.158.162.78 - - [04/Feb/2025:01:27:03 +0700] "GET /quyen-rieng-tu/?dir=/home/vietnamesehotels.net/public_html/wp-includes HTTP/1.1" 200 39207 "-" "Mozilla/5.0 (compatible; MJ12bot/v1.4.8; http://mj12bot.com/)"
162.158.163.140 - - [04/Feb/2025:01:27:05 +0700] "GET /?dir=//sys HTTP/1.1" 200 6335 "-" "Mozilla/5.0 (compatible; MJ12bot/v1.4.8; http://mj12bot.com/)"
162.158.163.140 - - [04/Feb/2025:01:27:05 +0700] "GET /sitemap_index.xml?dir=/ HTTP/1.1" 200 7172 "-" "Mozilla/5.0 (compatible; MJ12bot/v1.4.8; http://mj12bot.com/)"
162.158.162.125 - - [04/Feb/2025:01:27:06 +0700] "GET /?dir=//tmp HTTP/1.1" 200 6477 "-" "Mozilla/5.0 (compatible; MJ12bot/v1.4.8; http://mj12bot.com/)"
162.158.163.206 - - [04/Feb/2025:01:27:07 +0700] "GET /sitemap_index.xml?dir=/home HTTP/1.1" 200 6314 "-" "Mozilla/5.0 (compatible; MJ12bot/v1.4.8; http://mj12bot.com/)"
162.158.162.124 - - [04/Feb/2025:01:27:08 +0700] "GET /?dir=//usr HTTP/1.1" 200 6372 "-" "Mozilla/5.0 (compatible; MJ12bot/v1.4.8; http://mj12bot.com/)"
162.158.163.156 - - [04/Feb/2025:01:27:09 +0700] "GET /sitemap_index.xml?dir=/home/vietnamesehotels.net HTTP/1.1" 200 6177 "-" "Mozilla/5.0 (compatible; MJ12bot/v1.4.8; http://mj12bot.com/)"
172.69.165.74 - - [04/Feb/2025:01:27:10 +0700] "GET /sitemap_index.xml?dir=/home/vietnamesehotels.net/public_html HTTP/1.1" 200 7556 "-" "Mozilla/5.0 (compatible; MJ12bot/v1.4.8; http://mj12bot.com/)"
162.158.162.125 - - [04/Feb/2025:01:27:10 +0700] "GET /?dir=//var HTTP/1.1" 200 6557 "-" "Mozilla/5.0 (compatible; MJ12bot/v1.4.8; http://mj12bot.com/)"
162.158.162.124 - - [04/Feb/2025:01:27:12 +0700] "GET /?dir=/home&item=.&action=chmod HTTP/1.1" 200 6136 "-" "Mozilla/5.0 (compatible; MJ12bot/v1.4.8; http://mj12bot.com/)"
162.158.162.249 - - [04/Feb/2025:01:27:12 +0700] "GET /sitemap_index.xml?dir=/home/vietnamesehotels.net/public_html&item=index.php&action=chmod HTTP/1.1" 200 7665 "-" "Mozilla/5.0 (compatible; MJ12bot/v1.4.8; http://mj12bot.com/)"
162.158.162.125 - - [04/Feb/2025:01:27:14 +0700] "GET /?dir=/home&item=..&action=chmod HTTP/1.1" 200 6142 "-" "Mozilla/5.0 (compatible; MJ12bot/v1.4.8; http://mj12bot.com/)"
162.158.162.44 - - [04/Feb/2025:01:27:14 +0700] "GET /sitemap_index.xml?dir=/home/vietnamesehotels.net/public_html&item=index.php&action=download HTTP/1.1" 200 273 "-" "Mozilla/5.0 (compatible; MJ12bot/v1.4.8; http://mj12bot.com/)"
162.158.162.124 - - [04/Feb/2025:01:27:15 +0700] "GET /?dir=/home&item=demo&action=chmod HTTP/1.1" 200 6138 "-" "Mozilla/5.0 (compatible; MJ12bot/v1.4.8; http://mj12bot.com/)"
162.158.163.156 - - [04/Feb/2025:01:27:16 +0700] "GET /sitemap_index.xml?dir=/home/vietnamesehotels.net/public_html&item=index.php&action=edit HTTP/1.1" 200 7902 "-" "Mozilla/5.0 (compatible; MJ12bot/v1.4.8; http://mj12bot.com/)"
162.158.162.125 - - [04/Feb/2025:01:27:17 +0700] "GET /?dir=/home&item=demo&action=rename HTTP/1.1" 200 6145 "-" "Mozilla/5.0 (compatible; MJ12bot/v1.4.8; http://mj12bot.com/)"
162.158.162.124 - - [04/Feb/2025:01:27:18 +0700] "GET /sitemap_index.xml?dir=/home/vietnamesehotels.net/public_html&item=index.php&action=rename HTTP/1.1" 200 7653 "-" "Mozilla/5.0 (compatible; MJ12bot/v1.4.8; http://mj12bot.com/)"
162.158.162.125 - - [04/Feb/2025:01:27:19 +0700] "GET /?dir=/home&item=mercedes-vietnam.net&action=chmod HTTP/1.1" 200 6144 "-" "Mozilla/5.0 (compatible; MJ12bot/v1.4.8; http://mj12bot.com/)"
162.158.162.124 - - [04/Feb/2025:01:27:19 +0700] "GET /sitemap_index.xml?dir=/home/vietnamesehotels.net/public_html/wp-admin HTTP/1.1" 200 12111 "-" "Mozilla/5.0 (compatible; MJ12bot/v1.4.8; http://mj12bot.com/)"
162.158.162.125 - - [04/Feb/2025:01:27:21 +0700] "GET /?dir=/home&item=mercedes-vietnam.net&action=rename HTTP/1.1" 200 6143 "-" "Mozilla/5.0 (compatible; MJ12bot/v1.4.8; http://mj12bot.com/)"
172.69.165.22 - - [04/Feb/2025:01:27:21 +0700] "GET /sitemap_index.xml?dir=/home/vietnamesehotels.net/public_html/wp-content HTTP/1.1" 200 7206 "-" "Mozilla/5.0 (compatible; MJ12bot/v1.4.8; http://mj12bot.com/)"
162.158.162.124 - - [04/Feb/2025:01:27:23 +0700] "GET /?dir=/home&item=sv368.live&action=chmod HTTP/1.1" 200 6136 "-" "Mozilla/5.0 (compatible; MJ12bot/v1.4.8; http://mj12bot.com/)"
162.158.162.125 - - [04/Feb/2025:01:27:23 +0700] "GET /sitemap_index.xml?dir=/home/vietnamesehotels.net/public_html/wp-includes HTTP/1.1" 200 21848 "-" "Mozilla/5.0 (compatible; MJ12bot/v1.4.8; http://mj12bot.com/)"
162.158.162.124 - - [04/Feb/2025:01:27:24 +0700] "GET /?dir=/home&item=sv368.live&action=rename HTTP/1.1" 200 6133 "-" "Mozilla/5.0 (compatible; MJ12bot/v1.4.8; http://mj12bot.com/)"
162.158.162.78 - - [04/Feb/2025:01:27:25 +0700] "GET /the-thao/?dir=/ HTTP/1.1" 200 26832 "-" "Mozilla/5.0 (compatible; MJ12bot/v1.4.8; http://mj12bot.com/)"
162.158.162.125 - - [04/Feb/2025:01:27:26 +0700] "GET /?dir=/home&item=vietnamesehotels.net&action=chmod HTTP/1.1" 200 6144 "-" "Mozilla/5.0 (compatible; MJ12bot/v1.4.8; http://mj12bot.com/)"
172.69.165.22 - - [04/Feb/2025:01:27:27 +0700] "GET /the-thao/?dir=/home HTTP/1.1" 200 25944 "-" "Mozilla/5.0 (compatible; MJ12bot/v1.4.8; http://mj12bot.com/)"
162.158.162.124 - - [04/Feb/2025:01:27:28 +0700] "GET /?dir=/home&item=vietnamesehotels.net&action=rename HTTP/1.1" 200 6137 "-" "Mozilla/5.0 (compatible; MJ12bot/v1.4.8; http://mj12bot.com/)"
162.158.162.78 - - [04/Feb/2025:01:27:29 +0700] "GET /the-thao/?dir=/home/vietnamesehotels.net HTTP/1.1" 200 25746 "-" "Mozilla/5.0 (compatible; MJ12bot/v1.4.8; http://mj12bot.com/)"
162.158.162.125 - - [04/Feb/2025:01:27:30 +0700] "GET /?dir=/home&item=vietnamet.com&action=chmod HTTP/1.1" 200 6147 "-" "Mozilla/5.0 (compatible; MJ12bot/v1.4.8; http://mj12bot.com/)"
172.69.165.74 - - [04/Feb/2025:01:27:31 +0700] "GET /the-thao/?dir=/home/vietnamesehotels.net/public_html HTTP/1.1" 200 27185 "-" "Mozilla/5.0 (compatible; MJ12bot/v1.4.8; http://mj12bot.com/)"
162.158.162.124 - - [04/Feb/2025:01:27:31 +0700] "GET /?dir=/home&item=vietnamet.com&action=rename HTTP/1.1" 200 6140 "-" "Mozilla/5.0 (compatible; MJ12bot/v1.4.8; http://mj12bot.com/)"
172.69.165.22 - - [04/Feb/2025:01:27:33 +0700] "GET /the-thao/?dir=/home/vietnamesehotels.net/public_html&item=index.php&action=chmod HTTP/1.1" 200 27290 "-" "Mozilla/5.0 (compatible; MJ12bot/v1.4.8; http://mj12bot.com/)"
162.158.162.125 - - [04/Feb/2025:01:27:33 +0700] "GET /?dir=/home/demo HTTP/1.1" 200 5947 "-" "Mozilla/5.0 (compatible; MJ12bot/v1.4.8; http://mj12bot.com/)"
162.158.162.54 - - [04/Feb/2025:01:27:34 +0700] "GET /the-thao/?dir=/home/vietnamesehotels.net/public_html&item=index.php&action=download HTTP/1.1" 200 273 "-" "Mozilla/5.0 (compatible; MJ12bot/v1.4.8; http://mj12bot.com/)"
162.158.162.62 - - [04/Feb/2025:01:27:35 +0700] "POST /wp-cron.php?doing_wp_cron=1738607255.4841361045837402343750 HTTP/1.1" 200 31 "-" "WordPress/6.7.1; https://vietnamesehotels.net"
162.158.162.124 - - [04/Feb/2025:01:27:35 +0700] "GET /?dir=/home/mercedes-vietnam.net HTTP/1.1" 200 5908 "-" "Mozilla/5.0 (compatible; MJ12bot/v1.4.8; http://mj12bot.com/)"
172.69.165.24 - - [04/Feb/2025:01:27:36 +0700] "POST /wp-cron.php?doing_wp_cron=1738607256.6946809291839599609375 HTTP/1.1" 200 31 "-" "WordPress/6.7.1; https://vietnamesehotels.net"
162.158.162.62 - - [04/Feb/2025:01:27:36 +0700] "GET /the-thao/?dir=/home/vietnamesehotels.net/public_html&item=index.php&action=edit HTTP/1.1" 200 27522 "-" "Mozilla/5.0 (compatible; MJ12bot/v1.4.8; http://mj12bot.com/)"
162.158.162.125 - - [04/Feb/2025:01:27:37 +0700] "GET /?dir=/home/sv368.live HTTP/1.1" 200 5892 "-" "Mozilla/5.0 (compatible; MJ12bot/v1.4.8; http://mj12bot.com/)"
162.158.162.54 - - [04/Feb/2025:01:27:38 +0700] "GET /the-thao/?dir=/home/vietnamesehotels.net/public_html&item=index.php&action=rename HTTP/1.1" 200 27283 "-" "Mozilla/5.0 (compatible; MJ12bot/v1.4.8; http://mj12bot.com/)"
162.158.162.124 - - [04/Feb/2025:01:27:39 +0700] "GET /?dir=/home/vietnamesehotels.net&item=.&action=chmod HTTP/1.1" 200 6007 "-" "Mozilla/5.0 (compatible; MJ12bot/v1.4.8; http://mj12bot.com/)"
162.158.163.205 - - [04/Feb/2025:01:27:40 +0700] "GET /the-thao/?dir=/home/vietnamesehotels.net/public_html/wp-admin HTTP/1.1" 200 31978 "-" "Mozilla/5.0 (compatible; MJ12bot/v1.4.8; http://mj12bot.com/)"
162.158.162.125 - - [04/Feb/2025:01:27:40 +0700] "GET /?dir=/home/vietnamesehotels.net&item=..&action=chmod HTTP/1.1" 200 6009 "-" "Mozilla/5.0 (compatible; MJ12bot/v1.4.8; http://mj12bot.com/)"
172.69.165.22 - - [04/Feb/2025:01:27:42 +0700] "GET /the-thao/?dir=/home/vietnamesehotels.net/public_html/wp-content HTTP/1.1" 200 26835 "-" "Mozilla/5.0 (compatible; MJ12bot/v1.4.8; http://mj12bot.com/)"
162.158.162.124 - - [04/Feb/2025:01:27:42 +0700] "GET /?dir=/home/vietnamesehotels.net&item=logs&action=chmod HTTP/1.1" 200 6008 "-" "Mozilla/5.0 (compatible; MJ12bot/v1.4.8; http://mj12bot.com/)"
162.158.162.125 - - [04/Feb/2025:01:27:44 +0700] "GET /?dir=/home/vietnamesehotels.net&item=logs&action=rename HTTP/1.1" 200 6009 "-" "Mozilla/5.0 (compatible; MJ12bot/v1.4.8; http://mj12bot.com/)"
162.158.162.54 - - [04/Feb/2025:01:27:44 +0700] "GET /the-thao/?dir=/home/vietnamesehotels.net/public_html/wp-includes HTTP/1.1" 200 41556 "-" "Mozilla/5.0 (compatible; MJ12bot/v1.4.8; http://mj12bot.com/)"
162.158.162.124 - - [04/Feb/2025:01:27:46 +0700] "GET /?dir=/home/vietnamesehotels.net&item=public_html&action=chmod HTTP/1.1" 200 6008 "-" "Mozilla/5.0 (compatible; MJ12bot/v1.4.8; http://mj12bot.com/)"
162.158.163.140 - - [04/Feb/2025:01:27:46 +0700] "GET /xo-so/?dir=/ HTTP/1.1" 200 27097 "-" "Mozilla/5.0 (compatible; MJ12bot/v1.4.8; http://mj12bot.com/)"
162.158.162.125 - - [04/Feb/2025:01:27:47 +0700] "GET /?dir=/home/vietnamesehotels.net&item=public_html&action=rename HTTP/1.1" 200 6007 "-" "Mozilla/5.0 (compatible; MJ12bot/v1.4.8; http://mj12bot.com/)"
162.158.162.249 - - [04/Feb/2025:01:27:48 +0700] "GET /xo-so/?dir=/home HTTP/1.1" 200 26214 "-" "Mozilla/5.0 (compatible; MJ12bot/v1.4.8; http://mj12bot.com/)"
162.158.162.124 - - [04/Feb/2025:01:27:49 +0700] "GET /?dir=/home/vietnamesehotels.net/logs HTTP/1.1" 200 6106 "-" "Mozilla/5.0 (compatible; MJ12bot/v1.4.8; http://mj12bot.com/)"
172.69.165.22 - - [04/Feb/2025:01:27:50 +0700] "GET /xo-so/?dir=/home/vietnamesehotels.net HTTP/1.1" 200 26018 "-" "Mozilla/5.0 (compatible; MJ12bot/v1.4.8; http://mj12bot.com/)"
162.158.162.125 - - [04/Feb/2025:01:27:51 +0700] "GET /?dir=/home/vietnamesehotels.net/public_html/wp-admin&item=.&action=chmod HTTP/1.1" 200 11932 "-" "Mozilla/5.0 (compatible; MJ12bot/v1.4.8; http://mj12bot.com/)"
162.158.162.124 - - [04/Feb/2025:01:27:52 +0700] "GET /xo-so/?dir=/home/vietnamesehotels.net/public_html HTTP/1.1" 200 27450 "-" "Mozilla/5.0 (compatible; MJ12bot/v1.4.8; http://mj12bot.com/)"
162.158.162.125 - - [04/Feb/2025:01:27:53 +0700] "GET /?dir=/home/vietnamesehotels.net/public_html/wp-admin&item=..&action=chmod HTTP/1.1" 200 11932 "-" "Mozilla/5.0 (compatible; MJ12bot/v1.4.8; http://mj12bot.com/)"
172.69.165.43 - - [04/Feb/2025:01:27:53 +0700] "GET /xo-so/?dir=/home/vietnamesehotels.net/public_html&item=index.php&action=chmod HTTP/1.1" 200 27568 "-" "Mozilla/5.0 (compatible; MJ12bot/v1.4.8; http://mj12bot.com/)"
162.158.162.124 - - [04/Feb/2025:01:27:55 +0700] "GET /?dir=/home/vietnamesehotels.net/public_html/wp-admin&item=about.php&action=chmod HTTP/1.1" 200 11936 "-" "Mozilla/5.0 (compatible; MJ12bot/v1.4.8; http://mj12bot.com/)"
162.158.162.123 - - [04/Feb/2025:01:27:55 +0700] "GET /xo-so/?dir=/home/vietnamesehotels.net/public_html&item=index.php&action=download HTTP/1.1" 200 273 "-" "Mozilla/5.0 (compatible; MJ12bot/v1.4.8; http://mj12bot.com/)"
162.158.162.125 - - [04/Feb/2025:01:27:56 +0700] "GET /?dir=/home/vietnamesehotels.net/public_html/wp-admin&item=about.php&action=download HTTP/1.1" 200 4837 "-" "Mozilla/5.0 (compatible; MJ12bot/v1.4.8; http://mj12bot.com/)"
172.70.189.59 - - [04/Feb/2025:01:27:56 +0700] "GET /?action=download&dir=%2Fhome%2Fvietnamesehotels.net%2Fpublic_html%2Fwp-content%2Fthemes%2Fflatsome%2Finc%2Fbuilder%2Fcore%2Fassets%2Fimg%2Fshortcodes&item=section_image_top.png HTTP/1.1" 200 3617 "-" "Mozilla/5.0 AppleWebKit/537.36 (KHTML, like Gecko; compatible; GPTBot/1.2; +https://openai.com/gptbot)"
162.158.163.206 - - [04/Feb/2025:01:27:57 +0700] "GET /xo-so/?dir=/home/vietnamesehotels.net/public_html&item=index.php&action=edit HTTP/1.1" 200 27798 "-" "Mozilla/5.0 (compatible; MJ12bot/v1.4.8; http://mj12bot.com/)"
162.158.162.124 - - [04/Feb/2025:01:27:58 +0700] "GET /?dir=/home/vietnamesehotels.net/public_html/wp-admin&item=about.php&action=edit HTTP/1.1" 200 17080 "-" "Mozilla/5.0 (compatible; MJ12bot/v1.4.8; http://mj12bot.com/)"
162.158.162.45 - - [04/Feb/2025:01:27:59 +0700] "GET /xo-so/?dir=/home/vietnamesehotels.net/public_html&item=index.php&action=rename HTTP/1.1" 200 27553 "-" "Mozilla/5.0 (compatible; MJ12bot/v1.4.8; http://mj12bot.com/)"
162.158.162.125 - - [04/Feb/2025:01:28:00 +0700] "GET /?dir=/home/vietnamesehotels.net/public_html/wp-admin&item=about.php&action=rename HTTP/1.1" 200 11930 "-" "Mozilla/5.0 (compatible; MJ12bot/v1.4.8; http://mj12bot.com/)"
172.69.165.75 - - [04/Feb/2025:01:28:01 +0700] "GET /xo-so/?dir=/home/vietnamesehotels.net/public_html/wp-admin HTTP/1.1" 200 32259 "-" "Mozilla/5.0 (compatible; MJ12bot/v1.4.8; http://mj12bot.com/)"
162.158.162.124 - - [04/Feb/2025:01:28:02 +0700] "GET /?dir=/home/vietnamesehotels.net/public_html/wp-admin&item=admin-ajax.php&action=chmod HTTP/1.1" 200 11939 "-" "Mozilla/5.0 (compatible; MJ12bot/v1.4.8; http://mj12bot.com/)"
162.158.162.125 - - [04/Feb/2025:01:28:03 +0700] "GET /xo-so/?dir=/home/vietnamesehotels.net/public_html/wp-content HTTP/1.1" 200 27102 "-" "Mozilla/5.0 (compatible; MJ12bot/v1.4.8; http://mj12bot.com/)"
162.158.162.124 - - [04/Feb/2025:01:28:03 +0700] "GET /?dir=/home/vietnamesehotels.net/public_html/wp-admin&item=admin-ajax.php&action=download HTTP/1.1" 200 1841 "-" "Mozilla/5.0 (compatible; MJ12bot/v1.4.8; http://mj12bot.com/)"
162.158.162.249 - - [04/Feb/2025:01:28:05 +0700] "GET /xo-so/?dir=/home/vietnamesehotels.net/public_html/wp-includes HTTP/1.1" 200 41848 "-" "Mozilla/5.0 (compatible; MJ12bot/v1.4.8; http://mj12bot.com/)"
162.158.162.125 - - [04/Feb/2025:01:28:05 +0700] "GET /?dir=/home/vietnamesehotels.net/public_html/wp-admin&item=admin-ajax.php&action=edit HTTP/1.1" 200 13840 "-" "Mozilla/5.0 (compatible; MJ12bot/v1.4.8; http://mj12bot.com/)"
162.158.162.124 - - [04/Feb/2025:01:28:07 +0700] "GET /?dir=/home/vietnamesehotels.net/public_html/wp-admin&item=admin-ajax.php&action=rename HTTP/1.1" 200 11933 "-" "Mozilla/5.0 (compatible; MJ12bot/v1.4.8; http://mj12bot.com/)"
162.158.162.125 - - [04/Feb/2025:01:28:09 +0700] "GET /?dir=/home/vietnamesehotels.net/public_html/wp-admin&item=admin-footer.php&action=chmod HTTP/1.1" 200 11944 "-" "Mozilla/5.0 (compatible; MJ12bot/v1.4.8; http://mj12bot.com/)"
162.158.162.124 - - [04/Feb/2025:01:28:10 +0700] "GET /?dir=/home/vietnamesehotels.net/public_html/wp-admin&item=admin-footer.php&action=download HTTP/1.1" 200 1092 "-" "Mozilla/5.0 (compatible; MJ12bot/v1.4.8; http://mj12bot.com/)"
162.158.162.125 - - [04/Feb/2025:01:28:12 +0700] "GET /?dir=/home/vietnamesehotels.net/public_html/wp-admin&item=admin-footer.php&action=edit HTTP/1.1" 200 13093 "-" "Mozilla/5.0 (compatible; MJ12bot/v1.4.8; http://mj12bot.com/)"
162.158.162.124 - - [04/Feb/2025:01:28:14 +0700] "GET /?dir=/home/vietnamesehotels.net/public_html/wp-admin&item=admin-footer.php&action=rename HTTP/1.1" 200 11937 "-" "Mozilla/5.0 (compatible; MJ12bot/v1.4.8; http://mj12bot.com/)"
162.158.162.125 - - [04/Feb/2025:01:28:16 +0700] "GET /?dir=/home/vietnamesehotels.net/public_html/wp-admin&item=admin-functions.php&action=chmod HTTP/1.1" 200 11944 "-" "Mozilla/5.0 (compatible; MJ12bot/v1.4.8; http://mj12bot.com/)"
162.158.162.124 - - [04/Feb/2025:01:28:17 +0700] "GET /?dir=/home/vietnamesehotels.net/public_html/wp-admin&item=admin-functions.php&action=download HTTP/1.1" 200 250 "-" "Mozilla/5.0 (compatible; MJ12bot/v1.4.8; http://mj12bot.com/)"
162.158.162.125 - - [04/Feb/2025:01:28:19 +0700] "GET /?dir=/home/vietnamesehotels.net/public_html/wp-admin&item=admin-functions.php&action=edit HTTP/1.1" 200 12169 "-" "Mozilla/5.0 (compatible; MJ12bot/v1.4.8; http://mj12bot.com/)"
162.158.162.124 - - [04/Feb/2025:01:28:21 +0700] "GET /?dir=/home/vietnamesehotels.net/public_html/wp-admin&item=admin-functions.php&action=rename HTTP/1.1" 200 11937 "-" "Mozilla/5.0 (compatible; MJ12bot/v1.4.8; http://mj12bot.com/)"
162.158.162.125 - - [04/Feb/2025:01:28:23 +0700] "GET /?dir=/home/vietnamesehotels.net/public_html/wp-admin&item=admin-header.php&action=chmod HTTP/1.1" 200 11944 "-" "Mozilla/5.0 (compatible; MJ12bot/v1.4.8; http://mj12bot.com/)"
162.158.162.124 - - [04/Feb/2025:01:28:24 +0700] "GET /?dir=/home/vietnamesehotels.net/public_html/wp-admin&item=admin-header.php&action=download HTTP/1.1" 200 2956 "-" "Mozilla/5.0 (compatible; MJ12bot/v1.4.8; http://mj12bot.com/)"
162.158.162.125 - - [04/Feb/2025:01:28:26 +0700] "GET /?dir=/home/vietnamesehotels.net/public_html/wp-admin&item=admin-header.php&action=edit HTTP/1.1" 200 15050 "-" "Mozilla/5.0 (compatible; MJ12bot/v1.4.8; http://mj12bot.com/)"
162.158.162.124 - - [04/Feb/2025:01:28:28 +0700] "GET /?dir=/home/vietnamesehotels.net/public_html/wp-admin&item=admin-header.php&action=rename HTTP/1.1" 200 11935 "-" "Mozilla/5.0 (compatible; MJ12bot/v1.4.8; http://mj12bot.com/)"
162.158.162.125 - - [04/Feb/2025:01:28:30 +0700] "GET /?dir=/home/vietnamesehotels.net/public_html/wp-admin&item=admin-post.php&action=chmod HTTP/1.1" 200 11941 "-" "Mozilla/5.0 (compatible; MJ12bot/v1.4.8; http://mj12bot.com/)"
162.158.162.124 - - [04/Feb/2025:01:28:31 +0700] "GET /?dir=/home/vietnamesehotels.net/public_html/wp-admin&item=admin-post.php&action=download HTTP/1.1" 200 758 "-" "Mozilla/5.0 (compatible; MJ12bot/v1.4.8; http://mj12bot.com/)"
162.158.162.125 - - [04/Feb/2025:01:28:33 +0700] "GET /?dir=/home/vietnamesehotels.net/public_html/wp-admin&item=admin-post.php&action=edit HTTP/1.1" 200 12708 "-" "Mozilla/5.0 (compatible; MJ12bot/v1.4.8; http://mj12bot.com/)"
172.69.165.42 - - [04/Feb/2025:01:28:35 +0700] "POST /wp-cron.php?doing_wp_cron=1738607315.7656009197235107421875 HTTP/1.1" 200 31 "-" "WordPress/6.7.1; https://vietnamesehotels.net"
162.158.162.124 - - [04/Feb/2025:01:28:35 +0700] "GET /?dir=/home/vietnamesehotels.net/public_html/wp-admin&item=admin-post.php&action=rename HTTP/1.1" 200 11935 "-" "Mozilla/5.0 (compatible; MJ12bot/v1.4.8; http://mj12bot.com/)"
172.69.165.25 - - [04/Feb/2025:01:28:37 +0700] "POST /wp-cron.php?doing_wp_cron=1738607317.7031691074371337890625 HTTP/1.1" 200 31 "-" "WordPress/6.7.1; https://vietnamesehotels.net"
162.158.162.125 - - [04/Feb/2025:01:28:37 +0700] "GET /?dir=/home/vietnamesehotels.net/public_html/wp-admin&item=admin.php&action=chmod HTTP/1.1" 200 11938 "-" "Mozilla/5.0 (compatible; MJ12bot/v1.4.8; http://mj12bot.com/)"
162.158.162.124 - - [04/Feb/2025:01:28:39 +0700] "GET /?dir=/home/vietnamesehotels.net/public_html/wp-admin&item=admin.php&action=download HTTP/1.1" 200 3789 "-" "Mozilla/5.0 (compatible; MJ12bot/v1.4.8; http://mj12bot.com/)"
162.158.162.125 - - [04/Feb/2025:01:28:41 +0700] "GET /?dir=/home/vietnamesehotels.net/public_html/wp-admin&item=admin.php&action=edit HTTP/1.1" 200 15911 "-" "Mozilla/5.0 (compatible; MJ12bot/v1.4.8; http://mj12bot.com/)"
162.158.163.140 - - [04/Feb/2025:01:28:42 +0700] "GET /?dir=/home/vietnamesehotels.net/public_html/wp-admin&item=admin.php&action=rename HTTP/1.1" 200 11934 "-" "Mozilla/5.0 (compatible; MJ12bot/v1.4.8; http://mj12bot.com/)"
162.158.162.124 - - [04/Feb/2025:01:28:44 +0700] "GET /?dir=/home/vietnamesehotels.net/public_html/wp-admin&item=async-upload.php&action=chmod HTTP/1.1" 200 11941 "-" "Mozilla/5.0 (compatible; MJ12bot/v1.4.8; http://mj12bot.com/)"
162.158.162.125 - - [04/Feb/2025:01:28:46 +0700] "GET /?dir=/home/vietnamesehotels.net/public_html/wp-admin&item=async-upload.php&action=download HTTP/1.1" 200 1962 "-" "Mozilla/5.0 (compatible; MJ12bot/v1.4.8; http://mj12bot.com/)"
162.158.162.125 - - [04/Feb/2025:01:28:48 +0700] "GET /?dir=/home/vietnamesehotels.net/public_html/wp-admin&item=async-upload.php&action=edit HTTP/1.1" 200 14001 "-" "Mozilla/5.0 (compatible; MJ12bot/v1.4.8; http://mj12bot.com/)"
162.158.162.125 - - [04/Feb/2025:01:28:49 +0700] "GET /?dir=/home/vietnamesehotels.net/public_html/wp-admin&item=async-upload.php&action=rename HTTP/1.1" 200 11937 "-" "Mozilla/5.0 (compatible; MJ12bot/v1.4.8; http://mj12bot.com/)"
162.158.162.125 - - [04/Feb/2025:01:28:51 +0700] "GET /?dir=/home/vietnamesehotels.net/public_html/wp-admin&item=authorize-application.php&action=chmod HTTP/1.1" 200 11951 "-" "Mozilla/5.0 (compatible; MJ12bot/v1.4.8; http://mj12bot.com/)"
162.158.162.125 - - [04/Feb/2025:01:28:53 +0700] "GET /?dir=/home/vietnamesehotels.net/public_html/wp-admin&item=authorize-application.php&action=download HTTP/1.1" 200 3146 "-" "Mozilla/5.0 (compatible; MJ12bot/v1.4.8; http://mj12bot.com/)"
162.158.162.125 - - [04/Feb/2025:01:28:55 +0700] "GET /?dir=/home/vietnamesehotels.net/public_html/wp-admin&item=authorize-application.php&action=edit HTTP/1.1" 200 15245 "-" "Mozilla/5.0 (compatible; MJ12bot/v1.4.8; http://mj12bot.com/)"
162.158.162.125 - - [04/Feb/2025:01:28:56 +0700] "GET /?action=download&dir=%2Fhome%2Fvietnamesehotels.net%2Fpublic_html%2Fwp-content%2Fthemes%2Fflatsome%2Finc%2Fbuilder%2Ftemplates%2Fcontent&item=grid-style-2.txt HTTP/1.1" 200 896 "-" "Mozilla/5.0 AppleWebKit/537.36 (KHTML, like Gecko; compatible; GPTBot/1.2; +https://openai.com/gptbot)"
162.158.162.125 - - [04/Feb/2025:01:28:57 +0700] "GET /?dir=/home/vietnamesehotels.net/public_html/wp-admin&item=authorize-application.php&action=rename HTTP/1.1" 200 11946 "-" "Mozilla/5.0 (compatible; MJ12bot/v1.4.8; http://mj12bot.com/)"
162.158.162.125 - - [04/Feb/2025:01:28:58 +0700] "GET /?dir=/home/vietnamesehotels.net/public_html/wp-admin&item=comment.php&action=chmod HTTP/1.1" 200 11939 "-" "Mozilla/5.0 (compatible; MJ12bot/v1.4.8; http://mj12bot.com/)"
162.158.162.125 - - [04/Feb/2025:01:29:00 +0700] "GET /?dir=/home/vietnamesehotels.net/public_html/wp-admin&item=comment.php&action=download HTTP/1.1" 200 3274 "-" "Mozilla/5.0 (compatible; MJ12bot/v1.4.8; http://mj12bot.com/)"
162.158.163.139 - - [04/Feb/2025:01:29:02 +0700] "GET /?dir=/home/vietnamesehotels.net/public_html/wp-admin&item=comment.php&action=edit HTTP/1.1" 200 15404 "-" "Mozilla/5.0 (compatible; MJ12bot/v1.4.8; http://mj12bot.com/)"
162.158.162.125 - - [04/Feb/2025:01:29:04 +0700] "GET /?dir=/home/vietnamesehotels.net/public_html/wp-admin&item=comment.php&action=rename HTTP/1.1" 200 11933 "-" "Mozilla/5.0 (compatible; MJ12bot/v1.4.8; http://mj12bot.com/)"
162.158.162.125 - - [04/Feb/2025:01:29:06 +0700] "GET /?dir=/home/vietnamesehotels.net/public_html/wp-admin&item=contribute.php&action=chmod HTTP/1.1" 200 11940 "-" "Mozilla/5.0 (compatible; MJ12bot/v1.4.8; http://mj12bot.com/)"
162.158.162.125 - - [04/Feb/2025:01:29:07 +0700] "GET /?dir=/home/vietnamesehotels.net/public_html/wp-admin&item=contribute.php&action=download HTTP/1.1" 200 1956 "-" "Mozilla/5.0 (compatible; MJ12bot/v1.4.8; http://mj12bot.com/)"
162.158.163.139 - - [04/Feb/2025:01:29:09 +0700] "GET /?dir=/home/vietnamesehotels.net/public_html/wp-admin&item=contribute.php&action=edit HTTP/1.1" 200 13993 "-" "Mozilla/5.0 (compatible; MJ12bot/v1.4.8; http://mj12bot.com/)"
162.158.162.125 - - [04/Feb/2025:01:29:11 +0700] "GET /?dir=/home/vietnamesehotels.net/public_html/wp-admin&item=contribute.php&action=rename HTTP/1.1" 200 11936 "-" "Mozilla/5.0 (compatible; MJ12bot/v1.4.8; http://mj12bot.com/)"
162.158.162.125 - - [04/Feb/2025:01:29:13 +0700] "GET /?dir=/home/vietnamesehotels.net/public_html/wp-admin&item=credits.php&action=chmod HTTP/1.1" 200 11939 "-" "Mozilla/5.0 (compatible; MJ12bot/v1.4.8; http://mj12bot.com/)"
162.158.162.125 - - [04/Feb/2025:01:29:14 +0700] "GET /?dir=/home/vietnamesehotels.net/public_html/wp-admin&item=credits.php&action=download HTTP/1.1" 200 1210 "-" "Mozilla/5.0 (compatible; MJ12bot/v1.4.8; http://mj12bot.com/)"
162.158.162.125 - - [04/Feb/2025:01:29:16 +0700] "GET /?dir=/home/vietnamesehotels.net/public_html/wp-admin&item=credits.php&action=edit HTTP/1.1" 200 13187 "-" "Mozilla/5.0 (compatible; MJ12bot/v1.4.8; http://mj12bot.com/)"
162.158.162.125 - - [04/Feb/2025:01:29:18 +0700] "GET /?dir=/home/vietnamesehotels.net/public_html/wp-admin&item=credits.php&action=rename HTTP/1.1" 200 11936 "-" "Mozilla/5.0 (compatible; MJ12bot/v1.4.8; http://mj12bot.com/)"
162.158.162.125 - - [04/Feb/2025:01:29:20 +0700] "GET /?dir=/home/vietnamesehotels.net/public_html/wp-admin&item=css&action=chmod HTTP/1.1" 200 11932 "-" "Mozilla/5.0 (compatible; MJ12bot/v1.4.8; http://mj12bot.com/)"
162.158.162.125 - - [04/Feb/2025:01:29:22 +0700] "GET /?dir=/home/vietnamesehotels.net/public_html/wp-admin&item=css&action=rename HTTP/1.1" 200 11932 "-" "Mozilla/5.0 (compatible; MJ12bot/v1.4.8; http://mj12bot.com/)"
162.158.162.125 - - [04/Feb/2025:01:29:24 +0700] "GET /?dir=/home/vietnamesehotels.net/public_html/wp-admin&item=custom-background.php&action=chmod HTTP/1.1" 200 11942 "-" "Mozilla/5.0 (compatible; MJ12bot/v1.4.8; http://mj12bot.com/)"
162.158.162.125 - - [04/Feb/2025:01:29:25 +0700] "GET /?dir=/home/vietnamesehotels.net/public_html/wp-admin&item=custom-background.php&action=download HTTP/1.1" 200 252 "-" "Mozilla/5.0 (compatible; MJ12bot/v1.4.8; http://mj12bot.com/)"
162.158.162.125 - - [04/Feb/2025:01:29:27 +0700] "GET /?dir=/home/vietnamesehotels.net/public_html/wp-admin&item=custom-background.php&action=edit HTTP/1.1" 200 12162 "-" "Mozilla/5.0 (compatible; MJ12bot/v1.4.8; http://mj12bot.com/)"
162.158.162.125 - - [04/Feb/2025:01:29:29 +0700] "GET /?dir=/home/vietnamesehotels.net/public_html/wp-admin&item=custom-background.php&action=rename HTTP/1.1" 200 11939 "-" "Mozilla/5.0 (compatible; MJ12bot/v1.4.8; http://mj12bot.com/)"
162.158.162.125 - - [04/Feb/2025:01:29:31 +0700] "GET /?dir=/home/vietnamesehotels.net/public_html/wp-admin&item=custom-header.php&action=chmod HTTP/1.1" 200 11945 "-" "Mozilla/5.0 (compatible; MJ12bot/v1.4.8; http://mj12bot.com/)"
162.158.162.125 - - [04/Feb/2025:01:29:32 +0700] "GET /?dir=/home/vietnamesehotels.net/public_html/wp-admin&item=custom-header.php&action=download HTTP/1.1" 200 259 "-" "Mozilla/5.0 (compatible; MJ12bot/v1.4.8; http://mj12bot.com/)"
162.158.163.122 - - [04/Feb/2025:01:29:34 +0700] "POST /wp-cron.php?doing_wp_cron=1738607374.5325589179992675781250 HTTP/1.1" 200 31 "-" "WordPress/6.7.1; https://vietnamesehotels.net"
162.158.162.125 - - [04/Feb/2025:01:29:34 +0700] "GET /?dir=/home/vietnamesehotels.net/public_html/wp-admin&item=custom-header.php&action=edit HTTP/1.1" 200 12173 "-" "Mozilla/5.0 (compatible; MJ12bot/v1.4.8; http://mj12bot.com/)"
162.158.162.105 - - [04/Feb/2025:01:29:36 +0700] "POST /wp-cron.php?doing_wp_cron=1738607376.3590440750122070312500 HTTP/1.1" 200 31 "-" "WordPress/6.7.1; https://vietnamesehotels.net"
162.158.162.125 - - [04/Feb/2025:01:29:36 +0700] "GET /?dir=/home/vietnamesehotels.net/public_html/wp-admin&item=custom-header.php&action=rename HTTP/1.1" 200 11938 "-" "Mozilla/5.0 (compatible; MJ12bot/v1.4.8; http://mj12bot.com/)"
162.158.162.125 - - [04/Feb/2025:01:29:38 +0700] "GET /?dir=/home/vietnamesehotels.net/public_html/wp-admin&item=customize.php&action=chmod HTTP/1.1" 200 11941 "-" "Mozilla/5.0 (compatible; MJ12bot/v1.4.8; http://mj12bot.com/)"
162.158.162.125 - - [04/Feb/2025:01:29:39 +0700] "GET /?dir=/home/vietnamesehotels.net/public_html/wp-admin&item=customize.php&action=download HTTP/1.1" 200 3634 "-" "Mozilla/5.0 (compatible; MJ12bot/v1.4.8; http://mj12bot.com/)"
162.158.162.125 - - [04/Feb/2025:01:29:41 +0700] "GET /?dir=/home/vietnamesehotels.net/public_html/wp-admin&item=customize.php&action=edit HTTP/1.1" 200 15790 "-" "Mozilla/5.0 (compatible; MJ12bot/v1.4.8; http://mj12bot.com/)"
162.158.162.125 - - [04/Feb/2025:01:29:43 +0700] "GET /?dir=/home/vietnamesehotels.net/public_html/wp-admin&item=customize.php&action=rename HTTP/1.1" 200 11938 "-" "Mozilla/5.0 (compatible; MJ12bot/v1.4.8; http://mj12bot.com/)"
162.158.163.139 - - [04/Feb/2025:01:29:45 +0700] "GET /?dir=/home/vietnamesehotels.net/public_html/wp-admin&item=edit-comments.php&action=chmod HTTP/1.1" 200 11944 "-" "Mozilla/5.0 (compatible; MJ12bot/v1.4.8; http://mj12bot.com/)"
162.158.162.125 - - [04/Feb/2025:01:29:46 +0700] "GET /?dir=/home/vietnamesehotels.net/public_html/wp-admin&item=edit-comments.php&action=download HTTP/1.1" 200 4074 "-" "Mozilla/5.0 (compatible; MJ12bot/v1.4.8; http://mj12bot.com/)"
162.158.162.125 - - [04/Feb/2025:01:29:48 +0700] "GET /?dir=/home/vietnamesehotels.net/public_html/wp-admin&item=edit-comments.php&action=edit HTTP/1.1" 200 16317 "-" "Mozilla/5.0 (compatible; MJ12bot/v1.4.8; http://mj12bot.com/)"
162.158.162.125 - - [04/Feb/2025:01:29:50 +0700] "GET /?dir=/home/vietnamesehotels.net/public_html/wp-admin&item=edit-comments.php&action=rename HTTP/1.1" 200 11938 "-" "Mozilla/5.0 (compatible; MJ12bot/v1.4.8; http://mj12bot.com/)"
172.69.165.62 - - [04/Feb/2025:01:29:50 +0700] "GET /?action=download&dir=%2Fhome%2Fvietnamesehotels.net%2Fpublic_html%2Fwp-content%2Fthemes%2Fflatsome%2Finc%2Fbuilder%2Fcore%2Fassets%2Fimg%2Fshortcodes&item=element_count_to.jpg HTTP/1.1" 200 3761 "-" "Mozilla/5.0 AppleWebKit/537.36 (KHTML, like Gecko; compatible; GPTBot/1.2; +https://openai.com/gptbot)"
162.158.162.125 - - [04/Feb/2025:01:29:52 +0700] "GET /?dir=/home/vietnamesehotels.net/public_html/wp-admin&item=edit-form-advanced.php&action=chmod HTTP/1.1" 200 11948 "-" "Mozilla/5.0 (compatible; MJ12bot/v1.4.8; http://mj12bot.com/)"
162.158.162.125 - - [04/Feb/2025:01:29:53 +0700] "GET /?dir=/home/vietnamesehotels.net/public_html/wp-admin&item=edit-form-advanced.php&action=download HTTP/1.1" 200 8822 "-" "Mozilla/5.0 (compatible; MJ12bot/v1.4.8; http://mj12bot.com/)"
162.158.163.140 - - [04/Feb/2025:01:29:55 +0700] "GET /?dir=/home/vietnamesehotels.net/public_html/wp-admin&item=edit-form-advanced.php&action=edit HTTP/1.1" 200 21424 "-" "Mozilla/5.0 (compatible; MJ12bot/v1.4.8; http://mj12bot.com/)"
162.158.162.125 - - [04/Feb/2025:01:29:57 +0700] "GET /?dir=/home/vietnamesehotels.net/public_html/wp-admin&item=edit-form-advanced.php&action=rename HTTP/1.1" 200 11942 "-" "Mozilla/5.0 (compatible; MJ12bot/v1.4.8; http://mj12bot.com/)"
162.158.162.125 - - [04/Feb/2025:01:29:59 +0700] "GET /?dir=/home/vietnamesehotels.net/public_html/wp-admin&item=edit-form-blocks.php&action=chmod HTTP/1.1" 200 11946 "-" "Mozilla/5.0 (compatible; MJ12bot/v1.4.8; http://mj12bot.com/)"
162.158.162.125 - - [04/Feb/2025:01:30:01 +0700] "GET /?dir=/home/vietnamesehotels.net/public_html/wp-admin&item=edit-form-blocks.php&action=download HTTP/1.1" 200 4567 "-" "Mozilla/5.0 (compatible; MJ12bot/v1.4.8; http://mj12bot.com/)"
162.158.162.125 - - [04/Feb/2025:01:30:02 +0700] "GET /?dir=/home/vietnamesehotels.net/public_html/wp-admin&item=edit-form-blocks.php&action=edit HTTP/1.1" 200 16745 "-" "Mozilla/5.0 (compatible; MJ12bot/v1.4.8; http://mj12bot.com/)"
162.158.162.125 - - [04/Feb/2025:01:30:04 +0700] "GET /?dir=/home/vietnamesehotels.net/public_html/wp-admin&item=edit-form-blocks.php&action=rename HTTP/1.1" 200 11941 "-" "Mozilla/5.0 (compatible; MJ12bot/v1.4.8; http://mj12bot.com/)"
162.158.162.125 - - [04/Feb/2025:01:30:06 +0700] "GET /?dir=/home/vietnamesehotels.net/public_html/wp-admin&item=edit-form-comment.php&action=chmod HTTP/1.1" 200 11944 "-" "Mozilla/5.0 (compatible; MJ12bot/v1.4.8; http://mj12bot.com/)"
162.158.162.125 - - [04/Feb/2025:01:30:08 +0700] "GET /?dir=/home/vietnamesehotels.net/public_html/wp-admin&item=edit-form-comment.php&action=download HTTP/1.1" 200 2681 "-" "Mozilla/5.0 (compatible; MJ12bot/v1.4.8; http://mj12bot.com/)"
162.158.162.125 - - [04/Feb/2025:01:30:10 +0700] "GET /?dir=/home/vietnamesehotels.net/public_html/wp-admin&item=edit-form-comment.php&action=edit HTTP/1.1" 200 14820 "-" "Mozilla/5.0 (compatible; MJ12bot/v1.4.8; http://mj12bot.com/)"
162.158.162.125 - - [04/Feb/2025:01:30:11 +0700] "GET /?dir=/home/vietnamesehotels.net/public_html/wp-admin&item=edit-form-comment.php&action=rename HTTP/1.1" 200 11939 "-" "Mozilla/5.0 (compatible; MJ12bot/v1.4.8; http://mj12bot.com/)"
