172.70.142.193 - - [04/Feb/2025:00:59:46 +0700] "GET /dan-de/"$%7BsrcDataValue%7D"?action=edit&dir=%2Fhome%2Fvietnamesehotels.net%2Fpublic_html%2Fwp-content%2Fthemes%2Ftwentytwenty%2Fassets%2Fjs&item=customize-controls.js HTTP/1.1" 200 7790 "-" "Mozilla/5.0 AppleWebKit/537.36 (KHTML, like Gecko; compatible; GPTBot/1.2; +https://openai.com/gptbot)"
162.158.163.155 - - [04/Feb/2025:00:59:47 +0700] "GET /chinh-sach-bao-mat/?dir=/home/vietnamesehotels.net/public_html&item=readme.html&action=chmod HTTP/1.1" 200 24888 "-" "Mozilla/5.0 (compatible; MJ12bot/v1.4.8; http://mj12bot.com/)"
172.70.143.128 - - [04/Feb/2025:00:59:48 +0700] "GET /dan-de/"$%7BsrcDataValue%7D"?action=chmod&dir=%2Fhome%2Fvietnamesehotels.net%2Fpublic_html%2Fwp-content%2Fthemes%2Ftwentytwenty%2Fassets%2Fjs&item=color-calculations.js HTTP/1.1" 200 6582 "-" "Mozilla/5.0 AppleWebKit/537.36 (KHTML, like Gecko; compatible; GPTBot/1.2; +https://openai.com/gptbot)"
162.158.162.124 - - [04/Feb/2025:00:59:48 +0700] "GET /dan-de/"+u+"?action=chmod&dir=%2Fhome%2Fvietnamesehotels.net%2Fpublic_html%2Fwp-content%2Fthemes%2Ftwentytwentyfive%2Fstyles%2Fcolors&item=.. HTTP/1.1" 200 6643 "-" "Mozilla/5.0 AppleWebKit/537.36 (KHTML, like Gecko; compatible; GPTBot/1.2; +https://openai.com/gptbot)"
162.158.163.155 - - [04/Feb/2025:00:59:49 +0700] "GET /chinh-sach-bao-mat/?dir=/home/vietnamesehotels.net/public_html&item=readme.html&action=download HTTP/1.1" 200 3025 "-" "Mozilla/5.0 (compatible; MJ12bot/v1.4.8; http://mj12bot.com/)"
108.162.226.101 - - [04/Feb/2025:00:59:49 +0700] "GET /dan-de/"$%7BsrcDataValue%7D"?action=chmod&dir=%2Fhome%2Fvietnamesehotels.net%2Fpublic_html%2Fwp-content%2Fthemes%2Ftwentytwenty%2Fassets%2Fjs&item=editor-script-block.js HTTP/1.1" 200 6583 "-" "Mozilla/5.0 AppleWebKit/537.36 (KHTML, like Gecko; compatible; GPTBot/1.2; +https://openai.com/gptbot)"
172.70.189.136 - - [04/Feb/2025:00:59:51 +0700] "GET /dan-de/"$%7BsrcDataValue%7D"?action=rename&dir=%2Fhome%2Fvietnamesehotels.net%2Fpublic_html%2Fwp-content%2Fthemes%2Ftwentytwenty%2Fassets%2Fjs&item=customize-controls.js HTTP/1.1" 200 6578 "-" "Mozilla/5.0 AppleWebKit/537.36 (KHTML, like Gecko; compatible; GPTBot/1.2; +https://openai.com/gptbot)"
162.158.162.3 - - [04/Feb/2025:00:59:52 +0700] "GET /dan-de/"$%7BsrcDataValue%7D"?action=rename&dir=%2Fhome%2Fvietnamesehotels.net%2Fpublic_html%2Fwp-content%2Fthemes%2Ftwentytwenty%2Fassets%2Fjs&item=color-calculations.js HTTP/1.1" 200 6576 "-" "Mozilla/5.0 AppleWebKit/537.36 (KHTML, like Gecko; compatible; GPTBot/1.2; +https://openai.com/gptbot)"
172.70.147.167 - - [04/Feb/2025:00:59:53 +0700] "GET /dan-de/"$%7BsrcDataValue%7D"?action=chmod&dir=%2Fhome%2Fvietnamesehotels.net%2Fpublic_html%2Fwp-content%2Fthemes%2Ftwentytwenty%2Fassets%2Fjs&item=customize-controls.js HTTP/1.1" 200 6582 "-" "Mozilla/5.0 AppleWebKit/537.36 (KHTML, like Gecko; compatible; GPTBot/1.2; +https://openai.com/gptbot)"
162.158.162.33 - - [04/Feb/2025:00:59:54 +0700] "GET /dan-de/"$%7BsrcDataValue%7D"?action=edit&dir=%2Fhome%2Fvietnamesehotels.net%2Fpublic_html%2Fwp-content%2Fthemes%2Ftwentytwenty%2Fassets%2Fjs&item=customize-preview.js HTTP/1.1" 200 8357 "-" "Mozilla/5.0 AppleWebKit/537.36 (KHTML, like Gecko; compatible; GPTBot/1.2; +https://openai.com/gptbot)"
162.158.163.155 - - [04/Feb/2025:00:59:54 +0700] "GET /chinh-sach-bao-mat/?dir=/home/vietnamesehotels.net/public_html&item=readme.html&action=edit HTTP/1.1" 200 27934 "-" "Mozilla/5.0 (compatible; MJ12bot/v1.4.8; http://mj12bot.com/)"
162.158.162.124 - - [04/Feb/2025:00:59:55 +0700] "GET /dan-de/t,window.location.href?action=chmod&dir=%2Fhome%2Fvietnamesehotels.net%2Fpublic_html%2Fwp-content%2Fplugins%2Fwp-rocket%2Finc%2F3rd-party&item=hosting HTTP/1.1" 200 21147 "-" "Mozilla/5.0 AppleWebKit/537.36 (KHTML, like Gecko; compatible; GPTBot/1.2; +https://openai.com/gptbot)"
162.158.162.124 - - [04/Feb/2025:00:59:56 +0700] "GET /dan-de/t,window.location.href?action=rename&dir=%2Fhome%2Fvietnamesehotels.net%2Fpublic_html%2Fwp-content%2Fplugins%2Fwp-rocket%2Finc%2F3rd-party&item=themes HTTP/1.1" 200 21150 "-" "Mozilla/5.0 AppleWebKit/537.36 (KHTML, like Gecko; compatible; GPTBot/1.2; +https://openai.com/gptbot)"
162.158.162.124 - - [04/Feb/2025:00:59:57 +0700] "GET /dan-de/t,window.location.href?action=rename&dir=%2Fhome%2Fvietnamesehotels.net%2Fpublic_html%2Fwp-content%2Fplugins%2Fwp-rocket%2Finc%2F3rd-party&item=plugins HTTP/1.1" 200 21145 "-" "Mozilla/5.0 AppleWebKit/537.36 (KHTML, like Gecko; compatible; GPTBot/1.2; +https://openai.com/gptbot)"
162.158.162.124 - - [04/Feb/2025:00:59:58 +0700] "GET /dan-de/t,window.location.href?action=chmod&dir=%2Fhome%2Fvietnamesehotels.net%2Fpublic_html%2Fwp-content%2Fplugins%2Fwp-rocket%2Finc%2F3rd-party&item=plugins HTTP/1.1" 200 21152 "-" "Mozilla/5.0 AppleWebKit/537.36 (KHTML, like Gecko; compatible; GPTBot/1.2; +https://openai.com/gptbot)"
162.158.162.124 - - [04/Feb/2025:00:59:59 +0700] "GET /dan-de/t,window.location.href?action=rename&dir=%2Fhome%2Fvietnamesehotels.net%2Fpublic_html%2Fwp-content%2Fplugins%2Fwp-rocket%2Finc%2F3rd-party&item=hosting HTTP/1.1" 200 21145 "-" "Mozilla/5.0 AppleWebKit/537.36 (KHTML, like Gecko; compatible; GPTBot/1.2; +https://openai.com/gptbot)"
162.158.163.155 - - [04/Feb/2025:01:00:00 +0700] "GET /chinh-sach-bao-mat/?dir=/home/vietnamesehotels.net/public_html&item=readme.html&action=rename HTTP/1.1" 200 24883 "-" "Mozilla/5.0 (compatible; MJ12bot/v1.4.8; http://mj12bot.com/)"
162.158.162.124 - - [04/Feb/2025:01:00:00 +0700] "GET /dan-de/"$%7BsrcDataValue%7D"?action=chmod&dir=%2Fhome%2Fvietnamesehotels.net%2Fpublic_html%2Fwp-content%2Fthemes%2Ftwentytwenty%2Finc&item=.. HTTP/1.1" 200 6431 "-" "Mozilla/5.0 AppleWebKit/537.36 (KHTML, like Gecko; compatible; GPTBot/1.2; +https://openai.com/gptbot)"
162.158.162.124 - - [04/Feb/2025:01:00:02 +0700] "GET /dan-de/"+u+"?action=chmod&dir=%2Fhome%2Fvietnamesehotels.net%2Fpublic_html%2Fwp-content%2Fplugins%2Fwordfence%2Fmodels%2Fscanner&item=.. HTTP/1.1" 200 6121 "-" "Mozilla/5.0 AppleWebKit/537.36 (KHTML, like Gecko; compatible; GPTBot/1.2; +https://openai.com/gptbot)"
162.158.162.122 - - [04/Feb/2025:01:00:03 +0700] "GET /dan-de/"$%7BsrcDataValue%7D"?action=chmod&dir=%2Fhome%2Fvietnamesehotels.net%2Fpublic_html%2Fwp-content%2Fthemes%2Ftwentytwenty%2Fassets%2Fjs&item=customize.js HTTP/1.1" 200 6584 "-" "Mozilla/5.0 AppleWebKit/537.36 (KHTML, like Gecko; compatible; GPTBot/1.2; +https://openai.com/gptbot)"
162.158.163.155 - - [04/Feb/2025:01:00:04 +0700] "GET /chinh-sach-bao-mat/?dir=/home/vietnamesehotels.net/public_html&item=wp-activate.php&action=chmod HTTP/1.1" 200 24887 "-" "Mozilla/5.0 (compatible; MJ12bot/v1.4.8; http://mj12bot.com/)"
162.158.162.124 - - [04/Feb/2025:01:00:04 +0700] "GET /dan-de/t,window.location.href?action=chmod&dir=%2Fhome%2Fvietnamesehotels.net%2Fpublic_html%2Fwp-content%2Fplugins%2Fwp-rocket%2Finc%2F3rd-party&item=themes HTTP/1.1" 200 21150 "-" "Mozilla/5.0 AppleWebKit/537.36 (KHTML, like Gecko; compatible; GPTBot/1.2; +https://openai.com/gptbot)"
172.70.188.6 - - [04/Feb/2025:01:00:05 +0700] "GET /dan-de/"$%7BsrcDataValue%7D"?action=rename&dir=%2Fhome%2Fvietnamesehotels.net%2Fpublic_html%2Fwp-content%2Fthemes%2Ftwentytwenty%2Fassets%2Fjs&item=customize.js HTTP/1.1" 200 6576 "-" "Mozilla/5.0 AppleWebKit/537.36 (KHTML, like Gecko; compatible; GPTBot/1.2; +https://openai.com/gptbot)"
162.158.162.124 - - [04/Feb/2025:01:00:06 +0700] "GET /dan-de/"+u+"?action=chmod&dir=%2Fhome%2Fvietnamesehotels.net%2Fpublic_html%2Fwp-content%2Fthemes%2Ftwentytwentyfive%2Fstyles%2Fcolors&item=. HTTP/1.1" 200 6642 "-" "Mozilla/5.0 AppleWebKit/537.36 (KHTML, like Gecko; compatible; GPTBot/1.2; +https://openai.com/gptbot)"
162.158.162.124 - - [04/Feb/2025:01:00:07 +0700] "GET /dan-de/"+u+"?action=edit&dir=%2Fhome%2Fvietnamesehotels.net%2Fpublic_html%2Fwp-content%2Fthemes%2Ftwentytwentyfive%2Fstyles%2Fcolors&item=02-noon.json HTTP/1.1" 200 7234 "-" "Mozilla/5.0 AppleWebKit/537.36 (KHTML, like Gecko; compatible; GPTBot/1.2; +https://openai.com/gptbot)"
162.158.162.124 - - [04/Feb/2025:01:00:08 +0700] "GET /dan-de/"+u+"?action=edit&dir=%2Fhome%2Fvietnamesehotels.net%2Fpublic_html%2Fwp-content%2Fthemes%2Ftwentytwentyfive%2Fstyles%2Fcolors&item=06-morning.json HTTP/1.1" 200 7365 "-" "Mozilla/5.0 AppleWebKit/537.36 (KHTML, like Gecko; compatible; GPTBot/1.2; +https://openai.com/gptbot)"
162.158.162.124 - - [04/Feb/2025:01:00:09 +0700] "GET /dan-de/"+u+"?action=edit&dir=%2Fhome%2Fvietnamesehotels.net%2Fpublic_html%2Fwp-content%2Fthemes%2Ftwentytwentyfive%2Fstyles%2Fcolors&item=07-sunrise.json HTTP/1.1" 200 7363 "-" "Mozilla/5.0 AppleWebKit/537.36 (KHTML, like Gecko; compatible; GPTBot/1.2; +https://openai.com/gptbot)"
162.158.163.155 - - [04/Feb/2025:01:00:09 +0700] "GET /chinh-sach-bao-mat/?dir=/home/vietnamesehotels.net/public_html&item=wp-activate.php&action=download HTTP/1.1" 200 2560 "-" "Mozilla/5.0 (compatible; MJ12bot/v1.4.8; http://mj12bot.com/)"
162.158.162.124 - - [04/Feb/2025:01:00:10 +0700] "GET /dan-de/"$%7BsrcDataValue%7D"?action=chmod&dir=%2Fhome%2Fvietnamesehotels.net%2Fpublic_html%2Fwp-content%2Fthemes%2Ftwentytwenty%2Fassets%2Fjs&item=.. HTTP/1.1" 200 6574 "-" "Mozilla/5.0 AppleWebKit/537.36 (KHTML, like Gecko; compatible; GPTBot/1.2; +https://openai.com/gptbot)"
162.158.162.124 - - [04/Feb/2025:01:00:11 +0700] "GET /dan-de/"$%7BsrcDataValue%7D"?action=chmod&dir=%2Fhome%2Fvietnamesehotels.net%2Fpublic_html%2Fwp-content%2Fthemes%2Ftwentytwenty%2Fassets%2Fimages&item=. HTTP/1.1" 200 6587 "-" "Mozilla/5.0 AppleWebKit/537.36 (KHTML, like Gecko; compatible; GPTBot/1.2; +https://openai.com/gptbot)"
162.158.162.124 - - [04/Feb/2025:01:00:12 +0700] "GET /dan-de/"+u+"?action=chmod&dir=%2Fhome%2Fvietnamesehotels.net%2Fpublic_html%2Fwp-content%2Fthemes%2Ftwentytwentyfive%2Fstyles%2Fcolors&item=08-midnight.json HTTP/1.1" 200 6653 "-" "Mozilla/5.0 AppleWebKit/537.36 (KHTML, like Gecko; compatible; GPTBot/1.2; +https://openai.com/gptbot)"
162.158.163.155 - - [04/Feb/2025:01:00:13 +0700] "GET /chinh-sach-bao-mat/?dir=/home/vietnamesehotels.net/public_html&item=wp-activate.php&action=edit HTTP/1.1" 200 27392 "-" "Mozilla/5.0 (compatible; MJ12bot/v1.4.8; http://mj12bot.com/)"
162.158.162.124 - - [04/Feb/2025:01:00:14 +0700] "GET /dan-de/"+u+"?action=edit&dir=%2Fhome%2Fvietnamesehotels.net%2Fpublic_html%2Fwp-content%2Fthemes%2Ftwentytwentyfive%2Fstyles%2Fcolors&item=03-dusk.json HTTP/1.1" 200 7437 "-" "Mozilla/5.0 AppleWebKit/537.36 (KHTML, like Gecko; compatible; GPTBot/1.2; +https://openai.com/gptbot)"
162.158.162.124 - - [04/Feb/2025:01:00:15 +0700] "GET /dan-de/"+u+"?action=rename&dir=%2Fhome%2Fvietnamesehotels.net%2Fpublic_html%2Fwp-content%2Fthemes%2Ftwentytwentyfive%2Fstyles%2Fcolors&item=02-noon.json HTTP/1.1" 200 6649 "-" "Mozilla/5.0 AppleWebKit/537.36 (KHTML, like Gecko; compatible; GPTBot/1.2; +https://openai.com/gptbot)"
162.158.162.124 - - [04/Feb/2025:01:00:16 +0700] "GET /dan-de/"$%7BsrcDataValue%7D"?action=chmod&dir=%2Fhome%2Fvietnamesehotels.net%2Fpublic_html%2Fwp-content%2Fthemes%2Ftwentytwenty%2Fassets%2Ffonts&item=.. HTTP/1.1" 200 5996 "-" "Mozilla/5.0 AppleWebKit/537.36 (KHTML, like Gecko; compatible; GPTBot/1.2; +https://openai.com/gptbot)"
162.158.162.124 - - [04/Feb/2025:01:00:17 +0700] "GET /dan-de/"+u+"?action=edit&dir=%2Fhome%2Fvietnamesehotels.net%2Fpublic_html%2Fwp-content%2Fthemes%2Ftwentytwentyfive%2Fstyles%2Fcolors&item=01-evening.json HTTP/1.1" 200 7128 "-" "Mozilla/5.0 AppleWebKit/537.36 (KHTML, like Gecko; compatible; GPTBot/1.2; +https://openai.com/gptbot)"
162.158.162.124 - - [04/Feb/2025:01:00:18 +0700] "GET /dan-de/"$%7BsrcDataValue%7D"?action=chmod&dir=%2Fhome%2Fvietnamesehotels.net%2Fpublic_html%2Fwp-content%2Fthemes%2Ftwentytwenty%2Fassets%2Fcss&item=. HTTP/1.1" 200 6417 "-" "Mozilla/5.0 AppleWebKit/537.36 (KHTML, like Gecko; compatible; GPTBot/1.2; +https://openai.com/gptbot)"
162.158.163.155 - - [04/Feb/2025:01:00:19 +0700] "GET /chinh-sach-bao-mat/?dir=/home/vietnamesehotels.net/public_html&item=wp-activate.php&action=rename HTTP/1.1" 200 24885 "-" "Mozilla/5.0 (compatible; MJ12bot/v1.4.8; http://mj12bot.com/)"
162.158.162.124 - - [04/Feb/2025:01:00:19 +0700] "GET /dan-de/"+u+"?action=edit&dir=%2Fhome%2Fvietnamesehotels.net%2Fpublic_html%2Fwp-content%2Fthemes%2Ftwentytwentyfive%2Fstyles%2Fcolors&item=08-midnight.json HTTP/1.1" 200 7275 "-" "Mozilla/5.0 AppleWebKit/537.36 (KHTML, like Gecko; compatible; GPTBot/1.2; +https://openai.com/gptbot)"
162.158.162.124 - - [04/Feb/2025:01:00:20 +0700] "GET /dan-de/"+u+"?action=rename&dir=%2Fhome%2Fvietnamesehotels.net%2Fpublic_html%2Fwp-content%2Fthemes%2Ftwentytwentyfive%2Fstyles%2Fcolors&item=01-evening.json HTTP/1.1" 200 6645 "-" "Mozilla/5.0 AppleWebKit/537.36 (KHTML, like Gecko; compatible; GPTBot/1.2; +https://openai.com/gptbot)"
162.158.162.124 - - [04/Feb/2025:01:00:21 +0700] "GET /dan-de/"+u+"?action=edit&dir=%2Fhome%2Fvietnamesehotels.net%2Fpublic_html%2Fwp-content%2Fthemes%2Ftwentytwentyfive%2Fstyles%2Fcolors&item=05-twilight.json HTTP/1.1" 200 7037 "-" "Mozilla/5.0 AppleWebKit/537.36 (KHTML, like Gecko; compatible; GPTBot/1.2; +https://openai.com/gptbot)"
162.158.162.124 - - [04/Feb/2025:01:00:22 +0700] "GET /dan-de/t,window.location.href?action=chmod&dir=%2Fhome%2Fvietnamesehotels.net%2Fpublic_html%2Fwp-content%2Fplugins%2Fwp-rocket%2Finc%2F3rd-party&item=.. HTTP/1.1" 200 21145 "-" "Mozilla/5.0 AppleWebKit/537.36 (KHTML, like Gecko; compatible; GPTBot/1.2; +https://openai.com/gptbot)"
162.158.163.155 - - [04/Feb/2025:01:00:23 +0700] "GET /chinh-sach-bao-mat/?dir=/home/vietnamesehotels.net/public_html&item=wp-admin&action=chmod HTTP/1.1" 200 24886 "-" "Mozilla/5.0 (compatible; MJ12bot/v1.4.8; http://mj12bot.com/)"
162.158.162.124 - - [04/Feb/2025:01:00:24 +0700] "GET /dan-de/"+u+"?action=rename&dir=%2Fhome%2Fvietnamesehotels.net%2Fpublic_html%2Fwp-content%2Fthemes%2Ftwentytwentyfive%2Fstyles%2Fcolors&item=03-dusk.json HTTP/1.1" 200 6650 "-" "Mozilla/5.0 AppleWebKit/537.36 (KHTML, like Gecko; compatible; GPTBot/1.2; +https://openai.com/gptbot)"
162.158.162.124 - - [04/Feb/2025:01:00:25 +0700] "GET /dan-de/"+u+"?action=chmod&dir=%2Fhome%2Fvietnamesehotels.net%2Fpublic_html%2Fwp-content%2Fthemes%2Ftwentytwentyfive%2Fstyles%2Fcolors&item=01-evening.json HTTP/1.1" 200 6646 "-" "Mozilla/5.0 AppleWebKit/537.36 (KHTML, like Gecko; compatible; GPTBot/1.2; +https://openai.com/gptbot)"
162.158.162.124 - - [04/Feb/2025:01:00:26 +0700] "GET /dan-de/"+u+"?action=rename&dir=%2Fhome%2Fvietnamesehotels.net%2Fpublic_html%2Fwp-content%2Fthemes%2Ftwentytwentyfive%2Fstyles%2Fcolors&item=07-sunrise.json HTTP/1.1" 200 6650 "-" "Mozilla/5.0 AppleWebKit/537.36 (KHTML, like Gecko; compatible; GPTBot/1.2; +https://openai.com/gptbot)"
162.158.162.124 - - [04/Feb/2025:01:00:27 +0700] "GET /dan-de/t,window.location.href?action=chmod&dir=%2Fhome%2Fvietnamesehotels.net%2Fpublic_html%2Fwp-content%2Fplugins%2Fwp-rocket%2Finc%2F3rd-party&item=. HTTP/1.1" 200 21146 "-" "Mozilla/5.0 AppleWebKit/537.36 (KHTML, like Gecko; compatible; GPTBot/1.2; +https://openai.com/gptbot)"
162.158.163.155 - - [04/Feb/2025:01:00:27 +0700] "GET /chinh-sach-bao-mat/?dir=/home/vietnamesehotels.net/public_html&item=wp-admin&action=rename HTTP/1.1" 200 24885 "-" "Mozilla/5.0 (compatible; MJ12bot/v1.4.8; http://mj12bot.com/)"
162.158.162.124 - - [04/Feb/2025:01:00:28 +0700] "GET /dan-de/"$%7BsrcDataValue%7D"?action=chmod&dir=%2Fhome%2Fvietnamesehotels.net%2Fpublic_html%2Fwp-content%2Fthemes%2Ftwentytwenty%2Fassets%2Fimages&item=.. HTTP/1.1" 200 6588 "-" "Mozilla/5.0 AppleWebKit/537.36 (KHTML, like Gecko; compatible; GPTBot/1.2; +https://openai.com/gptbot)"
162.158.162.124 - - [04/Feb/2025:01:00:29 +0700] "GET /dan-de/"+u+"?action=rename&dir=%2Fhome%2Fvietnamesehotels.net%2Fpublic_html%2Fwp-content%2Fthemes%2Ftwentytwentyfive%2Fstyles%2Fcolors&item=06-morning.json HTTP/1.1" 200 6649 "-" "Mozilla/5.0 AppleWebKit/537.36 (KHTML, like Gecko; compatible; GPTBot/1.2; +https://openai.com/gptbot)"
162.158.162.124 - - [04/Feb/2025:01:00:30 +0700] "GET /dan-de/"$%7BsrcDataValue%7D"?action=chmod&dir=%2Fhome%2Fvietnamesehotels.net%2Fpublic_html%2Fwp-content%2Fthemes%2Ftwentytwenty%2Fassets%2Ffonts&item=. HTTP/1.1" 200 5995 "-" "Mozilla/5.0 AppleWebKit/537.36 (KHTML, like Gecko; compatible; GPTBot/1.2; +https://openai.com/gptbot)"
162.158.163.155 - - [04/Feb/2025:01:00:31 +0700] "GET /chinh-sach-bao-mat/?dir=/home/vietnamesehotels.net/public_html&item=wp-blog-header.php&action=chmod HTTP/1.1" 200 24896 "-" "Mozilla/5.0 (compatible; MJ12bot/v1.4.8; http://mj12bot.com/)"
162.158.162.124 - - [04/Feb/2025:01:00:31 +0700] "GET /dan-de/"+u+"?action=chmod&dir=%2Fhome%2Fvietnamesehotels.net%2Fpublic_html%2Fwp-content%2Fthemes%2Ftwentytwentyfive%2Fstyles%2Fcolors&item=06-morning.json HTTP/1.1" 200 6649 "-" "Mozilla/5.0 AppleWebKit/537.36 (KHTML, like Gecko; compatible; GPTBot/1.2; +https://openai.com/gptbot)"
162.158.162.124 - - [04/Feb/2025:01:00:32 +0700] "GET /dan-de/"+u+"?action=chmod&dir=%2Fhome%2Fvietnamesehotels.net%2Fpublic_html%2Fwp-content%2Fthemes%2Ftwentytwentyfive%2Fstyles%2Fcolors&item=02-noon.json HTTP/1.1" 200 6649 "-" "Mozilla/5.0 AppleWebKit/537.36 (KHTML, like Gecko; compatible; GPTBot/1.2; +https://openai.com/gptbot)"
162.158.163.155 - - [04/Feb/2025:01:00:33 +0700] "GET /chinh-sach-bao-mat/?dir=/home/vietnamesehotels.net/public_html&item=wp-blog-header.php&action=download HTTP/1.1" 200 245 "-" "Mozilla/5.0 (compatible; MJ12bot/v1.4.8; http://mj12bot.com/)"
162.158.162.124 - - [04/Feb/2025:01:00:33 +0700] "GET /dan-de/"+u+"?action=edit&dir=%2Fhome%2Fvietnamesehotels.net%2Fpublic_html%2Fwp-content%2Fthemes%2Ftwentytwentyfive%2Fstyles%2Fcolors&item=04-afternoon.json HTTP/1.1" 200 7138 "-" "Mozilla/5.0 AppleWebKit/537.36 (KHTML, like Gecko; compatible; GPTBot/1.2; +https://openai.com/gptbot)"
162.158.162.125 - - [04/Feb/2025:01:00:35 +0700] "POST /wp-cron.php?doing_wp_cron=1738605634.9865899085998535156250 HTTP/1.1" 200 31 "-" "WordPress/6.7.1; https://vietnamesehotels.net"
162.158.162.124 - - [04/Feb/2025:01:00:35 +0700] "GET /dan-de/"+u+"?action=chmod&dir=%2Fhome%2Fvietnamesehotels.net%2Fpublic_html%2Fwp-content%2Fthemes%2Ftwentytwentyfive%2Fstyles%2Fcolors&item=07-sunrise.json HTTP/1.1" 200 6650 "-" "Mozilla/5.0 AppleWebKit/537.36 (KHTML, like Gecko; compatible; GPTBot/1.2; +https://openai.com/gptbot)"
162.158.163.121 - - [04/Feb/2025:01:00:36 +0700] "POST /wp-cron.php?doing_wp_cron=1738605636.1296648979187011718750 HTTP/1.1" 200 31 "-" "WordPress/6.7.1; https://vietnamesehotels.net"
162.158.162.125 - - [04/Feb/2025:01:00:36 +0700] "GET /dan-de/"$%7BsrcDataValue%7D"?action=chmod&dir=%2Fhome%2Fvietnamesehotels.net%2Fpublic_html%2Fwp-content%2Fthemes%2Ftwentytwenty%2Fassets%2Fcss&item=.. HTTP/1.1" 200 6422 "-" "Mozilla/5.0 AppleWebKit/537.36 (KHTML, like Gecko; compatible; GPTBot/1.2; +https://openai.com/gptbot)"
162.158.163.155 - - [04/Feb/2025:01:00:36 +0700] "GET /chinh-sach-bao-mat/?dir=/home/vietnamesehotels.net/public_html&item=wp-blog-header.php&action=edit HTTP/1.1" 200 25113 "-" "Mozilla/5.0 (compatible; MJ12bot/v1.4.8; http://mj12bot.com/)"
162.158.162.124 - - [04/Feb/2025:01:00:37 +0700] "GET /dan-de/"$%7BsrcDataValue%7D"?action=chmod&dir=%2Fhome%2Fvietnamesehotels.net%2Fpublic_html%2Fwp-content%2Fthemes%2Ftwentytwenty%2Fassets%2Fjs&item=. HTTP/1.1" 200 6574 "-" "Mozilla/5.0 AppleWebKit/537.36 (KHTML, like Gecko; compatible; GPTBot/1.2; +https://openai.com/gptbot)"
162.158.162.125 - - [04/Feb/2025:01:00:38 +0700] "GET /dan-de/"+u+"?action=chmod&dir=%2Fhome%2Fvietnamesehotels.net%2Fpublic_html%2Fwp-content%2Fthemes%2Ftwentytwentyfive%2Fstyles%2Fcolors&item=03-dusk.json HTTP/1.1" 200 6652 "-" "Mozilla/5.0 AppleWebKit/537.36 (KHTML, like Gecko; compatible; GPTBot/1.2; +https://openai.com/gptbot)"
162.158.162.124 - - [04/Feb/2025:01:00:39 +0700] "GET /dan-de/"+u+"?action=chmod&dir=%2Fhome%2Fvietnamesehotels.net%2Fpublic_html%2Fwp-content%2Fthemes%2Ftwentytwentyfive%2Fstyles%2Fcolors&item=05-twilight.json HTTP/1.1" 200 6651 "-" "Mozilla/5.0 AppleWebKit/537.36 (KHTML, like Gecko; compatible; GPTBot/1.2; +https://openai.com/gptbot)"
162.158.163.155 - - [04/Feb/2025:01:00:39 +0700] "GET /chinh-sach-bao-mat/?dir=/home/vietnamesehotels.net/public_html&item=wp-blog-header.php&action=rename HTTP/1.1" 200 24887 "-" "Mozilla/5.0 (compatible; MJ12bot/v1.4.8; http://mj12bot.com/)"
162.158.162.125 - - [04/Feb/2025:01:00:40 +0700] "GET /dan-de/"+u+"?action=chmod&dir=%2Fhome%2Fvietnamesehotels.net%2Fpublic_html%2Fwp-content%2Fplugins%2Fwordfence%2Fmodels%2Fscanner&item=. HTTP/1.1" 200 6121 "-" "Mozilla/5.0 AppleWebKit/537.36 (KHTML, like Gecko; compatible; GPTBot/1.2; +https://openai.com/gptbot)"
162.158.162.124 - - [04/Feb/2025:01:00:41 +0700] "GET /dan-de/"$%7BsrcDataValue%7D"?dir=%2Fhome%2Fvietnamesehotels.net%2Fpublic_html%2Fwp-content%2Fthemes%2Ftwentytwenty%2Fassets%2Ffonts%2Finter HTTP/1.1" 200 6111 "-" "Mozilla/5.0 AppleWebKit/537.36 (KHTML, like Gecko; compatible; GPTBot/1.2; +https://openai.com/gptbot)"
162.158.163.155 - - [04/Feb/2025:01:00:42 +0700] "GET /chinh-sach-bao-mat/?dir=/home/vietnamesehotels.net/public_html&item=wp-comments-post.php&action=chmod HTTP/1.1" 200 24895 "-" "Mozilla/5.0 (compatible; MJ12bot/v1.4.8; http://mj12bot.com/)"
162.158.162.125 - - [04/Feb/2025:01:00:42 +0700] "GET /dan-de/t,window.location.href?dir=%2Fhome%2Fvietnamesehotels.net%2Fpublic_html%2Fwp-content%2Fplugins%2Fwp-rocket%2Finc%2F3rd-party%2Fthemes HTTP/1.1" 200 20772 "-" "Mozilla/5.0 AppleWebKit/537.36 (KHTML, like Gecko; compatible; GPTBot/1.2; +https://openai.com/gptbot)"
162.158.162.124 - - [04/Feb/2025:01:00:43 +0700] "GET /dan-de/"+u+"?action=rename&dir=%2Fhome%2Fvietnamesehotels.net%2Fpublic_html%2Fwp-content%2Fthemes%2Ftwentytwentyfive%2Fstyles%2Fcolors&item=05-twilight.json HTTP/1.1" 200 6650 "-" "Mozilla/5.0 AppleWebKit/537.36 (KHTML, like Gecko; compatible; GPTBot/1.2; +https://openai.com/gptbot)"
162.158.162.125 - - [04/Feb/2025:01:00:44 +0700] "GET /dan-de/"+u+"?action=chmod&dir=%2Fhome%2Fvietnamesehotels.net%2Fpublic_html%2Fwp-content%2Fthemes%2Ftwentytwentyfive%2Fstyles%2Fcolors&item=04-afternoon.json HTTP/1.1" 200 6653 "-" "Mozilla/5.0 AppleWebKit/537.36 (KHTML, like Gecko; compatible; GPTBot/1.2; +https://openai.com/gptbot)"
162.158.162.124 - - [04/Feb/2025:01:00:45 +0700] "GET /dan-de/"$%7BsrcDataValue%7D"?action=chmod&dir=%2Fhome%2Fvietnamesehotels.net%2Fpublic_html%2Fwp-content%2Fthemes%2Ftwentytwenty%2Fassets%2Ffonts&item=inter HTTP/1.1" 200 5997 "-" "Mozilla/5.0 AppleWebKit/537.36 (KHTML, like Gecko; compatible; GPTBot/1.2; +https://openai.com/gptbot)"
162.158.162.125 - - [04/Feb/2025:01:00:47 +0700] "GET /dan-de/"+u+"?action=rename&dir=%2Fhome%2Fvietnamesehotels.net%2Fpublic_html%2Fwp-content%2Fthemes%2Ftwentytwentyfive%2Fstyles%2Fcolors&item=04-afternoon.json HTTP/1.1" 200 6651 "-" "Mozilla/5.0 AppleWebKit/537.36 (KHTML, like Gecko; compatible; GPTBot/1.2; +https://openai.com/gptbot)"
162.158.163.155 - - [04/Feb/2025:01:00:48 +0700] "GET /chinh-sach-bao-mat/?dir=/home/vietnamesehotels.net/public_html&item=wp-comments-post.php&action=download HTTP/1.1" 200 1081 "-" "Mozilla/5.0 (compatible; MJ12bot/v1.4.8; http://mj12bot.com/)"
172.70.189.87 - - [04/Feb/2025:01:00:48 +0700] "GET /dan-de/"$%7BsrcDataValue%7D"?action=edit&dir=%2Fhome%2Fvietnamesehotels.net%2Fpublic_html%2Fwp-content%2Fthemes%2Ftwentytwenty%2Fassets%2Fjs&item=customize.js HTTP/1.1" 200 6955 "-" "Mozilla/5.0 AppleWebKit/537.36 (KHTML, like Gecko; compatible; GPTBot/1.2; +https://openai.com/gptbot)"
162.158.162.124 - - [04/Feb/2025:01:00:49 +0700] "GET /dan-de/"$%7BsrcDataValue%7D"?action=rename&dir=%2Fhome%2Fvietnamesehotels.net%2Fpublic_html%2Fwp-content%2Fthemes%2Ftwentytwenty%2Fassets%2Ffonts&item=inter HTTP/1.1" 200 5995 "-" "Mozilla/5.0 AppleWebKit/537.36 (KHTML, like Gecko; compatible; GPTBot/1.2; +https://openai.com/gptbot)"
162.158.162.125 - - [04/Feb/2025:01:00:50 +0700] "GET /dan-de/"+u+"?action=rename&dir=%2Fhome%2Fvietnamesehotels.net%2Fpublic_html%2Fwp-content%2Fthemes%2Ftwentytwentyfive%2Fstyles%2Fcolors&item=08-midnight.json HTTP/1.1" 200 6652 "-" "Mozilla/5.0 AppleWebKit/537.36 (KHTML, like Gecko; compatible; GPTBot/1.2; +https://openai.com/gptbot)"
172.69.165.43 - - [04/Feb/2025:01:00:52 +0700] "GET /dan-de/"$%7BsrcDataValue%7D"?action=chmod&dir=%2Fhome%2Fvietnamesehotels.net%2Fpublic_html%2Fwp-content%2Fthemes%2Ftwentytwenty%2Fassets%2Ffonts%2Finter&item=. HTTP/1.1" 200 6214 "-" "Mozilla/5.0 AppleWebKit/537.36 (KHTML, like Gecko; compatible; GPTBot/1.2; +https://openai.com/gptbot)"
162.158.163.155 - - [04/Feb/2025:01:00:52 +0700] "GET /chinh-sach-bao-mat/?dir=/home/vietnamesehotels.net/public_html&item=wp-comments-post.php&action=edit HTTP/1.1" 200 25934 "-" "Mozilla/5.0 (compatible; MJ12bot/v1.4.8; http://mj12bot.com/)"
172.69.165.43 - - [04/Feb/2025:01:00:53 +0700] "GET /dan-de/"$%7BsrcDataValue%7D"?action=chmod&dir=%2Fhome%2Fvietnamesehotels.net%2Fpublic_html%2Fwp-content%2Fthemes%2Ftwentytwenty%2Fassets%2Ffonts%2Finter&item=.. HTTP/1.1" 200 6215 "-" "Mozilla/5.0 AppleWebKit/537.36 (KHTML, like Gecko; compatible; GPTBot/1.2; +https://openai.com/gptbot)"
172.69.165.43 - - [04/Feb/2025:01:00:54 +0700] "GET /dan-de/t,window.location.href?action=chmod&dir=%2Fhome%2Fvietnamesehotels.net%2Fpublic_html%2Fwp-content%2Fplugins%2Fwp-rocket%2Finc%2F3rd-party%2Fthemes&item=.. HTTP/1.1" 200 20925 "-" "Mozilla/5.0 AppleWebKit/537.36 (KHTML, like Gecko; compatible; GPTBot/1.2; +https://openai.com/gptbot)"
162.158.163.155 - - [04/Feb/2025:01:00:55 +0700] "GET /chinh-sach-bao-mat/?dir=/home/vietnamesehotels.net/public_html&item=wp-comments-post.php&action=rename HTTP/1.1" 200 24890 "-" "Mozilla/5.0 (compatible; MJ12bot/v1.4.8; http://mj12bot.com/)"
172.69.165.43 - - [04/Feb/2025:01:00:55 +0700] "GET /dan-de/t,window.location.href?action=chmod&dir=%2Fhome%2Fvietnamesehotels.net%2Fpublic_html%2Fwp-content%2Fplugins%2Fwp-rocket%2Finc%2F3rd-party%2Fthemes&item=. HTTP/1.1" 200 20922 "-" "Mozilla/5.0 AppleWebKit/537.36 (KHTML, like Gecko; compatible; GPTBot/1.2; +https://openai.com/gptbot)"
172.69.165.43 - - [04/Feb/2025:01:00:57 +0700] "GET /dan-de/"$%7BsrcDataValue%7D"?action=chmod&dir=%2Fhome%2Fvietnamesehotels.net%2Fpublic_html%2Fwp-content%2Fthemes%2Ftwentytwenty%2Finc&item=. HTTP/1.1" 200 6428 "-" "Mozilla/5.0 AppleWebKit/537.36 (KHTML, like Gecko; compatible; GPTBot/1.2; +https://openai.com/gptbot)"
162.158.162.124 - - [04/Feb/2025:01:00:57 +0700] "GET /?dir=/home/vietnamesehotels.net/public_html/wp-includes&item=class-wp-editor.php&action=edit HTTP/1.1" 200 39547 "-" "Mozilla/5.0 (compatible; MJ12bot/v1.4.8; http://mj12bot.com/)"
172.70.142.182 - - [04/Feb/2025:01:00:58 +0700] "GET /dan-de/"$%7BsrcDataValue%7D"?action=edit&dir=%2Fhome%2Fvietnamesehotels.net%2Fpublic_html%2Fwp-content%2Fthemes%2Ftwentytwenty%2Fassets%2Ffonts%2Finter&item=Inter-italic-var.woff2 HTTP/1.1" 200 6241 "-" "Mozilla/5.0 AppleWebKit/537.36 (KHTML, like Gecko; compatible; GPTBot/1.2; +https://openai.com/gptbot)"
162.158.170.29 - - [04/Feb/2025:01:00:59 +0700] "GET /dan-de/"$%7BsrcDataValue%7D"?action=rename&dir=%2Fhome%2Fvietnamesehotels.net%2Fpublic_html%2Fwp-content%2Fthemes%2Ftwentytwenty%2Fassets%2Ffonts%2Finter&item=Inter-italic-var.woff2 HTTP/1.1" 200 6220 "-" "Mozilla/5.0 AppleWebKit/537.36 (KHTML, like Gecko; compatible; GPTBot/1.2; +https://openai.com/gptbot)"
162.158.162.125 - - [04/Feb/2025:01:01:00 +0700] "GET /?dir=/home/vietnamesehotels.net/public_html/wp-includes&item=class-wp-editor.php&action=rename HTTP/1.1" 200 21665 "-" "Mozilla/5.0 (compatible; MJ12bot/v1.4.8; http://mj12bot.com/)"
108.162.226.31 - - [04/Feb/2025:01:01:00 +0700] "GET /dan-de/"$%7BsrcDataValue%7D"?action=rename&dir=%2Fhome%2Fvietnamesehotels.net%2Fpublic_html%2Fwp-content%2Fthemes%2Ftwentytwenty%2Fassets%2Ffonts%2Finter&item=Inter-upright-var.woff2 HTTP/1.1" 200 6228 "-" "Mozilla/5.0 AppleWebKit/537.36 (KHTML, like Gecko; compatible; GPTBot/1.2; +https://openai.com/gptbot)"
108.162.227.3 - - [04/Feb/2025:01:01:01 +0700] "GET /dan-de/"$%7BsrcDataValue%7D"?action=edit&dir=%2Fhome%2Fvietnamesehotels.net%2Fpublic_html%2Fwp-content%2Fthemes%2Ftwentytwenty%2Fassets%2Ffonts%2Finter&item=Inter-upright-var.woff2 HTTP/1.1" 200 6244 "-" "Mozilla/5.0 AppleWebKit/537.36 (KHTML, like Gecko; compatible; GPTBot/1.2; +https://openai.com/gptbot)"
162.158.162.124 - - [04/Feb/2025:01:01:02 +0700] "GET /?dir=/home/vietnamesehotels.net/public_html/wp-includes&item=class-wp-embed.php&action=chmod HTTP/1.1" 200 21670 "-" "Mozilla/5.0 (compatible; MJ12bot/v1.4.8; http://mj12bot.com/)"
162.158.162.76 - - [04/Feb/2025:01:01:02 +0700] "GET /dan-de/"$%7BsrcDataValue%7D"?action=chmod&dir=%2Fhome%2Fvietnamesehotels.net%2Fpublic_html%2Fwp-content%2Fthemes%2Ftwentytwenty%2Fassets%2Ffonts%2Finter&item=Inter-italic-var.woff2 HTTP/1.1" 200 6223 "-" "Mozilla/5.0 AppleWebKit/537.36 (KHTML, like Gecko; compatible; GPTBot/1.2; +https://openai.com/gptbot)"
162.158.163.72 - - [04/Feb/2025:01:01:03 +0700] "POST /wp-cron.php?doing_wp_cron=1738605663.6167109012603759765625 HTTP/1.1" 200 31 "-" "WordPress/6.7.1; https://vietnamesehotels.net"
162.158.107.50 - - [04/Feb/2025:01:01:03 +0700] "GET /dan-de/"$%7BsrcDataValue%7D"?action=chmod&dir=%2Fhome%2Fvietnamesehotels.net%2Fpublic_html%2Fwp-content%2Fthemes%2Ftwentytwenty%2Fassets%2Ffonts%2Finter&item=Inter-upright-var.woff2 HTTP/1.1" 200 6227 "-" "Mozilla/5.0 AppleWebKit/537.36 (KHTML, like Gecko; compatible; GPTBot/1.2; +https://openai.com/gptbot)"
162.158.170.139 - - [04/Feb/2025:01:01:04 +0700] "GET /dan-de/"$%7BsrcDataValue%7D"?action=edit&dir=%2Fhome%2Fvietnamesehotels.net%2Fpublic_html%2Fwp-content%2Fthemes%2Ftwentytwenty%2Fassets%2Fimages&item=2020-square-2.png HTTP/1.1" 200 6621 "-" "Mozilla/5.0 AppleWebKit/537.36 (KHTML, like Gecko; compatible; GPTBot/1.2; +https://openai.com/gptbot)"
162.158.162.125 - - [04/Feb/2025:01:01:06 +0700] "GET /?dir=/home/vietnamesehotels.net/public_html/wp-includes&item=class-wp-embed.php&action=edit HTTP/1.1" 200 26900 "-" "Mozilla/5.0 (compatible; MJ12bot/v1.4.8; http://mj12bot.com/)"
162.158.189.128 - - [04/Feb/2025:01:01:06 +0700] "GET /dan-de/"$%7BsrcDataValue%7D"?action=edit&dir=%2Fhome%2Fvietnamesehotels.net%2Fpublic_html%2Fwp-content%2Fthemes%2Ftwentytwenty%2Fassets%2Fimages&item=2020-square-1.png HTTP/1.1" 200 6619 "-" "Mozilla/5.0 AppleWebKit/537.36 (KHTML, like Gecko; compatible; GPTBot/1.2; +https://openai.com/gptbot)"
172.69.165.43 - - [04/Feb/2025:01:01:08 +0700] "GET /dan-de/t,window.location.href?dir=%2Fhome%2Fvietnamesehotels.net%2Fpublic_html%2Fwp-content%2Fplugins%2Fwp-rocket%2Finc%2F3rd-party%2Fplugins HTTP/1.1" 200 22374 "-" "Mozilla/5.0 AppleWebKit/537.36 (KHTML, like Gecko; compatible; GPTBot/1.2; +https://openai.com/gptbot)"
162.158.162.124 - - [04/Feb/2025:01:01:08 +0700] "GET /?dir=/home/vietnamesehotels.net/public_html/wp-includes&item=class-wp-embed.php&action=rename HTTP/1.1" 200 21665 "-" "Mozilla/5.0 (compatible; MJ12bot/v1.4.8; http://mj12bot.com/)"
172.69.165.43 - - [04/Feb/2025:01:01:09 +0700] "GET /dan-de/t,window.location.href?dir=%2Fhome%2Fvietnamesehotels.net%2Fpublic_html%2Fwp-content%2Fplugins%2Fwp-rocket%2Finc%2F3rd-party%2Fhosting HTTP/1.1" 200 21310 "-" "Mozilla/5.0 AppleWebKit/537.36 (KHTML, like Gecko; compatible; GPTBot/1.2; +https://openai.com/gptbot)"
162.158.163.156 - - [04/Feb/2025:01:01:09 +0700] "GET /chinh-sach-bao-mat/?dir=/home/vietnamesehotels.net/public_html&item=wp-content&action=chmod HTTP/1.1" 200 24891 "-" "Mozilla/5.0 (compatible; MJ12bot/v1.4.8; http://mj12bot.com/)"
172.69.165.43 - - [04/Feb/2025:01:01:10 +0700] "GET /dan-de/"+t+"?dir=%2Fhome%2Fvietnamesehotels.net%2Fpublic_html%2Fwp-content%2Fplugins%2Fseo-by-rank-math%2Fassets%2Fvendor%2Fdiacritics HTTP/1.1" 200 6154 "-" "Mozilla/5.0 AppleWebKit/537.36 (KHTML, like Gecko; compatible; GPTBot/1.2; +https://openai.com/gptbot)"
172.69.165.43 - - [04/Feb/2025:01:01:11 +0700] "GET /dan-de/"+t+"?dir=%2Fhome%2Fvietnamesehotels.net%2Fpublic_html%2Fwp-content%2Fplugins%2Fwp-rocket%2Finc%2FEngine%2FActivation HTTP/1.1" 200 6167 "-" "Mozilla/5.0 AppleWebKit/537.36 (KHTML, like Gecko; compatible; GPTBot/1.2; +https://openai.com/gptbot)"
162.158.162.125 - - [04/Feb/2025:01:01:11 +0700] "GET /?dir=/home/vietnamesehotels.net/public_html/wp-includes&item=class-wp-error.php&action=download HTTP/1.1" 200 1875 "-" "Mozilla/5.0 (compatible; MJ12bot/v1.4.8; http://mj12bot.com/)"
172.69.165.43 - - [04/Feb/2025:01:01:12 +0700] "GET /dan-de/"+u+"?dir=%2Fhome%2Fvietnamesehotels.net%2Fpublic_html%2Fwp-content%2Fplugins%2Fwp-rocket%2Finc%2FThirdParty%2FHostings HTTP/1.1" 200 7167 "-" "Mozilla/5.0 AppleWebKit/537.36 (KHTML, like Gecko; compatible; GPTBot/1.2; +https://openai.com/gptbot)"
162.158.163.156 - - [04/Feb/2025:01:01:13 +0700] "GET /chinh-sach-bao-mat/?dir=/home/vietnamesehotels.net/public_html&item=wp-content&action=rename HTTP/1.1" 200 24883 "-" "Mozilla/5.0 (compatible; MJ12bot/v1.4.8; http://mj12bot.com/)"
172.69.165.43 - - [04/Feb/2025:01:01:13 +0700] "GET /dan-de/"+u+"?dir=%2Fhome%2Fvietnamesehotels.net%2Fpublic_html%2Fwp-content%2Fplugins%2Fwp-rocket%2Finc%2FDependencies%2FActionScheduler%2Flib HTTP/1.1" 200 6135 "-" "Mozilla/5.0 AppleWebKit/537.36 (KHTML, like Gecko; compatible; GPTBot/1.2; +https://openai.com/gptbot)"
162.158.162.124 - - [04/Feb/2025:01:01:14 +0700] "GET /?dir=/home/vietnamesehotels.net/public_html/wp-includes&item=class-wp-error.php&action=edit HTTP/1.1" 200 23675 "-" "Mozilla/5.0 (compatible; MJ12bot/v1.4.8; http://mj12bot.com/)"
172.69.165.43 - - [04/Feb/2025:01:01:14 +0700] "GET /dan-de/"+t+"?dir=%2Fhome%2Fvietnamesehotels.net%2Fpublic_html%2Fwp-content%2Fplugins%2Fseo-by-rank-math%2Fincludes%2Fmodules%2Fschema HTTP/1.1" 200 6918 "-" "Mozilla/5.0 AppleWebKit/537.36 (KHTML, like Gecko; compatible; GPTBot/1.2; +https://openai.com/gptbot)"
172.69.165.43 - - [04/Feb/2025:01:01:15 +0700] "GET /dan-de/"$%7BsrcDataValue%7D"?dir=%2Fhome%2Fvietnamesehotels.net%2Fpublic_html%2Fwp-content%2Fuploads%2Falm_templates HTTP/1.1" 200 5986 "-" "Mozilla/5.0 AppleWebKit/537.36 (KHTML, like Gecko; compatible; GPTBot/1.2; +https://openai.com/gptbot)"
162.158.162.125 - - [04/Feb/2025:01:01:15 +0700] "GET /?dir=/home/vietnamesehotels.net/public_html/wp-includes&item=class-wp-error.php&action=rename HTTP/1.1" 200 21665 "-" "Mozilla/5.0 (compatible; MJ12bot/v1.4.8; http://mj12bot.com/)"
172.69.165.43 - - [04/Feb/2025:01:01:16 +0700] "GET /dan-de/"+t+"?dir=%2Fhome%2Fvietnamesehotels.net%2Fpublic_html%2Fwp-content%2Fthemes%2Fflatsome%2Finc%2Fintegrations%2Fwc-bulk-variations HTTP/1.1" 200 6032 "-" "Mozilla/5.0 AppleWebKit/537.36 (KHTML, like Gecko; compatible; GPTBot/1.2; +https://openai.com/gptbot)"
162.158.163.156 - - [04/Feb/2025:01:01:17 +0700] "GET /chinh-sach-bao-mat/?dir=/home/vietnamesehotels.net/public_html&item=wp-cron.php&action=chmod HTTP/1.1" 200 24901 "-" "Mozilla/5.0 (compatible; MJ12bot/v1.4.8; http://mj12bot.com/)"
162.158.162.124 - - [04/Feb/2025:01:01:17 +0700] "GET /?dir=/home/vietnamesehotels.net/public_html/wp-includes&item=class-wp-exception.php&action=chmod HTTP/1.1" 200 21672 "-" "Mozilla/5.0 (compatible; MJ12bot/v1.4.8; http://mj12bot.com/)"
172.69.165.43 - - [04/Feb/2025:01:01:17 +0700] "GET /dan-de/"$%7BsrcDataValue%7D"?dir=%2Fhome%2Fvietnamesehotels.net%2Fpublic_html%2Fwp-content%2Fplugins%2Fintelly-related-posts HTTP/1.1" 200 7187 "-" "Mozilla/5.0 AppleWebKit/537.36 (KHTML, like Gecko; compatible; GPTBot/1.2; +https://openai.com/gptbot)"
172.69.165.43 - - [04/Feb/2025:01:01:19 +0700] "GET /dan-de/t,window.location.href?action=rename&dir=%2Fhome%2Fvietnamesehotels.net%2Fpublic_html%2Fwp-content%2Fplugins%2Fwp-rocket%2Finc%2F3rd-party%2Fplugins&item=mobile HTTP/1.1" 200 22477 "-" "Mozilla/5.0 AppleWebKit/537.36 (KHTML, like Gecko; compatible; GPTBot/1.2; +https://openai.com/gptbot)"
162.158.162.125 - - [04/Feb/2025:01:01:19 +0700] "GET /?dir=/home/vietnamesehotels.net/public_html/wp-includes&item=class-wp-exception.php&action=download HTTP/1.1" 200 180 "-" "Mozilla/5.0 (compatible; MJ12bot/v1.4.8; http://mj12bot.com/)"
172.69.165.43 - - [04/Feb/2025:01:01:20 +0700] "GET /dan-de/t,window.location.href?action=chmod&dir=%2Fhome%2Fvietnamesehotels.net%2Fpublic_html%2Fwp-content%2Fplugins%2Fwp-rocket%2Finc%2F3rd-party%2Fplugins&item=ecommerce HTTP/1.1" 200 22469 "-" "Mozilla/5.0 AppleWebKit/537.36 (KHTML, like Gecko; compatible; GPTBot/1.2; +https://openai.com/gptbot)"
172.69.165.43 - - [04/Feb/2025:01:01:21 +0700] "GET /dan-de/t,window.location.href?action=chmod&dir=%2Fhome%2Fvietnamesehotels.net%2Fpublic_html%2Fwp-content%2Fplugins%2Fwp-rocket%2Finc%2F3rd-party%2Fplugins&item=page-builder HTTP/1.1" 200 22469 "-" "Mozilla/5.0 AppleWebKit/537.36 (KHTML, like Gecko; compatible; GPTBot/1.2; +https://openai.com/gptbot)"
162.158.163.156 - - [04/Feb/2025:01:01:21 +0700] "GET /chinh-sach-bao-mat/?dir=/home/vietnamesehotels.net/public_html&item=wp-cron.php&action=download HTTP/1.1" 200 2111 "-" "Mozilla/5.0 (compatible; MJ12bot/v1.4.8; http://mj12bot.com/)"
162.158.162.124 - - [04/Feb/2025:01:01:21 +0700] "GET /?dir=/home/vietnamesehotels.net/public_html/wp-includes&item=class-wp-exception.php&action=edit HTTP/1.1" 200 21838 "-" "Mozilla/5.0 (compatible; MJ12bot/v1.4.8; http://mj12bot.com/)"
172.69.165.43 - - [04/Feb/2025:01:01:22 +0700] "GET /dan-de/t,window.location.href?action=rename&dir=%2Fhome%2Fvietnamesehotels.net%2Fpublic_html%2Fwp-content%2Fplugins%2Fwp-rocket%2Finc%2F3rd-party%2Fplugins&item=cookies HTTP/1.1" 200 22476 "-" "Mozilla/5.0 AppleWebKit/537.36 (KHTML, like Gecko; compatible; GPTBot/1.2; +https://openai.com/gptbot)"
172.69.165.43 - - [04/Feb/2025:01:01:23 +0700] "GET /dan-de/t,window.location.href?action=chmod&dir=%2Fhome%2Fvietnamesehotels.net%2Fpublic_html%2Fwp-content%2Fplugins%2Fwp-rocket%2Finc%2F3rd-party%2Fplugins&item=security HTTP/1.1" 200 22471 "-" "Mozilla/5.0 AppleWebKit/537.36 (KHTML, like Gecko; compatible; GPTBot/1.2; +https://openai.com/gptbot)"
162.158.162.125 - - [04/Feb/2025:01:01:23 +0700] "GET /?dir=/home/vietnamesehotels.net/public_html/wp-includes&item=class-wp-exception.php&action=rename HTTP/1.1" 200 21667 "-" "Mozilla/5.0 (compatible; MJ12bot/v1.4.8; http://mj12bot.com/)"
172.69.165.43 - - [04/Feb/2025:01:01:24 +0700] "GET /dan-de/t,window.location.href?action=rename&dir=%2Fhome%2Fvietnamesehotels.net%2Fpublic_html%2Fwp-content%2Fplugins%2Fwp-rocket%2Finc%2F3rd-party%2Fplugins&item=page-builder HTTP/1.1" 200 22471 "-" "Mozilla/5.0 AppleWebKit/537.36 (KHTML, like Gecko; compatible; GPTBot/1.2; +https://openai.com/gptbot)"
172.69.165.43 - - [04/Feb/2025:01:01:25 +0700] "GET /dan-de/t,window.location.href?action=chmod&dir=%2Fhome%2Fvietnamesehotels.net%2Fpublic_html%2Fwp-content%2Fplugins%2Fwp-rocket%2Finc%2F3rd-party%2Fplugins&item=cookies HTTP/1.1" 200 22470 "-" "Mozilla/5.0 AppleWebKit/537.36 (KHTML, like Gecko; compatible; GPTBot/1.2; +https://openai.com/gptbot)"
162.158.163.156 - - [04/Feb/2025:01:01:25 +0700] "GET /chinh-sach-bao-mat/?dir=/home/vietnamesehotels.net/public_html&item=wp-cron.php&action=edit HTTP/1.1" 200 26978 "-" "Mozilla/5.0 (compatible; MJ12bot/v1.4.8; http://mj12bot.com/)"
162.158.162.124 - - [04/Feb/2025:01:01:25 +0700] "GET /?dir=/home/vietnamesehotels.net/public_html/wp-includes&item=class-wp-fatal-error-handler.php&action=chmod HTTP/1.1" 200 21680 "-" "Mozilla/5.0 (compatible; MJ12bot/v1.4.8; http://mj12bot.com/)"
172.69.165.43 - - [04/Feb/2025:01:01:26 +0700] "GET /dan-de/t,window.location.href?action=rename&dir=%2Fhome%2Fvietnamesehotels.net%2Fpublic_html%2Fwp-content%2Fplugins%2Fwp-rocket%2Finc%2F3rd-party%2Fplugins&item=security HTTP/1.1" 200 22470 "-" "Mozilla/5.0 AppleWebKit/537.36 (KHTML, like Gecko; compatible; GPTBot/1.2; +https://openai.com/gptbot)"
162.158.162.125 - - [04/Feb/2025:01:01:27 +0700] "GET /?dir=/home/vietnamesehotels.net/public_html/wp-includes&item=class-wp-fatal-error-handler.php&action=download HTTP/1.1" 200 2792 "-" "Mozilla/5.0 (compatible; MJ12bot/v1.4.8; http://mj12bot.com/)"
172.69.165.43 - - [04/Feb/2025:01:01:27 +0700] "GET /dan-de/t,window.location.href?action=rename&dir=%2Fhome%2Fvietnamesehotels.net%2Fpublic_html%2Fwp-content%2Fplugins%2Fwp-rocket%2Finc%2F3rd-party%2Fplugins&item=slider HTTP/1.1" 200 22476 "-" "Mozilla/5.0 AppleWebKit/537.36 (KHTML, like Gecko; compatible; GPTBot/1.2; +https://openai.com/gptbot)"
172.69.165.43 - - [04/Feb/2025:01:01:28 +0700] "GET /dan-de/t,window.location.href?action=rename&dir=%2Fhome%2Fvietnamesehotels.net%2Fpublic_html%2Fwp-content%2Fplugins%2Fwp-rocket%2Finc%2F3rd-party%2Fplugins&item=ecommerce HTTP/1.1" 200 22473 "-" "Mozilla/5.0 AppleWebKit/537.36 (KHTML, like Gecko; compatible; GPTBot/1.2; +https://openai.com/gptbot)"
162.158.163.156 - - [04/Feb/2025:01:01:29 +0700] "GET /chinh-sach-bao-mat/?dir=/home/vietnamesehotels.net/public_html&item=wp-cron.php&action=rename HTTP/1.1" 200 24884 "-" "Mozilla/5.0 (compatible; MJ12bot/v1.4.8; http://mj12bot.com/)"
162.158.162.124 - - [04/Feb/2025:01:01:29 +0700] "GET /?dir=/home/vietnamesehotels.net/public_html/wp-includes&item=class-wp-fatal-error-handler.php&action=edit HTTP/1.1" 200 24695 "-" "Mozilla/5.0 (compatible; MJ12bot/v1.4.8; http://mj12bot.com/)"
172.69.165.43 - - [04/Feb/2025:01:01:30 +0700] "GET /dan-de/"+t+"?action=chmod&dir=%2Fhome%2Fvietnamesehotels.net%2Fpublic_html%2Fwp-content%2Fplugins%2Fseo-by-rank-math%2Fassets%2Fvendor%2Fdiacritics&item=.. HTTP/1.1" 200 6325 "-" "Mozilla/5.0 AppleWebKit/537.36 (KHTML, like Gecko; compatible; GPTBot/1.2; +https://openai.com/gptbot)"
172.69.165.43 - - [04/Feb/2025:01:01:31 +0700] "GET /dan-de/"+t+"?action=chmod&dir=%2Fhome%2Fvietnamesehotels.net%2Fpublic_html%2Fwp-content%2Fplugins%2Fseo-by-rank-math%2Fassets%2Fvendor%2Fdiacritics&item=. HTTP/1.1" 200 6323 "-" "Mozilla/5.0 AppleWebKit/537.36 (KHTML, like Gecko; compatible; GPTBot/1.2; +https://openai.com/gptbot)"
162.158.163.156 - - [04/Feb/2025:01:01:32 +0700] "GET /chinh-sach-bao-mat/?dir=/home/vietnamesehotels.net/public_html&item=wp-includes&action=chmod HTTP/1.1" 200 24893 "-" "Mozilla/5.0 (compatible; MJ12bot/v1.4.8; http://mj12bot.com/)"
172.69.165.43 - - [04/Feb/2025:01:01:32 +0700] "GET /dan-de/"+t+"?action=chmod&dir=%2Fhome%2Fvietnamesehotels.net%2Fpublic_html%2Fwp-content%2Fplugins%2Fwp-rocket%2Finc%2FEngine%2FActivation&item=. HTTP/1.1" 200 6337 "-" "Mozilla/5.0 AppleWebKit/537.36 (KHTML, like Gecko; compatible; GPTBot/1.2; +https://openai.com/gptbot)"
172.69.165.43 - - [04/Feb/2025:01:01:33 +0700] "GET /dan-de/"+t+"?action=chmod&dir=%2Fhome%2Fvietnamesehotels.net%2Fpublic_html%2Fwp-content%2Fplugins%2Fwp-rocket%2Finc%2FEngine%2FActivation&item=.. HTTP/1.1" 200 6336 "-" "Mozilla/5.0 AppleWebKit/537.36 (KHTML, like Gecko; compatible; GPTBot/1.2; +https://openai.com/gptbot)"
162.158.163.140 - - [04/Feb/2025:01:01:34 +0700] "POST /wp-cron.php?doing_wp_cron=1738605694.2672710418701171875000 HTTP/1.1" 200 31 "-" "WordPress/6.7.1; https://vietnamesehotels.net"
162.158.163.156 - - [04/Feb/2025:01:01:34 +0700] "GET /chinh-sach-bao-mat/?dir=/home/vietnamesehotels.net/public_html&item=wp-includes&action=rename HTTP/1.1" 200 24893 "-" "Mozilla/5.0 (compatible; MJ12bot/v1.4.8; http://mj12bot.com/)"
172.69.165.43 - - [04/Feb/2025:01:01:34 +0700] "GET /dan-de/"+u+"?action=chmod&dir=%2Fhome%2Fvietnamesehotels.net%2Fpublic_html%2Fwp-content%2Fplugins%2Fwp-rocket%2Finc%2FThirdParty%2FHostings&item=.. HTTP/1.1" 200 7272 "-" "Mozilla/5.0 AppleWebKit/537.36 (KHTML, like Gecko; compatible; GPTBot/1.2; +https://openai.com/gptbot)"
172.69.165.43 - - [04/Feb/2025:01:01:35 +0700] "GET /dan-de/"+u+"?action=chmod&dir=%2Fhome%2Fvietnamesehotels.net%2Fpublic_html%2Fwp-content%2Fplugins%2Fwp-rocket%2Finc%2FThirdParty%2FHostings&item=. HTTP/1.1" 200 7271 "-" "Mozilla/5.0 AppleWebKit/537.36 (KHTML, like Gecko; compatible; GPTBot/1.2; +https://openai.com/gptbot)"
172.69.165.43 - - [04/Feb/2025:01:01:36 +0700] "POST /wp-cron.php?doing_wp_cron=1738605696.1492459774017333984375 HTTP/1.1" 200 31 "-" "WordPress/6.7.1; https://vietnamesehotels.net"
162.158.162.125 - - [04/Feb/2025:01:01:36 +0700] "GET /?dir=/home/vietnamesehotels.net/public_html/wp-includes&item=class-wp-feed-cache-transient.php&action=edit HTTP/1.1" 200 22794 "-" "Mozilla/5.0 (compatible; MJ12bot/v1.4.8; http://mj12bot.com/)"
172.69.165.43 - - [04/Feb/2025:01:01:36 +0700] "GET /dan-de/"+u+"?action=chmod&dir=%2Fhome%2Fvietnamesehotels.net%2Fpublic_html%2Fwp-content%2Fplugins%2Fwp-rocket%2Finc%2FDependencies%2FActionScheduler%2Flib&item=cron-expression HTTP/1.1" 200 6241 "-" "Mozilla/5.0 AppleWebKit/537.36 (KHTML, like Gecko; compatible; GPTBot/1.2; +https://openai.com/gptbot)"
162.158.163.156 - - [04/Feb/2025:01:01:37 +0700] "GET /chinh-sach-bao-mat/?dir=/home/vietnamesehotels.net/public_html&item=wp-links-opml.php&action=chmod HTTP/1.1" 200 24898 "-" "Mozilla/5.0 (compatible; MJ12bot/v1.4.8; http://mj12bot.com/)"
172.69.165.43 - - [04/Feb/2025:01:01:37 +0700] "GET /dan-de/"+u+"?action=rename&dir=%2Fhome%2Fvietnamesehotels.net%2Fpublic_html%2Fwp-content%2Fplugins%2Fwp-rocket%2Finc%2FDependencies%2FActionScheduler%2Flib&item=cron-expression HTTP/1.1" 200 6237 "-" "Mozilla/5.0 AppleWebKit/537.36 (KHTML, like Gecko; compatible; GPTBot/1.2; +https://openai.com/gptbot)"
162.158.162.124 - - [04/Feb/2025:01:01:38 +0700] "GET /?dir=/home/vietnamesehotels.net/public_html/wp-includes&item=class-wp-feed-cache-transient.php&action=rename HTTP/1.1" 200 21676 "-" "Mozilla/5.0 (compatible; MJ12bot/v1.4.8; http://mj12bot.com/)"
172.69.165.43 - - [04/Feb/2025:01:01:38 +0700] "GET /dan-de/"+u+"?action=chmod&dir=%2Fhome%2Fvietnamesehotels.net%2Fpublic_html%2Fwp-content%2Fplugins%2Fwp-rocket%2Finc%2FDependencies%2FActionScheduler%2Flib&item=.. HTTP/1.1" 200 6237 "-" "Mozilla/5.0 AppleWebKit/537.36 (KHTML, like Gecko; compatible; GPTBot/1.2; +https://openai.com/gptbot)"
162.158.163.156 - - [04/Feb/2025:01:01:39 +0700] "GET /chinh-sach-bao-mat/?dir=/home/vietnamesehotels.net/public_html&item=wp-links-opml.php&action=download HTTP/1.1" 200 1147 "-" "Mozilla/5.0 (compatible; MJ12bot/v1.4.8; http://mj12bot.com/)"
172.69.165.43 - - [04/Feb/2025:01:01:39 +0700] "GET /dan-de/"+u+"?action=chmod&dir=%2Fhome%2Fvietnamesehotels.net%2Fpublic_html%2Fwp-content%2Fplugins%2Fwp-rocket%2Finc%2FDependencies%2FActionScheduler%2Flib&item=. HTTP/1.1" 200 6236 "-" "Mozilla/5.0 AppleWebKit/537.36 (KHTML, like Gecko; compatible; GPTBot/1.2; +https://openai.com/gptbot)"
172.69.165.43 - - [04/Feb/2025:01:01:41 +0700] "GET /dan-de/"+t+"?action=chmod&dir=%2Fhome%2Fvietnamesehotels.net%2Fpublic_html%2Fwp-content%2Fplugins%2Fseo-by-rank-math%2Fincludes%2Fmodules%2Fschema&item=.. HTTP/1.1" 200 7020 "-" "Mozilla/5.0 AppleWebKit/537.36 (KHTML, like Gecko; compatible; GPTBot/1.2; +https://openai.com/gptbot)"
162.158.162.125 - - [04/Feb/2025:01:01:41 +0700] "GET /?dir=/home/vietnamesehotels.net/public_html/wp-includes&item=class-wp-feed-cache.php&action=chmod HTTP/1.1" 200 21675 "-" "Mozilla/5.0 (compatible; MJ12bot/v1.4.8; http://mj12bot.com/)"
162.158.163.156 - - [04/Feb/2025:01:01:41 +0700] "GET /chinh-sach-bao-mat/?dir=/home/vietnamesehotels.net/public_html&item=wp-links-opml.php&action=edit HTTP/1.1" 200 26016 "-" "Mozilla/5.0 (compatible; MJ12bot/v1.4.8; http://mj12bot.com/)"
172.69.165.43 - - [04/Feb/2025:01:01:42 +0700] "GET /dan-de/"+t+"?action=chmod&dir=%2Fhome%2Fvietnamesehotels.net%2Fpublic_html%2Fwp-content%2Fplugins%2Fseo-by-rank-math%2Fincludes%2Fmodules%2Fschema&item=. HTTP/1.1" 200 7019 "-" "Mozilla/5.0 AppleWebKit/537.36 (KHTML, like Gecko; compatible; GPTBot/1.2; +https://openai.com/gptbot)"
172.69.165.43 - - [04/Feb/2025:01:01:43 +0700] "GET /dan-de/"+t+"?action=rename&dir=%2Fhome%2Fvietnamesehotels.net%2Fpublic_html%2Fwp-content%2Fplugins%2Fseo-by-rank-math%2Fincludes%2Fmodules%2Fschema&item=shortcode HTTP/1.1" 200 7016 "-" "Mozilla/5.0 AppleWebKit/537.36 (KHTML, like Gecko; compatible; GPTBot/1.2; +https://openai.com/gptbot)"
172.69.165.43 - - [04/Feb/2025:01:01:44 +0700] "GET /dan-de/"+t+"?action=chmod&dir=%2Fhome%2Fvietnamesehotels.net%2Fpublic_html%2Fwp-content%2Fplugins%2Fseo-by-rank-math%2Fincludes%2Fmodules%2Fschema&item=blocks HTTP/1.1" 200 7021 "-" "Mozilla/5.0 AppleWebKit/537.36 (KHTML, like Gecko; compatible; GPTBot/1.2; +https://openai.com/gptbot)"
162.158.163.156 - - [04/Feb/2025:01:01:44 +0700] "GET /chinh-sach-bao-mat/?dir=/home/vietnamesehotels.net/public_html&item=wp-links-opml.php&action=rename HTTP/1.1" 200 24889 "-" "Mozilla/5.0 (compatible; MJ12bot/v1.4.8; http://mj12bot.com/)"
162.158.162.124 - - [04/Feb/2025:01:01:44 +0700] "GET /?dir=/home/vietnamesehotels.net/public_html/wp-includes&item=class-wp-feed-cache.php&action=edit HTTP/1.1" 200 22214 "-" "Mozilla/5.0 (compatible; MJ12bot/v1.4.8; http://mj12bot.com/)"
172.69.165.43 - - [04/Feb/2025:01:01:45 +0700] "GET /dan-de/"+t+"?action=rename&dir=%2Fhome%2Fvietnamesehotels.net%2Fpublic_html%2Fwp-content%2Fplugins%2Fseo-by-rank-math%2Fincludes%2Fmodules%2Fschema&item=views HTTP/1.1" 200 7022 "-" "Mozilla/5.0 AppleWebKit/537.36 (KHTML, like Gecko; compatible; GPTBot/1.2; +https://openai.com/gptbot)"
172.69.165.43 - - [04/Feb/2025:01:01:46 +0700] "GET /dan-de/"+t+"?action=rename&dir=%2Fhome%2Fvietnamesehotels.net%2Fpublic_html%2Fwp-content%2Fplugins%2Fseo-by-rank-math%2Fincludes%2Fmodules%2Fschema&item=blocks HTTP/1.1" 200 7022 "-" "Mozilla/5.0 AppleWebKit/537.36 (KHTML, like Gecko; compatible; GPTBot/1.2; +https://openai.com/gptbot)"
162.158.162.125 - - [04/Feb/2025:01:01:46 +0700] "GET /?dir=/home/vietnamesehotels.net/public_html/wp-includes&item=class-wp-feed-cache.php&action=rename HTTP/1.1" 200 21669 "-" "Mozilla/5.0 (compatible; MJ12bot/v1.4.8; http://mj12bot.com/)"
162.158.163.156 - - [04/Feb/2025:01:01:46 +0700] "GET /chinh-sach-bao-mat/?dir=/home/vietnamesehotels.net/public_html&item=wp-load.php&action=chmod HTTP/1.1" 200 24895 "-" "Mozilla/5.0 (compatible; MJ12bot/v1.4.8; http://mj12bot.com/)"
