162.158.162.23 - - [06/Feb/2025:01:44:28 +0700] "POST /wp-cron.php?doing_wp_cron=1738781068.6027619838714599609375 HTTP/1.1" 200 31 "-" "xBKCgwYbRgqs"
162.158.162.22 - - [06/Feb/2025:01:44:28 +0700] "GET /book/8376/8cfb0c1870288.html HTTP/1.1" 404 30080 "-" "Mozilla/5.0 (compatible; DotBot/1.2; +https://opensiteexplorer.org/dotbot; help@moz.com)"
162.158.163.117 - - [06/Feb/2025:01:44:30 +0700] "GET /book/8412/a6b465d9a1032.html HTTP/1.1" 404 30074 "-" "Mozilla/5.0 (compatible; DotBot/1.2; +https://opensiteexplorer.org/dotbot; help@moz.com)"
162.158.163.97 - - [06/Feb/2025:01:44:31 +0700] "GET /book/8417/eba1e036d9067.html HTTP/1.1" 404 30077 "-" "Mozilla/5.0 (compatible; DotBot/1.2; +https://opensiteexplorer.org/dotbot; help@moz.com)"
162.158.162.105 - - [06/Feb/2025:01:44:32 +0700] "GET /book/8464/9a4dcc0686753.html HTTP/1.1" 404 30084 "-" "Mozilla/5.0 (compatible; DotBot/1.2; +https://opensiteexplorer.org/dotbot; help@moz.com)"
162.158.162.23 - - [06/Feb/2025:01:44:33 +0700] "GET /wp-content/install.php HTTP/1.1" 200 37 "-" "GuzzleHttp/7"
162.158.163.97 - - [06/Feb/2025:01:44:33 +0700] "GET /book/8499/9fb87c634c00b.html HTTP/1.1" 404 30081 "-" "Mozilla/5.0 (compatible; DotBot/1.2; +https://opensiteexplorer.org/dotbot; help@moz.com)"
162.158.162.206 - - [06/Feb/2025:01:44:34 +0700] "GET /book/8563/e31b9df984981.html HTTP/1.1" 404 30078 "-" "Mozilla/5.0 (compatible; DotBot/1.2; +https://opensiteexplorer.org/dotbot; help@moz.com)"
162.158.163.97 - - [06/Feb/2025:01:44:35 +0700] "GET /book/8579/693d5144a0e28.html HTTP/1.1" 404 30079 "-" "Mozilla/5.0 (compatible; DotBot/1.2; +https://opensiteexplorer.org/dotbot; help@moz.com)"
172.69.165.18 - - [06/Feb/2025:01:44:36 +0700] "GET /wp-content/install.php HTTP/1.1" 200 37 "https://vietnamet.com/wp-content/install.php" "Mozilla/5.0 (Windows NT 10.0; Win64; x64) AppleWebKit/537.36 (KHTML, like Gecko) Chrome/58.0.3029.110 Safari/537.3"
162.158.162.195 - - [06/Feb/2025:01:44:36 +0700] "GET /book/8582/0abb2ad21db91.html HTTP/1.1" 404 30078 "-" "Mozilla/5.0 (compatible; DotBot/1.2; +https://opensiteexplorer.org/dotbot; help@moz.com)"
162.158.163.117 - - [06/Feb/2025:01:44:37 +0700] "GET / HTTP/1.1" 200 43292 "https://vietnamet.com" "Mozilla/5.0 (Windows NT 10.0; Win64; x64) AppleWebKit/537.36 (KHTML, like Gecko) Chrome/58.0.3029.110 Safari/537.3"
162.158.162.115 - - [06/Feb/2025:01:44:37 +0700] "GET /book/8594/860bdc7201d74.html HTTP/1.1" 404 30077 "-" "Mozilla/5.0 (compatible; DotBot/1.2; +https://opensiteexplorer.org/dotbot; help@moz.com)"
162.158.163.180 - - [06/Feb/2025:01:44:38 +0700] "GET /book/8760/336c6aad0e83d.html HTTP/1.1" 404 30073 "-" "Mozilla/5.0 (compatible; DotBot/1.2; +https://opensiteexplorer.org/dotbot; help@moz.com)"
162.158.163.90 - - [06/Feb/2025:01:44:39 +0700] "GET /book/8999/000fd244c4cd2.html HTTP/1.1" 404 30076 "-" "Mozilla/5.0 (compatible; DotBot/1.2; +https://opensiteexplorer.org/dotbot; help@moz.com)"
162.158.162.195 - - [06/Feb/2025:01:44:40 +0700] "GET /book/8999/f3f2facc52f15.html HTTP/1.1" 404 30074 "-" "Mozilla/5.0 (compatible; DotBot/1.2; +https://opensiteexplorer.org/dotbot; help@moz.com)"
162.158.163.97 - - [06/Feb/2025:01:44:40 +0700] "GET /aomenkaixuanmenguanwangzhuce/article/13567629.html?dir=%2Fhome%2Fvietnamet.com%2Fpublic_html%2Fwp-admin HTTP/1.1" 404 34151 "-" "Mozilla/5.0 (Linux; Android 5.0) AppleWebKit/537.36 (KHTML, like Gecko) Mobile Safari/537.36 (compatible; Bytespider; spider-feedback@bytedance.com)"
162.158.163.97 - - [06/Feb/2025:01:44:41 +0700] "GET /book/9013/4942d50edb147.html HTTP/1.1" 404 30077 "-" "Mozilla/5.0 (compatible; DotBot/1.2; +https://opensiteexplorer.org/dotbot; help@moz.com)"
162.158.162.206 - - [06/Feb/2025:01:44:42 +0700] "GET /book/9017/8d0efac601c46.html HTTP/1.1" 404 30081 "-" "Mozilla/5.0 (compatible; DotBot/1.2; +https://opensiteexplorer.org/dotbot; help@moz.com)"
162.158.163.166 - - [06/Feb/2025:01:44:43 +0700] "GET /book/9068/561e050f1404e.html HTTP/1.1" 404 30076 "-" "Mozilla/5.0 (compatible; DotBot/1.2; +https://opensiteexplorer.org/dotbot; help@moz.com)"
162.158.163.97 - - [06/Feb/2025:01:44:44 +0700] "GET /book/9070/1b9e38559eb49.html HTTP/1.1" 404 30075 "-" "Mozilla/5.0 (compatible; DotBot/1.2; +https://opensiteexplorer.org/dotbot; help@moz.com)"
172.69.165.18 - - [06/Feb/2025:01:44:45 +0700] "GET /book/9087/d1333a295c24c.html HTTP/1.1" 404 30071 "-" "Mozilla/5.0 (compatible; DotBot/1.2; +https://opensiteexplorer.org/dotbot; help@moz.com)"
172.69.165.19 - - [06/Feb/2025:01:44:45 +0700] "GET /13xloyj4508.html HTTP/1.1" 404 29332 "-" "Buck/2.4.2; (+https://app.hypefactors.com/media-monitoring/about.html)"
162.158.163.180 - - [06/Feb/2025:01:44:46 +0700] "GET /book/9092/49cf7bcc69308.html HTTP/1.1" 404 30076 "-" "Mozilla/5.0 (compatible; DotBot/1.2; +https://opensiteexplorer.org/dotbot; help@moz.com)"
162.158.162.50 - - [06/Feb/2025:01:44:47 +0700] "GET /book/9100/6119a271a77f5.html HTTP/1.1" 404 30070 "-" "Mozilla/5.0 (compatible; DotBot/1.2; +https://opensiteexplorer.org/dotbot; help@moz.com)"
162.158.163.97 - - [06/Feb/2025:01:44:48 +0700] "POST /wp-cron.php?doing_wp_cron=1738781088.6449730396270751953125 HTTP/1.1" 200 31 "-" "VPQKlxUTZpwI"
162.158.163.97 - - [06/Feb/2025:01:44:48 +0700] "GET /book/9131/6ec6401d4123f.html HTTP/1.1" 404 30076 "-" "Mozilla/5.0 (compatible; DotBot/1.2; +https://opensiteexplorer.org/dotbot; help@moz.com)"
162.158.162.104 - - [06/Feb/2025:01:44:50 +0700] "GET /book/9135/649cf95cc0bf8.html HTTP/1.1" 404 30074 "-" "Mozilla/5.0 (compatible; DotBot/1.2; +https://opensiteexplorer.org/dotbot; help@moz.com)"
162.158.163.97 - - [06/Feb/2025:01:44:51 +0700] "GET /book/9145/63ae6c7bdbb8d.html HTTP/1.1" 404 30075 "-" "Mozilla/5.0 (compatible; DotBot/1.2; +https://opensiteexplorer.org/dotbot; help@moz.com)"
162.158.162.50 - - [06/Feb/2025:01:44:51 +0700] "GET /wp-content/install.php HTTP/1.1" 200 37 "-" "GuzzleHttp/7"
162.158.163.117 - - [06/Feb/2025:01:44:52 +0700] "GET /book/9154/6bd069c7945ef.html HTTP/1.1" 404 30070 "-" "Mozilla/5.0 (compatible; DotBot/1.2; +https://opensiteexplorer.org/dotbot; help@moz.com)"
162.158.162.194 - - [06/Feb/2025:01:44:53 +0700] "GET /book/9159/f19626ec895ac.html HTTP/1.1" 404 30080 "-" "Mozilla/5.0 (compatible; DotBot/1.2; +https://opensiteexplorer.org/dotbot; help@moz.com)"
162.158.163.117 - - [06/Feb/2025:01:44:54 +0700] "GET /book/9166/88fc507065e53.html HTTP/1.1" 404 30076 "-" "Mozilla/5.0 (compatible; DotBot/1.2; +https://opensiteexplorer.org/dotbot; help@moz.com)"
162.158.162.23 - - [06/Feb/2025:01:44:55 +0700] "GET /book/9182/9ca144408b35a.html HTTP/1.1" 404 30077 "-" "Mozilla/5.0 (compatible; DotBot/1.2; +https://opensiteexplorer.org/dotbot; help@moz.com)"
162.158.163.97 - - [06/Feb/2025:01:44:56 +0700] "GET /book/9219/c0e3deeab6bf2.html HTTP/1.1" 404 30076 "-" "Mozilla/5.0 (compatible; DotBot/1.2; +https://opensiteexplorer.org/dotbot; help@moz.com)"
172.69.165.18 - - [06/Feb/2025:01:44:56 +0700] "GET /wp-content/install.php HTTP/1.1" 200 37 "-" "GuzzleHttp/7"
162.158.163.117 - - [06/Feb/2025:01:44:57 +0700] "GET /book/9273/a0b3975b1614d.html HTTP/1.1" 404 30080 "-" "Mozilla/5.0 (compatible; DotBot/1.2; +https://opensiteexplorer.org/dotbot; help@moz.com)"
172.69.165.18 - - [06/Feb/2025:01:44:58 +0700] "GET /wp-content/install.php HTTP/1.1" 200 37 "-" "GuzzleHttp/7"
162.158.163.117 - - [06/Feb/2025:01:44:59 +0700] "POST /wp-cron.php?doing_wp_cron=1738781099.6399259567260742187500 HTTP/1.1" 200 31 "-" "UtUDyXIq7Qc0"
162.158.163.117 - - [06/Feb/2025:01:44:59 +0700] "GET /book/9276/52a06dce8dd95.html HTTP/1.1" 404 30075 "-" "Mozilla/5.0 (compatible; DotBot/1.2; +https://opensiteexplorer.org/dotbot; help@moz.com)"
162.158.162.23 - - [06/Feb/2025:01:45:00 +0700] "GET /wp-content/install.php HTTP/1.1" 200 37 "-" "GuzzleHttp/7"
162.158.163.97 - - [06/Feb/2025:01:45:02 +0700] "GET /book/9281/1e26c0989fb40.html HTTP/1.1" 404 30079 "-" "Mozilla/5.0 (compatible; DotBot/1.2; +https://opensiteexplorer.org/dotbot; help@moz.com)"
172.69.165.18 - - [06/Feb/2025:01:45:02 +0700] "GET /wp-content/install.php HTTP/1.1" 200 37 "-" "GuzzleHttp/7"
162.158.163.97 - - [06/Feb/2025:01:45:04 +0700] "GET /book/9281/20628d5e1f30c.html HTTP/1.1" 404 30073 "-" "Mozilla/5.0 (compatible; DotBot/1.2; +https://opensiteexplorer.org/dotbot; help@moz.com)"
162.158.162.23 - - [06/Feb/2025:01:45:06 +0700] "GET /book/9295/2e7c287708965.html HTTP/1.1" 404 30066 "-" "Mozilla/5.0 (compatible; DotBot/1.2; +https://opensiteexplorer.org/dotbot; help@moz.com)"
172.69.165.18 - - [06/Feb/2025:01:45:07 +0700] "GET /wp-content/install.php HTTP/1.1" 200 37 "-" "GuzzleHttp/7"
162.158.162.105 - - [06/Feb/2025:01:45:09 +0700] "GET /book/9305/b95f1540ce442.html HTTP/1.1" 404 30077 "-" "Mozilla/5.0 (compatible; DotBot/1.2; +https://opensiteexplorer.org/dotbot; help@moz.com)"
162.158.162.114 - - [06/Feb/2025:01:45:11 +0700] "GET /book/9315/2dcde4958438b.html HTTP/1.1" 404 30067 "-" "Mozilla/5.0 (compatible; DotBot/1.2; +https://opensiteexplorer.org/dotbot; help@moz.com)"
162.158.162.23 - - [06/Feb/2025:01:45:12 +0700] "GET /wp-content/install.php HTTP/1.1" 200 37 "-" "GuzzleHttp/7"
162.158.163.117 - - [06/Feb/2025:01:45:13 +0700] "POST /wp-cron.php?doing_wp_cron=1738781113.5360639095306396484375 HTTP/1.1" 200 31 "-" "EgIBDSIwTNwe"
172.69.165.18 - - [06/Feb/2025:01:45:13 +0700] "GET /book/9323/63a945f2b53b2.html HTTP/1.1" 404 30071 "-" "Mozilla/5.0 (compatible; DotBot/1.2; +https://opensiteexplorer.org/dotbot; help@moz.com)"
162.158.162.251 - - [06/Feb/2025:01:45:13 +0700] "POST /wp-admin/admin-ajax.php?action=async_litespeed&nonce=TzSsKPKSxsKRZaneNzncvkwrruSy19zu&litespeed_type=imgoptm HTTP/1.1" 200 12361 "-" "APTwnr3UxqEp"
172.69.165.18 - - [06/Feb/2025:01:45:15 +0700] "GET /wp-content/install.php HTTP/1.1" 200 37 "-" "GuzzleHttp/7"
162.158.162.195 - - [06/Feb/2025:01:45:15 +0700] "GET /book/9350/71711aff33995.html HTTP/1.1" 404 30076 "-" "Mozilla/5.0 (compatible; DotBot/1.2; +https://opensiteexplorer.org/dotbot; help@moz.com)"
162.158.163.117 - - [06/Feb/2025:01:45:16 +0700] "GET /wp-content/install.php HTTP/1.1" 200 37 "-" "GuzzleHttp/7"
172.69.165.18 - - [06/Feb/2025:01:45:16 +0700] "POST /wp-cron.php?doing_wp_cron=1738781116.7256569862365722656250 HTTP/1.1" 200 31 "-" "czospcLg6wrK"
162.158.163.190 - - [06/Feb/2025:01:45:16 +0700] "GET /13ysjmv10796.html HTTP/1.1" 404 29331 "-" "Buck/2.4.2; (+https://app.hypefactors.com/media-monitoring/about.html)"
162.158.163.180 - - [06/Feb/2025:01:45:17 +0700] "GET / HTTP/1.1" 200 43278 "-" "Mozilla/5.0 (compatible; MJ12bot/v1.4.8; http://mj12bot.com/)"
162.158.163.117 - - [06/Feb/2025:01:45:17 +0700] "GET /book/9350/ac7c65175eff0.html HTTP/1.1" 404 30073 "-" "Mozilla/5.0 (compatible; DotBot/1.2; +https://opensiteexplorer.org/dotbot; help@moz.com)"
162.158.162.23 - - [06/Feb/2025:01:45:18 +0700] "GET /wp-content/install.php HTTP/1.1" 200 37 "-" "GuzzleHttp/7"
172.69.165.18 - - [06/Feb/2025:01:45:18 +0700] "GET /book/9378/840af5e44fd14.html HTTP/1.1" 404 30069 "-" "Mozilla/5.0 (compatible; DotBot/1.2; +https://opensiteexplorer.org/dotbot; help@moz.com)"
162.158.163.90 - - [06/Feb/2025:01:45:20 +0700] "GET /book/9408/9c4ae41bf91f4.html HTTP/1.1" 404 30077 "-" "Mozilla/5.0 (compatible; DotBot/1.2; +https://opensiteexplorer.org/dotbot; help@moz.com)"
162.158.163.117 - - [06/Feb/2025:01:45:22 +0700] "GET /book/9445/31430de3861d5.html HTTP/1.1" 404 30077 "-" "Mozilla/5.0 (compatible; DotBot/1.2; +https://opensiteexplorer.org/dotbot; help@moz.com)"
162.158.163.98 - - [06/Feb/2025:01:45:23 +0700] "GET /wp-content/install.php HTTP/1.1" 200 37 "-" "GuzzleHttp/7"
162.158.162.250 - - [06/Feb/2025:01:45:24 +0700] "POST /wp-cron.php?doing_wp_cron=1738781124.5353438854217529296875 HTTP/1.1" 200 31 "-" "uuoqL7okBamM"
162.158.163.117 - - [06/Feb/2025:01:45:24 +0700] "GET /wp-content/install.php HTTP/1.1" 200 37 "-" "GuzzleHttp/7"
162.158.163.166 - - [06/Feb/2025:01:45:24 +0700] "GET /book/9474/4f573909ffdfb.html HTTP/1.1" 404 30073 "-" "Mozilla/5.0 (compatible; DotBot/1.2; +https://opensiteexplorer.org/dotbot; help@moz.com)"
162.158.163.117 - - [06/Feb/2025:01:45:26 +0700] "GET /wp-content/install.php HTTP/1.1" 200 37 "-" "GuzzleHttp/7"
162.158.163.166 - - [06/Feb/2025:01:45:26 +0700] "GET /book/9486/c5d67c052ae95.html HTTP/1.1" 404 30075 "-" "Mozilla/5.0 (compatible; DotBot/1.2; +https://opensiteexplorer.org/dotbot; help@moz.com)"
162.158.163.98 - - [06/Feb/2025:01:45:27 +0700] "GET /wp-content/install.php HTTP/1.1" 200 37 "-" "GuzzleHttp/7"
162.158.163.98 - - [06/Feb/2025:01:45:28 +0700] "POST /wp-cron.php?doing_wp_cron=1738781128.5330080986022949218750 HTTP/1.1" 200 31 "-" "boUTDkgNt6S9"
162.158.163.117 - - [06/Feb/2025:01:45:28 +0700] "GET /book/9514/2b6f29b32684c.html HTTP/1.1" 404 30078 "-" "Mozilla/5.0 (compatible; DotBot/1.2; +https://opensiteexplorer.org/dotbot; help@moz.com)"
162.158.163.90 - - [06/Feb/2025:01:45:30 +0700] "GET /book/9543/0859a61ac2685.html HTTP/1.1" 404 30077 "-" "Mozilla/5.0 (compatible; DotBot/1.2; +https://opensiteexplorer.org/dotbot; help@moz.com)"
172.69.165.18 - - [06/Feb/2025:01:45:31 +0700] "GET /book/9643/c3bbb43a46bb4.html HTTP/1.1" 404 30068 "-" "Mozilla/5.0 (compatible; DotBot/1.2; +https://opensiteexplorer.org/dotbot; help@moz.com)"
162.158.162.22 - - [06/Feb/2025:01:45:33 +0700] "GET /wp-content/install.php HTTP/1.1" 200 37 "-" "GuzzleHttp/7"
162.158.163.179 - - [06/Feb/2025:01:45:33 +0700] "GET /book/9754/e998bb3ded4ad.html HTTP/1.1" 404 30078 "-" "Mozilla/5.0 (compatible; DotBot/1.2; +https://opensiteexplorer.org/dotbot; help@moz.com)"
162.158.162.195 - - [06/Feb/2025:01:45:34 +0700] "GET /book/9770/1aa06a4f3e306.html HTTP/1.1" 404 30080 "-" "Mozilla/5.0 (compatible; DotBot/1.2; +https://opensiteexplorer.org/dotbot; help@moz.com)"
172.69.165.18 - - [06/Feb/2025:01:45:34 +0700] "GET /aomenkaixuanmenguanwangzhuce/article/13158038.html?dir=%2F HTTP/1.1" 404 28718 "-" "Mozilla/5.0 (Linux; Android 5.0) AppleWebKit/537.36 (KHTML, like Gecko) Mobile Safari/537.36 (compatible; Bytespider; spider-feedback@bytedance.com)"
162.158.163.117 - - [06/Feb/2025:01:45:35 +0700] "GET /book/9780/fcd19936b014a.html HTTP/1.1" 404 30079 "-" "Mozilla/5.0 (compatible; DotBot/1.2; +https://opensiteexplorer.org/dotbot; help@moz.com)"
162.158.163.90 - - [06/Feb/2025:01:45:36 +0700] "GET /book/9882/eaf23a934c8f9.html HTTP/1.1" 404 30074 "-" "Mozilla/5.0 (compatible; DotBot/1.2; +https://opensiteexplorer.org/dotbot; help@moz.com)"
162.158.162.195 - - [06/Feb/2025:01:45:37 +0700] "GET /book/9883/eb94a17c4b70c.html HTTP/1.1" 404 30079 "-" "Mozilla/5.0 (compatible; DotBot/1.2; +https://opensiteexplorer.org/dotbot; help@moz.com)"
162.158.163.98 - - [06/Feb/2025:01:45:38 +0700] "GET /book/9892/2f79638f4e0f9.html HTTP/1.1" 404 30074 "-" "Mozilla/5.0 (compatible; DotBot/1.2; +https://opensiteexplorer.org/dotbot; help@moz.com)"
172.69.165.18 - - [06/Feb/2025:01:45:39 +0700] "GET /book/9970/313c5ebaa3ead.html HTTP/1.1" 404 30073 "-" "Mozilla/5.0 (compatible; DotBot/1.2; +https://opensiteexplorer.org/dotbot; help@moz.com)"
172.69.165.18 - - [06/Feb/2025:01:45:40 +0700] "GET /book/9973/b3f20bfc7ce4a.html HTTP/1.1" 404 30080 "-" "Mozilla/5.0 (compatible; DotBot/1.2; +https://opensiteexplorer.org/dotbot; help@moz.com)"
162.158.163.98 - - [06/Feb/2025:01:45:40 +0700] "GET /wp-content/install.php?id=612212 HTTP/1.1" 499 0 "-" "GuzzleHttp/7"
162.158.162.22 - - [06/Feb/2025:01:45:40 +0700] "GET /wp-content/install.php HTTP/1.1" 200 37 "-" "GuzzleHttp/7"
162.158.162.50 - - [06/Feb/2025:01:45:41 +0700] "GET /book/9992/8d25e31f639c7.html HTTP/1.1" 404 30077 "-" "Mozilla/5.0 (compatible; DotBot/1.2; +https://opensiteexplorer.org/dotbot; help@moz.com)"
162.158.163.98 - - [06/Feb/2025:01:45:42 +0700] "GET /all/id/43.html?page=6 HTTP/1.1" 301 107417 "-" "Mozilla/5.0 (compatible; DotBot/1.2; +https://opensiteexplorer.org/dotbot; help@moz.com)"
172.69.165.18 - - [06/Feb/2025:01:45:43 +0700] "GET /all/id/48.html?page=1 HTTP/1.1" 301 107416 "-" "Mozilla/5.0 (compatible; DotBot/1.2; +https://opensiteexplorer.org/dotbot; help@moz.com)"
162.158.162.22 - - [06/Feb/2025:01:45:44 +0700] "GET /all/id/4.html?page=12 HTTP/1.1" 301 107417 "-" "Mozilla/5.0 (compatible; DotBot/1.2; +https://opensiteexplorer.org/dotbot; help@moz.com)"
162.158.163.117 - - [06/Feb/2025:01:45:45 +0700] "GET /wp-content/install.php HTTP/1.1" 200 37 "-" "GuzzleHttp/7"
172.69.165.18 - - [06/Feb/2025:01:45:46 +0700] "GET /wp-content/install.php HTTP/1.1" 200 37 "-" "GuzzleHttp/7"
162.158.163.98 - - [06/Feb/2025:01:45:51 +0700] "GET /wp-content/install.php HTTP/1.1" 200 37 "-" "GuzzleHttp/7"
162.158.162.22 - - [06/Feb/2025:01:45:56 +0700] "GET /wp-content/install.php HTTP/1.1" 200 37 "-" "GuzzleHttp/7"
162.158.162.22 - - [06/Feb/2025:01:45:56 +0700] "POST /wp-cron.php?doing_wp_cron=1738781156.9697749614715576171875 HTTP/1.1" 200 31 "-" "cAgnZB9pvD7a"
172.69.165.18 - - [06/Feb/2025:01:45:57 +0700] "GET /13rhi8356.html HTTP/1.1" 404 29326 "-" "Buck/2.4.2; (+https://app.hypefactors.com/media-monitoring/about.html)"
162.158.163.118 - - [06/Feb/2025:01:46:02 +0700] "GET /wp-content/install.php HTTP/1.1" 200 37 "-" "GuzzleHttp/7"
162.158.163.118 - - [06/Feb/2025:01:46:06 +0700] "GET /wp-content/install.php HTTP/1.1" 200 37 "-" "GuzzleHttp/7"
172.69.165.73 - - [06/Feb/2025:01:46:07 +0700] "GET /wp-content/install.php HTTP/1.1" 200 37 "-" "GuzzleHttp/7"
162.158.163.118 - - [06/Feb/2025:01:46:10 +0700] "POST /wp-cron.php?doing_wp_cron=1738781170.2472651004791259765625 HTTP/1.1" 200 31 "-" "lkylH9TjRcvC"
162.158.162.22 - - [06/Feb/2025:01:46:10 +0700] "GET /all/order/hits_month+desc/id/34.html?page=9 HTTP/1.1" 301 107415 "-" "Mozilla/5.0 (compatible; DotBot/1.2; +https://opensiteexplorer.org/dotbot; help@moz.com)"
162.158.162.104 - - [06/Feb/2025:01:46:11 +0700] "GET /all/order/id+desc/id/55.html?page=6 HTTP/1.1" 301 107416 "-" "Mozilla/5.0 (compatible; DotBot/1.2; +https://opensiteexplorer.org/dotbot; help@moz.com)"
162.158.162.206 - - [06/Feb/2025:01:46:12 +0700] "GET /all/order/recommend+desc/id/49.html?page=2 HTTP/1.1" 301 107408 "-" "Mozilla/5.0 (compatible; DotBot/1.2; +https://opensiteexplorer.org/dotbot; help@moz.com)"
172.69.165.19 - - [06/Feb/2025:01:46:12 +0700] "GET /wp-content/install.php HTTP/1.1" 200 37 "-" "GuzzleHttp/7"
162.158.162.115 - - [06/Feb/2025:01:46:12 +0700] "GET /all/size/0/id/47.html?page=8 HTTP/1.1" 301 107408 "-" "Mozilla/5.0 (compatible; DotBot/1.2; +https://opensiteexplorer.org/dotbot; help@moz.com)"
172.69.165.12 - - [06/Feb/2025:01:46:13 +0700] "POST /wp-cron.php?doing_wp_cron=1738781173.6267809867858886718750 HTTP/1.1" 200 31 "-" "RTSJaStepBXY"
162.158.162.22 - - [06/Feb/2025:01:46:13 +0700] "GET /all/id/18/order/hits_week+desc.html?page=13 HTTP/1.1" 301 107407 "-" "Mozilla/5.0 (compatible; DotBot/1.2; +https://opensiteexplorer.org/dotbot; help@moz.com)"
172.69.165.12 - - [06/Feb/2025:01:46:13 +0700] "POST /wp-admin/admin-ajax.php?action=async_litespeed&nonce=Z3AY89RwrwChDZCtAtqlkwmTVdezq1Mr&litespeed_type=imgoptm HTTP/1.1" 200 12361 "-" "LNb1EC8iqrTs"
162.158.163.118 - - [06/Feb/2025:01:46:14 +0700] "GET /all/id/42/order/recommend+desc/size/3.html HTTP/1.1" 404 30085 "-" "Mozilla/5.0 (compatible; DotBot/1.2; +https://opensiteexplorer.org/dotbot; help@moz.com)"
162.158.163.118 - - [06/Feb/2025:01:46:15 +0700] "GET /all/id/43/serialize/1/size/3.html HTTP/1.1" 404 30082 "-" "Mozilla/5.0 (compatible; DotBot/1.2; +https://opensiteexplorer.org/dotbot; help@moz.com)"
162.158.163.112 - - [06/Feb/2025:01:46:16 +0700] "POST /wp-cron.php?doing_wp_cron=1738781176.6579430103302001953125 HTTP/1.1" 200 31 "-" "4ww1hWlvlV4v"
162.158.162.22 - - [06/Feb/2025:01:46:16 +0700] "GET /all/id/43/size/2/update/0.html HTTP/1.1" 404 30077 "-" "Mozilla/5.0 (compatible; DotBot/1.2; +https://opensiteexplorer.org/dotbot; help@moz.com)"
162.158.162.194 - - [06/Feb/2025:01:46:17 +0700] "GET /all/id/48/size/4/order/recommend+desc.html HTTP/1.1" 404 30074 "-" "Mozilla/5.0 (compatible; DotBot/1.2; +https://opensiteexplorer.org/dotbot; help@moz.com)"
162.158.163.118 - - [06/Feb/2025:01:46:18 +0700] "GET /wp-content/install.php HTTP/1.1" 200 37 "-" "GuzzleHttp/7"
162.158.162.194 - - [06/Feb/2025:01:46:18 +0700] "GET /all/id/51/size/0/order/id+desc.html HTTP/1.1" 404 30068 "-" "Mozilla/5.0 (compatible; DotBot/1.2; +https://opensiteexplorer.org/dotbot; help@moz.com)"
162.158.162.22 - - [06/Feb/2025:01:46:18 +0700] "GET /wp-content/install.php HTTP/1.1" 200 37 "-" "GuzzleHttp/7"
162.158.162.104 - - [06/Feb/2025:01:46:19 +0700] "GET /all/id/55/size/4/order/recommend+desc.html HTTP/1.1" 404 30065 "-" "Mozilla/5.0 (compatible; DotBot/1.2; +https://opensiteexplorer.org/dotbot; help@moz.com)"
162.158.163.89 - - [06/Feb/2025:01:46:21 +0700] "GET /all/id/58/serialize/0/size/1.html HTTP/1.1" 404 30084 "-" "Mozilla/5.0 (compatible; DotBot/1.2; +https://opensiteexplorer.org/dotbot; help@moz.com)"
162.158.163.98 - - [06/Feb/2025:01:46:23 +0700] "POST /wp-cron.php?doing_wp_cron=1738781183.5777339935302734375000 HTTP/1.1" 200 31 "-" "2EGl59OUkrsd"
162.158.162.22 - - [06/Feb/2025:01:46:23 +0700] "GET /wp-content/install.php HTTP/1.1" 200 37 "-" "GuzzleHttp/7"
162.158.162.104 - - [06/Feb/2025:01:46:23 +0700] "GET /all/order/hits+desc/size/1/id/21.html HTTP/1.1" 404 30078 "-" "Mozilla/5.0 (compatible; DotBot/1.2; +https://opensiteexplorer.org/dotbot; help@moz.com)"
162.158.162.194 - - [06/Feb/2025:01:46:25 +0700] "GET /all/order/hits_month+desc/id/22/size/0.html HTTP/1.1" 404 30078 "-" "Mozilla/5.0 (compatible; DotBot/1.2; +https://opensiteexplorer.org/dotbot; help@moz.com)"
162.158.163.131 - - [06/Feb/2025:01:46:25 +0700] "GET /wp-content/install.php HTTP/1.1" 200 37 "-" "GuzzleHttp/7"
172.69.165.63 - - [06/Feb/2025:01:46:26 +0700] "GET /wp-content/install.php HTTP/1.1" 200 37 "-" "GuzzleHttp/7"
162.158.163.98 - - [06/Feb/2025:01:46:27 +0700] "POST /wp-cron.php?doing_wp_cron=1738781187.3092300891876220703125 HTTP/1.1" 200 31 "-" "GNkUUBZLOdp4"
172.69.165.19 - - [06/Feb/2025:01:46:27 +0700] "GET /all/order/hits_month+desc/serialize/0/id/21.html HTTP/1.1" 404 30077 "-" "Mozilla/5.0 (compatible; DotBot/1.2; +https://opensiteexplorer.org/dotbot; help@moz.com)"
162.158.162.51 - - [06/Feb/2025:01:46:28 +0700] "GET /zhidingxinwen/article/13239980.html?dir=%2Fhome%2Fvietnamet.com%2Fpublic_html%2Fwp-admin HTTP/1.1" 404 34149 "-" "Mozilla/5.0 (Linux; Android 5.0) AppleWebKit/537.36 (KHTML, like Gecko) Mobile Safari/537.36 (compatible; Bytespider; spider-feedback@bytedance.com)"
162.158.162.207 - - [06/Feb/2025:01:46:28 +0700] "GET /all/order/hits_week+desc/id/45.html?page=11 HTTP/1.1" 301 107418 "-" "Mozilla/5.0 (compatible; DotBot/1.2; +https://opensiteexplorer.org/dotbot; help@moz.com)"
162.158.162.22 - - [06/Feb/2025:01:46:30 +0700] "GET /all/order/id+desc/serialize/0/id/43.html HTTP/1.1" 404 30079 "-" "Mozilla/5.0 (compatible; DotBot/1.2; +https://opensiteexplorer.org/dotbot; help@moz.com)"
162.158.162.114 - - [06/Feb/2025:01:46:31 +0700] "GET /all/order/id+desc/size/4/id/46.html HTTP/1.1" 404 30081 "-" "Mozilla/5.0 (compatible; DotBot/1.2; +https://opensiteexplorer.org/dotbot; help@moz.com)"
162.158.163.117 - - [06/Feb/2025:01:46:32 +0700] "GET /wp-content/install.php HTTP/1.1" 200 37 "-" "GuzzleHttp/7"
162.158.162.104 - - [06/Feb/2025:01:46:32 +0700] "GET /all/order/recommend+desc/id/55/serialize/1.html HTTP/1.1" 404 30077 "-" "Mozilla/5.0 (compatible; DotBot/1.2; +https://opensiteexplorer.org/dotbot; help@moz.com)"
162.158.162.22 - - [06/Feb/2025:01:46:34 +0700] "GET /all/order/update_time+desc/id/20/size/3.html HTTP/1.1" 404 30081 "-" "Mozilla/5.0 (compatible; DotBot/1.2; +https://opensiteexplorer.org/dotbot; help@moz.com)"
162.158.162.104 - - [06/Feb/2025:01:46:35 +0700] "GET /all/order/update_time+desc/id/51/size/2.html HTTP/1.1" 404 30075 "-" "Mozilla/5.0 (compatible; DotBot/1.2; +https://opensiteexplorer.org/dotbot; help@moz.com)"
162.158.162.104 - - [06/Feb/2025:01:46:36 +0700] "GET /all/serialize/0/id/18/size/4.html HTTP/1.1" 404 30072 "-" "Mozilla/5.0 (compatible; DotBot/1.2; +https://opensiteexplorer.org/dotbot; help@moz.com)"
172.69.165.19 - - [06/Feb/2025:01:46:37 +0700] "GET /wp-content/install.php HTTP/1.1" 200 37 "-" "GuzzleHttp/7"
162.158.162.195 - - [06/Feb/2025:01:46:37 +0700] "GET /all/serialize/1/id/42/size/0.html HTTP/1.1" 404 30077 "-" "Mozilla/5.0 (compatible; DotBot/1.2; +https://opensiteexplorer.org/dotbot; help@moz.com)"
162.158.163.117 - - [06/Feb/2025:01:46:38 +0700] "GET /all/size/0/order/hits_week+desc/id/22.html HTTP/1.1" 404 30082 "-" "Mozilla/5.0 (compatible; DotBot/1.2; +https://opensiteexplorer.org/dotbot; help@moz.com)"
162.158.163.117 - - [06/Feb/2025:01:46:39 +0700] "GET /all/size/0/order/hits_week+desc/id/51.html HTTP/1.1" 404 30079 "-" "Mozilla/5.0 (compatible; DotBot/1.2; +https://opensiteexplorer.org/dotbot; help@moz.com)"
162.158.163.20 - - [06/Feb/2025:01:46:40 +0700] "GET /13uavr21516.html HTTP/1.1" 404 29332 "-" "Buck/2.4.2; (+https://app.hypefactors.com/media-monitoring/about.html)"
162.158.162.114 - - [06/Feb/2025:01:46:40 +0700] "GET /all/size/1/order/hits_week+desc/id/48.html HTTP/1.1" 404 30077 "-" "Mozilla/5.0 (compatible; DotBot/1.2; +https://opensiteexplorer.org/dotbot; help@moz.com)"
172.69.165.19 - - [06/Feb/2025:01:46:41 +0700] "GET /all/size/1/order/id+desc/serialize/0.html HTTP/1.1" 404 30081 "-" "Mozilla/5.0 (compatible; DotBot/1.2; +https://opensiteexplorer.org/dotbot; help@moz.com)"
162.158.163.117 - - [06/Feb/2025:01:46:42 +0700] "GET /wp-content/install.php HTTP/1.1" 200 37 "-" "GuzzleHttp/7"
162.158.162.195 - - [06/Feb/2025:01:46:42 +0700] "GET /all/size/1/order/update_time+desc/update/0.html HTTP/1.1" 404 30082 "-" "Mozilla/5.0 (compatible; DotBot/1.2; +https://opensiteexplorer.org/dotbot; help@moz.com)"
162.158.163.166 - - [06/Feb/2025:01:46:43 +0700] "GET /wp-content/install.php HTTP/1.1" 200 37 "-" "GuzzleHttp/7"
162.158.163.98 - - [06/Feb/2025:01:46:43 +0700] "GET /all/size/3/update/0/order/hits_month+desc.html HTTP/1.1" 404 30079 "-" "Mozilla/5.0 (compatible; DotBot/1.2; +https://opensiteexplorer.org/dotbot; help@moz.com)"
172.69.165.19 - - [06/Feb/2025:01:46:44 +0700] "GET /all/update/0/serialize/0/id/51.html HTTP/1.1" 404 30088 "-" "Mozilla/5.0 (compatible; DotBot/1.2; +https://opensiteexplorer.org/dotbot; help@moz.com)"
162.158.162.23 - - [06/Feb/2025:01:46:45 +0700] "GET /list_73_3.html HTTP/1.1" 404 29350 "-" "Mozilla/5.0 (compatible; DotBot/1.2; +https://opensiteexplorer.org/dotbot; help@moz.com)"
162.158.163.166 - - [06/Feb/2025:01:46:47 +0700] "GET /sitemap-37.xml HTTP/1.1" 200 87376 "-" "Mozilla/5.0 (compatible; DotBot/1.2; +https://opensiteexplorer.org/dotbot; help@moz.com)"
172.69.165.19 - - [06/Feb/2025:01:46:48 +0700] "GET /wp-content/install.php HTTP/1.1" 200 37 "-" "GuzzleHttp/7"
162.158.162.104 - - [06/Feb/2025:01:46:51 +0700] "GET /sitemap-51.xml HTTP/1.1" 200 86128 "-" "Mozilla/5.0 (compatible; DotBot/1.2; +https://opensiteexplorer.org/dotbot; help@moz.com)"
162.158.162.23 - - [06/Feb/2025:01:46:53 +0700] "GET /wp-content/install.php HTTP/1.1" 200 37 "-" "GuzzleHttp/7"
172.69.165.19 - - [06/Feb/2025:01:46:54 +0700] "GET /wp-content/install.php HTTP/1.1" 200 37 "-" "GuzzleHttp/7"
162.158.162.23 - - [06/Feb/2025:01:46:56 +0700] "POST /wp-cron.php?doing_wp_cron=1738781216.1056220531463623046875 HTTP/1.1" 200 31 "-" "I2SMcOgcEwLt"
162.158.163.117 - - [06/Feb/2025:01:46:56 +0700] "GET /all/id/18/size/1/serialize/1/order/hits+desc.html HTTP/1.1" 404 30078 "-" "Mozilla/5.0 (compatible; DotBot/1.2; +https://opensiteexplorer.org/dotbot; help@moz.com)"
162.158.163.98 - - [06/Feb/2025:01:46:59 +0700] "GET /wp-content/install.php HTTP/1.1" 200 37 "-" "GuzzleHttp/7"
162.158.162.22 - - [06/Feb/2025:01:47:00 +0700] "POST /wp-cron.php?doing_wp_cron=1738781220.3360619544982910156250 HTTP/1.1" 200 31 "-" "NEzFSC3HMcJG"
162.158.162.23 - - [06/Feb/2025:01:47:00 +0700] "GET /?dir=/home/vietnamet.com/public_html&item=radio.php&action=chmod HTTP/1.1" 301 108590 "-" "Mozilla/5.0 (iPhone; CPU iPhone OS 13_2_3 like Mac OS X) AppleWebKit/605.1.15 (KHTML, like Gecko) Version/13.0.3 Mobile/15E148 Safari/604.1"
162.158.162.22 - - [06/Feb/2025:01:47:00 +0700] "GET /all/id/18/size/2/update/0/order/update_time+desc.html HTTP/1.1" 404 30080 "-" "Mozilla/5.0 (compatible; DotBot/1.2; +https://opensiteexplorer.org/dotbot; help@moz.com)"
172.69.165.19 - - [06/Feb/2025:01:47:01 +0700] "GET /?dir=%2Fhome%2Fvietnamet.com%2Fpublic_html&item=radio.php&action=chmod HTTP/1.1" 200 43392 "https://vietnamet.com/?dir=/home/vietnamet.com/public_html&item=radio.php&action=chmod" "Mozilla/5.0 (iPhone; CPU iPhone OS 13_2_3 like Mac OS X) AppleWebKit/605.1.15 (KHTML, like Gecko) Version/13.0.3 Mobile/15E148 Safari/604.1"
162.158.162.23 - - [06/Feb/2025:01:47:04 +0700] "GET /all/id/19/order/id+desc/size/0/serialize/1.html HTTP/1.1" 404 30077 "-" "Mozilla/5.0 (compatible; DotBot/1.2; +https://opensiteexplorer.org/dotbot; help@moz.com)"
162.158.162.29 - - [06/Feb/2025:01:47:07 +0700] "GET /wp-content/install.php?id=612212 HTTP/1.1" 499 0 "-" "GuzzleHttp/7"
162.158.162.114 - - [06/Feb/2025:01:47:07 +0700] "GET /all/id/19/size/2/serialize/0/order/update_time+desc.html HTTP/1.1" 404 30079 "-" "Mozilla/5.0 (compatible; DotBot/1.2; +https://opensiteexplorer.org/dotbot; help@moz.com)"
162.158.163.98 - - [06/Feb/2025:01:47:08 +0700] "GET /13kyfu34796.html HTTP/1.1" 404 29338 "-" "Buck/2.4.2; (+https://app.hypefactors.com/media-monitoring/about.html)"
162.158.162.51 - - [06/Feb/2025:01:47:10 +0700] "GET /all/id/19/size/4/serialize/1/order/recommend+desc.html HTTP/1.1" 404 30084 "-" "Mozilla/5.0 (compatible; DotBot/1.2; +https://opensiteexplorer.org/dotbot; help@moz.com)"
172.69.165.19 - - [06/Feb/2025:01:47:11 +0700] "GET /wp-content/install.php HTTP/1.1" 200 37 "-" "GuzzleHttp/7"
162.158.163.98 - - [06/Feb/2025:01:47:12 +0700] "GET /wp-content/install.php HTTP/1.1" 200 37 "-" "GuzzleHttp/7"
172.69.165.19 - - [06/Feb/2025:01:47:12 +0700] "GET /search/%22%20.%20esc_url(%20admin_url()%20)%20.%20%22?dir=//lib/git-core&item=git-merge-recursive&action=chmod HTTP/1.1" 200 34097 "-" "Mozilla/5.0 (compatible; MJ12bot/v1.4.8; http://mj12bot.com/)"
162.158.163.118 - - [06/Feb/2025:01:47:13 +0700] "POST /wp-cron.php?doing_wp_cron=1738781233.0790100097656250000000 HTTP/1.1" 200 31 "-" "uc2b3wgqzna0"
162.158.162.104 - - [06/Feb/2025:01:47:13 +0700] "GET /all/id/19/update/0/order/word+desc/serialize/0.html HTTP/1.1" 404 30072 "-" "Mozilla/5.0 (compatible; DotBot/1.2; +https://opensiteexplorer.org/dotbot; help@moz.com)"
162.158.162.108 - - [06/Feb/2025:01:47:13 +0700] "POST /wp-admin/admin-ajax.php?action=async_litespeed&nonce=FXLweexhMNEb60tc7s3B5qpvslgSq98h&litespeed_type=imgoptm HTTP/1.1" 200 12359 "-" "Bpnlx8JOVRtB"
162.158.163.98 - - [06/Feb/2025:01:47:13 +0700] "GET /wp-content/install.php HTTP/1.1" 200 37 "-" "GuzzleHttp/7"
162.158.162.23 - - [06/Feb/2025:01:47:14 +0700] "GET /wp-content/install.php HTTP/1.1" 200 37 "-" "GuzzleHttp/7"
172.69.165.18 - - [06/Feb/2025:01:47:15 +0700] "GET /search/%22%20.%20esc_url(%20admin_url()%20)%20.%20%22?dir=//lib/git-core&item=git-merge-recursive&action=download HTTP/1.1" 200 1527388 "-" "Mozilla/5.0 (compatible; MJ12bot/v1.4.8; http://mj12bot.com/)"
162.158.163.98 - - [06/Feb/2025:01:47:15 +0700] "GET /all/id/22/size/0/serialize/1/order/hits+desc.html HTTP/1.1" 404 30075 "-" "Mozilla/5.0 (compatible; DotBot/1.2; +https://opensiteexplorer.org/dotbot; help@moz.com)"
172.69.165.19 - - [06/Feb/2025:01:47:15 +0700] "GET /wp-content/install.php HTTP/1.1" 200 37 "-" "GuzzleHttp/7"
162.158.163.118 - - [06/Feb/2025:01:47:17 +0700] "GET /wp-content/install.php HTTP/1.1" 200 37 "-" "GuzzleHttp/7"
162.158.162.102 - - [06/Feb/2025:01:47:17 +0700] "POST /wp-cron.php?doing_wp_cron=1738781237.6191608905792236328125 HTTP/1.1" 200 31 "-" "H59Yvgo34KSa"
162.158.162.104 - - [06/Feb/2025:01:47:17 +0700] "GET /all/id/22/size/3/serialize/0/order/id+desc.html HTTP/1.1" 404 30072 "-" "Mozilla/5.0 (compatible; DotBot/1.2; +https://opensiteexplorer.org/dotbot; help@moz.com)"
162.158.163.118 - - [06/Feb/2025:01:47:19 +0700] "GET /all/id/34/order/recommend+desc/update/0/size/0.html HTTP/1.1" 404 30080 "-" "Mozilla/5.0 (compatible; DotBot/1.2; +https://opensiteexplorer.org/dotbot; help@moz.com)"
162.158.163.118 - - [06/Feb/2025:01:47:21 +0700] "GET /all/id/4/size/2/serialize/0/order/word+desc.html HTTP/1.1" 404 30082 "-" "Mozilla/5.0 (compatible; DotBot/1.2; +https://opensiteexplorer.org/dotbot; help@moz.com)"
172.69.165.18 - - [06/Feb/2025:01:47:21 +0700] "GET /search/%22%20.%20esc_url(%20admin_url()%20)%20.%20%22?dir=//lib/git-core&item=git-merge-recursive&action=edit HTTP/1.1" 200 34128 "-" "Mozilla/5.0 (compatible; MJ12bot/v1.4.8; http://mj12bot.com/)"
162.158.162.108 - - [06/Feb/2025:01:47:22 +0700] "GET /wp-content/install.php HTTP/1.1" 200 37 "-" "GuzzleHttp/7"
162.158.162.47 - - [06/Feb/2025:01:47:22 +0700] "GET /zhidingxinwen/article/13281282.html?dir=%2Fhome%2Fvietnamet.com%2Fpublic_html HTTP/1.1" 404 30080 "-" "Mozilla/5.0 (Linux; Android 5.0) AppleWebKit/537.36 (KHTML, like Gecko) Mobile Safari/537.36 (compatible; Bytespider; spider-feedback@bytedance.com)"
162.158.162.114 - - [06/Feb/2025:01:47:22 +0700] "GET /all/id/4/update/0/order/id+desc/serialize/0.html HTTP/1.1" 404 30074 "-" "Mozilla/5.0 (compatible; DotBot/1.2; +https://opensiteexplorer.org/dotbot; help@moz.com)"
162.158.162.108 - - [06/Feb/2025:01:47:23 +0700] "POST /wp-cron.php?doing_wp_cron=1738781243.5314309597015380859375 HTTP/1.1" 200 31 "-" "IfeRpM0WoaqB"
162.158.163.98 - - [06/Feb/2025:01:47:23 +0700] "GET /all/id/43/order/hits_month+desc/size/1/update/0.html HTTP/1.1" 404 30074 "-" "Mozilla/5.0 (compatible; DotBot/1.2; +https://opensiteexplorer.org/dotbot; help@moz.com)"
162.158.163.98 - - [06/Feb/2025:01:47:25 +0700] "GET /all/id/43/serialize/1/order/word+desc/size/4.html HTTP/1.1" 404 30078 "-" "Mozilla/5.0 (compatible; DotBot/1.2; +https://opensiteexplorer.org/dotbot; help@moz.com)"
172.69.165.18 - - [06/Feb/2025:01:47:26 +0700] "GET /search/%22%20.%20esc_url(%20admin_url()%20)%20.%20%22?dir=//lib/git-core&item=git-merge-recursive&action=rename HTTP/1.1" 200 34093 "-" "Mozilla/5.0 (compatible; MJ12bot/v1.4.8; http://mj12bot.com/)"
162.158.163.98 - - [06/Feb/2025:01:47:27 +0700] "GET /wp-content/install.php HTTP/1.1" 200 37 "-" "GuzzleHttp/7"
162.158.163.98 - - [06/Feb/2025:01:47:29 +0700] "POST /wp-cron.php?doing_wp_cron=1738781249.1124429702758789062500 HTTP/1.1" 200 31 "-" "lxsoMXgl4Wgj"
162.158.163.118 - - [06/Feb/2025:01:47:29 +0700] "GET /all/id/44/size/1/update/0/order/word+desc.html HTTP/1.1" 404 30085 "-" "Mozilla/5.0 (compatible; DotBot/1.2; +https://opensiteexplorer.org/dotbot; help@moz.com)"
172.69.165.18 - - [06/Feb/2025:01:47:29 +0700] "GET /search/%22%20.%20esc_url(%20admin_url()%20)%20.%20%22?dir=//lib/git-core&item=git-merge-resolve&action=chmod HTTP/1.1" 200 34095 "-" "Mozilla/5.0 (compatible; MJ12bot/v1.4.8; http://mj12bot.com/)"
172.69.165.18 - - [06/Feb/2025:01:47:31 +0700] "GET /wp-content/install.php HTTP/1.1" 200 37 "-" "GuzzleHttp/7"
162.158.163.118 - - [06/Feb/2025:01:47:31 +0700] "GET /all/id/45/size/2/serialize/1/order/update_time+desc.html HTTP/1.1" 404 30081 "-" "Mozilla/5.0 (compatible; DotBot/1.2; +https://opensiteexplorer.org/dotbot; help@moz.com)"
172.69.165.18 - - [06/Feb/2025:01:47:31 +0700] "GET /search/%22%20.%20esc_url(%20admin_url()%20)%20.%20%22?dir=//lib/git-core&item=git-merge-resolve&action=download HTTP/1.1" 200 738 "-" "Mozilla/5.0 (compatible; MJ12bot/v1.4.8; http://mj12bot.com/)"
162.158.162.22 - - [06/Feb/2025:01:47:32 +0700] "GET /wp-login.php HTTP/1.1" 404 47 "https://acsincorp.com/wp-login.php" "GRequests/0.10"
172.69.165.63 - - [06/Feb/2025:01:47:33 +0700] "GET /wp-login.php HTTP/1.1" 404 47 "https://acsincorp.com/wp-login.php" "GRequests/0.10"
172.69.165.63 - - [06/Feb/2025:01:47:33 +0700] "GET /wp-admin/ HTTP/1.1" 200 12341 "https://acsincorp.com/wp-admin/" "GRequests/0.10"
162.158.162.22 - - [06/Feb/2025:01:47:33 +0700] "GET /all/id/45/size/3/update/0/order/update_time+desc.html HTTP/1.1" 404 29940 "-" "Mozilla/5.0 (compatible; DotBot/1.2; +https://opensiteexplorer.org/dotbot; help@moz.com)"
172.69.165.18 - - [06/Feb/2025:01:47:34 +0700] "GET /search/%22%20.%20esc_url(%20admin_url()%20)%20.%20%22?dir=//lib/git-core&item=git-merge-resolve&action=edit HTTP/1.1" 200 34625 "-" "Mozilla/5.0 (compatible; MJ12bot/v1.4.8; http://mj12bot.com/)"
172.69.165.18 - - [06/Feb/2025:01:47:35 +0700] "GET /all/id/50/size/4/order/hits_week+desc/update/0.html HTTP/1.1" 404 30073 "-" "Mozilla/5.0 (compatible; DotBot/1.2; +https://opensiteexplorer.org/dotbot; help@moz.com)"
172.69.165.18 - - [06/Feb/2025:01:47:36 +0700] "GET /wp-content/install.php HTTP/1.1" 200 37 "-" "GuzzleHttp/7"
172.69.165.18 - - [06/Feb/2025:01:47:37 +0700] "GET /search/%22%20.%20esc_url(%20admin_url()%20)%20.%20%22?dir=//lib/git-core&item=git-merge-resolve&action=rename HTTP/1.1" 200 34095 "-" "Mozilla/5.0 (compatible; MJ12bot/v1.4.8; http://mj12bot.com/)"
162.158.162.114 - - [06/Feb/2025:01:47:37 +0700] "GET /all/id/51/size/2/serialize/0/order/update_time+desc.html HTTP/1.1" 404 30076 "-" "Mozilla/5.0 (compatible; DotBot/1.2; +https://opensiteexplorer.org/dotbot; help@moz.com)"
172.69.165.18 - - [06/Feb/2025:01:47:38 +0700] "GET /wp-content/install.php HTTP/1.1" 200 37 "-" "GuzzleHttp/7"
162.158.162.194 - - [06/Feb/2025:01:47:38 +0700] "GET /all/id/51/size/4/order/hits+desc/serialize/0.html HTTP/1.1" 404 30076 "-" "Mozilla/5.0 (compatible; DotBot/1.2; +https://opensiteexplorer.org/dotbot; help@moz.com)"
162.158.162.103 - - [06/Feb/2025:01:47:39 +0700] "GET /wp-content/install.php HTTP/1.1" 200 37 "-" "GuzzleHttp/7"
162.158.163.89 - - [06/Feb/2025:01:47:40 +0700] "GET /all/id/53/size/3/serialize/1/order/word+desc.html HTTP/1.1" 404 30079 "-" "Mozilla/5.0 (compatible; DotBot/1.2; +https://opensiteexplorer.org/dotbot; help@moz.com)"
162.158.163.98 - - [06/Feb/2025:01:47:40 +0700] "GET /wp-content/install.php HTTP/1.1" 200 37 "-" "GuzzleHttp/7"
172.69.165.18 - - [06/Feb/2025:01:47:40 +0700] "GET /search/%22%20.%20esc_url(%20admin_url()%20)%20.%20%22?dir=//lib/git-core&item=git-merge-subtree&action=chmod HTTP/1.1" 200 34099 "-" "Mozilla/5.0 (compatible; MJ12bot/v1.4.8; http://mj12bot.com/)"
162.158.162.114 - - [06/Feb/2025:01:47:42 +0700] "GET /all/id/55/size/1/update/0/order/hits_week+desc.html HTTP/1.1" 404 30076 "-" "Mozilla/5.0 (compatible; DotBot/1.2; +https://opensiteexplorer.org/dotbot; help@moz.com)"
172.69.165.18 - - [06/Feb/2025:01:47:43 +0700] "GET /search/%22%20.%20esc_url(%20admin_url()%20)%20.%20%22?dir=//lib/git-core&item=git-merge-subtree&action=download HTTP/1.1" 200 1527650 "-" "Mozilla/5.0 (compatible; MJ12bot/v1.4.8; http://mj12bot.com/)"
162.158.170.228 - - [06/Feb/2025:01:47:43 +0700] "GET /products/10zd634 HTTP/1.1" 200 86376 "-" "Mozilla/5.0 (Linux; Android 6.0.1; Nexus 5X Build/MMB29P) AppleWebKit/537.36 (KHTML, like Gecko) Chrome/132.0.6834.159 Mobile Safari/537.36 (compatible; Googlebot/2.1; +http://www.google.com/bot.html)"
162.158.163.117 - - [06/Feb/2025:01:47:43 +0700] "GET /all/order/hits+desc/serialize/0/id/43/size/3.html HTTP/1.1" 404 30078 "-" "Mozilla/5.0 (compatible; DotBot/1.2; +https://opensiteexplorer.org/dotbot; help@moz.com)"
162.158.162.108 - - [06/Feb/2025:01:47:43 +0700] "GET /wp-content/install.php HTTP/1.1" 200 37 "-" "GuzzleHttp/7"
162.158.162.23 - - [06/Feb/2025:01:47:44 +0700] "GET /wp-content/install.php HTTP/1.1" 200 37 "-" "GuzzleHttp/7"
162.158.163.89 - - [06/Feb/2025:01:47:45 +0700] "GET /all/order/hits+desc/serialize/1/id/19/size/2.html HTTP/1.1" 404 30076 "-" "Mozilla/5.0 (compatible; DotBot/1.2; +https://opensiteexplorer.org/dotbot; help@moz.com)"
162.158.162.194 - - [06/Feb/2025:01:47:46 +0700] "GET /all/order/hits+desc/serialize/1/id/4/size/1.html HTTP/1.1" 404 30074 "-" "Mozilla/5.0 (compatible; DotBot/1.2; +https://opensiteexplorer.org/dotbot; help@moz.com)"
162.158.163.86 - - [06/Feb/2025:01:47:46 +0700] "GET /14flpu29941.html HTTP/1.1" 404 29334 "-" "Buck/2.4.2; (+https://app.hypefactors.com/media-monitoring/about.html)"
162.158.162.23 - - [06/Feb/2025:01:47:47 +0700] "GET /wp-content/install.php HTTP/1.1" 200 37 "-" "GuzzleHttp/7"
162.158.162.114 - - [06/Feb/2025:01:47:47 +0700] "GET /all/order/hits+desc/size/2/id/55/serialize/0.html HTTP/1.1" 404 30078 "-" "Mozilla/5.0 (compatible; DotBot/1.2; +https://opensiteexplorer.org/dotbot; help@moz.com)"
172.69.165.18 - - [06/Feb/2025:01:47:48 +0700] "POST /wp-cron.php?doing_wp_cron=1738781268.6058790683746337890625 HTTP/1.1" 200 31 "-" "17tPDfRXU79o"
162.158.163.117 - - [06/Feb/2025:01:47:48 +0700] "GET /all/order/hits_week+desc/size/0/id/23/update/0.html HTTP/1.1" 404 30078 "-" "Mozilla/5.0 (compatible; DotBot/1.2; +https://opensiteexplorer.org/dotbot; help@moz.com)"
162.158.163.98 - - [06/Feb/2025:01:47:49 +0700] "GET /all/order/hits_week+desc/size/2/id/50/update/0.html HTTP/1.1" 404 30081 "-" "Mozilla/5.0 (compatible; DotBot/1.2; +https://opensiteexplorer.org/dotbot; help@moz.com)"
172.69.165.18 - - [06/Feb/2025:01:47:50 +0700] "GET /all/order/hits_week+desc/size/3/id/58/serialize/1.html HTTP/1.1" 404 30075 "-" "Mozilla/5.0 (compatible; DotBot/1.2; +https://opensiteexplorer.org/dotbot; help@moz.com)"
162.158.162.104 - - [06/Feb/2025:01:47:51 +0700] "GET /all/order/recommend+desc/update/0/id/44/serialize/1.html HTTP/1.1" 404 30079 "-" "Mozilla/5.0 (compatible; DotBot/1.2; +https://opensiteexplorer.org/dotbot; help@moz.com)"
162.158.163.117 - - [06/Feb/2025:01:47:52 +0700] "GET /wp-content/install.php HTTP/1.1" 200 37 "-" "GuzzleHttp/7"
172.69.165.18 - - [06/Feb/2025:01:47:52 +0700] "GET /all/order/word+desc/serialize/1/id/50/size/0.html HTTP/1.1" 404 30077 "-" "Mozilla/5.0 (compatible; DotBot/1.2; +https://opensiteexplorer.org/dotbot; help@moz.com)"
162.158.163.89 - - [06/Feb/2025:01:47:54 +0700] "GET /all/serialize/0/order/hits+desc/id/51/size/2.html HTTP/1.1" 404 30084 "-" "Mozilla/5.0 (compatible; DotBot/1.2; +https://opensiteexplorer.org/dotbot; help@moz.com)"
162.158.163.117 - - [06/Feb/2025:01:47:54 +0700] "GET /wp-content/install.php HTTP/1.1" 200 37 "-" "GuzzleHttp/7"
162.158.163.98 - - [06/Feb/2025:01:47:54 +0700] "GET /all/serialize/0/size/3/id/4/update/0.html HTTP/1.1" 404 30079 "-" "Mozilla/5.0 (compatible; DotBot/1.2; +https://opensiteexplorer.org/dotbot; help@moz.com)"
162.158.163.117 - - [06/Feb/2025:01:47:55 +0700] "GET /wp-content/install.php HTTP/1.1" 200 37 "-" "GuzzleHttp/7"
172.69.165.18 - - [06/Feb/2025:01:47:55 +0700] "GET /all/serialize/1/order/hits+desc/update/0/id/43.html HTTP/1.1" 404 30076 "-" "Mozilla/5.0 (compatible; DotBot/1.2; +https://opensiteexplorer.org/dotbot; help@moz.com)"
162.158.162.194 - - [06/Feb/2025:01:47:56 +0700] "GET /all/serialize/1/order/update_time+desc/id/18/size/0.html HTTP/1.1" 404 30076 "-" "Mozilla/5.0 (compatible; DotBot/1.2; +https://opensiteexplorer.org/dotbot; help@moz.com)"
162.158.163.89 - - [06/Feb/2025:01:47:57 +0700] "GET /search/%22%20.%20esc_url(%20admin_url()%20)%20.%20%22?dir=//lib/git-core&item=git-merge-subtree&action=edit HTTP/1.1" 200 34125 "-" "Mozilla/5.0 (compatible; MJ12bot/v1.4.8; http://mj12bot.com/)"
162.158.162.23 - - [06/Feb/2025:01:47:57 +0700] "GET /all/serialize/1/order/word+desc/size/0/id/19.html HTTP/1.1" 404 30077 "-" "Mozilla/5.0 (compatible; DotBot/1.2; +https://opensiteexplorer.org/dotbot; help@moz.com)"
162.158.163.19 - - [06/Feb/2025:01:47:58 +0700] "POST /wp-cron.php?doing_wp_cron=1738781278.7893140316009521484375 HTTP/1.1" 200 31 "-" "TMTE6TrIikfu"
162.158.162.23 - - [06/Feb/2025:01:47:59 +0700] "GET /all/size/0/order/update_time+desc/update/0/serialize/1.html HTTP/1.1" 404 30080 "-" "Mozilla/5.0 (compatible; DotBot/1.2; +https://opensiteexplorer.org/dotbot; help@moz.com)"
162.158.163.180 - - [06/Feb/2025:01:48:00 +0700] "GET /all/size/0/serialize/1/order/hits_month+desc/id/4.html HTTP/1.1" 404 30084 "-" "Mozilla/5.0 (compatible; DotBot/1.2; +https://opensiteexplorer.org/dotbot; help@moz.com)"
162.158.163.117 - - [06/Feb/2025:01:48:00 +0700] "GET /wp-content/install.php HTTP/1.1" 200 37 "-" "GuzzleHttp/7"
162.158.162.23 - - [06/Feb/2025:01:48:00 +0700] "GET /all/size/0/update/0/order/hits+desc/id/47.html HTTP/1.1" 404 30082 "-" "Mozilla/5.0 (compatible; DotBot/1.2; +https://opensiteexplorer.org/dotbot; help@moz.com)"
162.158.163.89 - - [06/Feb/2025:01:48:01 +0700] "GET /search/%22%20.%20esc_url(%20admin_url()%20)%20.%20%22?dir=//lib/git-core&item=git-merge-subtree&action=rename HTTP/1.1" 200 34097 "-" "Mozilla/5.0 (compatible; MJ12bot/v1.4.8; http://mj12bot.com/)"
172.69.165.18 - - [06/Feb/2025:01:48:01 +0700] "GET /all/size/1/serialize/0/order/recommend+desc/id/48.html HTTP/1.1" 404 30079 "-" "Mozilla/5.0 (compatible; DotBot/1.2; +https://opensiteexplorer.org/dotbot; help@moz.com)"
162.158.162.23 - - [06/Feb/2025:01:48:02 +0700] "GET /wp-content/install.php HTTP/1.1" 200 37 "-" "GuzzleHttp/7"
162.158.162.23 - - [06/Feb/2025:01:48:02 +0700] "GET /all/size/2/serialize/1/order/hits_week+desc/id/21.html HTTP/1.1" 404 30078 "-" "Mozilla/5.0 (compatible; DotBot/1.2; +https://opensiteexplorer.org/dotbot; help@moz.com)"
162.158.163.98 - - [06/Feb/2025:01:48:03 +0700] "GET /all/size/3/serialize/1/order/hits_month+desc/id/51.html HTTP/1.1" 404 30081 "-" "Mozilla/5.0 (compatible; DotBot/1.2; +https://opensiteexplorer.org/dotbot; help@moz.com)"
162.158.163.89 - - [06/Feb/2025:01:48:04 +0700] "GET /search/%22%20.%20esc_url(%20admin_url()%20)%20.%20%22?dir=//lib/git-core&item=git-merge-tree&action=chmod HTTP/1.1" 200 34096 "-" "Mozilla/5.0 (compatible; MJ12bot/v1.4.8; http://mj12bot.com/)"
162.158.163.89 - - [06/Feb/2025:01:48:04 +0700] "GET /all/size/3/serialize/1/order/hits_week+desc/id/42.html HTTP/1.1" 404 30077 "-" "Mozilla/5.0 (compatible; DotBot/1.2; +https://opensiteexplorer.org/dotbot; help@moz.com)"
162.158.163.117 - - [06/Feb/2025:01:48:05 +0700] "GET /all/size/4/order/recommend+desc/serialize/1/id/19.html HTTP/1.1" 404 30076 "-" "Mozilla/5.0 (compatible; DotBot/1.2; +https://opensiteexplorer.org/dotbot; help@moz.com)"
162.158.163.89 - - [06/Feb/2025:01:48:06 +0700] "GET /search/%22%20.%20esc_url(%20admin_url()%20)%20.%20%22?dir=//lib/git-core&item=git-merge-tree&action=download HTTP/1.1" 200 1527650 "-" "Mozilla/5.0 (compatible; MJ12bot/v1.4.8; http://mj12bot.com/)"
162.158.163.89 - - [06/Feb/2025:01:48:06 +0700] "GET /all/update/0/order/hits_week+desc/size/3/id/50.html HTTP/1.1" 404 30078 "-" "Mozilla/5.0 (compatible; DotBot/1.2; +https://opensiteexplorer.org/dotbot; help@moz.com)"
162.158.162.51 - - [06/Feb/2025:01:48:07 +0700] "GET /all/update/0/order/word+desc/size/2/id/4.html HTTP/1.1" 404 30087 "-" "Mozilla/5.0 (compatible; DotBot/1.2; +https://opensiteexplorer.org/dotbot; help@moz.com)"
162.158.163.117 - - [06/Feb/2025:01:48:09 +0700] "GET /all/update/0/order/word+desc/size/4/id/43.html HTTP/1.1" 404 30081 "-" "Mozilla/5.0 (compatible; DotBot/1.2; +https://opensiteexplorer.org/dotbot; help@moz.com)"
162.158.163.117 - - [06/Feb/2025:01:48:09 +0700] "GET /wp-content/install.php HTTP/1.1" 200 37 "-" "GuzzleHttp/7"
162.158.163.19 - - [06/Feb/2025:01:48:10 +0700] "GET /search/%22%20.%20esc_url(%20admin_url()%20)%20.%20%22?dir=//lib/git-core&item=git-merge-tree&action=edit HTTP/1.1" 200 34123 "-" "Mozilla/5.0 (compatible; MJ12bot/v1.4.8; http://mj12bot.com/)"
172.69.165.18 - - [06/Feb/2025:01:48:10 +0700] "GET /search/Mo+Xi+Ke.html?keyword=Mo&page=4 HTTP/1.1" 200 27176 "-" "Mozilla/5.0 (compatible; DotBot/1.2; +https://opensiteexplorer.org/dotbot; help@moz.com)"
162.158.163.98 - - [06/Feb/2025:01:48:10 +0700] "GET /wp-content/install.php HTTP/1.1" 200 37 "-" "GuzzleHttp/7"
162.158.162.47 - - [06/Feb/2025:01:48:14 +0700] "POST /wp-cron.php?doing_wp_cron=1738781294.3274281024932861328125 HTTP/1.1" 200 31 "-" "xTcPI5sYOl9U"
162.158.163.117 - - [06/Feb/2025:01:48:14 +0700] "GET /wp-content/install.php HTTP/1.1" 200 37 "https://vietnamet.com/wp-content/install.php" "Mozilla/5.0 (Windows NT 10.0; Win64; x64) AppleWebKit/537.36 (KHTML, like Gecko) Chrome/58.0.3029.110 Safari/537.3"
162.158.162.105 - - [06/Feb/2025:01:48:14 +0700] "GET /14hibx42141.html HTTP/1.1" 404 29335 "-" "Buck/2.4.2; (+https://app.hypefactors.com/media-monitoring/about.html)"
162.158.163.98 - - [06/Feb/2025:01:48:14 +0700] "POST /wp-admin/admin-ajax.php?action=async_litespeed&nonce=0EGEJxSvzLPT3PQOAAatTuJRIYgPH7dA&litespeed_type=imgoptm HTTP/1.1" 200 12361 "-" "f35V25rCW3Ga"
162.158.163.98 - - [06/Feb/2025:01:48:15 +0700] "GET /wp-content/install.php HTTP/1.1" 200 37 "-" "GuzzleHttp/7"
162.158.163.98 - - [06/Feb/2025:01:48:16 +0700] "GET /aomenkaixuanmenguanwangzhuce/article/13321828.html?dir=%2Fhome%2Fvietnamet.com%2Fpublic_html%2Fca01a HTTP/1.1" 404 27624 "-" "Mozilla/5.0 (Linux; Android 5.0) AppleWebKit/537.36 (KHTML, like Gecko) Mobile Safari/537.36 (compatible; Bytespider; spider-feedback@bytedance.com)"
162.158.162.23 - - [06/Feb/2025:01:48:16 +0700] "POST /wp-cron.php?doing_wp_cron=1738781296.3779859542846679687500 HTTP/1.1" 200 31 "-" "LaosLbDZM3y9"
162.158.163.98 - - [06/Feb/2025:01:48:16 +0700] "GET / HTTP/1.1" 200 43275 "https://vietnamet.com" "Mozilla/5.0 (Windows NT 10.0; Win64; x64) AppleWebKit/537.36 (KHTML, like Gecko) Chrome/58.0.3029.110 Safari/537.3"
162.158.163.117 - - [06/Feb/2025:01:48:16 +0700] "GET /wp-content/install.php HTTP/1.1" 200 37 "-" "GuzzleHttp/7"
162.158.162.23 - - [06/Feb/2025:01:48:21 +0700] "GET /wp-content/install.php HTTP/1.1" 200 37 "-" "GuzzleHttp/7"
172.69.165.19 - - [06/Feb/2025:01:48:23 +0700] "GET /wp-content/install.php HTTP/1.1" 200 37 "-" "GuzzleHttp/7"
172.69.165.19 - - [06/Feb/2025:01:48:25 +0700] "POST /wp-cron.php?doing_wp_cron=1738781305.7203979492187500000000 HTTP/1.1" 200 31 "-" "BYOs7A6AtSQk"
162.158.163.20 - - [06/Feb/2025:01:48:25 +0700] "GET /search/%22%20.%20esc_url(%20admin_url()%20)%20.%20%22?dir=//lib/git-core&item=git-merge-tree&action=rename HTTP/1.1" 200 34092 "-" "Mozilla/5.0 (compatible; MJ12bot/v1.4.8; http://mj12bot.com/)"
162.158.163.154 - - [06/Feb/2025:01:48:28 +0700] "GET /wp-content/install.php HTTP/1.1" 200 37 "-" "GuzzleHttp/7"
