162.158.163.97 - - [06/Feb/2025:01:20:08 +0700] "GET /search/%22%20.%20esc_url(%20admin_url()%20)%20.%20%22?dir=//boot&item=vmlinuz-5.4.0-205-generic&action=download HTTP/1.1" 302 336 "-" "Mozilla/5.0 (compatible; MJ12bot/v1.4.8; http://mj12bot.com/)"
162.158.163.97 - - [06/Feb/2025:01:20:09 +0700] "POST /wp-cron.php?doing_wp_cron=1738779609.1843509674072265625000 HTTP/1.1" 200 31 "-" "IbI6AVRBVITr"
162.158.163.179 - - [06/Feb/2025:01:20:09 +0700] "GET /?dir=/home/vietnamet.com/public_html/wp-includes/js/tinymce/skins/lightgray/img&item=trans.gif&action=chmod HTTP/1.1" 301 41349 "-" "Mozilla/5.0 (compatible; MJ12bot/v1.4.8; http://mj12bot.com/)"
172.69.165.19 - - [06/Feb/2025:01:20:13 +0700] "POST /wp-cron.php?doing_wp_cron=1738779613.9395010471343994140625 HTTP/1.1" 200 31 "-" "awp9IxC7Cm9J"
162.158.163.118 - - [06/Feb/2025:01:20:14 +0700] "GET / HTTP/1.1" 200 43285 "-" "Mozilla/5.0 (Windows NT 10.0; Win64; x64) AppleWebKit/537.36 (KHTML, like Gecko) Chrome/118.0.0.0 Safari/537.36"
162.158.162.104 - - [06/Feb/2025:01:20:14 +0700] "GET /?dir=%2Fhome%2Fvietnamet.com%2Fpublic_html%2Fwp-includes%2Fjs%2Ftinymce%2Fskins%2Flightgray%2Fimg&item=trans.gif&action=chmod HTTP/1.1" 200 41403 "-" "Mozilla/5.0 (compatible; MJ12bot/v1.4.8; http://mj12bot.com/)"
172.69.165.53 - - [06/Feb/2025:01:20:14 +0700] "POST /wp-admin/admin-ajax.php?action=async_litespeed&nonce=1j1ZhzPLNAqvCf9kwhe3zrMnHsbeaNnS&litespeed_type=imgoptm HTTP/1.1" 200 12360 "-" "IgGxcwgtrRUO"
162.158.163.86 - - [06/Feb/2025:01:20:23 +0700] "POST /wp-cron.php?doing_wp_cron=1738779623.3965458869934082031250 HTTP/1.1" 200 31 "-" "iALU8vJmY6oy"
162.158.163.98 - - [06/Feb/2025:01:20:23 +0700] "GET /search/%22%20.%20esc_url(%20admin_url()%20)%20.%20%22?dir=//boot&item=vmlinuz.old&action=edit HTTP/1.1" 200 25807 "-" "Mozilla/5.0 (compatible; MJ12bot/v1.4.8; http://mj12bot.com/)"
162.158.162.104 - - [06/Feb/2025:01:20:26 +0700] "GET /?dir=/home/vietnamet.com/public_html/wp-includes/js/tinymce/skins/lightgray/img&item=trans.gif&action=download HTTP/1.1" 200 305 "-" "Mozilla/5.0 (compatible; MJ12bot/v1.4.8; http://mj12bot.com/)"
172.69.165.13 - - [06/Feb/2025:01:20:26 +0700] "GET /zhidingxinwen/article/13527194.html?dir=%2F HTTP/1.1" 404 28718 "-" "Mozilla/5.0 (Linux; Android 5.0) AppleWebKit/537.36 (KHTML, like Gecko) Mobile Safari/537.36 (compatible; Bytespider; spider-feedback@bytedance.com)"
162.158.163.117 - - [06/Feb/2025:01:20:27 +0700] "POST /wp-cron.php?doing_wp_cron=1738779627.9712069034576416015625 HTTP/1.1" 200 31 "-" "UK72D7SZBxWJ"
162.158.163.98 - - [06/Feb/2025:01:20:28 +0700] "GET /search/%22%20.%20esc_url(%20admin_url()%20)%20.%20%22?dir=//dev&item=block&action=chmod HTTP/1.1" 200 25825 "-" "Mozilla/5.0 (compatible; MJ12bot/v1.4.8; http://mj12bot.com/)"
162.158.162.104 - - [06/Feb/2025:01:20:29 +0700] "GET /?dir=/home/vietnamet.com/public_html/wp-includes/js/tinymce/skins/lightgray/img&item=trans.gif&action=edit HTTP/1.1" 301 41507 "-" "Mozilla/5.0 (compatible; MJ12bot/v1.4.8; http://mj12bot.com/)"
162.158.163.98 - - [06/Feb/2025:01:20:32 +0700] "GET /search/%22%20.%20esc_url(%20admin_url()%20)%20.%20%22?dir=//dev&item=bsg&action=chmod HTTP/1.1" 200 25821 "-" "Mozilla/5.0 (compatible; MJ12bot/v1.4.8; http://mj12bot.com/)"
162.158.162.108 - - [06/Feb/2025:01:20:37 +0700] "GET /4dlgh21943.html HTTP/1.1" 404 29330 "-" "Buck/2.4.2; (+https://app.hypefactors.com/media-monitoring/about.html)"
172.69.165.19 - - [06/Feb/2025:01:20:37 +0700] "GET /?dir=%2Fhome%2Fvietnamet.com%2Fpublic_html%2Fwp-includes%2Fjs%2Ftinymce%2Fskins%2Flightgray%2Fimg&item=trans.gif&action=edit HTTP/1.1" 200 41433 "-" "Mozilla/5.0 (compatible; MJ12bot/v1.4.8; http://mj12bot.com/)"
162.158.162.114 - - [06/Feb/2025:01:20:38 +0700] "GET /keo-malaysia/feed/ HTTP/1.1" 200 108257 "-" "Mozilla/5.0 (compatible; AhrefsBot/7.0; +http://ahrefs.com/robot/)"
172.69.165.19 - - [06/Feb/2025:01:20:41 +0700] "GET /p/blog-page_5.html?m=1 HTTP/1.1" 404 29342 "-" "Mozilla/5.0 (compatible; DotBot/1.2; +https://opensiteexplorer.org/dotbot; help@moz.com)"
162.158.162.22 - - [06/Feb/2025:01:20:51 +0700] "POST /wp-cron.php?doing_wp_cron=1738779651.6812169551849365234375 HTTP/1.1" 200 31 "-" "9KXJEEAAAwNM"
162.158.162.22 - - [06/Feb/2025:01:20:51 +0700] "GET /?dir=/home/vietnamet.com/public_html/wp-includes/js/tinymce/skins/lightgray/img&item=trans.gif&action=rename HTTP/1.1" 301 41352 "-" "Mozilla/5.0 (compatible; MJ12bot/v1.4.8; http://mj12bot.com/)"
162.158.163.97 - - [06/Feb/2025:01:20:57 +0700] "GET /search/%22%20.%20esc_url(%20admin_url()%20)%20.%20%22?dir=//dev&item=net&action=rename HTTP/1.1" 200 25819 "-" "Mozilla/5.0 (compatible; MJ12bot/v1.4.8; http://mj12bot.com/)"
172.69.165.19 - - [06/Feb/2025:01:20:58 +0700] "POST /wp-cron.php?doing_wp_cron=1738779658.7547430992126464843750 HTTP/1.1" 200 31 "-" "Ppx2eUgMxczc"
162.158.163.97 - - [06/Feb/2025:01:20:59 +0700] "GET /?dir=%2Fhome%2Fvietnamet.com%2Fpublic_html%2Fwp-includes%2Fjs%2Ftinymce%2Fskins%2Flightgray%2Fimg&item=trans.gif&action=rename HTTP/1.1" 200 41407 "-" "Mozilla/5.0 (compatible; MJ12bot/v1.4.8; http://mj12bot.com/)"
162.158.162.19 - - [06/Feb/2025:01:21:08 +0700] "GET /5kmk5950.html HTTP/1.1" 404 29331 "-" "Buck/2.4.2; (+https://app.hypefactors.com/media-monitoring/about.html)"
162.158.162.114 - - [06/Feb/2025:01:21:09 +0700] "GET /wp-content/install.php HTTP/1.1" 499 0 "https://vietnamet.com/wp-content/install.php" "Mozilla/5.0 (Windows NT 10.0; Win64; x64) AppleWebKit/537.36 (KHTML, like Gecko) Chrome/58.0.3029.110 Safari/537.3"
162.158.163.118 - - [06/Feb/2025:01:21:09 +0700] "GET / HTTP/1.1" 200 43284 "https://vietnamet.com" "Mozilla/5.0 (Windows NT 10.0; Win64; x64) AppleWebKit/537.36 (KHTML, like Gecko) Chrome/58.0.3029.110 Safari/537.3"
162.158.162.250 - - [06/Feb/2025:01:21:09 +0700] "GET /wp-content/install.php HTTP/1.1" 200 37 "-" "GuzzleHttp/7"
162.158.162.74 - - [06/Feb/2025:01:21:10 +0700] "GET /wp-content/install.php HTTP/1.1" 200 37 "-" "GuzzleHttp/7"
162.158.163.154 - - [06/Feb/2025:01:21:12 +0700] "GET /wp-content/install.php HTTP/1.1" 200 37 "-" "GuzzleHttp/7"
162.158.162.109 - - [06/Feb/2025:01:21:13 +0700] "GET /wp-content/install.php HTTP/1.1" 200 37 "-" "GuzzleHttp/7"
162.158.162.29 - - [06/Feb/2025:01:21:13 +0700] "POST /wp-cron.php?doing_wp_cron=1738779673.2918601036071777343750 HTTP/1.1" 200 31 "-" "5gh2qvUnqX7p"
162.158.163.97 - - [06/Feb/2025:01:21:13 +0700] "GET /search/%22%20.%20esc_url(%20admin_url()%20)%20.%20%22?dir=//dev/mqueue HTTP/1.1" 200 24581 "-" "Mozilla/5.0 (compatible; MJ12bot/v1.4.8; http://mj12bot.com/)"
172.69.165.18 - - [06/Feb/2025:01:21:13 +0700] "POST /wp-admin/admin-ajax.php?action=async_litespeed&nonce=tF3DG2cdGUI4XFu1H2D8utIK6zclCKoV&litespeed_type=imgoptm HTTP/1.1" 200 12360 "-" "QP43I2euC7L7"
162.158.163.118 - - [06/Feb/2025:01:21:15 +0700] "GET /search/%22%20.%20esc_url(%20admin_url()%20)%20.%20%22?dir=//dev/net HTTP/1.1" 200 24562 "-" "Mozilla/5.0 (compatible; MJ12bot/v1.4.8; http://mj12bot.com/)"
162.158.163.118 - - [06/Feb/2025:01:21:18 +0700] "GET /wp-content/install.php HTTP/1.1" 200 37 "-" "GuzzleHttp/7"
162.158.163.118 - - [06/Feb/2025:01:21:19 +0700] "GET /wp-content/install.php HTTP/1.1" 200 37 "-" "GuzzleHttp/7"
162.158.163.97 - - [06/Feb/2025:01:21:20 +0700] "POST /wp-cron.php?doing_wp_cron=1738779680.2009348869323730468750 HTTP/1.1" 200 31 "-" "JALaUFkmtXO6"
162.158.163.97 - - [06/Feb/2025:01:21:20 +0700] "GET /search/%22%20.%20esc_url(%20admin_url()%20)%20.%20%22?dir=//dev/shm HTTP/1.1" 200 24572 "-" "Mozilla/5.0 (compatible; MJ12bot/v1.4.8; http://mj12bot.com/)"
172.69.165.52 - - [06/Feb/2025:01:21:20 +0700] "GET /huanjing/article/13936612.html?dir=%2Fhome%2Fvietnamet.com%2Fpublic_html%2Fwp-admin HTTP/1.1" 404 34150 "-" "Mozilla/5.0 (Linux; Android 5.0) AppleWebKit/537.36 (KHTML, like Gecko) Mobile Safari/537.36 (compatible; Bytespider; spider-feedback@bytedance.com)"
162.158.163.118 - - [06/Feb/2025:01:21:24 +0700] "GET /wp-content/install.php HTTP/1.1" 200 37 "-" "GuzzleHttp/7"
172.69.165.18 - - [06/Feb/2025:01:21:25 +0700] "GET /wp-content/install.php HTTP/1.1" 200 37 "-" "GuzzleHttp/7"
172.69.165.18 - - [06/Feb/2025:01:21:25 +0700] "POST /wp-cron.php?doing_wp_cron=1738779685.8635489940643310546875 HTTP/1.1" 200 31 "-" "CxBZUxN1ZoRL"
162.158.163.97 - - [06/Feb/2025:01:21:25 +0700] "GET /?dir=/home/vietnamet.com/public_html/wp-includes/js/tinymce/skins/wordpress/images&item=.&action=chmod HTTP/1.1" 301 66004 "-" "Mozilla/5.0 (compatible; MJ12bot/v1.4.8; http://mj12bot.com/)"
162.158.162.22 - - [06/Feb/2025:01:21:26 +0700] "GET /wp-content/install.php HTTP/1.1" 200 37 "-" "GuzzleHttp/7"
162.158.163.118 - - [06/Feb/2025:01:21:27 +0700] "GET /wp-content/install.php HTTP/1.1" 200 37 "-" "GuzzleHttp/7"
172.69.165.52 - - [06/Feb/2025:01:21:28 +0700] "POST /wp-cron.php?doing_wp_cron=1738779688.4201118946075439453125 HTTP/1.1" 200 31 "-" "IxLvkdYKq0XX"
162.158.163.97 - - [06/Feb/2025:01:21:28 +0700] "GET /link-vao-i9bet/?dir=/home/vietnamet.com/public_html/wp-content&item=upgrade-temp-backup&action=rename HTTP/1.1" 200 75839 "-" "Mozilla/5.0 (compatible; MJ12bot/v1.4.8; http://mj12bot.com/)"
162.158.163.97 - - [06/Feb/2025:01:21:31 +0700] "GET /link-vao-i9bet/?dir=/home/vietnamet.com/public_html/wp-content/ai1wm-backups HTTP/1.1" 200 74294 "-" "Mozilla/5.0 (compatible; MJ12bot/v1.4.8; http://mj12bot.com/)"
172.69.165.18 - - [06/Feb/2025:01:21:33 +0700] "GET /wp-content/install.php HTTP/1.1" 200 37 "-" "GuzzleHttp/7"
162.158.163.118 - - [06/Feb/2025:01:21:33 +0700] "GET /wp-content/install.php HTTP/1.1" 200 37 "-" "GuzzleHttp/7"
162.158.163.97 - - [06/Feb/2025:01:21:34 +0700] "GET /link-vao-i9bet/?dir=/home/vietnamet.com/public_html/wp-content/themes HTTP/1.1" 200 74605 "-" "Mozilla/5.0 (compatible; MJ12bot/v1.4.8; http://mj12bot.com/)"
162.158.163.19 - - [06/Feb/2025:01:21:35 +0700] "GET /5rznzt31238.html HTTP/1.1" 404 29332 "-" "Buck/2.4.2; (+https://app.hypefactors.com/media-monitoring/about.html)"
162.158.162.207 - - [06/Feb/2025:01:21:37 +0700] "GET /?dir=%2Fhome%2Fvietnamet.com%2Fpublic_html%2Fwp-includes%2Fjs%2Ftinymce%2Fskins%2Fwordpress%2Fimages&item=.&action=chmod HTTP/1.1" 200 41973 "-" "Mozilla/5.0 (compatible; MJ12bot/v1.4.8; http://mj12bot.com/)"
172.69.165.18 - - [06/Feb/2025:01:21:39 +0700] "GET /wp-content/install.php HTTP/1.1" 200 37 "-" "GuzzleHttp/7"
162.158.163.97 - - [06/Feb/2025:01:21:44 +0700] "GET /wp-content/install.php HTTP/1.1" 200 37 "-" "GuzzleHttp/7"
162.158.162.22 - - [06/Feb/2025:01:21:45 +0700] "GET /wp-content/install.php HTTP/1.1" 200 37 "-" "GuzzleHttp/7"
172.69.165.18 - - [06/Feb/2025:01:21:46 +0700] "GET /wp-content/install.php HTTP/1.1" 200 37 "-" "GuzzleHttp/7"
162.158.163.85 - - [06/Feb/2025:01:21:47 +0700] "GET /wp-content/install.php HTTP/1.1" 200 37 "-" "GuzzleHttp/7"
162.158.163.189 - - [06/Feb/2025:01:21:48 +0700] "POST /wp-cron.php?doing_wp_cron=1738779708.7202320098876953125000 HTTP/1.1" 200 31 "-" "iqGxe4KDwr4l"
162.158.162.22 - - [06/Feb/2025:01:21:48 +0700] "GET /wp-content/install.php HTTP/1.1" 200 37 "-" "GuzzleHttp/7"
162.158.163.97 - - [06/Feb/2025:01:21:49 +0700] "GET /search/%22%20.%20esc_url(%20admin_url()%20)%20.%20%22?dir=//boot&item=System.map-5.4.0-205-generic&action=edit HTTP/1.1" 200 25819 "-" "Mozilla/5.0 (compatible; MJ12bot/v1.4.8; http://mj12bot.com/)"
172.69.165.18 - - [06/Feb/2025:01:21:49 +0700] "GET /wp-content/install.php HTTP/1.1" 200 37 "-" "GuzzleHttp/7"
162.158.163.97 - - [06/Feb/2025:01:21:52 +0700] "GET /search/%22%20.%20esc_url(%20admin_url()%20)%20.%20%22?dir=//boot&item=config-5.4.0-204-generic&action=rename HTTP/1.1" 200 25766 "-" "Mozilla/5.0 (compatible; MJ12bot/v1.4.8; http://mj12bot.com/)"
162.158.163.117 - - [06/Feb/2025:01:21:55 +0700] "GET /wp-content/install.php HTTP/1.1" 200 37 "-" "GuzzleHttp/7"
162.158.162.206 - - [06/Feb/2025:01:21:56 +0700] "GET /?dir=/home/vietnamet.com/public_html/wp-includes/js/tinymce/skins/wordpress/images&item=..&action=chmod HTTP/1.1" 301 66007 "-" "Mozilla/5.0 (compatible; MJ12bot/v1.4.8; http://mj12bot.com/)"
162.158.163.97 - - [06/Feb/2025:01:21:58 +0700] "GET /novel/1016.html HTTP/1.1" 404 29348 "-" "Mozilla/5.0 (compatible; DotBot/1.2; +https://opensiteexplorer.org/dotbot; help@moz.com)"
162.158.163.98 - - [06/Feb/2025:01:21:58 +0700] "GET /search/%22%20.%20esc_url(%20admin_url()%20)%20.%20%22?dir=//boot&item=initrd.img-5.4.0-204-generic&action=download HTTP/1.1" 500 0 "-" "Mozilla/5.0 (compatible; MJ12bot/v1.4.8; http://mj12bot.com/)"
162.158.163.118 - - [06/Feb/2025:01:22:01 +0700] "POST /wp-cron.php?doing_wp_cron=1738779721.7039740085601806640625 HTTP/1.1" 200 31 "-" "m27giJxiB6sK"
162.158.163.117 - - [06/Feb/2025:01:22:01 +0700] "GET /?dir=%2Fhome%2Fvietnamet.com%2Fpublic_html%2Fwp-includes%2Fjs%2Ftinymce%2Fskins%2Fwordpress%2Fimages&item=..&action=chmod HTTP/1.1" 200 41972 "-" "Mozilla/5.0 (compatible; MJ12bot/v1.4.8; http://mj12bot.com/)"
162.158.163.118 - - [06/Feb/2025:01:22:03 +0700] "GET /novel/4529.html HTTP/1.1" 404 29345 "-" "Mozilla/5.0 (compatible; DotBot/1.2; +https://opensiteexplorer.org/dotbot; help@moz.com)"
162.158.162.206 - - [06/Feb/2025:01:22:07 +0700] "GET /novel/6010.html HTTP/1.1" 404 29338 "-" "Mozilla/5.0 (compatible; DotBot/1.2; +https://opensiteexplorer.org/dotbot; help@moz.com)"
162.158.163.97 - - [06/Feb/2025:01:22:10 +0700] "GET /search/%22%20.%20esc_url(%20admin_url()%20)%20.%20%22?dir=//boot&item=initrd.img.old&action=rename HTTP/1.1" 200 25762 "-" "Mozilla/5.0 (compatible; MJ12bot/v1.4.8; http://mj12bot.com/)"
162.158.162.115 - - [06/Feb/2025:01:22:10 +0700] "GET /novel/6251.html HTTP/1.1" 404 29341 "-" "Mozilla/5.0 (compatible; DotBot/1.2; +https://opensiteexplorer.org/dotbot; help@moz.com)"
162.158.162.23 - - [06/Feb/2025:01:22:13 +0700] "POST /wp-cron.php?doing_wp_cron=1738779733.2076489925384521484375 HTTP/1.1" 200 31 "-" "H58PzyUALkMs"
162.158.162.105 - - [06/Feb/2025:01:22:13 +0700] "GET /novel/6338.html HTTP/1.1" 404 29340 "-" "Mozilla/5.0 (compatible; DotBot/1.2; +https://opensiteexplorer.org/dotbot; help@moz.com)"
162.158.162.23 - - [06/Feb/2025:01:22:13 +0700] "POST /wp-admin/admin-ajax.php?action=async_litespeed&nonce=8rw5pl8zqkXCHbTf8kRM3UpYH9H2x8hZ&litespeed_type=imgoptm HTTP/1.1" 200 12361 "-" "280tPvp2DaLo"
162.158.162.23 - - [06/Feb/2025:01:22:14 +0700] "GET /shichang/article/11736398.html?dir=%2Fhome%2Fvietnamet.com%2Fpublic_html HTTP/1.1" 404 30066 "-" "Mozilla/5.0 (Linux; Android 5.0) AppleWebKit/537.36 (KHTML, like Gecko) Mobile Safari/537.36 (compatible; Bytespider; spider-feedback@bytedance.com)"
162.158.163.165 - - [06/Feb/2025:01:22:14 +0700] "GET /?dir=/home/vietnamet.com/public_html/wp-includes/js/tinymce/skins/wordpress/images&item=audio.png&action=chmod HTTP/1.1" 301 66019 "-" "Mozilla/5.0 (compatible; MJ12bot/v1.4.8; http://mj12bot.com/)"
162.158.163.97 - - [06/Feb/2025:01:22:15 +0700] "GET /novel/6660.html HTTP/1.1" 404 29343 "-" "Mozilla/5.0 (compatible; DotBot/1.2; +https://opensiteexplorer.org/dotbot; help@moz.com)"
162.158.163.117 - - [06/Feb/2025:01:22:16 +0700] "POST /wp-cron.php?doing_wp_cron=1738779736.6766009330749511718750 HTTP/1.1" 200 31 "-" "3JYe7ra2USDc"
162.158.163.223 - - [06/Feb/2025:01:22:16 +0700] "GET /5bbsab13732.html HTTP/1.1" 404 29328 "-" "Buck/2.4.2; (+https://app.hypefactors.com/media-monitoring/about.html)"
162.158.163.97 - - [06/Feb/2025:01:22:18 +0700] "GET /novel/8544.html HTTP/1.1" 404 29343 "-" "Mozilla/5.0 (compatible; DotBot/1.2; +https://opensiteexplorer.org/dotbot; help@moz.com)"
162.158.163.97 - - [06/Feb/2025:01:22:21 +0700] "GET /search/%22%20.%20esc_url(%20admin_url()%20)%20.%20%22?dir=//boot&item=vmlinuz&action=download HTTP/1.1" 302 336 "-" "Mozilla/5.0 (compatible; MJ12bot/v1.4.8; http://mj12bot.com/)"
172.69.165.18 - - [06/Feb/2025:01:22:36 +0700] "GET /wp-content/install.php HTTP/1.1" 200 37 "-" "GuzzleHttp/7"
162.158.163.131 - - [06/Feb/2025:01:22:36 +0700] "GET /wp-content/install.php HTTP/1.1" 499 0 "https://vietnamet.com/wp-content/install.php" "Mozilla/5.0 (Windows NT 10.0; Win64; x64) AppleWebKit/537.36 (KHTML, like Gecko) Chrome/58.0.3029.110 Safari/537.3"
162.158.162.23 - - [06/Feb/2025:01:22:36 +0700] "POST /wp-cron.php?doing_wp_cron=1738779756.8177111148834228515625 HTTP/1.1" 200 31 "-" "DfgXWp78Jsvm"
162.158.162.19 - - [06/Feb/2025:01:22:37 +0700] "GET / HTTP/1.1" 200 43271 "https://vietnamet.com" "Mozilla/5.0 (Windows NT 10.0; Win64; x64) AppleWebKit/537.36 (KHTML, like Gecko) Chrome/58.0.3029.110 Safari/537.3"
162.158.162.75 - - [06/Feb/2025:01:22:37 +0700] "GET /wp-content/install.php HTTP/1.1" 200 37 "-" "GuzzleHttp/7"
162.158.162.19 - - [06/Feb/2025:01:22:38 +0700] "GET /wp-content/install.php HTTP/1.1" 200 37 "-" "GuzzleHttp/7"
162.158.162.23 - - [06/Feb/2025:01:22:43 +0700] "GET /wp-content/install.php HTTP/1.1" 200 37 "-" "GuzzleHttp/7"
162.158.162.47 - - [06/Feb/2025:01:22:46 +0700] "GET /wp-content/install.php HTTP/1.1" 200 37 "-" "GuzzleHttp/7"
162.158.162.23 - - [06/Feb/2025:01:22:47 +0700] "GET /wp-content/install.php HTTP/1.1" 200 37 "-" "GuzzleHttp/7"
172.69.165.19 - - [06/Feb/2025:01:22:50 +0700] "GET /wp-content/install.php HTTP/1.1" 200 37 "-" "GuzzleHttp/7"
162.158.163.97 - - [06/Feb/2025:01:22:52 +0700] "GET /wp-content/install.php HTTP/1.1" 200 37 "-" "GuzzleHttp/7"
162.158.163.118 - - [06/Feb/2025:01:22:53 +0700] "GET /wp-content/install.php HTTP/1.1" 200 37 "-" "GuzzleHttp/7"
162.158.162.23 - - [06/Feb/2025:01:22:55 +0700] "GET /wp-content/install.php HTTP/1.1" 200 37 "-" "GuzzleHttp/7"
162.158.163.118 - - [06/Feb/2025:01:22:55 +0700] "POST /wp-cron.php?doing_wp_cron=1738779775.9049630165100097656250 HTTP/1.1" 200 31 "-" "EAgXYaSjeI12"
162.158.163.118 - - [06/Feb/2025:01:22:56 +0700] "GET /5bqd14468.html HTTP/1.1" 404 29329 "-" "Buck/2.4.2; (+https://app.hypefactors.com/media-monitoring/about.html)"
162.158.163.97 - - [06/Feb/2025:01:22:57 +0700] "GET /wp-content/install.php HTTP/1.1" 200 37 "-" "GuzzleHttp/7"
162.158.163.224 - - [06/Feb/2025:01:22:59 +0700] "GET /wp-content/install.php HTTP/1.1" 200 37 "-" "GuzzleHttp/7"
172.69.165.18 - - [06/Feb/2025:01:23:04 +0700] "GET /wp-content/install.php HTTP/1.1" 200 37 "-" "GuzzleHttp/7"
172.69.165.62 - - [06/Feb/2025:01:23:05 +0700] "GET /wp-content/install.php HTTP/1.1" 200 37 "-" "GuzzleHttp/7"
162.158.162.51 - - [06/Feb/2025:01:23:08 +0700] "POST /wp-cron.php?doing_wp_cron=1738779788.3030500411987304687500 HTTP/1.1" 200 31 "-" "G9iKfu3dbB6L"
162.158.162.18 - - [06/Feb/2025:01:23:08 +0700] "GET /zhidingxinwen/article/11736827.html?dir=%2Fhome%2Fvietnamet.com%2Fpublic_html HTTP/1.1" 404 30067 "-" "Mozilla/5.0 (Linux; Android 5.0) AppleWebKit/537.36 (KHTML, like Gecko) Mobile Safari/537.36 (compatible; Bytespider; spider-feedback@bytedance.com)"
162.158.163.97 - - [06/Feb/2025:01:23:10 +0700] "GET /search/%22%20.%20esc_url(%20admin_url()%20)%20.%20%22?dir=//boot&item=vmlinuz-5.4.0-204-generic&action=edit HTTP/1.1" 200 25804 "-" "Mozilla/5.0 (compatible; MJ12bot/v1.4.8; http://mj12bot.com/)"
162.158.162.207 - - [06/Feb/2025:01:23:10 +0700] "GET /wp-content/install.php HTTP/1.1" 200 37 "-" "GuzzleHttp/7"
162.158.162.105 - - [06/Feb/2025:01:23:15 +0700] "POST /wp-cron.php?doing_wp_cron=1738779795.1032550334930419921875 HTTP/1.1" 200 31 "-" "tY3AwjOVPjcO"
162.158.162.23 - - [06/Feb/2025:01:23:15 +0700] "GET /?dir=/home/vietnamet.com/public_html/wp-includes/js/tinymce/skins/wordpress/images&item=audio.png&action=download HTTP/1.1" 200 704 "-" "Mozilla/5.0 (compatible; MJ12bot/v1.4.8; http://mj12bot.com/)"
162.158.163.97 - - [06/Feb/2025:01:23:15 +0700] "GET /all/update/0.html HTTP/1.1" 404 30073 "-" "Mozilla/5.0 (compatible; DotBot/1.2; +https://opensiteexplorer.org/dotbot; help@moz.com)"
162.158.162.23 - - [06/Feb/2025:01:23:15 +0700] "POST /wp-admin/admin-ajax.php?action=async_litespeed&nonce=3eNB8CAhrtlnXXIvqRi46HBinbi6bwRU&litespeed_type=imgoptm HTTP/1.1" 200 12381 "-" "IUlBwMtNxF8v"
172.69.165.18 - - [06/Feb/2025:01:23:16 +0700] "POST /wp-cron.php?doing_wp_cron=1738779796.8535120487213134765625 HTTP/1.1" 200 31 "-" "cuwKTl9G1cps"
162.158.163.97 - - [06/Feb/2025:01:23:17 +0700] "GET /book/10011/29a5345555b16.html HTTP/1.1" 404 30074 "-" "Mozilla/5.0 (compatible; DotBot/1.2; +https://opensiteexplorer.org/dotbot; help@moz.com)"
162.158.163.97 - - [06/Feb/2025:01:23:19 +0700] "GET /book/10035/8d246e71d4801.html HTTP/1.1" 404 30072 "-" "Mozilla/5.0 (compatible; DotBot/1.2; +https://opensiteexplorer.org/dotbot; help@moz.com)"
172.69.165.18 - - [06/Feb/2025:01:23:21 +0700] "GET /book/10035/ec0805ff75962.html HTTP/1.1" 404 30076 "-" "Mozilla/5.0 (compatible; DotBot/1.2; +https://opensiteexplorer.org/dotbot; help@moz.com)"
162.158.163.97 - - [06/Feb/2025:01:23:21 +0700] "GET /search/%22%20.%20esc_url(%20admin_url()%20)%20.%20%22?dir=//boot&item=vmlinuz-5.4.0-205-generic&action=chmod HTTP/1.1" 200 25783 "-" "Mozilla/5.0 (compatible; MJ12bot/v1.4.8; http://mj12bot.com/)"
162.158.162.105 - - [06/Feb/2025:01:23:22 +0700] "GET /book/10047/1ad27ada10e58.html HTTP/1.1" 404 30079 "-" "Mozilla/5.0 (compatible; DotBot/1.2; +https://opensiteexplorer.org/dotbot; help@moz.com)"
162.158.162.23 - - [06/Feb/2025:01:23:23 +0700] "POST /wp-cron.php?doing_wp_cron=1738779803.6327528953552246093750 HTTP/1.1" 200 31 "-" "P9TQSIaOyKvF"
162.158.163.117 - - [06/Feb/2025:01:23:23 +0700] "GET /book/10099/331e5a21a03e7.html HTTP/1.1" 404 30067 "-" "Mozilla/5.0 (compatible; DotBot/1.2; +https://opensiteexplorer.org/dotbot; help@moz.com)"
162.158.162.23 - - [06/Feb/2025:01:23:24 +0700] "GET /?dir=/home/vietnamet.com/public_html/wp-includes/js/tinymce/skins/wordpress/images&item=audio.png&action=edit HTTP/1.1" 301 66176 "-" "Mozilla/5.0 (compatible; MJ12bot/v1.4.8; http://mj12bot.com/)"
162.158.162.195 - - [06/Feb/2025:01:23:25 +0700] "GET /book/10113/41ba6ee390a2f.html HTTP/1.1" 404 30080 "-" "Mozilla/5.0 (compatible; DotBot/1.2; +https://opensiteexplorer.org/dotbot; help@moz.com)"
162.158.162.50 - - [06/Feb/2025:01:23:26 +0700] "GET /book/10123/382a6662a553c.html HTTP/1.1" 404 30072 "-" "Mozilla/5.0 (compatible; DotBot/1.2; +https://opensiteexplorer.org/dotbot; help@moz.com)"
162.158.163.117 - - [06/Feb/2025:01:23:27 +0700] "POST /wp-cron.php?doing_wp_cron=1738779807.5450549125671386718750 HTTP/1.1" 200 31 "-" "1Yw5RdfqHYwC"
162.158.163.97 - - [06/Feb/2025:01:23:27 +0700] "GET /book/10128/4bbb99310ddba.html HTTP/1.1" 404 30071 "-" "Mozilla/5.0 (compatible; DotBot/1.2; +https://opensiteexplorer.org/dotbot; help@moz.com)"
162.158.162.115 - - [06/Feb/2025:01:23:29 +0700] "GET /book/10142/29eee20a77467.html HTTP/1.1" 404 30078 "-" "Mozilla/5.0 (compatible; DotBot/1.2; +https://opensiteexplorer.org/dotbot; help@moz.com)"
162.158.163.180 - - [06/Feb/2025:01:23:29 +0700] "GET / HTTP/1.1" 200 43275 "https://acsincorp.com/" "Mozilla/5.0 (iPhone; CPU iPhone OS 13_2_3 like Mac OS X) AppleWebKit/605.1.15 (KHTML, like Gecko) Version/13.0.3 Mobile/15E148 Safari/604.1"
162.158.163.97 - - [06/Feb/2025:01:23:30 +0700] "GET /search/%22%20.%20esc_url(%20admin_url()%20)%20.%20%22?dir=//boot&item=vmlinuz-5.4.0-205-generic&action=edit HTTP/1.1" 200 25805 "-" "Mozilla/5.0 (compatible; MJ12bot/v1.4.8; http://mj12bot.com/)"
162.158.162.105 - - [06/Feb/2025:01:23:30 +0700] "GET /book/10147/99957f6ea97a4.html HTTP/1.1" 404 30080 "-" "Mozilla/5.0 (compatible; DotBot/1.2; +https://opensiteexplorer.org/dotbot; help@moz.com)"
172.69.165.18 - - [06/Feb/2025:01:23:31 +0700] "GET /book/10154/bf17330f8c308.html HTTP/1.1" 404 30069 "-" "Mozilla/5.0 (compatible; DotBot/1.2; +https://opensiteexplorer.org/dotbot; help@moz.com)"
162.158.163.165 - - [06/Feb/2025:01:23:32 +0700] "GET /?dir=%2Fhome%2Fvietnamet.com%2Fpublic_html%2Fwp-includes%2Fjs%2Ftinymce%2Fskins%2Fwordpress%2Fimages&item=audio.png&action=edit HTTP/1.1" 200 41999 "-" "Mozilla/5.0 (compatible; MJ12bot/v1.4.8; http://mj12bot.com/)"
162.158.163.89 - - [06/Feb/2025:01:23:33 +0700] "GET /5zaxg38888.html HTTP/1.1" 404 29331 "-" "Buck/2.4.2; (+https://app.hypefactors.com/media-monitoring/about.html)"
162.158.162.50 - - [06/Feb/2025:01:23:34 +0700] "GET /book/10165/b1a39d699ae70.html HTTP/1.1" 404 30073 "-" "Mozilla/5.0 (compatible; DotBot/1.2; +https://opensiteexplorer.org/dotbot; help@moz.com)"
162.158.163.117 - - [06/Feb/2025:01:23:36 +0700] "GET /book/10184/7026c3a833714.html HTTP/1.1" 404 30070 "-" "Mozilla/5.0 (compatible; DotBot/1.2; +https://opensiteexplorer.org/dotbot; help@moz.com)"
162.158.163.97 - - [06/Feb/2025:01:23:38 +0700] "GET /search/%22%20.%20esc_url(%20admin_url()%20)%20.%20%22?dir=//dev&item=char&action=rename HTTP/1.1" 200 25830 "-" "Mozilla/5.0 (compatible; MJ12bot/v1.4.8; http://mj12bot.com/)"
162.158.162.195 - - [06/Feb/2025:01:23:38 +0700] "GET /book/10185/3f99381d39298.html HTTP/1.1" 404 30071 "-" "Mozilla/5.0 (compatible; DotBot/1.2; +https://opensiteexplorer.org/dotbot; help@moz.com)"
162.158.162.22 - - [06/Feb/2025:01:23:40 +0700] "GET /book/10189/9627b38b95212.html HTTP/1.1" 404 30075 "-" "Mozilla/5.0 (compatible; DotBot/1.2; +https://opensiteexplorer.org/dotbot; help@moz.com)"
162.158.163.117 - - [06/Feb/2025:01:23:42 +0700] "GET /book/1023/0e6a8d3c8a92e.html HTTP/1.1" 404 30078 "-" "Mozilla/5.0 (compatible; DotBot/1.2; +https://opensiteexplorer.org/dotbot; help@moz.com)"
162.158.163.165 - - [06/Feb/2025:01:23:43 +0700] "GET /book/10270/d384960deaae0.html HTTP/1.1" 404 30080 "-" "Mozilla/5.0 (compatible; DotBot/1.2; +https://opensiteexplorer.org/dotbot; help@moz.com)"
172.69.165.19 - - [06/Feb/2025:01:23:44 +0700] "GET /book/10276/9f83eb0b63467.html HTTP/1.1" 404 30069 "-" "Mozilla/5.0 (compatible; DotBot/1.2; +https://opensiteexplorer.org/dotbot; help@moz.com)"
162.158.163.97 - - [06/Feb/2025:01:23:46 +0700] "GET /book/10315/867b7907477c2.html HTTP/1.1" 404 30071 "-" "Mozilla/5.0 (compatible; DotBot/1.2; +https://opensiteexplorer.org/dotbot; help@moz.com)"
162.158.162.22 - - [06/Feb/2025:01:23:47 +0700] "GET /book/10334/740a1fa96be97.html HTTP/1.1" 404 30071 "-" "Mozilla/5.0 (compatible; DotBot/1.2; +https://opensiteexplorer.org/dotbot; help@moz.com)"
172.69.165.19 - - [06/Feb/2025:01:23:48 +0700] "POST /wp-cron.php?doing_wp_cron=1738779828.3316209316253662109375 HTTP/1.1" 200 31 "-" "6uv3BXHMai3b"
162.158.163.117 - - [06/Feb/2025:01:23:48 +0700] "GET /book/10338/718622e9aeadd.html HTTP/1.1" 404 30077 "-" "Mozilla/5.0 (compatible; DotBot/1.2; +https://opensiteexplorer.org/dotbot; help@moz.com)"
162.158.163.111 - - [06/Feb/2025:01:23:49 +0700] "GET /?dir=/home/vietnamet.com/public_html/wp-admin&item=about.php&action=chmod HTTP/1.1" 301 283181 "http://vietnamet.com/?dir=/home/vietnamet.com/public_html/wp-admin" "Mozilla/5.0 (Linux; Android 7.0;) AppleWebKit/537.36 (KHTML, like Gecko) Mobile Safari/537.36 (compatible; PetalBot;+https://webmaster.petalsearch.com/site/petalbot)"
162.158.163.165 - - [06/Feb/2025:01:23:49 +0700] "GET /book/10352/cfe30fa67c787.html HTTP/1.1" 404 30076 "-" "Mozilla/5.0 (compatible; DotBot/1.2; +https://opensiteexplorer.org/dotbot; help@moz.com)"
172.69.165.73 - - [06/Feb/2025:01:23:50 +0700] "GET /?dir=/home/vietnamet.com/public_html/wp-admin&item=about.php&action=chmod HTTP/1.1" 301 283179 "http://vietnamet.com/?dir=/home/vietnamet.com/public_html/wp-admin" "Mozilla/5.0 (Linux; Android 7.0;) AppleWebKit/537.36 (KHTML, like Gecko) Mobile Safari/537.36 (compatible; PetalBot;+https://webmaster.petalsearch.com/site/petalbot)"
172.69.165.19 - - [06/Feb/2025:01:23:50 +0700] "GET /?dir=/home/vietnamet.com/public_html/wp-admin&item=about.php&action=chmod HTTP/1.1" 301 283189 "http://vietnamet.com/?dir=/home/vietnamet.com/public_html/wp-admin" "Mozilla/5.0 (Linux; Android 7.0;) AppleWebKit/537.36 (KHTML, like Gecko) Mobile Safari/537.36 (compatible; PetalBot;+https://webmaster.petalsearch.com/site/petalbot)"
172.69.165.19 - - [06/Feb/2025:01:23:50 +0700] "GET /book/10353/ba76f1604fb92.html HTTP/1.1" 404 30069 "-" "Mozilla/5.0 (compatible; DotBot/1.2; +https://opensiteexplorer.org/dotbot; help@moz.com)"
172.69.165.19 - - [06/Feb/2025:01:23:51 +0700] "GET /?dir=/home/vietnamet.com/public_html/wp-admin&item=about.php&action=chmod HTTP/1.1" 301 283202 "http://vietnamet.com/?dir=/home/vietnamet.com/public_html/wp-admin" "Mozilla/5.0 (Linux; Android 7.0;) AppleWebKit/537.36 (KHTML, like Gecko) Mobile Safari/537.36 (compatible; PetalBot;+https://webmaster.petalsearch.com/site/petalbot)"
162.158.162.51 - - [06/Feb/2025:01:23:51 +0700] "GET /?dir=/home/vietnamet.com/public_html/wp-admin&item=about.php&action=chmod HTTP/1.1" 301 283182 "http://vietnamet.com/?dir=/home/vietnamet.com/public_html/wp-admin" "Mozilla/5.0 (Linux; Android 7.0;) AppleWebKit/537.36 (KHTML, like Gecko) Mobile Safari/537.36 (compatible; PetalBot;+https://webmaster.petalsearch.com/site/petalbot)"
162.158.163.97 - - [06/Feb/2025:01:23:51 +0700] "GET /?dir=/home/vietnamet.com/public_html/wp-admin&item=about.php&action=chmod HTTP/1.1" 301 283190 "http://vietnamet.com/?dir=/home/vietnamet.com/public_html/wp-admin" "Mozilla/5.0 (Linux; Android 7.0;) AppleWebKit/537.36 (KHTML, like Gecko) Mobile Safari/537.36 (compatible; PetalBot;+https://webmaster.petalsearch.com/site/petalbot)"
162.158.162.22 - - [06/Feb/2025:01:23:51 +0700] "GET /?dir=/home/vietnamet.com/public_html/wp-admin&item=about.php&action=chmod HTTP/1.1" 301 283188 "http://vietnamet.com/?dir=/home/vietnamet.com/public_html/wp-admin" "Mozilla/5.0 (Linux; Android 7.0;) AppleWebKit/537.36 (KHTML, like Gecko) Mobile Safari/537.36 (compatible; PetalBot;+https://webmaster.petalsearch.com/site/petalbot)"
162.158.163.97 - - [06/Feb/2025:01:23:51 +0700] "GET /?dir=/home/vietnamet.com/public_html/wp-admin&item=about.php&action=chmod HTTP/1.1" 301 283213 "http://vietnamet.com/?dir=/home/vietnamet.com/public_html/wp-admin" "Mozilla/5.0 (Linux; Android 7.0;) AppleWebKit/537.36 (KHTML, like Gecko) Mobile Safari/537.36 (compatible; PetalBot;+https://webmaster.petalsearch.com/site/petalbot)"
162.158.163.97 - - [06/Feb/2025:01:23:52 +0700] "GET /?dir=/home/vietnamet.com/public_html/wp-admin&item=about.php&action=chmod HTTP/1.1" 301 283211 "http://vietnamet.com/?dir=/home/vietnamet.com/public_html/wp-admin" "Mozilla/5.0 (Linux; Android 7.0;) AppleWebKit/537.36 (KHTML, like Gecko) Mobile Safari/537.36 (compatible; PetalBot;+https://webmaster.petalsearch.com/site/petalbot)"
172.69.165.19 - - [06/Feb/2025:01:23:52 +0700] "GET /?dir=/home/vietnamet.com/public_html/wp-admin&item=about.php&action=chmod HTTP/1.1" 301 283189 "http://vietnamet.com/?dir=/home/vietnamet.com/public_html/wp-admin" "Mozilla/5.0 (Linux; Android 7.0;) AppleWebKit/537.36 (KHTML, like Gecko) Mobile Safari/537.36 (compatible; PetalBot;+https://webmaster.petalsearch.com/site/petalbot)"
162.158.163.97 - - [06/Feb/2025:01:23:52 +0700] "GET /search/%22%20.%20esc_url(%20admin_url()%20)%20.%20%22?dir=//dev/mapper HTTP/1.1" 200 24567 "-" "Mozilla/5.0 (compatible; MJ12bot/v1.4.8; http://mj12bot.com/)"
162.158.162.104 - - [06/Feb/2025:01:23:52 +0700] "GET /book/10394/6761b5a649430.html HTTP/1.1" 404 30072 "-" "Mozilla/5.0 (compatible; DotBot/1.2; +https://opensiteexplorer.org/dotbot; help@moz.com)"
162.158.163.97 - - [06/Feb/2025:01:23:53 +0700] "GET /book/1091/adfa3d3f9954f.html HTTP/1.1" 404 30074 "-" "Mozilla/5.0 (compatible; DotBot/1.2; +https://opensiteexplorer.org/dotbot; help@moz.com)"
162.158.163.165 - - [06/Feb/2025:01:23:54 +0700] "GET /?dir=/home/vietnamet.com/public_html/wp-includes/js/tinymce/skins/wordpress/images&item=audio.png&action=rename HTTP/1.1" 301 66023 "-" "Mozilla/5.0 (compatible; MJ12bot/v1.4.8; http://mj12bot.com/)"
162.158.163.97 - - [06/Feb/2025:01:23:54 +0700] "GET /search/%22%20.%20esc_url(%20admin_url()%20)%20.%20%22?dir=//dev/snd HTTP/1.1" 200 24554 "-" "Mozilla/5.0 (compatible; MJ12bot/v1.4.8; http://mj12bot.com/)"
162.158.162.115 - - [06/Feb/2025:01:23:55 +0700] "GET /book/1112/3c839b34a7172.html HTTP/1.1" 404 30077 "-" "Mozilla/5.0 (compatible; DotBot/1.2; +https://opensiteexplorer.org/dotbot; help@moz.com)"
162.158.162.194 - - [06/Feb/2025:01:23:56 +0700] "GET /book/1146/7222f454b3679.html HTTP/1.1" 404 30071 "-" "Mozilla/5.0 (compatible; DotBot/1.2; +https://opensiteexplorer.org/dotbot; help@moz.com)"
162.158.162.22 - - [06/Feb/2025:01:23:57 +0700] "GET /book/1155/9d5e12e9eea8a.html HTTP/1.1" 404 30075 "-" "Mozilla/5.0 (compatible; DotBot/1.2; +https://opensiteexplorer.org/dotbot; help@moz.com)"
162.158.163.117 - - [06/Feb/2025:01:23:58 +0700] "POST /wp-cron.php?doing_wp_cron=1738779838.1430149078369140625000 HTTP/1.1" 200 31 "-" "5YgWbHcoOsSf"
162.158.163.97 - - [06/Feb/2025:01:23:58 +0700] "GET /search/%22%20.%20esc_url(%20admin_url()%20)%20.%20%22?dir=/&item=libx32&action=rename HTTP/1.1" 200 25979 "-" "Mozilla/5.0 (compatible; MJ12bot/v1.4.8; http://mj12bot.com/)"
162.158.162.115 - - [06/Feb/2025:01:23:58 +0700] "GET /book/1277/801c28737a6da.html HTTP/1.1" 404 30076 "-" "Mozilla/5.0 (compatible; DotBot/1.2; +https://opensiteexplorer.org/dotbot; help@moz.com)"
162.158.162.29 - - [06/Feb/2025:01:23:59 +0700] "GET /6eti671.html HTTP/1.1" 404 29327 "-" "Buck/2.4.2; (+https://app.hypefactors.com/media-monitoring/about.html)"
162.158.162.22 - - [06/Feb/2025:01:24:00 +0700] "GET /book/1284/4bc7d3d4f997e.html HTTP/1.1" 404 30073 "-" "Mozilla/5.0 (compatible; DotBot/1.2; +https://opensiteexplorer.org/dotbot; help@moz.com)"
162.158.162.22 - - [06/Feb/2025:01:24:00 +0700] "GET /wp-content/install.php?id=392239 HTTP/1.1" 499 0 "-" "GuzzleHttp/7"
162.158.163.90 - - [06/Feb/2025:01:24:01 +0700] "GET /?dir=%2Fhome%2Fvietnamet.com%2Fpublic_html%2Fwp-includes%2Fjs%2Ftinymce%2Fskins%2Fwordpress%2Fimages&item=audio.png&action=rename HTTP/1.1" 200 41971 "-" "Mozilla/5.0 (compatible; MJ12bot/v1.4.8; http://mj12bot.com/)"
162.158.162.22 - - [06/Feb/2025:01:24:02 +0700] "GET /book/1308/a455eb4481487.html HTTP/1.1" 404 30075 "-" "Mozilla/5.0 (compatible; DotBot/1.2; +https://opensiteexplorer.org/dotbot; help@moz.com)"
162.158.163.117 - - [06/Feb/2025:01:24:02 +0700] "GET /huanjing/article/13854789.html?dir=%2Fhome%2Fvietnamet.com%2Fpublic_html%2Fwp-includes HTTP/1.1" 404 43731 "-" "Mozilla/5.0 (Linux; Android 5.0) AppleWebKit/537.36 (KHTML, like Gecko) Mobile Safari/537.36 (compatible; Bytespider; spider-feedback@bytedance.com)"
162.158.163.97 - - [06/Feb/2025:01:24:03 +0700] "GET /search/%22%20.%20esc_url(%20admin_url()%20)%20.%20%22?dir=//boot&item=.&action=chmod HTTP/1.1" 200 25765 "-" "Mozilla/5.0 (compatible; MJ12bot/v1.4.8; http://mj12bot.com/)"
162.158.162.104 - - [06/Feb/2025:01:24:03 +0700] "GET /book/1332/15620e147c9c2.html HTTP/1.1" 404 30071 "-" "Mozilla/5.0 (compatible; DotBot/1.2; +https://opensiteexplorer.org/dotbot; help@moz.com)"
162.158.163.117 - - [06/Feb/2025:01:24:05 +0700] "GET /book/1854/5aef10611ee61.html HTTP/1.1" 404 30077 "-" "Mozilla/5.0 (compatible; DotBot/1.2; +https://opensiteexplorer.org/dotbot; help@moz.com)"
162.158.163.117 - - [06/Feb/2025:01:24:06 +0700] "GET /book/1931/51e3ddc6830f7.html HTTP/1.1" 404 30067 "-" "Mozilla/5.0 (compatible; DotBot/1.2; +https://opensiteexplorer.org/dotbot; help@moz.com)"
162.158.162.22 - - [06/Feb/2025:01:24:08 +0700] "GET /book/1934/76dfe57df0d24.html HTTP/1.1" 404 30079 "-" "Mozilla/5.0 (compatible; DotBot/1.2; +https://opensiteexplorer.org/dotbot; help@moz.com)"
162.158.162.50 - - [06/Feb/2025:01:24:08 +0700] "GET /wp-content/install.php HTTP/1.1" 200 37 "-" "GuzzleHttp/7"
162.158.163.117 - - [06/Feb/2025:01:24:09 +0700] "GET /book/1948/b5ce9ebf3dccb.html HTTP/1.1" 404 30076 "-" "Mozilla/5.0 (compatible; DotBot/1.2; +https://opensiteexplorer.org/dotbot; help@moz.com)"
162.158.163.117 - - [06/Feb/2025:01:24:10 +0700] "GET /book/1950/351c4b83855f5.html HTTP/1.1" 404 30069 "-" "Mozilla/5.0 (compatible; DotBot/1.2; +https://opensiteexplorer.org/dotbot; help@moz.com)"
162.158.163.97 - - [06/Feb/2025:01:24:11 +0700] "GET /search/%22%20.%20esc_url(%20admin_url()%20)%20.%20%22?dir=//boot&item=System.map-5.4.0-205-generic&action=download HTTP/1.1" 302 336 "-" "Mozilla/5.0 (compatible; MJ12bot/v1.4.8; http://mj12bot.com/)"
162.158.163.97 - - [06/Feb/2025:01:24:11 +0700] "GET /book/1970/665da6ce7e81c.html HTTP/1.1" 404 30066 "-" "Mozilla/5.0 (compatible; DotBot/1.2; +https://opensiteexplorer.org/dotbot; help@moz.com)"
162.158.163.117 - - [06/Feb/2025:01:24:13 +0700] "GET /book/1999/00d2d9329bac5.html HTTP/1.1" 404 30077 "-" "Mozilla/5.0 (compatible; DotBot/1.2; +https://opensiteexplorer.org/dotbot; help@moz.com)"
162.158.162.206 - - [06/Feb/2025:01:24:13 +0700] "GET /wp-content/install.php HTTP/1.1" 200 37 "-" "GuzzleHttp/7"
162.158.163.117 - - [06/Feb/2025:01:24:13 +0700] "POST /wp-cron.php?doing_wp_cron=1738779853.8922920227050781250000 HTTP/1.1" 200 31 "-" "2iPwDTkRyy4z"
172.69.165.18 - - [06/Feb/2025:01:24:14 +0700] "GET /book/2075/083d0b7ffd32a.html HTTP/1.1" 404 30068 "-" "Mozilla/5.0 (compatible; DotBot/1.2; +https://opensiteexplorer.org/dotbot; help@moz.com)"
162.158.162.28 - - [06/Feb/2025:01:24:14 +0700] "POST /wp-admin/admin-ajax.php?action=async_litespeed&nonce=cFUNucYH66u0wLWWfRzvAKEYD6w0ja00&litespeed_type=imgoptm HTTP/1.1" 200 12361 "-" "QXcpGMGpaagz"
162.158.163.154 - - [06/Feb/2025:01:24:14 +0700] "GET /wp-content/install.php HTTP/1.1" 200 37 "-" "GuzzleHttp/7"
162.158.163.180 - - [06/Feb/2025:01:24:15 +0700] "GET /book/2081/6c9e9bcf40947.html HTTP/1.1" 404 30072 "-" "Mozilla/5.0 (compatible; DotBot/1.2; +https://opensiteexplorer.org/dotbot; help@moz.com)"
162.158.163.117 - - [06/Feb/2025:01:24:15 +0700] "GET /wp-content/install.php HTTP/1.1" 200 37 "-" "GuzzleHttp/7"
162.158.163.97 - - [06/Feb/2025:01:24:16 +0700] "GET /book/2094/a6d38decae0cb.html HTTP/1.1" 404 30072 "-" "Mozilla/5.0 (compatible; DotBot/1.2; +https://opensiteexplorer.org/dotbot; help@moz.com)"
172.69.165.63 - - [06/Feb/2025:01:24:16 +0700] "GET /wp-content/install.php HTTP/1.1" 200 37 "-" "GuzzleHttp/7"
162.158.163.117 - - [06/Feb/2025:01:24:17 +0700] "POST /wp-cron.php?doing_wp_cron=1738779857.0904030799865722656250 HTTP/1.1" 200 31 "-" "3eUU8lCX5SWQ"
162.158.162.105 - - [06/Feb/2025:01:24:17 +0700] "GET /book/2100/cc127b30be924.html HTTP/1.1" 404 30072 "-" "Mozilla/5.0 (compatible; DotBot/1.2; +https://opensiteexplorer.org/dotbot; help@moz.com)"
162.158.163.97 - - [06/Feb/2025:01:24:17 +0700] "GET /wp-content/install.php HTTP/1.1" 200 37 "-" "GuzzleHttp/7"
162.158.162.115 - - [06/Feb/2025:01:24:18 +0700] "GET /book/2118/cdd9b3d5df7a4.html HTTP/1.1" 404 30075 "-" "Mozilla/5.0 (compatible; DotBot/1.2; +https://opensiteexplorer.org/dotbot; help@moz.com)"
162.158.163.117 - - [06/Feb/2025:01:24:19 +0700] "GET /book/2120/4802695f92595.html HTTP/1.1" 404 30077 "-" "Mozilla/5.0 (compatible; DotBot/1.2; +https://opensiteexplorer.org/dotbot; help@moz.com)"
162.158.163.97 - - [06/Feb/2025:01:24:21 +0700] "GET /book/2163/82dc845fd86ff.html HTTP/1.1" 404 30074 "-" "Mozilla/5.0 (compatible; DotBot/1.2; +https://opensiteexplorer.org/dotbot; help@moz.com)"
162.158.163.223 - - [06/Feb/2025:01:24:22 +0700] "GET /rut-tien-i9bet/ HTTP/1.1" 200 102224 "https://baovietnam24h.com" "Mozilla/5.0 (Windows NT 10.0; Win64; x64) AppleWebKit/537.36 (KHTML, like Gecko) Chrome/62.0.3202.94 Safari/537.36"
162.158.162.23 - - [06/Feb/2025:01:24:22 +0700] "GET /book/2237/e8e97da2ec5f1.html HTTP/1.1" 404 30076 "-" "Mozilla/5.0 (compatible; DotBot/1.2; +https://opensiteexplorer.org/dotbot; help@moz.com)"
162.158.162.75 - - [06/Feb/2025:01:24:23 +0700] "GET /wp-content/install.php HTTP/1.1" 200 37 "-" "GuzzleHttp/7"
172.69.165.18 - - [06/Feb/2025:01:24:23 +0700] "POST /wp-cron.php?doing_wp_cron=1738779863.7922070026397705078125 HTTP/1.1" 200 31 "-" "VcGmGGfxkFgr"
162.158.162.23 - - [06/Feb/2025:01:24:24 +0700] "GET /book/2244/e0521381665fa.html HTTP/1.1" 404 30076 "-" "Mozilla/5.0 (compatible; DotBot/1.2; +https://opensiteexplorer.org/dotbot; help@moz.com)"
162.158.163.117 - - [06/Feb/2025:01:24:24 +0700] "GET /wp-content/install.php HTTP/1.1" 200 37 "-" "GuzzleHttp/7"
172.69.165.18 - - [06/Feb/2025:01:24:25 +0700] "GET /wp-content/install.php HTTP/1.1" 200 37 "-" "GuzzleHttp/7"
162.158.162.207 - - [06/Feb/2025:01:24:27 +0700] "POST /wp-cron.php?doing_wp_cron=1738779867.9017679691314697265625 HTTP/1.1" 200 31 "-" "95Y7p64fo398"
162.158.162.194 - - [06/Feb/2025:01:24:28 +0700] "GET /book/2265/f9af2ef8ea2fe.html HTTP/1.1" 404 30068 "-" "Mozilla/5.0 (compatible; DotBot/1.2; +https://opensiteexplorer.org/dotbot; help@moz.com)"
162.158.162.109 - - [06/Feb/2025:01:24:28 +0700] "GET /6sjjas21445.html HTTP/1.1" 404 29319 "-" "Buck/2.4.2; (+https://app.hypefactors.com/media-monitoring/about.html)"
162.158.162.105 - - [06/Feb/2025:01:24:30 +0700] "GET /book/2283/8cb0b8a6ddbdc.html HTTP/1.1" 404 30077 "-" "Mozilla/5.0 (compatible; DotBot/1.2; +https://opensiteexplorer.org/dotbot; help@moz.com)"
172.69.165.18 - - [06/Feb/2025:01:24:30 +0700] "GET /wp-content/install.php HTTP/1.1" 200 37 "-" "GuzzleHttp/7"
162.158.162.23 - - [06/Feb/2025:01:24:32 +0700] "GET /wp-content/install.php HTTP/1.1" 200 37 "-" "GuzzleHttp/7"
162.158.163.98 - - [06/Feb/2025:01:24:33 +0700] "GET /rut-tien-i9bet/ HTTP/1.1" 200 102178 "https://vietnamet.com" "Mozilla/5.0 (Windows NT 10.0; Win64; x64) AppleWebKit/537.36 (KHTML, like Gecko) Chrome/62.0.3202.94 Safari/537.36"
162.158.163.166 - - [06/Feb/2025:01:24:33 +0700] "GET /book/2294/aebea4718901f.html HTTP/1.1" 404 30074 "-" "Mozilla/5.0 (compatible; DotBot/1.2; +https://opensiteexplorer.org/dotbot; help@moz.com)"
162.158.163.117 - - [06/Feb/2025:01:24:34 +0700] "GET /wp-content/install.php HTTP/1.1" 200 37 "-" "GuzzleHttp/7"
162.158.162.207 - - [06/Feb/2025:01:24:35 +0700] "GET /book/2296/9faecb7337080.html HTTP/1.1" 404 30075 "-" "Mozilla/5.0 (compatible; DotBot/1.2; +https://opensiteexplorer.org/dotbot; help@moz.com)"
162.158.163.98 - - [06/Feb/2025:01:24:36 +0700] "GET /book/2317/ca8fcd3ac6526.html HTTP/1.1" 404 30071 "-" "Mozilla/5.0 (compatible; DotBot/1.2; +https://opensiteexplorer.org/dotbot; help@moz.com)"
162.158.163.98 - - [06/Feb/2025:01:24:37 +0700] "GET /wp-content/install.php HTTP/1.1" 200 37 "-" "GuzzleHttp/7"
172.69.165.18 - - [06/Feb/2025:01:24:38 +0700] "GET /book/2336/09605d3bda07d.html HTTP/1.1" 404 30071 "-" "Mozilla/5.0 (compatible; DotBot/1.2; +https://opensiteexplorer.org/dotbot; help@moz.com)"
162.158.163.89 - - [06/Feb/2025:01:24:38 +0700] "GET /?dir=/home/vietnamet.com/public_html/wp-includes/js/tinymce/skins/wordpress/images&item=dashicon-edit.png&action=chmod HTTP/1.1" 301 66026 "-" "Mozilla/5.0 (compatible; MJ12bot/v1.4.8; http://mj12bot.com/)"
172.69.165.18 - - [06/Feb/2025:01:24:39 +0700] "GET /wp-content/install.php HTTP/1.1" 200 37 "-" "GuzzleHttp/7"
162.158.162.105 - - [06/Feb/2025:01:24:39 +0700] "GET /book/2340/9f05e88de86a1.html HTTP/1.1" 404 30077 "-" "Mozilla/5.0 (compatible; DotBot/1.2; +https://opensiteexplorer.org/dotbot; help@moz.com)"
162.158.162.23 - - [06/Feb/2025:01:24:41 +0700] "GET /book/2514/40f9365a1dcec.html HTTP/1.1" 404 30075 "-" "Mozilla/5.0 (compatible; DotBot/1.2; +https://opensiteexplorer.org/dotbot; help@moz.com)"
162.158.162.23 - - [06/Feb/2025:01:24:42 +0700] "GET /book/2569/96a6d75746ea9.html HTTP/1.1" 404 30082 "-" "Mozilla/5.0 (compatible; DotBot/1.2; +https://opensiteexplorer.org/dotbot; help@moz.com)"
162.158.162.23 - - [06/Feb/2025:01:24:43 +0700] "GET /book/2571/ff50a4c9efaa6.html HTTP/1.1" 404 30076 "-" "Mozilla/5.0 (compatible; DotBot/1.2; +https://opensiteexplorer.org/dotbot; help@moz.com)"
162.158.162.23 - - [06/Feb/2025:01:24:44 +0700] "GET /wp-content/install.php HTTP/1.1" 200 37 "-" "GuzzleHttp/7"
162.158.162.23 - - [06/Feb/2025:01:24:45 +0700] "GET /wp-content/install.php HTTP/1.1" 200 37 "-" "GuzzleHttp/7"
162.158.163.98 - - [06/Feb/2025:01:24:45 +0700] "GET /book/2586/03f7b585fa54e.html HTTP/1.1" 404 30078 "-" "Mozilla/5.0 (compatible; DotBot/1.2; +https://opensiteexplorer.org/dotbot; help@moz.com)"
162.158.163.98 - - [06/Feb/2025:01:24:47 +0700] "GET /book/2620/4d9707cfc4984.html HTTP/1.1" 404 30078 "-" "Mozilla/5.0 (compatible; DotBot/1.2; +https://opensiteexplorer.org/dotbot; help@moz.com)"
162.158.162.23 - - [06/Feb/2025:01:24:49 +0700] "POST /wp-cron.php?doing_wp_cron=1738779889.7457749843597412109375 HTTP/1.1" 200 31 "-" "PCJKuDJdUJKs"
162.158.162.23 - - [06/Feb/2025:01:24:49 +0700] "POST /wp-comments-post.php HTTP/1.1" 200 8444 "https://vietnamet.com" "Mozilla/5.0 (Windows NT 10.0; Win64; x64) AppleWebKit/537.36 (KHTML, like Gecko) Chrome/62.0.3202.94 Safari/537.36"
162.158.162.115 - - [06/Feb/2025:01:24:50 +0700] "GET /book/2644/29058752087cc.html HTTP/1.1" 404 30074 "-" "Mozilla/5.0 (compatible; DotBot/1.2; +https://opensiteexplorer.org/dotbot; help@moz.com)"
162.158.162.23 - - [06/Feb/2025:01:24:50 +0700] "GET /?dir=%2Fhome%2Fvietnamet.com%2Fpublic_html%2Fwp-includes%2Fjs%2Ftinymce%2Fskins%2Fwordpress%2Fimages&item=dashicon-edit.png&action=chmod HTTP/1.1" 200 41962 "-" "Mozilla/5.0 (compatible; MJ12bot/v1.4.8; http://mj12bot.com/)"
172.69.165.72 - - [06/Feb/2025:01:24:50 +0700] "GET /wp-content/install.php HTTP/1.1" 200 37 "-" "GuzzleHttp/7"
172.69.165.19 - - [06/Feb/2025:01:24:52 +0700] "GET /book/2664/f059edfaca63a.html HTTP/1.1" 404 30074 "-" "Mozilla/5.0 (compatible; DotBot/1.2; +https://opensiteexplorer.org/dotbot; help@moz.com)"
162.158.163.89 - - [06/Feb/2025:01:24:53 +0700] "GET /book/2708/0acb6cd5a4052.html HTTP/1.1" 404 30073 "-" "Mozilla/5.0 (compatible; DotBot/1.2; +https://opensiteexplorer.org/dotbot; help@moz.com)"
162.158.162.194 - - [06/Feb/2025:01:24:55 +0700] "GET /book/2722/c047e54bf5e67.html HTTP/1.1" 404 30064 "-" "Mozilla/5.0 (compatible; DotBot/1.2; +https://opensiteexplorer.org/dotbot; help@moz.com)"
162.158.162.206 - - [06/Feb/2025:01:24:56 +0700] "GET /aomenkaixuanmenguanwangzhuce/article/13034852.html?dir=%2Fhome%2Fvietnamet.com%2Fpublic_html%2Fwp-includes HTTP/1.1" 404 43731 "-" "Mozilla/5.0 (Linux; Android 5.0) AppleWebKit/537.36 (KHTML, like Gecko) Mobile Safari/537.36 (compatible; Bytespider; spider-feedback@bytedance.com)"
162.158.163.98 - - [06/Feb/2025:01:24:56 +0700] "GET /book/2748/483e7ee51eaca.html HTTP/1.1" 404 30074 "-" "Mozilla/5.0 (compatible; DotBot/1.2; +https://opensiteexplorer.org/dotbot; help@moz.com)"
162.158.162.23 - - [06/Feb/2025:01:24:57 +0700] "GET /book/2798/599a8a581d694.html HTTP/1.1" 404 30079 "-" "Mozilla/5.0 (compatible; DotBot/1.2; +https://opensiteexplorer.org/dotbot; help@moz.com)"
172.69.165.19 - - [06/Feb/2025:01:25:01 +0700] "POST /wp-cron.php?doing_wp_cron=1738779901.0750000476837158203125 HTTP/1.1" 200 31 "-" "y65Mz2Coxe1p"
162.158.162.50 - - [06/Feb/2025:01:25:01 +0700] "GET /book/2828/829301be81df9.html HTTP/1.1" 404 30073 "-" "Mozilla/5.0 (compatible; DotBot/1.2; +https://opensiteexplorer.org/dotbot; help@moz.com)"
162.158.163.98 - - [06/Feb/2025:01:25:04 +0700] "GET /book/2832/0b0053f1f5c9c.html HTTP/1.1" 404 30074 "-" "Mozilla/5.0 (compatible; DotBot/1.2; +https://opensiteexplorer.org/dotbot; help@moz.com)"
162.158.162.47 - - [06/Feb/2025:01:25:06 +0700] "GET /6wue26931.html HTTP/1.1" 404 29325 "-" "Buck/2.4.2; (+https://app.hypefactors.com/media-monitoring/about.html)"
162.158.163.117 - - [06/Feb/2025:01:25:06 +0700] "GET /book/2838/f02e367d595fc.html HTTP/1.1" 404 30078 "-" "Mozilla/5.0 (compatible; DotBot/1.2; +https://opensiteexplorer.org/dotbot; help@moz.com)"
162.158.163.117 - - [06/Feb/2025:01:25:06 +0700] "GET /?dir=/home/vietnamet.com/public_html/wp-includes/js/tinymce/skins/wordpress/images&item=dashicon-edit.png&action=download HTTP/1.1" 200 653 "-" "Mozilla/5.0 (compatible; MJ12bot/v1.4.8; http://mj12bot.com/)"
162.158.163.117 - - [06/Feb/2025:01:25:08 +0700] "GET /book/2839/15e6d22aea94e.html HTTP/1.1" 404 30076 "-" "Mozilla/5.0 (compatible; DotBot/1.2; +https://opensiteexplorer.org/dotbot; help@moz.com)"
162.158.162.22 - - [06/Feb/2025:01:25:09 +0700] "GET /?dir=/home/vietnamet.com/public_html/wp-includes/js/tinymce/skins/wordpress/images&item=dashicon-edit.png&action=edit HTTP/1.1" 301 66176 "-" "Mozilla/5.0 (compatible; MJ12bot/v1.4.8; http://mj12bot.com/)"
162.158.163.117 - - [06/Feb/2025:01:25:10 +0700] "GET /book/2840/3b6833606ad75.html HTTP/1.1" 404 30076 "-" "Mozilla/5.0 (compatible; DotBot/1.2; +https://opensiteexplorer.org/dotbot; help@moz.com)"
162.158.163.117 - - [06/Feb/2025:01:25:11 +0700] "GET /book/2843/80fbdace1dad8.html HTTP/1.1" 404 30072 "-" "Mozilla/5.0 (compatible; DotBot/1.2; +https://opensiteexplorer.org/dotbot; help@moz.com)"
162.158.162.50 - - [06/Feb/2025:01:25:12 +0700] "GET /?dir=%2Fhome%2Fvietnamet.com%2Fpublic_html%2Fwp-includes%2Fjs%2Ftinymce%2Fskins%2Fwordpress%2Fimages&item=dashicon-edit.png&action=edit HTTP/1.1" 200 41999 "-" "Mozilla/5.0 (compatible; MJ12bot/v1.4.8; http://mj12bot.com/)"
162.158.163.98 - - [06/Feb/2025:01:25:13 +0700] "POST /wp-cron.php?doing_wp_cron=1738779913.0015549659729003906250 HTTP/1.1" 200 31 "-" "KDuIqeKbrxYP"
162.158.162.22 - - [06/Feb/2025:01:25:13 +0700] "GET /book/2848/ca5899483425e.html HTTP/1.1" 404 30071 "-" "Mozilla/5.0 (compatible; DotBot/1.2; +https://opensiteexplorer.org/dotbot; help@moz.com)"
162.158.163.165 - - [06/Feb/2025:01:25:13 +0700] "POST /wp-admin/admin-ajax.php?action=async_litespeed&nonce=4NwLGXqb6UH38ghVDgDpoySBjMNiCclM&litespeed_type=imgoptm HTTP/1.1" 200 12363 "-" "i6iEOI4WWN2C"
162.158.163.90 - - [06/Feb/2025:01:25:14 +0700] "GET /book/2877/c86d2230d9413.html HTTP/1.1" 404 30072 "-" "Mozilla/5.0 (compatible; DotBot/1.2; +https://opensiteexplorer.org/dotbot; help@moz.com)"
162.158.162.115 - - [06/Feb/2025:01:25:15 +0700] "GET /book/2884/28b0e1a3e9ff7.html HTTP/1.1" 404 30075 "-" "Mozilla/5.0 (compatible; DotBot/1.2; +https://opensiteexplorer.org/dotbot; help@moz.com)"
162.158.162.19 - - [06/Feb/2025:01:25:16 +0700] "POST /wp-cron.php?doing_wp_cron=1738779916.5994279384613037109375 HTTP/1.1" 200 31 "-" "ttllF6vMSBym"
162.158.163.179 - - [06/Feb/2025:01:25:16 +0700] "GET /book/2889/a22e5ea640b04.html HTTP/1.1" 404 30071 "-" "Mozilla/5.0 (compatible; DotBot/1.2; +https://opensiteexplorer.org/dotbot; help@moz.com)"
162.158.162.194 - - [06/Feb/2025:01:25:18 +0700] "GET /book/2895/c274662ccb379.html HTTP/1.1" 404 30068 "-" "Mozilla/5.0 (compatible; DotBot/1.2; +https://opensiteexplorer.org/dotbot; help@moz.com)"
