162.158.162.251 - - [06/Feb/2025:00:16:41 +0700] "POST /wp-cron.php?doing_wp_cron=1738775801.8343400955200195312500 HTTP/1.1" 200 31 "-" "HkFmaLe6BOWo"
162.158.163.179 - - [06/Feb/2025:00:16:42 +0700] "GET /shichang/article/11736379.html?dir=%2Fhome%2Fvietnamet.com%2Fpublic_html HTTP/1.1" 404 30081 "-" "Mozilla/5.0 (Linux; Android 5.0) AppleWebKit/537.36 (KHTML, like Gecko) Mobile Safari/537.36 (compatible; Bytespider; spider-feedback@bytedance.com)"
172.69.165.19 - - [06/Feb/2025:00:17:03 +0700] "GET /wp-login.php HTTP/1.1" 404 47 "https://acsincorp.com/wp-login.php" "GRequests/0.10"
172.69.165.19 - - [06/Feb/2025:00:17:03 +0700] "GET /wp-login.php HTTP/1.1" 404 47 "https://acsincorp.com/wp-login.php" "GRequests/0.10"
172.69.165.18 - - [06/Feb/2025:00:17:04 +0700] "POST /wp-cron.php?doing_wp_cron=1738775824.4652049541473388671875 HTTP/1.1" 200 31 "-" "peXMblOBQ16S"
172.69.165.19 - - [06/Feb/2025:00:17:04 +0700] "GET /wp-admin/ HTTP/1.1" 200 12340 "https://acsincorp.com/wp-admin/" "GRequests/0.10"
162.158.189.176 - - [06/Feb/2025:00:17:07 +0700] "GET /casino-i9bet/ HTTP/1.1" 200 86325 "-" "Mozilla/5.0 (Linux; Android 6.0.1; Nexus 5X Build/MMB29P) AppleWebKit/537.36 (KHTML, like Gecko) Chrome/132.0.6834.159 Mobile Safari/537.36 (compatible; Googlebot/2.1; +http://www.google.com/bot.html)"
162.158.162.28 - - [06/Feb/2025:00:17:24 +0700] "GET /wp-content/install.php?id=740931 HTTP/1.1" 499 0 "-" "GuzzleHttp/7"
162.158.163.19 - - [06/Feb/2025:00:17:29 +0700] "GET /wp-content/install.php HTTP/1.1" 200 37 "-" "GuzzleHttp/7"
172.69.165.19 - - [06/Feb/2025:00:17:31 +0700] "GET /wp-content/install.php HTTP/1.1" 200 37 "-" "GuzzleHttp/7"
162.158.163.118 - - [06/Feb/2025:00:17:32 +0700] "GET /wp-content/install.php HTTP/1.1" 200 37 "-" "GuzzleHttp/7"
172.69.165.62 - - [06/Feb/2025:00:17:33 +0700] "GET /wp-content/install.php HTTP/1.1" 200 37 "-" "GuzzleHttp/7"
162.158.162.195 - - [06/Feb/2025:00:17:35 +0700] "GET /wp-content/install.php HTTP/1.1" 200 37 "-" "GuzzleHttp/7"
162.158.162.23 - - [06/Feb/2025:00:17:35 +0700] "POST /wp-cron.php?doing_wp_cron=1738775855.6436550617218017578125 HTTP/1.1" 200 31 "-" "CKBe3aE97ttN"
162.158.162.195 - - [06/Feb/2025:00:17:35 +0700] "GET /aomenkaixuanmenguanwang/article/11735724.html?dir=%2Fhome HTTP/1.1" 404 27816 "-" "Mozilla/5.0 (Linux; Android 5.0) AppleWebKit/537.36 (KHTML, like Gecko) Mobile Safari/537.36 (compatible; Bytespider; spider-feedback@bytedance.com)"
162.158.163.98 - - [06/Feb/2025:00:17:36 +0700] "POST /wp-admin/admin-ajax.php?action=async_litespeed&nonce=DQiGspjFtIuD3X37oTqgPScFXsyM65Mk&litespeed_type=imgoptm HTTP/1.1" 200 12361 "-" "k9LSCTZnK7pc"
162.158.163.189 - - [06/Feb/2025:00:17:36 +0700] "GET /wp-content/install.php HTTP/1.1" 200 37 "-" "GuzzleHttp/7"
172.69.165.53 - - [06/Feb/2025:00:17:37 +0700] "GET /wp-content/install.php HTTP/1.1" 200 37 "-" "GuzzleHttp/7"
162.158.162.28 - - [06/Feb/2025:00:17:42 +0700] "GET /wp-content/install.php HTTP/1.1" 200 37 "-" "GuzzleHttp/7"
172.69.165.18 - - [06/Feb/2025:00:17:44 +0700] "GET /wp-content/install.php HTTP/1.1" 200 37 "-" "GuzzleHttp/7"
162.158.163.165 - - [06/Feb/2025:00:17:49 +0700] "GET /wp-content/install.php HTTP/1.1" 200 37 "-" "GuzzleHttp/7"
172.69.165.18 - - [06/Feb/2025:00:17:53 +0700] "GET /wp-content/install.php HTTP/1.1" 200 37 "-" "GuzzleHttp/7"
172.69.165.73 - - [06/Feb/2025:00:17:55 +0700] "GET /wp-content/install.php HTTP/1.1" 200 37 "-" "GuzzleHttp/7"
172.69.165.18 - - [06/Feb/2025:00:17:56 +0700] "GET /wp-content/install.php HTTP/1.1" 200 37 "-" "GuzzleHttp/7"
162.158.162.28 - - [06/Feb/2025:00:17:58 +0700] "POST /wp-cron.php?doing_wp_cron=1738775878.4884810447692871093750 HTTP/1.1" 200 31 "-" "5M3i9BX9u5wE"
162.158.162.195 - - [06/Feb/2025:00:17:58 +0700] "GET / HTTP/1.1" 200 43290 "https://acsincorp.com/" "Mozilla/5.0 (iPhone; CPU iPhone OS 13_2_3 like Mac OS X) AppleWebKit/605.1.15 (KHTML, like Gecko) Version/13.0.3 Mobile/15E148 Safari/604.1"
162.158.162.22 - - [06/Feb/2025:00:18:01 +0700] "GET /wp-content/install.php HTTP/1.1" 200 37 "-" "GuzzleHttp/7"
162.158.163.118 - - [06/Feb/2025:00:18:06 +0700] "GET /wp-content/install.php HTTP/1.1" 200 37 "-" "GuzzleHttp/7"
172.69.165.18 - - [06/Feb/2025:00:18:07 +0700] "GET /wp-content/install.php HTTP/1.1" 200 37 "-" "GuzzleHttp/7"
162.158.163.98 - - [06/Feb/2025:00:18:11 +0700] "GET /wp-content/install.php HTTP/1.1" 200 37 "-" "GuzzleHttp/7"
162.158.162.115 - - [06/Feb/2025:00:18:12 +0700] "GET /wp-content/install.php HTTP/1.1" 200 37 "-" "GuzzleHttp/7"
162.158.162.104 - - [06/Feb/2025:00:18:13 +0700] "GET /wp-content/install.php HTTP/1.1" 200 37 "-" "GuzzleHttp/7"
162.158.162.102 - - [06/Feb/2025:00:18:14 +0700] "GET /wp-content/install.php HTTP/1.1" 200 37 "-" "GuzzleHttp/7"
162.158.163.98 - - [06/Feb/2025:00:18:20 +0700] "GET /wp-content/install.php HTTP/1.1" 200 37 "-" "GuzzleHttp/7"
162.158.163.90 - - [06/Feb/2025:00:18:25 +0700] "GET /wp-content/install.php HTTP/1.1" 200 37 "-" "GuzzleHttp/7"
162.158.162.51 - - [06/Feb/2025:00:18:26 +0700] "GET /wp-content/install.php HTTP/1.1" 200 37 "-" "GuzzleHttp/7"
162.158.163.117 - - [06/Feb/2025:00:18:29 +0700] "POST /wp-cron.php?doing_wp_cron=1738775909.4860410690307617187500 HTTP/1.1" 200 31 "-" "Dc0Zqu3dPSbr"
162.158.163.190 - - [06/Feb/2025:00:18:29 +0700] "GET /aomenkaixuanmenguanfangwangzhi/article/12583638.html?dir=%2Fhome%2Fvietnamet.com%2Fpublic_html%2Fwp-admin HTTP/1.1" 404 34153 "-" "Mozilla/5.0 (Linux; Android 5.0) AppleWebKit/537.36 (KHTML, like Gecko) Mobile Safari/537.36 (compatible; Bytespider; spider-feedback@bytedance.com)"
162.158.163.98 - - [06/Feb/2025:00:18:29 +0700] "POST /wp-admin/admin-ajax.php?action=async_litespeed&nonce=x0FHlfdhexYnE6TrKgMnhfLT8KmeDU9S&litespeed_type=imgoptm HTTP/1.1" 200 12363 "-" "2TLX55zPIv9q"
172.69.165.12 - - [06/Feb/2025:00:18:31 +0700] "GET /wp-content/install.php HTTP/1.1" 200 37 "-" "GuzzleHttp/7"
162.158.162.51 - - [06/Feb/2025:00:18:32 +0700] "GET /wp-content/install.php HTTP/1.1" 200 37 "-" "GuzzleHttp/7"
162.158.162.22 - - [06/Feb/2025:00:18:33 +0700] "GET /wp-content/install.php HTTP/1.1" 200 37 "-" "GuzzleHttp/7"
162.158.163.98 - - [06/Feb/2025:00:18:44 +0700] "GET /search/%22%20.%20esc_url(%20admin_url()%20)%20.%20%22?dir=//proc&item=413&action=rename HTTP/1.1" 200 33205 "-" "Mozilla/5.0 (compatible; MJ12bot/v1.4.8; http://mj12bot.com/)"
162.158.163.98 - - [06/Feb/2025:00:18:46 +0700] "GET /search/%22%20.%20esc_url(%20admin_url()%20)%20.%20%22?dir=//proc&item=4131653&action=chmod HTTP/1.1" 200 33217 "-" "Mozilla/5.0 (compatible; MJ12bot/v1.4.8; http://mj12bot.com/)"
162.158.163.118 - - [06/Feb/2025:00:18:48 +0700] "POST /wp-cron.php?doing_wp_cron=1738775928.8809928894042968750000 HTTP/1.1" 200 31 "-" "Dl1Nvyv62H5G"
162.158.163.98 - - [06/Feb/2025:00:18:49 +0700] "GET /search/%22%20.%20esc_url(%20admin_url()%20)%20.%20%22?dir=//proc&item=4131653&action=rename HTTP/1.1" 200 33214 "-" "Mozilla/5.0 (compatible; MJ12bot/v1.4.8; http://mj12bot.com/)"
162.158.163.131 - - [06/Feb/2025:00:18:52 +0700] "GET /wp-content/install.php?id=740931 HTTP/1.1" 499 0 "-" "GuzzleHttp/7"
162.158.163.98 - - [06/Feb/2025:00:18:54 +0700] "GET /search/%22%20.%20esc_url(%20admin_url()%20)%20.%20%22?dir=//proc&item=4186845&action=chmod HTTP/1.1" 200 33215 "-" "Mozilla/5.0 (compatible; MJ12bot/v1.4.8; http://mj12bot.com/)"
162.158.163.98 - - [06/Feb/2025:00:18:56 +0700] "GET /search/%22%20.%20esc_url(%20admin_url()%20)%20.%20%22?dir=//proc&item=4186845&action=rename HTTP/1.1" 200 33216 "-" "Mozilla/5.0 (compatible; MJ12bot/v1.4.8; http://mj12bot.com/)"
162.158.163.179 - - [06/Feb/2025:00:18:57 +0700] "GET /wp-content/install.php HTTP/1.1" 200 37 "-" "GuzzleHttp/7"
162.158.162.108 - - [06/Feb/2025:00:18:58 +0700] "GET /wp-content/install.php HTTP/1.1" 200 37 "-" "GuzzleHttp/7"
162.158.163.98 - - [06/Feb/2025:00:18:58 +0700] "POST /wp-cron.php?doing_wp_cron=1738775938.4156079292297363281250 HTTP/1.1" 200 31 "-" "Suu3E2gSeWuU"
162.158.163.98 - - [06/Feb/2025:00:18:58 +0700] "GET /search/%22%20.%20esc_url(%20admin_url()%20)%20.%20%22?dir=//proc&item=42&action=chmod HTTP/1.1" 200 33208 "-" "Mozilla/5.0 (compatible; MJ12bot/v1.4.8; http://mj12bot.com/)"
162.158.163.98 - - [06/Feb/2025:00:19:02 +0700] "GET /search/%22%20.%20esc_url(%20admin_url()%20)%20.%20%22?dir=//proc&item=42071&action=chmod HTTP/1.1" 200 33211 "-" "Mozilla/5.0 (compatible; MJ12bot/v1.4.8; http://mj12bot.com/)"
172.69.165.18 - - [06/Feb/2025:00:19:04 +0700] "GET /wp-content/install.php HTTP/1.1" 200 37 "-" "GuzzleHttp/7"
162.158.163.20 - - [06/Feb/2025:00:19:04 +0700] "GET /wp-content/install.php HTTP/1.1" 200 37 "-" "GuzzleHttp/7"
162.158.163.98 - - [06/Feb/2025:00:19:05 +0700] "GET /search/%22%20.%20esc_url(%20admin_url()%20)%20.%20%22?dir=//proc&item=441&action=chmod HTTP/1.1" 200 33210 "-" "Mozilla/5.0 (compatible; MJ12bot/v1.4.8; http://mj12bot.com/)"
162.158.163.98 - - [06/Feb/2025:00:19:06 +0700] "GET /category/home-furniture/feed/ HTTP/1.1" 301 107417 "-" "Mozilla/5.0 (X11; Linux i686) AppleWebKit/537.36 (KHTML, like Gecko) Chrome/30.0.1599.66 Safari/537.36"
162.158.162.115 - - [06/Feb/2025:00:19:06 +0700] "GET /home-furniture/feed/ HTTP/1.1" 200 108161 "-" "Mozilla/5.0 (X11; Linux i686) AppleWebKit/537.36 (KHTML, like Gecko) Chrome/30.0.1599.66 Safari/537.36"
162.158.163.98 - - [06/Feb/2025:00:19:07 +0700] "GET /search/%22%20.%20esc_url(%20admin_url()%20)%20.%20%22?dir=//proc&item=441&action=rename HTTP/1.1" 200 33287 "-" "Mozilla/5.0 (compatible; MJ12bot/v1.4.8; http://mj12bot.com/)"
162.158.163.131 - - [06/Feb/2025:00:19:09 +0700] "GET /wp-content/install.php HTTP/1.1" 200 37 "-" "GuzzleHttp/7"
162.158.163.98 - - [06/Feb/2025:00:19:09 +0700] "GET /search/%22%20.%20esc_url(%20admin_url()%20)%20.%20%22?dir=//proc&item=44105&action=chmod HTTP/1.1" 200 33212 "-" "Mozilla/5.0 (compatible; MJ12bot/v1.4.8; http://mj12bot.com/)"
162.158.163.131 - - [06/Feb/2025:00:19:13 +0700] "POST /wp-cron.php?doing_wp_cron=1738775953.3918170928955078125000 HTTP/1.1" 200 31 "-" "ek2JZ7n7PKmJ"
162.158.163.98 - - [06/Feb/2025:00:19:13 +0700] "GET /search/%22%20.%20esc_url(%20admin_url()%20)%20.%20%22?dir=//proc&item=459&action=chmod HTTP/1.1" 200 33208 "-" "Mozilla/5.0 (compatible; MJ12bot/v1.4.8; http://mj12bot.com/)"
162.158.163.117 - - [06/Feb/2025:00:19:13 +0700] "POST /wp-admin/admin-ajax.php?action=async_litespeed&nonce=VK2Rlh0fl1JNA7ixoLbDeQSFfH40mW72&litespeed_type=crawler HTTP/1.1" 200 12364 "-" "WCEZS9ujebOz"
162.158.163.117 - - [06/Feb/2025:00:19:13 +0700] "POST /wp-admin/admin-ajax.php?action=async_litespeed&nonce=PxlUhRSif1vQr7M2SLJ7ddWMpdM9voAA&litespeed_type=imgoptm HTTP/1.1" 200 12364 "-" "WCEZS9ujebOz"
162.158.163.112 - - [06/Feb/2025:00:19:14 +0700] "GET /wp-content/install.php HTTP/1.1" 200 37 "-" "GuzzleHttp/7"
162.158.162.194 - - [06/Feb/2025:00:19:15 +0700] "GET /wp-content/install.php HTTP/1.1" 200 37 "-" "GuzzleHttp/7"
162.158.162.108 - - [06/Feb/2025:00:19:16 +0700] "GET /wp-content/install.php HTTP/1.1" 200 37 "-" "GuzzleHttp/7"
162.158.162.22 - - [06/Feb/2025:00:19:17 +0700] "POST /wp-cron.php?doing_wp_cron=1738775957.2273619174957275390625 HTTP/1.1" 200 31 "-" "OeMvH5IIvaJh"
162.158.163.98 - - [06/Feb/2025:00:19:17 +0700] "GET /search/%22%20.%20esc_url(%20admin_url()%20)%20.%20%22?dir=//proc&item=47769&action=chmod HTTP/1.1" 200 33206 "-" "Mozilla/5.0 (compatible; MJ12bot/v1.4.8; http://mj12bot.com/)"
162.158.162.18 - - [06/Feb/2025:00:19:17 +0700] "GET /wp-content/install.php HTTP/1.1" 200 37 "-" "GuzzleHttp/7"
172.69.165.13 - - [06/Feb/2025:00:19:18 +0700] "GET /wp-content/install.php HTTP/1.1" 200 37 "-" "GuzzleHttp/7"
162.158.163.89 - - [06/Feb/2025:00:19:20 +0700] "GET /wp-content/install.php HTTP/1.1" 200 37 "-" "GuzzleHttp/7"
162.158.163.98 - - [06/Feb/2025:00:19:20 +0700] "GET /search/%22%20.%20esc_url(%20admin_url()%20)%20.%20%22?dir=//proc&item=51723&action=chmod HTTP/1.1" 200 33210 "-" "Mozilla/5.0 (compatible; MJ12bot/v1.4.8; http://mj12bot.com/)"
162.158.162.108 - - [06/Feb/2025:00:19:23 +0700] "POST /wp-cron.php?doing_wp_cron=1738775963.0701930522918701171875 HTTP/1.1" 200 31 "-" "2k9M83wHrDJz"
162.158.163.98 - - [06/Feb/2025:00:19:23 +0700] "GET /search/%22%20.%20esc_url(%20admin_url()%20)%20.%20%22?dir=//proc&item=51723&action=rename HTTP/1.1" 200 33213 "-" "Mozilla/5.0 (compatible; MJ12bot/v1.4.8; http://mj12bot.com/)"
162.158.163.190 - - [06/Feb/2025:00:19:23 +0700] "GET /aomenkaixuanmenguanwangzhuce/article/12911731.html?dir=%2Fhome%2Fvietnamet.com%2Fpublic_html%2Fwp-content HTTP/1.1" 404 29367 "-" "Mozilla/5.0 (Linux; Android 5.0) AppleWebKit/537.36 (KHTML, like Gecko) Mobile Safari/537.36 (compatible; Bytespider; spider-feedback@bytedance.com)"
162.158.163.179 - - [06/Feb/2025:00:19:23 +0700] "GET /wp-content/install.php HTTP/1.1" 200 37 "-" "GuzzleHttp/7"
162.158.162.18 - - [06/Feb/2025:00:19:24 +0700] "GET /wp-content/install.php HTTP/1.1" 200 37 "-" "GuzzleHttp/7"
162.158.163.98 - - [06/Feb/2025:00:19:25 +0700] "GET /search/%22%20.%20esc_url(%20admin_url()%20)%20.%20%22?dir=//proc&item=56706&action=chmod HTTP/1.1" 200 33210 "-" "Mozilla/5.0 (compatible; MJ12bot/v1.4.8; http://mj12bot.com/)"
162.158.163.166 - - [06/Feb/2025:00:19:26 +0700] "GET /wp-content/install.php HTTP/1.1" 200 37 "-" "GuzzleHttp/7"
162.158.162.46 - - [06/Feb/2025:00:19:27 +0700] "GET /wp-content/install.php HTTP/1.1" 200 37 "-" "GuzzleHttp/7"
162.158.163.132 - - [06/Feb/2025:00:19:28 +0700] "POST /wp-cron.php?doing_wp_cron=1738775968.7215869426727294921875 HTTP/1.1" 200 31 "-" "3Ysdst4HFZvQ"
162.158.162.250 - - [06/Feb/2025:00:19:28 +0700] "GET /wp-content/install.php HTTP/1.1" 200 37 "-" "GuzzleHttp/7"
162.158.163.98 - - [06/Feb/2025:00:19:28 +0700] "GET /search/%22%20.%20esc_url(%20admin_url()%20)%20.%20%22?dir=//proc&item=57808&action=chmod HTTP/1.1" 200 33211 "-" "Mozilla/5.0 (compatible; MJ12bot/v1.4.8; http://mj12bot.com/)"
162.158.163.98 - - [06/Feb/2025:00:19:31 +0700] "GET /search/%22%20.%20esc_url(%20admin_url()%20)%20.%20%22?dir=//proc&item=57808&action=rename HTTP/1.1" 200 33209 "-" "Mozilla/5.0 (compatible; MJ12bot/v1.4.8; http://mj12bot.com/)"
162.158.163.98 - - [06/Feb/2025:00:19:33 +0700] "GET /search/%22%20.%20esc_url(%20admin_url()%20)%20.%20%22?dir=//proc&item=6&action=chmod HTTP/1.1" 200 33203 "-" "Mozilla/5.0 (compatible; MJ12bot/v1.4.8; http://mj12bot.com/)"
172.69.165.18 - - [06/Feb/2025:00:19:34 +0700] "GET /wp-content/install.php HTTP/1.1" 200 37 "-" "GuzzleHttp/7"
162.158.163.98 - - [06/Feb/2025:00:19:35 +0700] "GET /search/%22%20.%20esc_url(%20admin_url()%20)%20.%20%22?dir=//proc&item=6&action=rename HTTP/1.1" 200 33201 "-" "Mozilla/5.0 (compatible; MJ12bot/v1.4.8; http://mj12bot.com/)"
162.158.162.102 - - [06/Feb/2025:00:19:35 +0700] "GET /wp-content/install.php HTTP/1.1" 200 37 "-" "GuzzleHttp/7"
162.158.163.154 - - [06/Feb/2025:00:19:36 +0700] "GET /wp-content/install.php HTTP/1.1" 200 37 "-" "GuzzleHttp/7"
162.158.163.98 - - [06/Feb/2025:00:19:37 +0700] "GET /search/%22%20.%20esc_url(%20admin_url()%20)%20.%20%22?dir=//proc&item=600&action=chmod HTTP/1.1" 200 33212 "-" "Mozilla/5.0 (compatible; MJ12bot/v1.4.8; http://mj12bot.com/)"
162.158.163.98 - - [06/Feb/2025:00:19:40 +0700] "GET /search/%22%20.%20esc_url(%20admin_url()%20)%20.%20%22?dir=//proc&item=602&action=chmod HTTP/1.1" 200 33208 "-" "Mozilla/5.0 (compatible; MJ12bot/v1.4.8; http://mj12bot.com/)"
162.158.163.180 - - [06/Feb/2025:00:19:41 +0700] "GET /wp-content/install.php HTTP/1.1" 200 37 "-" "GuzzleHttp/7"
162.158.163.98 - - [06/Feb/2025:00:19:43 +0700] "GET /search/%22%20.%20esc_url(%20admin_url()%20)%20.%20%22?dir=//proc&item=602&action=rename HTTP/1.1" 200 33207 "-" "Mozilla/5.0 (compatible; MJ12bot/v1.4.8; http://mj12bot.com/)"
162.158.163.98 - - [06/Feb/2025:00:19:46 +0700] "GET /search/%22%20.%20esc_url(%20admin_url()%20)%20.%20%22?dir=//proc&item=61623&action=rename HTTP/1.1" 200 33207 "-" "Mozilla/5.0 (compatible; MJ12bot/v1.4.8; http://mj12bot.com/)"
172.69.165.19 - - [06/Feb/2025:00:19:48 +0700] "GET /wp-content/install.php HTTP/1.1" 200 37 "-" "GuzzleHttp/7"
162.158.163.19 - - [06/Feb/2025:00:19:49 +0700] "GET /wp-content/install.php HTTP/1.1" 200 37 "-" "GuzzleHttp/7"
162.158.163.90 - - [06/Feb/2025:00:19:50 +0700] "POST /wp-cron.php?doing_wp_cron=1738775990.1946411132812500000000 HTTP/1.1" 200 31 "-" "ilGqfHwSoUIQ"
162.158.163.98 - - [06/Feb/2025:00:19:50 +0700] "GET /search/%22%20.%20esc_url(%20admin_url()%20)%20.%20%22?dir=//proc&item=624&action=rename HTTP/1.1" 200 33204 "-" "Mozilla/5.0 (compatible; MJ12bot/v1.4.8; http://mj12bot.com/)"
162.158.162.194 - - [06/Feb/2025:00:19:50 +0700] "GET /wp-content/install.php HTTP/1.1" 200 37 "-" "GuzzleHttp/7"
162.158.163.98 - - [06/Feb/2025:00:19:53 +0700] "GET /search/%22%20.%20esc_url(%20admin_url()%20)%20.%20%22?dir=//proc&item=627&action=rename HTTP/1.1" 200 33214 "-" "Mozilla/5.0 (compatible; MJ12bot/v1.4.8; http://mj12bot.com/)"
162.158.163.132 - - [06/Feb/2025:00:19:56 +0700] "GET /wp-content/install.php HTTP/1.1" 200 37 "-" "GuzzleHttp/7"
162.158.163.98 - - [06/Feb/2025:00:19:57 +0700] "GET /search/%22%20.%20esc_url(%20admin_url()%20)%20.%20%22?dir=//proc&item=632&action=rename HTTP/1.1" 200 33208 "-" "Mozilla/5.0 (compatible; MJ12bot/v1.4.8; http://mj12bot.com/)"
162.158.163.118 - - [06/Feb/2025:00:19:59 +0700] "POST /wp-cron.php?doing_wp_cron=1738775999.0939610004425048828125 HTTP/1.1" 200 31 "-" "W9TU14azUVd1"
162.158.163.98 - - [06/Feb/2025:00:19:59 +0700] "GET /search/%22%20.%20esc_url(%20admin_url()%20)%20.%20%22?dir=//proc&item=633&action=chmod HTTP/1.1" 200 33215 "-" "Mozilla/5.0 (compatible; MJ12bot/v1.4.8; http://mj12bot.com/)"
162.158.163.98 - - [06/Feb/2025:00:20:04 +0700] "GET /search/%22%20.%20esc_url(%20admin_url()%20)%20.%20%22?dir=//proc&item=638&action=rename HTTP/1.1" 200 33162 "-" "Mozilla/5.0 (compatible; MJ12bot/v1.4.8; http://mj12bot.com/)"
162.158.163.132 - - [06/Feb/2025:00:20:04 +0700] "GET /wp-content/install.php HTTP/1.1" 200 37 "-" "GuzzleHttp/7"
162.158.163.98 - - [06/Feb/2025:00:20:06 +0700] "GET /search/%22%20.%20esc_url(%20admin_url()%20)%20.%20%22?dir=//proc&item=640&action=chmod HTTP/1.1" 200 33205 "-" "Mozilla/5.0 (compatible; MJ12bot/v1.4.8; http://mj12bot.com/)"
162.158.163.98 - - [06/Feb/2025:00:20:09 +0700] "GET /search/%22%20.%20esc_url(%20admin_url()%20)%20.%20%22?dir=//proc&item=645&action=chmod HTTP/1.1" 200 33205 "-" "Mozilla/5.0 (compatible; MJ12bot/v1.4.8; http://mj12bot.com/)"
162.158.162.22 - - [06/Feb/2025:00:20:13 +0700] "POST /wp-cron.php?doing_wp_cron=1738776013.3400809764862060546875 HTTP/1.1" 200 31 "-" "BXHXCbfhRrmK"
162.158.163.98 - - [06/Feb/2025:00:20:13 +0700] "GET /search/%22%20.%20esc_url(%20admin_url()%20)%20.%20%22?dir=//proc&item=651&action=chmod HTTP/1.1" 200 33213 "-" "Mozilla/5.0 (compatible; MJ12bot/v1.4.8; http://mj12bot.com/)"
162.158.162.109 - - [06/Feb/2025:00:20:13 +0700] "POST /wp-admin/admin-ajax.php?action=async_litespeed&nonce=uJ9WgDNj23B71GuNy4WkCZZjJhX4uCB2&litespeed_type=imgoptm HTTP/1.1" 200 12361 "-" "jYggWXAodIpX"
172.69.165.62 - - [06/Feb/2025:00:20:16 +0700] "POST /wp-cron.php?doing_wp_cron=1738776016.8951749801635742187500 HTTP/1.1" 200 31 "-" "NVpOAfyNr760"
162.158.163.98 - - [06/Feb/2025:00:20:17 +0700] "GET /search/%22%20.%20esc_url(%20admin_url()%20)%20.%20%22?dir=//proc&item=655&action=chmod HTTP/1.1" 200 33211 "-" "Mozilla/5.0 (compatible; MJ12bot/v1.4.8; http://mj12bot.com/)"
162.158.162.22 - - [06/Feb/2025:00:20:17 +0700] "GET /jijin/article/11736637.html?dir=%2Fhome HTTP/1.1" 404 27821 "-" "Mozilla/5.0 (Linux; Android 5.0) AppleWebKit/537.36 (KHTML, like Gecko) Mobile Safari/537.36 (compatible; Bytespider; spider-feedback@bytedance.com)"
162.158.163.98 - - [06/Feb/2025:00:20:20 +0700] "GET /search/%22%20.%20esc_url(%20admin_url()%20)%20.%20%22?dir=//proc&item=660&action=chmod HTTP/1.1" 200 33292 "-" "Mozilla/5.0 (compatible; MJ12bot/v1.4.8; http://mj12bot.com/)"
162.158.163.98 - - [06/Feb/2025:00:20:22 +0700] "GET /search/%22%20.%20esc_url(%20admin_url()%20)%20.%20%22?dir=//proc&item=660&action=rename HTTP/1.1" 200 33289 "-" "Mozilla/5.0 (compatible; MJ12bot/v1.4.8; http://mj12bot.com/)"
162.158.162.114 - - [06/Feb/2025:00:20:24 +0700] "GET /wp-content/install.php?id=740931 HTTP/1.1" 499 0 "-" "GuzzleHttp/7"
162.158.163.166 - - [06/Feb/2025:00:20:24 +0700] "GET /wp-content/install.php HTTP/1.1" 200 37 "-" "GuzzleHttp/7"
172.69.165.18 - - [06/Feb/2025:00:20:25 +0700] "GET /wp-content/install.php HTTP/1.1" 200 37 "-" "GuzzleHttp/7"
162.158.162.19 - - [06/Feb/2025:00:20:26 +0700] "GET /wp-content/install.php HTTP/1.1" 200 37 "-" "GuzzleHttp/7"
172.69.165.18 - - [06/Feb/2025:00:20:28 +0700] "GET /wp-content/install.php HTTP/1.1" 200 37 "-" "GuzzleHttp/7"
162.158.163.118 - - [06/Feb/2025:00:20:28 +0700] "POST /wp-cron.php?doing_wp_cron=1738776028.5134730339050292968750 HTTP/1.1" 200 31 "-" "BH9p5e5GCQu1"
162.158.163.98 - - [06/Feb/2025:00:20:28 +0700] "GET /search/%22%20.%20esc_url(%20admin_url()%20)%20.%20%22?dir=//proc&item=685&action=rename HTTP/1.1" 200 33212 "-" "Mozilla/5.0 (compatible; MJ12bot/v1.4.8; http://mj12bot.com/)"
162.158.163.98 - - [06/Feb/2025:00:20:31 +0700] "GET /search/%22%20.%20esc_url(%20admin_url()%20)%20.%20%22?dir=//proc&item=68547&action=chmod HTTP/1.1" 200 33210 "-" "Mozilla/5.0 (compatible; MJ12bot/v1.4.8; http://mj12bot.com/)"
162.158.163.118 - - [06/Feb/2025:00:20:33 +0700] "GET /wp-content/install.php HTTP/1.1" 200 37 "-" "GuzzleHttp/7"
162.158.163.132 - - [06/Feb/2025:00:20:34 +0700] "GET /wp-content/install.php HTTP/1.1" 200 37 "-" "GuzzleHttp/7"
162.158.163.98 - - [06/Feb/2025:00:20:34 +0700] "GET /search/%22%20.%20esc_url(%20admin_url()%20)%20.%20%22?dir=//proc&item=690&action=chmod HTTP/1.1" 200 33211 "-" "Mozilla/5.0 (compatible; MJ12bot/v1.4.8; http://mj12bot.com/)"
162.158.163.98 - - [06/Feb/2025:00:20:37 +0700] "GET /search/%22%20.%20esc_url(%20admin_url()%20)%20.%20%22?dir=//proc&item=69266&action=chmod HTTP/1.1" 200 33211 "-" "Mozilla/5.0 (compatible; MJ12bot/v1.4.8; http://mj12bot.com/)"
162.158.163.98 - - [06/Feb/2025:00:20:40 +0700] "GET /search/%22%20.%20esc_url(%20admin_url()%20)%20.%20%22?dir=//proc&item=69266&action=rename HTTP/1.1" 200 33212 "-" "Mozilla/5.0 (compatible; MJ12bot/v1.4.8; http://mj12bot.com/)"
162.158.163.98 - - [06/Feb/2025:00:20:42 +0700] "GET /search/%22%20.%20esc_url(%20admin_url()%20)%20.%20%22?dir=//proc&item=72028&action=chmod HTTP/1.1" 200 33291 "-" "Mozilla/5.0 (compatible; MJ12bot/v1.4.8; http://mj12bot.com/)"
162.158.162.207 - - [06/Feb/2025:00:20:45 +0700] "GET /wp-content/install.php HTTP/1.1" 200 37 "-" "GuzzleHttp/7"
162.158.163.98 - - [06/Feb/2025:00:20:45 +0700] "GET /search/%22%20.%20esc_url(%20admin_url()%20)%20.%20%22?dir=//proc&item=72029&action=chmod HTTP/1.1" 200 33212 "-" "Mozilla/5.0 (compatible; MJ12bot/v1.4.8; http://mj12bot.com/)"
162.158.163.165 - - [06/Feb/2025:00:20:49 +0700] "POST /wp-cron.php?doing_wp_cron=1738776049.0508620738983154296875 HTTP/1.1" 200 31 "-" "cntNsWv1Y6RF"
162.158.163.98 - - [06/Feb/2025:00:20:49 +0700] "GET /search/%22%20.%20esc_url(%20admin_url()%20)%20.%20%22?dir=//proc&item=73385&action=chmod HTTP/1.1" 200 33210 "-" "Mozilla/5.0 (compatible; MJ12bot/v1.4.8; http://mj12bot.com/)"
162.158.162.74 - - [06/Feb/2025:00:20:50 +0700] "GET /wp-content/install.php HTTP/1.1" 200 37 "-" "GuzzleHttp/7"
162.158.163.98 - - [06/Feb/2025:00:20:51 +0700] "GET /wp-content/install.php HTTP/1.1" 200 37 "-" "GuzzleHttp/7"
162.158.163.98 - - [06/Feb/2025:00:20:55 +0700] "GET /search/%22%20.%20esc_url(%20admin_url()%20)%20.%20%22?dir=//proc&item=77348&action=chmod HTTP/1.1" 200 33209 "-" "Mozilla/5.0 (compatible; MJ12bot/v1.4.8; http://mj12bot.com/)"
162.158.162.22 - - [06/Feb/2025:00:20:57 +0700] "GET /wp-content/install.php HTTP/1.1" 200 37 "-" "GuzzleHttp/7"
162.158.163.98 - - [06/Feb/2025:00:20:57 +0700] "GET /search/%22%20.%20esc_url(%20admin_url()%20)%20.%20%22?dir=//proc&item=77348&action=rename HTTP/1.1" 200 33213 "-" "Mozilla/5.0 (compatible; MJ12bot/v1.4.8; http://mj12bot.com/)"
162.158.163.117 - - [06/Feb/2025:00:21:00 +0700] "GET / HTTP/1.1" 200 218 "www.google.com" "Mozilla/5.0 (Linux; Android 7.0; SM-G892A Build/NRD90M; wv) AppleWebKit/537.36 (KHTML, like Gecko) Version/4.0 Chrome/60.0.3112.107 Mobile Safari/537.36"
162.158.162.22 - - [06/Feb/2025:00:21:00 +0700] "POST /wp-cron.php?doing_wp_cron=1738776060.7147979736328125000000 HTTP/1.1" 200 31 "-" "oNFCbF09edtz"
162.158.163.98 - - [06/Feb/2025:00:21:00 +0700] "GET /search/%22%20.%20esc_url(%20admin_url()%20)%20.%20%22?dir=//proc&item=78880&action=rename HTTP/1.1" 200 33208 "-" "Mozilla/5.0 (compatible; MJ12bot/v1.4.8; http://mj12bot.com/)"
162.158.162.251 - - [06/Feb/2025:00:21:02 +0700] "GET /wp-content/install.php HTTP/1.1" 200 37 "-" "GuzzleHttp/7"
162.158.163.98 - - [06/Feb/2025:00:21:04 +0700] "GET /search/%22%20.%20esc_url(%20admin_url()%20)%20.%20%22?dir=//proc&item=8&action=rename HTTP/1.1" 200 33202 "-" "Mozilla/5.0 (compatible; MJ12bot/v1.4.8; http://mj12bot.com/)"
162.158.163.189 - - [06/Feb/2025:00:21:06 +0700] "GET /wp-content/install.php HTTP/1.1" 200 37 "-" "GuzzleHttp/7"
162.158.163.98 - - [06/Feb/2025:00:21:07 +0700] "GET /wp-content/install.php HTTP/1.1" 200 37 "-" "GuzzleHttp/7"
162.158.163.98 - - [06/Feb/2025:00:21:07 +0700] "GET /search/%22%20.%20esc_url(%20admin_url()%20)%20.%20%22?dir=//proc&item=81729&action=rename HTTP/1.1" 200 33212 "-" "Mozilla/5.0 (compatible; MJ12bot/v1.4.8; http://mj12bot.com/)"
162.158.162.22 - - [06/Feb/2025:00:21:08 +0700] "GET /wp-content/install.php?id=844488 HTTP/1.1" 200 37 "https://vietnamet.com/wp-content/install.php?id=844488" "Mozilla/5.0 (Windows NT 10.0; Win64; x64) AppleWebKit/537.36 (KHTML, like Gecko) Chrome/58.0.3029.110 Safari/537.3"
162.158.162.22 - - [06/Feb/2025:00:21:09 +0700] "GET /wp-content/install.php HTTP/1.1" 200 37 "-" "GuzzleHttp/7"
162.158.163.154 - - [06/Feb/2025:00:21:09 +0700] "GET / HTTP/1.1" 200 43269 "https://vietnamet.com" "Mozilla/5.0 (Windows NT 10.0; Win64; x64) AppleWebKit/537.36 (KHTML, like Gecko) Chrome/58.0.3029.110 Safari/537.3"
162.158.162.105 - - [06/Feb/2025:00:21:10 +0700] "GET /wp-content/install.php HTTP/1.1" 200 37 "-" "GuzzleHttp/7"
162.158.163.98 - - [06/Feb/2025:00:21:11 +0700] "GET /newshtml/9524217.html?dir=%2Fhome HTTP/1.1" 404 27094 "-" "Mozilla/5.0 (Linux; Android 5.0) AppleWebKit/537.36 (KHTML, like Gecko) Mobile Safari/537.36 (compatible; Bytespider; spider-feedback@bytedance.com)"
162.158.162.194 - - [06/Feb/2025:00:21:11 +0700] "GET /wp-content/install.php HTTP/1.1" 200 37 "-" "GuzzleHttp/7"
162.158.162.22 - - [06/Feb/2025:00:21:12 +0700] "GET /wp-content/install.php HTTP/1.1" 200 37 "-" "GuzzleHttp/7"
162.158.163.117 - - [06/Feb/2025:00:21:14 +0700] "GET /wp-content/install.php HTTP/1.1" 200 37 "-" "GuzzleHttp/7"
162.158.162.103 - - [06/Feb/2025:00:21:15 +0700] "GET /wp-content/install.php HTTP/1.1" 200 37 "-" "GuzzleHttp/7"
172.69.165.72 - - [06/Feb/2025:00:21:20 +0700] "POST /wp-cron.php?doing_wp_cron=1738776080.4603540897369384765625 HTTP/1.1" 200 31 "-" "sTpceCyz5CIA"
162.158.163.98 - - [06/Feb/2025:00:21:20 +0700] "GET /?dir=/home/vietnamet.com/public_html/wp-admin&item=customize.php&action=rename HTTP/1.1" 301 283198 "http://vietnamet.com/?dir=/home/vietnamet.com/public_html/wp-admin" "Mozilla/5.0 (Linux; Android 7.0;) AppleWebKit/537.36 (KHTML, like Gecko) Mobile Safari/537.36 (compatible; PetalBot;+https://webmaster.petalsearch.com/site/petalbot)"
162.158.162.22 - - [06/Feb/2025:00:21:20 +0700] "GET /?dir=/home/vietnamet.com/public_html/wp-admin&item=customize.php&action=rename HTTP/1.1" 301 283180 "http://vietnamet.com/?dir=/home/vietnamet.com/public_html/wp-admin" "Mozilla/5.0 (Linux; Android 7.0;) AppleWebKit/537.36 (KHTML, like Gecko) Mobile Safari/537.36 (compatible; PetalBot;+https://webmaster.petalsearch.com/site/petalbot)"
162.158.163.85 - - [06/Feb/2025:00:21:20 +0700] "POST /wp-admin/admin-ajax.php?action=async_litespeed&nonce=IQaaBCMjfNk2yh4m55AtbMOzgMMrR4Jl&litespeed_type=imgoptm HTTP/1.1" 200 12361 "-" "Zv5lx7ZY45Py"
162.158.162.207 - - [06/Feb/2025:00:21:22 +0700] "GET /?dir=/home/vietnamet.com/public_html/wp-admin&item=customize.php&action=rename HTTP/1.1" 301 283204 "http://vietnamet.com/?dir=/home/vietnamet.com/public_html/wp-admin" "Mozilla/5.0 (Linux; Android 7.0;) AppleWebKit/537.36 (KHTML, like Gecko) Mobile Safari/537.36 (compatible; PetalBot;+https://webmaster.petalsearch.com/site/petalbot)"
162.158.163.189 - - [06/Feb/2025:00:21:22 +0700] "GET /?dir=/home/vietnamet.com/public_html/wp-admin&item=customize.php&action=rename HTTP/1.1" 301 283189 "http://vietnamet.com/?dir=/home/vietnamet.com/public_html/wp-admin" "Mozilla/5.0 (Linux; Android 7.0;) AppleWebKit/537.36 (KHTML, like Gecko) Mobile Safari/537.36 (compatible; PetalBot;+https://webmaster.petalsearch.com/site/petalbot)"
162.158.162.22 - - [06/Feb/2025:00:21:22 +0700] "GET /?dir=/home/vietnamet.com/public_html/wp-admin&item=customize.php&action=rename HTTP/1.1" 301 283221 "http://vietnamet.com/?dir=/home/vietnamet.com/public_html/wp-admin" "Mozilla/5.0 (Linux; Android 7.0;) AppleWebKit/537.36 (KHTML, like Gecko) Mobile Safari/537.36 (compatible; PetalBot;+https://webmaster.petalsearch.com/site/petalbot)"
162.158.162.19 - - [06/Feb/2025:00:21:23 +0700] "GET /wp-content/install.php HTTP/1.1" 200 37 "-" "GuzzleHttp/7"
162.158.162.22 - - [06/Feb/2025:00:21:23 +0700] "POST /wp-cron.php?doing_wp_cron=1738776083.5452849864959716796875 HTTP/1.1" 200 31 "-" "8brm4FglIdqx"
162.158.162.22 - - [06/Feb/2025:00:21:23 +0700] "GET /?dir=/home/vietnamet.com/public_html/wp-admin&item=customize.php&action=rename HTTP/1.1" 301 283235 "http://vietnamet.com/?dir=/home/vietnamet.com/public_html/wp-admin" "Mozilla/5.0 (Linux; Android 7.0;) AppleWebKit/537.36 (KHTML, like Gecko) Mobile Safari/537.36 (compatible; PetalBot;+https://webmaster.petalsearch.com/site/petalbot)"
162.158.162.105 - - [06/Feb/2025:00:21:24 +0700] "GET /wp HTTP/1.1" 200 218 "www.google.com" "Mozilla/5.0 (Linux; Android 7.0; SM-G892A Build/NRD90M; wv) AppleWebKit/537.36 (KHTML, like Gecko) Version/4.0 Chrome/60.0.3112.107 Mobile Safari/537.36"
172.69.165.19 - - [06/Feb/2025:00:21:24 +0700] "GET /wp-content/install.php HTTP/1.1" 200 37 "-" "GuzzleHttp/7"
162.158.163.117 - - [06/Feb/2025:00:21:24 +0700] "GET /?dir=/home/vietnamet.com/public_html/wp-admin&item=customize.php&action=rename HTTP/1.1" 301 283197 "http://vietnamet.com/?dir=/home/vietnamet.com/public_html/wp-admin" "Mozilla/5.0 (Linux; Android 7.0;) AppleWebKit/537.36 (KHTML, like Gecko) Mobile Safari/537.36 (compatible; PetalBot;+https://webmaster.petalsearch.com/site/petalbot)"
162.158.163.117 - - [06/Feb/2025:00:21:25 +0700] "GET /?dir=/home/vietnamet.com/public_html/wp-admin&item=customize.php&action=rename HTTP/1.1" 301 283220 "http://vietnamet.com/?dir=/home/vietnamet.com/public_html/wp-admin" "Mozilla/5.0 (Linux; Android 7.0;) AppleWebKit/537.36 (KHTML, like Gecko) Mobile Safari/537.36 (compatible; PetalBot;+https://webmaster.petalsearch.com/site/petalbot)"
172.69.165.19 - - [06/Feb/2025:00:21:25 +0700] "GET /?dir=/home/vietnamet.com/public_html/wp-admin&item=customize.php&action=rename HTTP/1.1" 301 283181 "http://vietnamet.com/?dir=/home/vietnamet.com/public_html/wp-admin" "Mozilla/5.0 (Linux; Android 7.0;) AppleWebKit/537.36 (KHTML, like Gecko) Mobile Safari/537.36 (compatible; PetalBot;+https://webmaster.petalsearch.com/site/petalbot)"
162.158.162.74 - - [06/Feb/2025:00:21:25 +0700] "GET /wp-content/install.php HTTP/1.1" 200 37 "-" "GuzzleHttp/7"
162.158.163.98 - - [06/Feb/2025:00:21:25 +0700] "GET /?dir=/home/vietnamet.com/public_html/wp-admin&item=customize.php&action=rename HTTP/1.1" 301 283235 "http://vietnamet.com/?dir=/home/vietnamet.com/public_html/wp-admin" "Mozilla/5.0 (Linux; Android 7.0;) AppleWebKit/537.36 (KHTML, like Gecko) Mobile Safari/537.36 (compatible; PetalBot;+https://webmaster.petalsearch.com/site/petalbot)"
162.158.163.117 - - [06/Feb/2025:00:21:27 +0700] "GET /wp-content/install.php HTTP/1.1" 200 37 "https://vietnamet.com/wp-content/install.php" "Mozilla/5.0 (Windows NT 10.0; Win64; x64) AppleWebKit/537.36 (KHTML, like Gecko) Chrome/58.0.3029.110 Safari/537.3"
162.158.163.117 - - [06/Feb/2025:00:21:29 +0700] "POST /wp-cron.php?doing_wp_cron=1738776089.2818639278411865234375 HTTP/1.1" 200 31 "-" "W0K4KNTVbZHd"
162.158.162.29 - - [06/Feb/2025:00:21:29 +0700] "GET / HTTP/1.1" 200 43278 "https://vietnamet.com" "Mozilla/5.0 (Windows NT 10.0; Win64; x64) AppleWebKit/537.36 (KHTML, like Gecko) Chrome/58.0.3029.110 Safari/537.3"
162.158.162.250 - - [06/Feb/2025:00:21:30 +0700] "GET /wp-content/install.php HTTP/1.1" 200 37 "-" "GuzzleHttp/7"
172.69.165.19 - - [06/Feb/2025:00:21:51 +0700] "GET /wp-content/install.php?id=740931 HTTP/1.1" 499 0 "-" "GuzzleHttp/7"
162.158.162.207 - - [06/Feb/2025:00:21:53 +0700] "GET /wordpress HTTP/1.1" 200 217 "www.google.com" "Mozilla/5.0 (Linux; Android 7.0; SM-G892A Build/NRD90M; wv) AppleWebKit/537.36 (KHTML, like Gecko) Version/4.0 Chrome/60.0.3112.107 Mobile Safari/537.36"
162.158.163.97 - - [06/Feb/2025:00:21:55 +0700] "GET /wp-content/install.php HTTP/1.1" 200 37 "-" "GuzzleHttp/7"
162.158.162.28 - - [06/Feb/2025:00:22:00 +0700] "GET /wp-content/install.php HTTP/1.1" 200 37 "-" "GuzzleHttp/7"
162.158.162.105 - - [06/Feb/2025:00:22:04 +0700] "GET /wp-content/install.php HTTP/1.1" 200 37 "-" "GuzzleHttp/7"
162.158.163.118 - - [06/Feb/2025:00:22:05 +0700] "POST /wp-cron.php?doing_wp_cron=1738776124.9987730979919433593750 HTTP/1.1" 200 31 "-" "UYdpDLfVnhgP"
162.158.163.118 - - [06/Feb/2025:00:22:05 +0700] "GET /zhidingxinwen/article/12542971.html?dir=%2Fhome%2Fvietnamet.com%2Fpublic_html%2Fwp-includes HTTP/1.1" 404 43735 "-" "Mozilla/5.0 (Linux; Android 5.0) AppleWebKit/537.36 (KHTML, like Gecko) Mobile Safari/537.36 (compatible; Bytespider; spider-feedback@bytedance.com)"
162.158.163.98 - - [06/Feb/2025:00:22:08 +0700] "GET /wp-content/install.php HTTP/1.1" 200 37 "-" "GuzzleHttp/7"
162.158.162.51 - - [06/Feb/2025:00:22:09 +0700] "GET /wp-content/install.php HTTP/1.1" 200 37 "-" "GuzzleHttp/7"
162.158.163.98 - - [06/Feb/2025:00:22:14 +0700] "GET /wp-content/install.php HTTP/1.1" 200 37 "-" "GuzzleHttp/7"
172.69.165.18 - - [06/Feb/2025:00:22:25 +0700] "GET /jlairc HTTP/1.1" 200 219 "www.google.com" "Mozilla/5.0 (Linux; Android 7.0; SM-G892A Build/NRD90M; wv) AppleWebKit/537.36 (KHTML, like Gecko) Version/4.0 Chrome/60.0.3112.107 Mobile Safari/537.36"
162.158.162.206 - - [06/Feb/2025:00:22:26 +0700] "GET /wp-content/install.php HTTP/1.1" 200 37 "https://vietnamet.com/wp-content/install.php" "Mozilla/5.0 (Windows NT 10.0; Win64; x64) AppleWebKit/537.36 (KHTML, like Gecko) Chrome/58.0.3029.110 Safari/537.3"
172.69.165.18 - - [06/Feb/2025:00:22:27 +0700] "POST /wp-cron.php?doing_wp_cron=1738776147.2978820800781250000000 HTTP/1.1" 200 31 "-" "S8k23IKHkkT7"
172.69.165.13 - - [06/Feb/2025:00:22:27 +0700] "GET / HTTP/1.1" 200 43295 "https://vietnamet.com" "Mozilla/5.0 (Windows NT 10.0; Win64; x64) AppleWebKit/537.36 (KHTML, like Gecko) Chrome/58.0.3029.110 Safari/537.3"
162.158.162.22 - - [06/Feb/2025:00:22:27 +0700] "POST /wp-admin/admin-ajax.php?action=async_litespeed&nonce=DKlvdGJqQtgXn4OxK9QlLvsqo6HrfZUb&litespeed_type=imgoptm HTTP/1.1" 200 12362 "-" "oJ4I8xiAc1LB"
162.158.163.97 - - [06/Feb/2025:00:22:30 +0700] "GET /search/%22%20.%20esc_url(%20admin_url()%20)%20.%20%22?dir=//proc&item=84109&action=rename HTTP/1.1" 200 33246 "-" "Mozilla/5.0 (compatible; MJ12bot/v1.4.8; http://mj12bot.com/)"
162.158.163.97 - - [06/Feb/2025:00:22:32 +0700] "GET /search/%22%20.%20esc_url(%20admin_url()%20)%20.%20%22?dir=//proc&item=84706&action=chmod HTTP/1.1" 200 33246 "-" "Mozilla/5.0 (compatible; MJ12bot/v1.4.8; http://mj12bot.com/)"
162.158.163.97 - - [06/Feb/2025:00:22:34 +0700] "GET /search/%22%20.%20esc_url(%20admin_url()%20)%20.%20%22?dir=//proc&item=84706&action=rename HTTP/1.1" 200 33243 "-" "Mozilla/5.0 (compatible; MJ12bot/v1.4.8; http://mj12bot.com/)"
162.158.163.97 - - [06/Feb/2025:00:22:40 +0700] "GET /search/%22%20.%20esc_url(%20admin_url()%20)%20.%20%22?dir=//proc&item=9&action=rename HTTP/1.1" 200 33242 "-" "Mozilla/5.0 (compatible; MJ12bot/v1.4.8; http://mj12bot.com/)"
162.158.163.97 - - [06/Feb/2025:00:22:43 +0700] "GET /search/%22%20.%20esc_url(%20admin_url()%20)%20.%20%22?dir=//proc&item=90&action=chmod HTTP/1.1" 200 33321 "-" "Mozilla/5.0 (compatible; MJ12bot/v1.4.8; http://mj12bot.com/)"
162.158.163.97 - - [06/Feb/2025:00:22:45 +0700] "GET /search/%22%20.%20esc_url(%20admin_url()%20)%20.%20%22?dir=//proc&item=90&action=rename HTTP/1.1" 200 33331 "-" "Mozilla/5.0 (compatible; MJ12bot/v1.4.8; http://mj12bot.com/)"
162.158.162.23 - - [06/Feb/2025:00:22:48 +0700] "POST /wp-cron.php?doing_wp_cron=1738776168.8264880180358886718750 HTTP/1.1" 200 31 "-" "lkmEVqsxLxJH"
162.158.163.97 - - [06/Feb/2025:00:22:49 +0700] "GET /search/%22%20.%20esc_url(%20admin_url()%20)%20.%20%22?dir=//proc&item=908&action=rename HTTP/1.1" 200 33239 "-" "Mozilla/5.0 (compatible; MJ12bot/v1.4.8; http://mj12bot.com/)"
162.158.162.104 - - [06/Feb/2025:00:22:55 +0700] "GET /wordpress HTTP/1.1" 200 217 "www.google.com" "Mozilla/5.0 (Linux; Android 7.0; SM-G892A Build/NRD90M; wv) AppleWebKit/537.36 (KHTML, like Gecko) Version/4.0 Chrome/60.0.3112.107 Mobile Safari/537.36"
162.158.163.97 - - [06/Feb/2025:00:22:55 +0700] "GET /search/%22%20.%20esc_url(%20admin_url()%20)%20.%20%22?dir=//proc&item=92&action=rename HTTP/1.1" 200 33242 "-" "Mozilla/5.0 (compatible; MJ12bot/v1.4.8; http://mj12bot.com/)"
162.158.163.97 - - [06/Feb/2025:00:22:57 +0700] "GET /search/%22%20.%20esc_url(%20admin_url()%20)%20.%20%22?dir=//proc&item=93&action=chmod HTTP/1.1" 200 33237 "-" "Mozilla/5.0 (compatible; MJ12bot/v1.4.8; http://mj12bot.com/)"
162.158.163.97 - - [06/Feb/2025:00:22:58 +0700] "POST /wp-cron.php?doing_wp_cron=1738776178.7103080749511718750000 HTTP/1.1" 200 31 "-" "JmRLPPAO9J5w"
162.158.162.23 - - [06/Feb/2025:00:22:58 +0700] "GET /zhidingxinwen/article/12420147.html?dir=%2Fhome%2Fvietnamet.com%2Fpublic_html%2Fwp-content HTTP/1.1" 404 29383 "-" "Mozilla/5.0 (Linux; Android 5.0) AppleWebKit/537.36 (KHTML, like Gecko) Mobile Safari/537.36 (compatible; Bytespider; spider-feedback@bytedance.com)"
162.158.163.97 - - [06/Feb/2025:00:23:00 +0700] "GET /search/%22%20.%20esc_url(%20admin_url()%20)%20.%20%22?dir=//proc&item=93&action=rename HTTP/1.1" 200 33237 "-" "Mozilla/5.0 (compatible; MJ12bot/v1.4.8; http://mj12bot.com/)"
162.158.163.97 - - [06/Feb/2025:00:23:03 +0700] "GET /search/%22%20.%20esc_url(%20admin_url()%20)%20.%20%22?dir=//proc&item=94&action=rename HTTP/1.1" 200 33241 "-" "Mozilla/5.0 (compatible; MJ12bot/v1.4.8; http://mj12bot.com/)"
162.158.163.97 - - [06/Feb/2025:00:23:09 +0700] "GET /search/%22%20.%20esc_url(%20admin_url()%20)%20.%20%22?dir=//proc&item=96&action=rename HTTP/1.1" 200 33236 "-" "Mozilla/5.0 (compatible; MJ12bot/v1.4.8; http://mj12bot.com/)"
162.158.163.97 - - [06/Feb/2025:00:23:13 +0700] "POST /wp-cron.php?doing_wp_cron=1738776193.2920711040496826171875 HTTP/1.1" 200 31 "-" "tO209O7KDOim"
162.158.163.97 - - [06/Feb/2025:00:23:13 +0700] "GET /search/%22%20.%20esc_url(%20admin_url()%20)%20.%20%22?dir=//proc&item=97&action=rename HTTP/1.1" 200 33241 "-" "Mozilla/5.0 (compatible; MJ12bot/v1.4.8; http://mj12bot.com/)"
162.158.163.97 - - [06/Feb/2025:00:23:13 +0700] "POST /wp-admin/admin-ajax.php?action=async_litespeed&nonce=UnENNOfIQv33eYWi5Ltabnts7xOQ2gzG&litespeed_type=imgoptm HTTP/1.1" 200 12361 "-" "7PA2XTgMdLAK"
162.158.163.97 - - [06/Feb/2025:00:23:15 +0700] "GET /search/%22%20.%20esc_url(%20admin_url()%20)%20.%20%22?dir=//proc&item=acpi&action=chmod HTTP/1.1" 200 33255 "-" "Mozilla/5.0 (compatible; MJ12bot/v1.4.8; http://mj12bot.com/)"
162.158.162.23 - - [06/Feb/2025:00:23:17 +0700] "POST /wp-cron.php?doing_wp_cron=1738776197.5441720485687255859375 HTTP/1.1" 200 31 "-" "n6zMwGImLc3r"
162.158.163.97 - - [06/Feb/2025:00:23:17 +0700] "GET /search/%22%20.%20esc_url(%20admin_url()%20)%20.%20%22?dir=//proc&item=acpi&action=rename HTTP/1.1" 200 33252 "-" "Mozilla/5.0 (compatible; MJ12bot/v1.4.8; http://mj12bot.com/)"
162.158.163.97 - - [06/Feb/2025:00:23:20 +0700] "GET /search/%22%20.%20esc_url(%20admin_url()%20)%20.%20%22?dir=//proc&item=buddyinfo&action=chmod HTTP/1.1" 200 33259 "-" "Mozilla/5.0 (compatible; MJ12bot/v1.4.8; http://mj12bot.com/)"
162.158.163.97 - - [06/Feb/2025:00:23:22 +0700] "GET /search/%22%20.%20esc_url(%20admin_url()%20)%20.%20%22?dir=//proc&item=buddyinfo&action=download HTTP/1.1" 200 624 "-" "Mozilla/5.0 (compatible; MJ12bot/v1.4.8; http://mj12bot.com/)"
162.158.163.97 - - [06/Feb/2025:00:23:24 +0700] "GET /old HTTP/1.1" 200 216 "www.google.com" "Mozilla/5.0 (Linux; Android 7.0; SM-G892A Build/NRD90M; wv) AppleWebKit/537.36 (KHTML, like Gecko) Version/4.0 Chrome/60.0.3112.107 Mobile Safari/537.36"
172.69.165.18 - - [06/Feb/2025:00:23:24 +0700] "POST /wp-cron.php?doing_wp_cron=1738776204.4362568855285644531250 HTTP/1.1" 200 31 "-" "2xcrz59cADEm"
162.158.163.97 - - [06/Feb/2025:00:23:24 +0700] "GET /search/%22%20.%20esc_url(%20admin_url()%20)%20.%20%22?dir=//proc&item=buddyinfo&action=edit HTTP/1.1" 200 33392 "-" "Mozilla/5.0 (compatible; MJ12bot/v1.4.8; http://mj12bot.com/)"
162.158.163.97 - - [06/Feb/2025:00:23:27 +0700] "GET /search/%22%20.%20esc_url(%20admin_url()%20)%20.%20%22?dir=//proc&item=buddyinfo&action=rename HTTP/1.1" 200 33253 "-" "Mozilla/5.0 (compatible; MJ12bot/v1.4.8; http://mj12bot.com/)"
172.69.165.18 - - [06/Feb/2025:00:23:30 +0700] "POST /wp-cron.php?doing_wp_cron=1738776210.5246651172637939453125 HTTP/1.1" 200 31 "-" "wv4vBuq8BEXR"
162.158.163.97 - - [06/Feb/2025:00:23:30 +0700] "GET /search/%22%20.%20esc_url(%20admin_url()%20)%20.%20%22?dir=//proc&item=bus&action=rename HTTP/1.1" 200 33243 "-" "Mozilla/5.0 (compatible; MJ12bot/v1.4.8; http://mj12bot.com/)"
162.158.162.104 - - [06/Feb/2025:00:23:34 +0700] "GET /backup HTTP/1.1" 200 216 "www.google.com" "Mozilla/5.0 (Linux; Android 7.0; SM-G892A Build/NRD90M; wv) AppleWebKit/537.36 (KHTML, like Gecko) Version/4.0 Chrome/60.0.3112.107 Mobile Safari/537.36"
162.158.163.97 - - [06/Feb/2025:00:23:35 +0700] "GET /search/%22%20.%20esc_url(%20admin_url()%20)%20.%20%22?dir=//proc&item=cgroups&action=edit HTTP/1.1" 200 33424 "-" "Mozilla/5.0 (compatible; MJ12bot/v1.4.8; http://mj12bot.com/)"
162.158.162.115 - - [06/Feb/2025:00:23:37 +0700] "GET /new HTTP/1.1" 200 214 "www.google.com" "Mozilla/5.0 (Linux; Android 7.0; SM-G892A Build/NRD90M; wv) AppleWebKit/537.36 (KHTML, like Gecko) Version/4.0 Chrome/60.0.3112.107 Mobile Safari/537.36"
162.158.163.97 - - [06/Feb/2025:00:23:45 +0700] "GET /search/%22%20.%20esc_url(%20admin_url()%20)%20.%20%22?dir=//proc&item=consoles&action=chmod HTTP/1.1" 200 33258 "-" "Mozilla/5.0 (compatible; MJ12bot/v1.4.8; http://mj12bot.com/)"
162.158.163.97 - - [06/Feb/2025:00:23:47 +0700] "GET /search/%22%20.%20esc_url(%20admin_url()%20)%20.%20%22?dir=//proc&item=consoles&action=download HTTP/1.1" 200 366 "-" "Mozilla/5.0 (compatible; MJ12bot/v1.4.8; http://mj12bot.com/)"
172.69.165.19 - - [06/Feb/2025:00:23:52 +0700] "POST /wp-cron.php?doing_wp_cron=1738776232.4974091053009033203125 HTTP/1.1" 200 31 "-" "kmfmTPtY0OqW"
172.69.165.19 - - [06/Feb/2025:00:23:52 +0700] "GET /aomenkaixuanmenguanfangwangzhi/article/14309500.html?dir=%2Fhome%2Fvietnamet.com%2Fpublic_html HTTP/1.1" 404 30085 "-" "Mozilla/5.0 (Linux; Android 5.0) AppleWebKit/537.36 (KHTML, like Gecko) Mobile Safari/537.36 (compatible; Bytespider; spider-feedback@bytedance.com)"
162.158.163.97 - - [06/Feb/2025:00:23:53 +0700] "GET /search/%22%20.%20esc_url(%20admin_url()%20)%20.%20%22?dir=//proc&item=cpuinfo&action=download HTTP/1.1" 200 5112 "-" "Mozilla/5.0 (compatible; MJ12bot/v1.4.8; http://mj12bot.com/)"
162.158.163.97 - - [06/Feb/2025:00:23:56 +0700] "GET /search/%22%20.%20esc_url(%20admin_url()%20)%20.%20%22?dir=//proc&item=cpuinfo&action=edit HTTP/1.1" 200 34171 "-" "Mozilla/5.0 (compatible; MJ12bot/v1.4.8; http://mj12bot.com/)"
162.158.162.206 - - [06/Feb/2025:00:23:57 +0700] "GET /test HTTP/1.1" 200 219 "www.google.com" "Mozilla/5.0 (Linux; Android 7.0; SM-G892A Build/NRD90M; wv) AppleWebKit/537.36 (KHTML, like Gecko) Version/4.0 Chrome/60.0.3112.107 Mobile Safari/537.36"
172.69.165.19 - - [06/Feb/2025:00:23:59 +0700] "POST /wp-cron.php?doing_wp_cron=1738776239.7244930267333984375000 HTTP/1.1" 200 31 "-" "ZRcByifZiEKL"
162.158.163.97 - - [06/Feb/2025:00:23:59 +0700] "GET /search/%22%20.%20esc_url(%20admin_url()%20)%20.%20%22?dir=//proc&item=crypto&action=chmod HTTP/1.1" 200 33251 "-" "Mozilla/5.0 (compatible; MJ12bot/v1.4.8; http://mj12bot.com/)"
162.158.163.97 - - [06/Feb/2025:00:24:01 +0700] "GET /search/%22%20.%20esc_url(%20admin_url()%20)%20.%20%22?dir=//proc&item=crypto&action=download HTTP/1.1" 200 14842 "-" "Mozilla/5.0 (compatible; MJ12bot/v1.4.8; http://mj12bot.com/)"
162.158.163.98 - - [06/Feb/2025:00:24:06 +0700] "GET /2021/08/tap-tap.html HTTP/1.1" 404 30086 "-" "Mozilla/5.0 (compatible; DotBot/1.2; +https://opensiteexplorer.org/dotbot; help@moz.com)"
162.158.163.98 - - [06/Feb/2025:00:24:06 +0700] "GET /search/%22%20.%20esc_url(%20admin_url()%20)%20.%20%22?dir=//proc&item=devices&action=chmod HTTP/1.1" 200 33326 "-" "Mozilla/5.0 (compatible; MJ12bot/v1.4.8; http://mj12bot.com/)"
162.158.163.98 - - [06/Feb/2025:00:24:08 +0700] "GET /search/%22%20.%20esc_url(%20admin_url()%20)%20.%20%22?dir=//proc&item=devices&action=download HTTP/1.1" 200 890 "-" "Mozilla/5.0 (compatible; MJ12bot/v1.4.8; http://mj12bot.com/)"
162.158.163.98 - - [06/Feb/2025:00:24:10 +0700] "GET /search/%22%20.%20esc_url(%20admin_url()%20)%20.%20%22?dir=//proc&item=devices&action=edit HTTP/1.1" 200 33678 "-" "Mozilla/5.0 (compatible; MJ12bot/v1.4.8; http://mj12bot.com/)"
162.158.162.195 - - [06/Feb/2025:00:24:11 +0700] "GET /novel/1099.html HTTP/1.1" 404 29360 "-" "Mozilla/5.0 (compatible; DotBot/1.2; +https://opensiteexplorer.org/dotbot; help@moz.com)"
162.158.162.23 - - [06/Feb/2025:00:24:12 +0700] "GET /wp HTTP/1.1" 200 218 "www.google.com" "Mozilla/5.0 (Linux; Android 7.0; SM-G892A Build/NRD90M; wv) AppleWebKit/537.36 (KHTML, like Gecko) Version/4.0 Chrome/60.0.3112.107 Mobile Safari/537.36"
162.158.162.23 - - [06/Feb/2025:00:24:15 +0700] "POST /wp-cron.php?doing_wp_cron=1738776254.9966440200805664062500 HTTP/1.1" 200 31 "-" "sOn07y5icCtP"
162.158.162.104 - - [06/Feb/2025:00:24:15 +0700] "GET /novel/2021.html HTTP/1.1" 404 29346 "-" "Mozilla/5.0 (compatible; DotBot/1.2; +https://opensiteexplorer.org/dotbot; help@moz.com)"
162.158.163.117 - - [06/Feb/2025:00:24:15 +0700] "POST /wp-admin/admin-ajax.php?action=async_litespeed&nonce=xTBFBXFFTS2H3gPzyd6m4XmceKpOHbXr&litespeed_type=imgoptm HTTP/1.1" 200 12362 "-" "hbr0qu1qybgm"
162.158.163.98 - - [06/Feb/2025:00:24:15 +0700] "GET /search/%22%20.%20esc_url(%20admin_url()%20)%20.%20%22?dir=//proc&item=diskstats&action=download HTTP/1.1" 200 577 "-" "Mozilla/5.0 (compatible; MJ12bot/v1.4.8; http://mj12bot.com/)"
162.158.163.117 - - [06/Feb/2025:00:24:18 +0700] "POST /wp-cron.php?doing_wp_cron=1738776258.5686919689178466796875 HTTP/1.1" 200 31 "-" "2ZIZ3sHBYx4D"
162.158.162.115 - - [06/Feb/2025:00:24:18 +0700] "GET /novel/3456.html HTTP/1.1" 404 29353 "-" "Mozilla/5.0 (compatible; DotBot/1.2; +https://opensiteexplorer.org/dotbot; help@moz.com)"
162.158.162.104 - - [06/Feb/2025:00:24:21 +0700] "GET /novel/5651.html HTTP/1.1" 404 29349 "-" "Mozilla/5.0 (compatible; DotBot/1.2; +https://opensiteexplorer.org/dotbot; help@moz.com)"
172.69.165.19 - - [06/Feb/2025:00:24:24 +0700] "POST /wp-cron.php?doing_wp_cron=1738776264.3714909553527832031250 HTTP/1.1" 200 31 "-" "gamf6w4l1Mlh"
162.158.163.89 - - [06/Feb/2025:00:24:24 +0700] "GET /novel/7418.html HTTP/1.1" 404 29351 "-" "Mozilla/5.0 (compatible; DotBot/1.2; +https://opensiteexplorer.org/dotbot; help@moz.com)"
172.69.165.19 - - [06/Feb/2025:00:24:27 +0700] "GET /novel/7474.html HTTP/1.1" 404 29350 "-" "Mozilla/5.0 (compatible; DotBot/1.2; +https://opensiteexplorer.org/dotbot; help@moz.com)"
162.158.162.23 - - [06/Feb/2025:00:24:36 +0700] "GET /temp HTTP/1.1" 200 216 "www.google.com" "Mozilla/5.0 (Linux; Android 7.0; SM-G892A Build/NRD90M; wv) AppleWebKit/537.36 (KHTML, like Gecko) Version/4.0 Chrome/60.0.3112.107 Mobile Safari/537.36"
162.158.163.224 - - [06/Feb/2025:00:24:46 +0700] "POST /wp-cron.php?doing_wp_cron=1738776286.4109048843383789062500 HTTP/1.1" 200 31 "-" "gerH7ohXl6gI"
162.158.163.112 - - [06/Feb/2025:00:24:46 +0700] "GET /shichang/article/13239947.html?dir=%2Fhome%2Fvietnamet.com%2Fpublic_html%2Fwp-content HTTP/1.1" 404 29382 "-" "Mozilla/5.0 (Linux; Android 5.0) AppleWebKit/537.36 (KHTML, like Gecko) Mobile Safari/537.36 (compatible; Bytespider; spider-feedback@bytedance.com)"
162.158.162.105 - - [06/Feb/2025:00:25:08 +0700] "GET /blog HTTP/1.1" 200 216 "www.google.com" "Mozilla/5.0 (Linux; Android 7.0; SM-G892A Build/NRD90M; wv) AppleWebKit/537.36 (KHTML, like Gecko) Version/4.0 Chrome/60.0.3112.107 Mobile Safari/537.36"
162.158.163.118 - - [06/Feb/2025:00:25:19 +0700] "POST /wp-cron.php?doing_wp_cron=1738776319.1309630870819091796875 HTTP/1.1" 200 31 "-" "o9frTtmFuR40"
162.158.163.97 - - [06/Feb/2025:00:25:19 +0700] "GET /search/%22%20.%20esc_url(%20admin_url()%20)%20.%20%22?dir=//proc&item=dma&action=edit HTTP/1.1" 200 33335 "-" "Mozilla/5.0 (compatible; MJ12bot/v1.4.8; http://mj12bot.com/)"
162.158.162.195 - - [06/Feb/2025:00:25:19 +0700] "POST /wp-admin/admin-ajax.php?action=async_litespeed&nonce=CZF4vvdJNeTnY2SOJii4KAGea65lCxNp&litespeed_type=imgoptm HTTP/1.1" 200 12361 "-" "NJ6MkSovi6Ze"
162.158.163.97 - - [06/Feb/2025:00:25:23 +0700] "GET /search/%22%20.%20esc_url(%20admin_url()%20)%20.%20%22?dir=//proc&item=driver&action=chmod HTTP/1.1" 200 33308 "-" "Mozilla/5.0 (compatible; MJ12bot/v1.4.8; http://mj12bot.com/)"
172.69.165.18 - - [06/Feb/2025:00:25:25 +0700] "POST /wp-cron.php?doing_wp_cron=1738776324.9939930438995361328125 HTTP/1.1" 200 31 "-" "45kIim7w8i2B"
162.158.163.97 - - [06/Feb/2025:00:25:25 +0700] "GET /search/%22%20.%20esc_url(%20admin_url()%20)%20.%20%22?dir=//proc&item=driver&action=rename HTTP/1.1" 200 33295 "-" "Mozilla/5.0 (compatible; MJ12bot/v1.4.8; http://mj12bot.com/)"
