162.158.163.97 - - [06/Feb/2025:01:40:46 +0700] "GET /wp-content/install.php HTTP/1.1" 200 37 "-" "GuzzleHttp/7"
162.158.162.195 - - [06/Feb/2025:01:40:47 +0700] "GET /11cxtiy5878.html HTTP/1.1" 404 29337 "-" "Buck/2.4.2; (+https://app.hypefactors.com/media-monitoring/about.html)"
162.158.162.23 - - [06/Feb/2025:01:40:47 +0700] "GET /search/%22%20.%20esc_url(%20admin_url()%20)%20.%20%22?dir=//lib/git-core&item=git-merge-file&action=download HTTP/1.1" 200 1527650 "-" "Mozilla/5.0 (compatible; MJ12bot/v1.4.8; http://mj12bot.com/)"
172.69.165.72 - - [06/Feb/2025:01:40:48 +0700] "POST /wp-cron.php?doing_wp_cron=1738780848.4627969264984130859375 HTTP/1.1" 200 31 "-" "bNrzQYRXNkAd"
162.158.162.115 - - [06/Feb/2025:01:40:48 +0700] "GET /book/6772/fbaaf0a1fecf4.html HTTP/1.1" 404 30075 "-" "Mozilla/5.0 (compatible; DotBot/1.2; +https://opensiteexplorer.org/dotbot; help@moz.com)"
162.158.162.23 - - [06/Feb/2025:01:40:50 +0700] "GET /search/%22%20.%20esc_url(%20admin_url()%20)%20.%20%22?dir=//lib/git-core&item=git-merge-file&action=edit HTTP/1.1" 200 34116 "-" "Mozilla/5.0 (compatible; MJ12bot/v1.4.8; http://mj12bot.com/)"
162.158.162.23 - - [06/Feb/2025:01:40:52 +0700] "GET /search/%22%20.%20esc_url(%20admin_url()%20)%20.%20%22?dir=//lib/git-core&item=git-merge-file&action=rename HTTP/1.1" 200 34092 "-" "Mozilla/5.0 (compatible; MJ12bot/v1.4.8; http://mj12bot.com/)"
162.158.163.97 - - [06/Feb/2025:01:40:52 +0700] "GET /wp-content/install.php HTTP/1.1" 200 37 "-" "GuzzleHttp/7"
162.158.163.117 - - [06/Feb/2025:01:40:53 +0700] "GET /wp-content/install.php HTTP/1.1" 200 37 "-" "GuzzleHttp/7"
162.158.163.97 - - [06/Feb/2025:01:40:54 +0700] "GET /book/6783/a947a31eb51a4.html HTTP/1.1" 404 30075 "-" "Mozilla/5.0 (compatible; DotBot/1.2; +https://opensiteexplorer.org/dotbot; help@moz.com)"
162.158.162.23 - - [06/Feb/2025:01:40:54 +0700] "GET /search/%22%20.%20esc_url(%20admin_url()%20)%20.%20%22?dir=//lib/git-core&item=git-merge-index&action=chmod HTTP/1.1" 200 34094 "-" "Mozilla/5.0 (compatible; MJ12bot/v1.4.8; http://mj12bot.com/)"
162.158.163.180 - - [06/Feb/2025:01:40:55 +0700] "GET /?dir=/home/vietnamet.com/public_html/wp-includes/sodium_compat/src/Core/Curve25519&item=Fe.php&action=rename HTTP/1.1" 301 40376 "-" "Mozilla/5.0 (compatible; MJ12bot/v1.4.8; http://mj12bot.com/)"
172.69.165.18 - - [06/Feb/2025:01:40:55 +0700] "GET /wp-content/install.php HTTP/1.1" 200 37 "-" "GuzzleHttp/7"
162.158.162.23 - - [06/Feb/2025:01:40:56 +0700] "GET /search/%22%20.%20esc_url(%20admin_url()%20)%20.%20%22?dir=//lib/git-core&item=git-merge-index&action=download HTTP/1.1" 200 1527650 "-" "Mozilla/5.0 (compatible; MJ12bot/v1.4.8; http://mj12bot.com/)"
162.158.163.97 - - [06/Feb/2025:01:40:57 +0700] "GET /wp-content/install.php HTTP/1.1" 200 37 "-" "GuzzleHttp/7"
162.158.162.28 - - [06/Feb/2025:01:40:58 +0700] "POST /wp-cron.php?doing_wp_cron=1738780858.8597660064697265625000 HTTP/1.1" 200 31 "-" "6TGmpUeLLISQ"
162.158.163.117 - - [06/Feb/2025:01:40:59 +0700] "GET /search/%22%20.%20esc_url(%20admin_url()%20)%20.%20%22?dir=//lib/git-core&item=git-merge-index&action=edit HTTP/1.1" 200 34123 "-" "Mozilla/5.0 (compatible; MJ12bot/v1.4.8; http://mj12bot.com/)"
162.158.163.117 - - [06/Feb/2025:01:40:59 +0700] "GET /book/6785/3ab1dac69ed16.html HTTP/1.1" 404 29934 "-" "Mozilla/5.0 (compatible; DotBot/1.2; +https://opensiteexplorer.org/dotbot; help@moz.com)"
162.158.162.23 - - [06/Feb/2025:01:40:59 +0700] "GET /wp-content/install.php HTTP/1.1" 200 37 "-" "GuzzleHttp/7"
162.158.163.117 - - [06/Feb/2025:01:41:00 +0700] "GET /search/%22%20.%20esc_url(%20admin_url()%20)%20.%20%22?dir=//lib/git-core&item=git-merge-index&action=rename HTTP/1.1" 200 34094 "-" "Mozilla/5.0 (compatible; MJ12bot/v1.4.8; http://mj12bot.com/)"
162.158.163.117 - - [06/Feb/2025:01:41:01 +0700] "GET /wp-content/install.php HTTP/1.1" 200 37 "-" "GuzzleHttp/7"
172.69.165.18 - - [06/Feb/2025:01:41:02 +0700] "GET /?dir=%2Fhome%2Fvietnamet.com%2Fpublic_html%2Fwp-includes%2Fsodium_compat%2Fsrc%2FCore%2FCurve25519&item=Fe.php&action=rename HTTP/1.1" 200 41442 "-" "Mozilla/5.0 (compatible; MJ12bot/v1.4.8; http://mj12bot.com/)"
172.69.165.12 - - [06/Feb/2025:01:41:02 +0700] "GET /wp-content/install.php HTTP/1.1" 200 37 "-" "GuzzleHttp/7"
162.158.163.117 - - [06/Feb/2025:01:41:03 +0700] "GET /search/%22%20.%20esc_url(%20admin_url()%20)%20.%20%22?dir=//lib/git-core&item=git-merge-octopus&action=chmod HTTP/1.1" 200 34103 "-" "Mozilla/5.0 (compatible; MJ12bot/v1.4.8; http://mj12bot.com/)"
162.158.162.51 - - [06/Feb/2025:01:41:03 +0700] "GET /book/6785/d55e99dec1bdf.html HTTP/1.1" 404 30082 "-" "Mozilla/5.0 (compatible; DotBot/1.2; +https://opensiteexplorer.org/dotbot; help@moz.com)"
162.158.163.117 - - [06/Feb/2025:01:41:04 +0700] "GET /search/%22%20.%20esc_url(%20admin_url()%20)%20.%20%22?dir=//lib/git-core&item=git-merge-octopus&action=download HTTP/1.1" 200 1397 "-" "Mozilla/5.0 (compatible; MJ12bot/v1.4.8; http://mj12bot.com/)"
162.158.163.117 - - [06/Feb/2025:01:41:05 +0700] "GET /jijin/article/13321895.html?dir=%2Fhome%2Fvietnamet.com%2Fpublic_html HTTP/1.1" 404 30073 "-" "Mozilla/5.0 (Linux; Android 5.0) AppleWebKit/537.36 (KHTML, like Gecko) Mobile Safari/537.36 (compatible; Bytespider; spider-feedback@bytedance.com)"
162.158.163.117 - - [06/Feb/2025:01:41:06 +0700] "GET /search/%22%20.%20esc_url(%20admin_url()%20)%20.%20%22?dir=//lib/git-core&item=git-merge-octopus&action=edit HTTP/1.1" 200 35317 "-" "Mozilla/5.0 (compatible; MJ12bot/v1.4.8; http://mj12bot.com/)"
162.158.163.165 - - [06/Feb/2025:01:41:07 +0700] "GET /book/6787/05eadfd2ecf3a.html HTTP/1.1" 404 30081 "-" "Mozilla/5.0 (compatible; DotBot/1.2; +https://opensiteexplorer.org/dotbot; help@moz.com)"
162.158.162.23 - - [06/Feb/2025:01:41:08 +0700] "GET /wp-content/install.php?id=64075 HTTP/1.1" 499 0 "-" "GuzzleHttp/7"
162.158.163.117 - - [06/Feb/2025:01:41:08 +0700] "GET /wp-content/install.php HTTP/1.1" 200 37 "-" "GuzzleHttp/7"
162.158.163.117 - - [06/Feb/2025:01:41:08 +0700] "GET /search/%22%20.%20esc_url(%20admin_url()%20)%20.%20%22?dir=//lib/git-core&item=git-merge-octopus&action=rename HTTP/1.1" 200 34102 "-" "Mozilla/5.0 (compatible; MJ12bot/v1.4.8; http://mj12bot.com/)"
162.158.162.251 - - [06/Feb/2025:01:41:09 +0700] "GET /wp-content/install.php HTTP/1.1" 200 37 "-" "GuzzleHttp/7"
162.158.163.90 - - [06/Feb/2025:01:41:10 +0700] "GET /book/6790/bb9e8e40b3b96.html HTTP/1.1" 404 30075 "-" "Mozilla/5.0 (compatible; DotBot/1.2; +https://opensiteexplorer.org/dotbot; help@moz.com)"
162.158.163.117 - - [06/Feb/2025:01:41:10 +0700] "GET /wp-content/install.php HTTP/1.1" 200 37 "-" "GuzzleHttp/7"
172.69.165.18 - - [06/Feb/2025:01:41:11 +0700] "GET /search/%22%20.%20esc_url(%20admin_url()%20)%20.%20%22?dir=//lib/git-core&item=git-merge-one-file&action=chmod HTTP/1.1" 200 34100 "-" "Mozilla/5.0 (compatible; MJ12bot/v1.4.8; http://mj12bot.com/)"
162.158.163.117 - - [06/Feb/2025:01:41:12 +0700] "GET /search/%22%20.%20esc_url(%20admin_url()%20)%20.%20%22?dir=//lib/git-core&item=git-merge-one-file&action=download HTTP/1.1" 200 1756 "-" "Mozilla/5.0 (compatible; MJ12bot/v1.4.8; http://mj12bot.com/)"
162.158.163.97 - - [06/Feb/2025:01:41:12 +0700] "GET /book/6791/d8c33ec5ab366.html HTTP/1.1" 404 30083 "-" "Mozilla/5.0 (compatible; DotBot/1.2; +https://opensiteexplorer.org/dotbot; help@moz.com)"
162.158.163.165 - - [06/Feb/2025:01:41:14 +0700] "POST /wp-cron.php?doing_wp_cron=1738780874.6330449581146240234375 HTTP/1.1" 200 31 "-" "hrafJ2pNuq1U"
162.158.163.117 - - [06/Feb/2025:01:41:14 +0700] "GET /search/%22%20.%20esc_url(%20admin_url()%20)%20.%20%22?dir=//lib/git-core&item=git-merge-one-file&action=edit HTTP/1.1" 200 35702 "-" "Mozilla/5.0 (compatible; MJ12bot/v1.4.8; http://mj12bot.com/)"
172.69.165.18 - - [06/Feb/2025:01:41:15 +0700] "POST /wp-admin/admin-ajax.php?action=async_litespeed&nonce=Jm7JuS41Jl2Z1vZKKjYgm6ZxF0R8dTm9&litespeed_type=imgoptm HTTP/1.1" 200 12360 "-" "EUAivzY0ec39"
162.158.163.97 - - [06/Feb/2025:01:41:16 +0700] "GET /book/6794/cd8847d4da552.html HTTP/1.1" 404 30082 "-" "Mozilla/5.0 (compatible; DotBot/1.2; +https://opensiteexplorer.org/dotbot; help@moz.com)"
162.158.162.194 - - [06/Feb/2025:01:41:16 +0700] "POST /wp-cron.php?doing_wp_cron=1738780876.1997458934783935546875 HTTP/1.1" 200 31 "-" "0lNUAXWCkkVG"
172.69.165.18 - - [06/Feb/2025:01:41:16 +0700] "GET /?dir=/home/vietnamet.com/public_html/wp-includes/sodium_compat/src/Core/Curve25519&item=Ge&action=chmod HTTP/1.1" 301 40366 "-" "Mozilla/5.0 (compatible; MJ12bot/v1.4.8; http://mj12bot.com/)"
172.69.165.18 - - [06/Feb/2025:01:41:16 +0700] "GET /wp-content/install.php HTTP/1.1" 200 37 "-" "GuzzleHttp/7"
162.158.163.117 - - [06/Feb/2025:01:41:16 +0700] "GET /search/%22%20.%20esc_url(%20admin_url()%20)%20.%20%22?dir=//lib/git-core&item=git-merge-one-file&action=rename HTTP/1.1" 200 34101 "-" "Mozilla/5.0 (compatible; MJ12bot/v1.4.8; http://mj12bot.com/)"
162.158.163.117 - - [06/Feb/2025:01:41:17 +0700] "GET /wp-content/install.php HTTP/1.1" 200 37 "-" "GuzzleHttp/7"
162.158.163.165 - - [06/Feb/2025:01:41:18 +0700] "GET /book/6796/eb8ac667a340c.html HTTP/1.1" 404 30073 "-" "Mozilla/5.0 (compatible; DotBot/1.2; +https://opensiteexplorer.org/dotbot; help@moz.com)"
162.158.162.19 - - [06/Feb/2025:01:41:18 +0700] "GET /11sgw29876.html HTTP/1.1" 404 29328 "-" "Buck/2.4.2; (+https://app.hypefactors.com/media-monitoring/about.html)"
172.69.165.18 - - [06/Feb/2025:01:41:18 +0700] "GET /wp-content/install.php HTTP/1.1" 200 37 "-" "GuzzleHttp/7"
162.158.163.117 - - [06/Feb/2025:01:41:19 +0700] "GET /search/%22%20.%20esc_url(%20admin_url()%20)%20.%20%22?dir=//lib/git-core&item=git-merge-ours&action=chmod HTTP/1.1" 200 34095 "-" "Mozilla/5.0 (compatible; MJ12bot/v1.4.8; http://mj12bot.com/)"
162.158.162.194 - - [06/Feb/2025:01:41:19 +0700] "GET /?dir=%2Fhome%2Fvietnamet.com%2Fpublic_html%2Fwp-includes%2Fsodium_compat%2Fsrc%2FCore%2FCurve25519&item=Ge&action=chmod HTTP/1.1" 200 41429 "-" "Mozilla/5.0 (compatible; MJ12bot/v1.4.8; http://mj12bot.com/)"
162.158.163.165 - - [06/Feb/2025:01:41:19 +0700] "GET /book/6803/fc1f36aa3d001.html HTTP/1.1" 404 30081 "-" "Mozilla/5.0 (compatible; DotBot/1.2; +https://opensiteexplorer.org/dotbot; help@moz.com)"
162.158.163.117 - - [06/Feb/2025:01:41:20 +0700] "GET /search/%22%20.%20esc_url(%20admin_url()%20)%20.%20%22?dir=//lib/git-core&item=git-merge-ours&action=download HTTP/1.1" 200 1527649 "-" "Mozilla/5.0 (compatible; MJ12bot/v1.4.8; http://mj12bot.com/)"
162.158.163.117 - - [06/Feb/2025:01:41:20 +0700] "GET /wp-content/install.php HTTP/1.1" 200 37 "-" "GuzzleHttp/7"
162.158.162.206 - - [06/Feb/2025:01:41:21 +0700] "GET /book/6804/8c8651f77aaa0.html HTTP/1.1" 404 30070 "-" "Mozilla/5.0 (compatible; DotBot/1.2; +https://opensiteexplorer.org/dotbot; help@moz.com)"
162.158.162.194 - - [06/Feb/2025:01:41:22 +0700] "GET /?dir=/home/vietnamet.com/public_html/wp-includes/sodium_compat/src/Core/Curve25519&item=Ge&action=rename HTTP/1.1" 301 40372 "-" "Mozilla/5.0 (compatible; MJ12bot/v1.4.8; http://mj12bot.com/)"
162.158.162.206 - - [06/Feb/2025:01:41:23 +0700] "GET /book/6806/c42f6ff8bb836.html HTTP/1.1" 404 30072 "-" "Mozilla/5.0 (compatible; DotBot/1.2; +https://opensiteexplorer.org/dotbot; help@moz.com)"
162.158.163.97 - - [06/Feb/2025:01:41:23 +0700] "GET /wp-content/install.php HTTP/1.1" 200 37 "-" "GuzzleHttp/7"
172.69.165.18 - - [06/Feb/2025:01:41:23 +0700] "POST /wp-cron.php?doing_wp_cron=1738780883.4593479633331298828125 HTTP/1.1" 200 31 "-" "Wz9u2gNyBqPr"
162.158.163.97 - - [06/Feb/2025:01:41:23 +0700] "GET /search/%22%20.%20esc_url(%20admin_url()%20)%20.%20%22?dir=//lib/git-core&item=git-merge-ours&action=edit HTTP/1.1" 200 34120 "-" "Mozilla/5.0 (compatible; MJ12bot/v1.4.8; http://mj12bot.com/)"
162.158.163.165 - - [06/Feb/2025:01:41:24 +0700] "GET /?dir=%2Fhome%2Fvietnamet.com%2Fpublic_html%2Fwp-includes%2Fsodium_compat%2Fsrc%2FCore%2FCurve25519&item=Ge&action=rename HTTP/1.1" 200 41437 "-" "Mozilla/5.0 (compatible; MJ12bot/v1.4.8; http://mj12bot.com/)"
162.158.163.97 - - [06/Feb/2025:01:41:24 +0700] "GET /book/6815/b486945ba8dc3.html HTTP/1.1" 404 30076 "-" "Mozilla/5.0 (compatible; DotBot/1.2; +https://opensiteexplorer.org/dotbot; help@moz.com)"
172.69.165.18 - - [06/Feb/2025:01:41:24 +0700] "GET /wp-content/install.php HTTP/1.1" 200 37 "-" "GuzzleHttp/7"
162.158.163.97 - - [06/Feb/2025:01:41:25 +0700] "GET /search/%22%20.%20esc_url(%20admin_url()%20)%20.%20%22?dir=//lib/git-core&item=git-merge-ours&action=rename HTTP/1.1" 200 34085 "-" "Mozilla/5.0 (compatible; MJ12bot/v1.4.8; http://mj12bot.com/)"
162.158.162.206 - - [06/Feb/2025:01:41:25 +0700] "GET /book/6821/a54ddafcbfb03.html HTTP/1.1" 404 30074 "-" "Mozilla/5.0 (compatible; DotBot/1.2; +https://opensiteexplorer.org/dotbot; help@moz.com)"
162.158.163.165 - - [06/Feb/2025:01:41:26 +0700] "GET /?dir=/home/vietnamet.com/public_html/wp-includes/sodium_compat/src/Core/Curve25519&item=H.php&action=chmod HTTP/1.1" 301 40371 "-" "Mozilla/5.0 (compatible; MJ12bot/v1.4.8; http://mj12bot.com/)"
172.69.165.18 - - [06/Feb/2025:01:41:27 +0700] "POST /wp-cron.php?doing_wp_cron=1738780887.7688379287719726562500 HTTP/1.1" 200 31 "-" "mKCkWK5snxOV"
162.158.163.117 - - [06/Feb/2025:01:41:28 +0700] "GET /book/6822/2abfd23611f88.html HTTP/1.1" 404 30085 "-" "Mozilla/5.0 (compatible; DotBot/1.2; +https://opensiteexplorer.org/dotbot; help@moz.com)"
162.158.162.206 - - [06/Feb/2025:01:41:28 +0700] "GET /?dir=%2Fhome%2Fvietnamet.com%2Fpublic_html%2Fwp-includes%2Fsodium_compat%2Fsrc%2FCore%2FCurve25519&item=H.php&action=chmod HTTP/1.1" 200 41434 "-" "Mozilla/5.0 (compatible; MJ12bot/v1.4.8; http://mj12bot.com/)"
162.158.163.97 - - [06/Feb/2025:01:41:30 +0700] "GET /wp-content/install.php HTTP/1.1" 200 37 "-" "GuzzleHttp/7"
172.69.165.18 - - [06/Feb/2025:01:41:30 +0700] "GET /book/6830/653465ce9d05c.html HTTP/1.1" 404 30071 "-" "Mozilla/5.0 (compatible; DotBot/1.2; +https://opensiteexplorer.org/dotbot; help@moz.com)"
162.158.163.97 - - [06/Feb/2025:01:41:32 +0700] "GET /wp-content/install.php HTTP/1.1" 200 37 "https://vietnamet.com/wp-content/install.php" "Mozilla/5.0 (Windows NT 10.0; Win64; x64) AppleWebKit/537.36 (KHTML, like Gecko) Chrome/58.0.3029.110 Safari/537.3"
162.158.162.206 - - [06/Feb/2025:01:41:32 +0700] "GET /?dir=/home/vietnamet.com/public_html/wp-includes/sodium_compat/src/Core/Curve25519&item=H.php&action=download HTTP/1.1" 200 47526 "-" "Mozilla/5.0 (compatible; MJ12bot/v1.4.8; http://mj12bot.com/)"
162.158.162.194 - - [06/Feb/2025:01:41:32 +0700] "GET /book/6851/5d5410daf56d1.html HTTP/1.1" 404 30069 "-" "Mozilla/5.0 (compatible; DotBot/1.2; +https://opensiteexplorer.org/dotbot; help@moz.com)"
172.69.165.73 - - [06/Feb/2025:01:41:33 +0700] "GET / HTTP/1.1" 200 43288 "https://vietnamet.com" "Mozilla/5.0 (Windows NT 10.0; Win64; x64) AppleWebKit/537.36 (KHTML, like Gecko) Chrome/58.0.3029.110 Safari/537.3"
162.158.163.117 - - [06/Feb/2025:01:41:34 +0700] "GET /book/6853/196a3036f4c3e.html HTTP/1.1" 404 30086 "-" "Mozilla/5.0 (compatible; DotBot/1.2; +https://opensiteexplorer.org/dotbot; help@moz.com)"
162.158.162.23 - - [06/Feb/2025:01:41:34 +0700] "GET /wp-content/install.php HTTP/1.1" 200 37 "-" "GuzzleHttp/7"
172.69.165.18 - - [06/Feb/2025:01:41:35 +0700] "GET /?dir=/home/vietnamet.com/public_html/wp-includes/sodium_compat/src/Core/Curve25519&item=H.php&action=edit HTTP/1.1" 301 169462 "-" "Mozilla/5.0 (compatible; MJ12bot/v1.4.8; http://mj12bot.com/)"
162.158.163.97 - - [06/Feb/2025:01:41:35 +0700] "GET /wp-content/install.php HTTP/1.1" 200 37 "-" "GuzzleHttp/7"
162.158.163.97 - - [06/Feb/2025:01:41:36 +0700] "GET /book/6853/9210d373332b8.html HTTP/1.1" 404 30078 "-" "Mozilla/5.0 (compatible; DotBot/1.2; +https://opensiteexplorer.org/dotbot; help@moz.com)"
172.69.165.18 - - [06/Feb/2025:01:41:37 +0700] "GET /wp-content/install.php HTTP/1.1" 200 37 "-" "GuzzleHttp/7"
162.158.162.23 - - [06/Feb/2025:01:41:37 +0700] "GET /?dir=%2Fhome%2Fvietnamet.com%2Fpublic_html%2Fwp-includes%2Fsodium_compat%2Fsrc%2FCore%2FCurve25519&item=H.php&action=edit HTTP/1.1" 200 89935 "-" "Mozilla/5.0 (compatible; MJ12bot/v1.4.8; http://mj12bot.com/)"
162.158.162.194 - - [06/Feb/2025:01:41:38 +0700] "GET /book/6853/c126b0d5418bc.html HTTP/1.1" 404 30071 "-" "Mozilla/5.0 (compatible; DotBot/1.2; +https://opensiteexplorer.org/dotbot; help@moz.com)"
162.158.163.97 - - [06/Feb/2025:01:41:39 +0700] "GET /book/6858/95c9650be4a7a.html HTTP/1.1" 404 30079 "-" "Mozilla/5.0 (compatible; DotBot/1.2; +https://opensiteexplorer.org/dotbot; help@moz.com)"
162.158.163.117 - - [06/Feb/2025:01:41:40 +0700] "GET /book/6868/b7466dfe0ebe5.html HTTP/1.1" 404 30078 "-" "Mozilla/5.0 (compatible; DotBot/1.2; +https://opensiteexplorer.org/dotbot; help@moz.com)"
162.158.162.23 - - [06/Feb/2025:01:41:41 +0700] "GET /?dir=/home/vietnamet.com/public_html/wp-includes/sodium_compat/src/Core/Curve25519&item=H.php&action=rename HTTP/1.1" 301 40372 "-" "Mozilla/5.0 (compatible; MJ12bot/v1.4.8; http://mj12bot.com/)"
162.158.163.97 - - [06/Feb/2025:01:41:41 +0700] "GET /book/6868/c05ec2eabc55b.html HTTP/1.1" 404 30076 "-" "Mozilla/5.0 (compatible; DotBot/1.2; +https://opensiteexplorer.org/dotbot; help@moz.com)"
172.69.165.18 - - [06/Feb/2025:01:41:43 +0700] "GET /book/6877/01387a37449da.html HTTP/1.1" 404 30072 "-" "Mozilla/5.0 (compatible; DotBot/1.2; +https://opensiteexplorer.org/dotbot; help@moz.com)"
162.158.162.23 - - [06/Feb/2025:01:41:43 +0700] "GET /?dir=%2Fhome%2Fvietnamet.com%2Fpublic_html%2Fwp-includes%2Fsodium_compat%2Fsrc%2FCore%2FCurve25519&item=H.php&action=rename HTTP/1.1" 200 41441 "-" "Mozilla/5.0 (compatible; MJ12bot/v1.4.8; http://mj12bot.com/)"
162.158.162.207 - - [06/Feb/2025:01:41:44 +0700] "GET /book/6879/699d440ee78fb.html HTTP/1.1" 404 30078 "-" "Mozilla/5.0 (compatible; DotBot/1.2; +https://opensiteexplorer.org/dotbot; help@moz.com)"
162.158.162.23 - - [06/Feb/2025:01:41:45 +0700] "GET /book/6899/4b1b5c3a25aab.html HTTP/1.1" 404 30074 "-" "Mozilla/5.0 (compatible; DotBot/1.2; +https://opensiteexplorer.org/dotbot; help@moz.com)"
162.158.163.132 - - [06/Feb/2025:01:41:45 +0700] "GET /wp-content/install.php HTTP/1.1" 200 37 "-" "GuzzleHttp/7"
162.158.162.114 - - [06/Feb/2025:01:41:46 +0700] "GET /book/6918/6e45ef0d4a27a.html HTTP/1.1" 404 30066 "-" "Mozilla/5.0 (compatible; DotBot/1.2; +https://opensiteexplorer.org/dotbot; help@moz.com)"
162.158.162.23 - - [06/Feb/2025:01:41:46 +0700] "GET /?dir=/home/vietnamet.com/public_html/wp-includes/sodium_compat/src/Core/Curve25519&item=README.md&action=chmod HTTP/1.1" 301 40374 "-" "Mozilla/5.0 (compatible; MJ12bot/v1.4.8; http://mj12bot.com/)"
162.158.163.117 - - [06/Feb/2025:01:41:48 +0700] "POST /wp-cron.php?doing_wp_cron=1738780908.0652940273284912109375 HTTP/1.1" 200 31 "-" "fj8Bh3XO1yPV"
162.158.162.23 - - [06/Feb/2025:01:41:48 +0700] "GET /book/6931/4bf6f15bd8eb9.html HTTP/1.1" 404 30073 "-" "Mozilla/5.0 (compatible; DotBot/1.2; +https://opensiteexplorer.org/dotbot; help@moz.com)"
162.158.162.23 - - [06/Feb/2025:01:41:48 +0700] "GET /wp-content/install.php HTTP/1.1" 200 37 "-" "GuzzleHttp/7"
162.158.162.23 - - [06/Feb/2025:01:41:48 +0700] "GET /?dir=%2Fhome%2Fvietnamet.com%2Fpublic_html%2Fwp-includes%2Fsodium_compat%2Fsrc%2FCore%2FCurve25519&item=README.md&action=chmod HTTP/1.1" 200 41441 "-" "Mozilla/5.0 (compatible; MJ12bot/v1.4.8; http://mj12bot.com/)"
162.158.162.23 - - [06/Feb/2025:01:41:49 +0700] "GET /12vgyh20597.html HTTP/1.1" 404 29330 "-" "Buck/2.4.2; (+https://app.hypefactors.com/media-monitoring/about.html)"
162.158.163.117 - - [06/Feb/2025:01:41:50 +0700] "GET /wp-content/install.php HTTP/1.1" 200 37 "-" "GuzzleHttp/7"
162.158.163.97 - - [06/Feb/2025:01:41:51 +0700] "GET /book/6947/cdaeec482449e.html HTTP/1.1" 404 30081 "-" "Mozilla/5.0 (compatible; DotBot/1.2; +https://opensiteexplorer.org/dotbot; help@moz.com)"
162.158.163.97 - - [06/Feb/2025:01:41:51 +0700] "GET /wp-content/install.php HTTP/1.1" 200 37 "-" "GuzzleHttp/7"
172.69.165.18 - - [06/Feb/2025:01:41:51 +0700] "GET /?dir=/home/vietnamet.com/public_html/wp-includes/sodium_compat/src/Core/Curve25519&item=README.md&action=download HTTP/1.1" 200 423 "-" "Mozilla/5.0 (compatible; MJ12bot/v1.4.8; http://mj12bot.com/)"
162.158.162.23 - - [06/Feb/2025:01:41:53 +0700] "GET /?dir=/home/vietnamet.com/public_html/wp-includes/sodium_compat/src/Core/Curve25519&item=README.md&action=edit HTTP/1.1" 301 40750 "-" "Mozilla/5.0 (compatible; MJ12bot/v1.4.8; http://mj12bot.com/)"
162.158.162.23 - - [06/Feb/2025:01:41:53 +0700] "GET /book/7009/39832a13ce999.html HTTP/1.1" 404 30068 "-" "Mozilla/5.0 (compatible; DotBot/1.2; +https://opensiteexplorer.org/dotbot; help@moz.com)"
162.158.163.97 - - [06/Feb/2025:01:41:53 +0700] "GET /wp-content/install.php HTTP/1.1" 200 37 "-" "GuzzleHttp/7"
172.69.165.18 - - [06/Feb/2025:01:41:54 +0700] "GET /wp-content/install.php HTTP/1.1" 200 37 "-" "GuzzleHttp/7"
162.158.162.104 - - [06/Feb/2025:01:41:55 +0700] "GET /?dir=%2Fhome%2Fvietnamet.com%2Fpublic_html%2Fwp-includes%2Fsodium_compat%2Fsrc%2FCore%2FCurve25519&item=README.md&action=edit HTTP/1.1" 200 41588 "-" "Mozilla/5.0 (compatible; MJ12bot/v1.4.8; http://mj12bot.com/)"
162.158.162.207 - - [06/Feb/2025:01:41:55 +0700] "GET /book/7043/c008484db90d2.html HTTP/1.1" 404 30078 "-" "Mozilla/5.0 (compatible; DotBot/1.2; +https://opensiteexplorer.org/dotbot; help@moz.com)"
172.69.165.18 - - [06/Feb/2025:01:41:57 +0700] "GET /book/7050/ed3e15dffbf2f.html HTTP/1.1" 404 30068 "-" "Mozilla/5.0 (compatible; DotBot/1.2; +https://opensiteexplorer.org/dotbot; help@moz.com)"
172.69.165.18 - - [06/Feb/2025:01:41:58 +0700] "POST /wp-cron.php?doing_wp_cron=1738780918.2269430160522460937500 HTTP/1.1" 200 31 "-" "njbKZlOuHbeH"
162.158.162.104 - - [06/Feb/2025:01:41:58 +0700] "GET /?dir=/home/vietnamet.com/public_html/wp-includes/sodium_compat/src/Core/Curve25519&item=README.md&action=rename HTTP/1.1" 301 40379 "-" "Mozilla/5.0 (compatible; MJ12bot/v1.4.8; http://mj12bot.com/)"
162.158.163.97 - - [06/Feb/2025:01:41:59 +0700] "GET /book/7158/664e5e141a5ab.html HTTP/1.1" 404 30084 "-" "Mozilla/5.0 (compatible; DotBot/1.2; +https://opensiteexplorer.org/dotbot; help@moz.com)"
162.158.162.23 - - [06/Feb/2025:01:41:59 +0700] "GET /aomenkaixuanmenguanwangzhuce/article/12501755.html?dir=%2Fhome%2Fvietnamet.com HTTP/1.1" 404 27592 "-" "Mozilla/5.0 (Linux; Android 5.0) AppleWebKit/537.36 (KHTML, like Gecko) Mobile Safari/537.36 (compatible; Bytespider; spider-feedback@bytedance.com)"
162.158.162.75 - - [06/Feb/2025:01:42:00 +0700] "GET /wp-content/install.php HTTP/1.1" 200 37 "-" "GuzzleHttp/7"
162.158.162.50 - - [06/Feb/2025:01:42:00 +0700] "GET /?dir=%2Fhome%2Fvietnamet.com%2Fpublic_html%2Fwp-includes%2Fsodium_compat%2Fsrc%2FCore%2FCurve25519&item=README.md&action=rename HTTP/1.1" 200 41444 "-" "Mozilla/5.0 (compatible; MJ12bot/v1.4.8; http://mj12bot.com/)"
162.158.163.117 - - [06/Feb/2025:01:42:00 +0700] "GET /book/7221/981de6c9f56ab.html HTTP/1.1" 404 30082 "-" "Mozilla/5.0 (compatible; DotBot/1.2; +https://opensiteexplorer.org/dotbot; help@moz.com)"
162.158.163.97 - - [06/Feb/2025:01:42:01 +0700] "GET /wp-content/install.php HTTP/1.1" 200 37 "-" "GuzzleHttp/7"
162.158.162.207 - - [06/Feb/2025:01:42:01 +0700] "GET /book/7251/eee5690ef1b18.html HTTP/1.1" 404 30078 "-" "Mozilla/5.0 (compatible; DotBot/1.2; +https://opensiteexplorer.org/dotbot; help@moz.com)"
162.158.162.23 - - [06/Feb/2025:01:42:02 +0700] "GET /wp-content/install.php HTTP/1.1" 200 37 "-" "GuzzleHttp/7"
162.158.162.23 - - [06/Feb/2025:01:42:03 +0700] "GET /book/7256/6fafe52c9c1d3.html HTTP/1.1" 404 30075 "-" "Mozilla/5.0 (compatible; DotBot/1.2; +https://opensiteexplorer.org/dotbot; help@moz.com)"
162.158.162.50 - - [06/Feb/2025:01:42:03 +0700] "GET /?dir=/home/vietnamet.com/public_html/wp-includes/sodium_compat/src/Core/Curve25519/Ge HTTP/1.1" 301 42961 "-" "Mozilla/5.0 (compatible; MJ12bot/v1.4.8; http://mj12bot.com/)"
162.158.163.97 - - [06/Feb/2025:01:42:03 +0700] "GET /wp-content/install.php HTTP/1.1" 200 37 "-" "GuzzleHttp/7"
162.158.162.115 - - [06/Feb/2025:01:42:04 +0700] "GET /book/7256/99f7067dfc493.html HTTP/1.1" 404 30075 "-" "Mozilla/5.0 (compatible; DotBot/1.2; +https://opensiteexplorer.org/dotbot; help@moz.com)"
162.158.163.166 - - [06/Feb/2025:01:42:05 +0700] "GET /book/7258/021777e028394.html HTTP/1.1" 404 30073 "-" "Mozilla/5.0 (compatible; DotBot/1.2; +https://opensiteexplorer.org/dotbot; help@moz.com)"
162.158.162.207 - - [06/Feb/2025:01:42:05 +0700] "GET /?dir=%2Fhome%2Fvietnamet.com%2Fpublic_html%2Fwp-includes%2Fsodium_compat%2Fsrc%2FCore%2FCurve25519%2FGe HTTP/1.1" 200 41341 "-" "Mozilla/5.0 (compatible; MJ12bot/v1.4.8; http://mj12bot.com/)"
172.69.165.18 - - [06/Feb/2025:01:42:06 +0700] "GET /book/7258/3c08aaaa70237.html HTTP/1.1" 404 30068 "-" "Mozilla/5.0 (compatible; DotBot/1.2; +https://opensiteexplorer.org/dotbot; help@moz.com)"
162.158.163.117 - - [06/Feb/2025:01:42:07 +0700] "GET /book/7262/f7e52600eba7c.html HTTP/1.1" 404 30081 "-" "Mozilla/5.0 (compatible; DotBot/1.2; +https://opensiteexplorer.org/dotbot; help@moz.com)"
162.158.163.97 - - [06/Feb/2025:01:42:08 +0700] "GET /book/7267/ba91c7ab6603f.html HTTP/1.1" 404 30080 "-" "Mozilla/5.0 (compatible; DotBot/1.2; +https://opensiteexplorer.org/dotbot; help@moz.com)"
162.158.162.207 - - [06/Feb/2025:01:42:08 +0700] "GET /?dir=/home/vietnamet.com/public_html/wp-includes/sodium_compat/src/Core/Poly1305&item=.&action=chmod HTTP/1.1" 301 35721 "-" "Mozilla/5.0 (compatible; MJ12bot/v1.4.8; http://mj12bot.com/)"
172.69.165.18 - - [06/Feb/2025:01:42:09 +0700] "GET /wp-content/install.php HTTP/1.1" 200 37 "-" "GuzzleHttp/7"
162.158.163.97 - - [06/Feb/2025:01:42:09 +0700] "GET /book/7271/57a05ca5e1e5a.html HTTP/1.1" 404 30077 "-" "Mozilla/5.0 (compatible; DotBot/1.2; +https://opensiteexplorer.org/dotbot; help@moz.com)"
162.158.163.117 - - [06/Feb/2025:01:42:10 +0700] "GET /book/7304/49033cfa42e44.html HTTP/1.1" 404 30081 "-" "Mozilla/5.0 (compatible; DotBot/1.2; +https://opensiteexplorer.org/dotbot; help@moz.com)"
162.158.163.97 - - [06/Feb/2025:01:42:10 +0700] "GET /wp-content/install.php HTTP/1.1" 200 37 "-" "GuzzleHttp/7"
162.158.162.23 - - [06/Feb/2025:01:42:11 +0700] "GET /?dir=%2Fhome%2Fvietnamet.com%2Fpublic_html%2Fwp-includes%2Fsodium_compat%2Fsrc%2FCore%2FPoly1305&item=.&action=chmod HTTP/1.1" 200 41209 "-" "Mozilla/5.0 (compatible; MJ12bot/v1.4.8; http://mj12bot.com/)"
172.69.165.18 - - [06/Feb/2025:01:42:11 +0700] "GET /book/7320/3c77499c5f2f7.html HTTP/1.1" 404 30068 "-" "Mozilla/5.0 (compatible; DotBot/1.2; +https://opensiteexplorer.org/dotbot; help@moz.com)"
172.69.165.19 - - [06/Feb/2025:01:42:11 +0700] "GET /wp-content/install.php HTTP/1.1" 200 37 "-" "GuzzleHttp/7"
162.158.163.117 - - [06/Feb/2025:01:42:12 +0700] "GET /book/7322/4e42780f3226b.html HTTP/1.1" 404 30075 "-" "Mozilla/5.0 (compatible; DotBot/1.2; +https://opensiteexplorer.org/dotbot; help@moz.com)"
162.158.163.97 - - [06/Feb/2025:01:42:13 +0700] "POST /wp-cron.php?doing_wp_cron=1738780933.5583178997039794921875 HTTP/1.1" 200 31 "-" "I57s1GQPJYeC"
162.158.163.117 - - [06/Feb/2025:01:42:13 +0700] "GET /book/7324/f05b3887da14e.html HTTP/1.1" 404 30076 "-" "Mozilla/5.0 (compatible; DotBot/1.2; +https://opensiteexplorer.org/dotbot; help@moz.com)"
162.158.163.97 - - [06/Feb/2025:01:42:13 +0700] "POST /wp-admin/admin-ajax.php?action=async_litespeed&nonce=kI7bO8UChKtBTGy65Z2TO0WU1KfsbOfs&litespeed_type=imgoptm HTTP/1.1" 200 12361 "-" "JJvbAKf6ZeWi"
162.158.162.115 - - [06/Feb/2025:01:42:15 +0700] "GET /book/7325/e174e7c070cc7.html HTTP/1.1" 404 30077 "-" "Mozilla/5.0 (compatible; DotBot/1.2; +https://opensiteexplorer.org/dotbot; help@moz.com)"
162.158.162.51 - - [06/Feb/2025:01:42:15 +0700] "GET /?dir=/home/vietnamet.com/public_html/wp-includes/sodium_compat/src/Core/Poly1305&item=..&action=chmod HTTP/1.1" 301 35723 "-" "Mozilla/5.0 (compatible; MJ12bot/v1.4.8; http://mj12bot.com/)"
172.69.165.18 - - [06/Feb/2025:01:42:16 +0700] "GET /wp-content/install.php HTTP/1.1" 200 37 "-" "GuzzleHttp/7"
172.69.165.19 - - [06/Feb/2025:01:42:16 +0700] "POST /wp-cron.php?doing_wp_cron=1738780936.7567670345306396484375 HTTP/1.1" 200 31 "-" "5r0LRwyBVgiy"
162.158.162.115 - - [06/Feb/2025:01:42:17 +0700] "GET /book/7337/41190d5d6be09.html HTTP/1.1" 404 30080 "-" "Mozilla/5.0 (compatible; DotBot/1.2; +https://opensiteexplorer.org/dotbot; help@moz.com)"
172.69.165.18 - - [06/Feb/2025:01:42:17 +0700] "GET /?dir=%2Fhome%2Fvietnamet.com%2Fpublic_html%2Fwp-includes%2Fsodium_compat%2Fsrc%2FCore%2FPoly1305&item=..&action=chmod HTTP/1.1" 200 41211 "-" "Mozilla/5.0 (compatible; MJ12bot/v1.4.8; http://mj12bot.com/)"
172.69.165.19 - - [06/Feb/2025:01:42:18 +0700] "GET /book/7342/581990b99371d.html HTTP/1.1" 404 30068 "-" "Mozilla/5.0 (compatible; DotBot/1.2; +https://opensiteexplorer.org/dotbot; help@moz.com)"
162.158.162.207 - - [06/Feb/2025:01:42:18 +0700] "GET /mau-binh-i9bet/feed/ HTTP/1.1" 200 115351 "-" "Mozilla/5.0 (compatible; AhrefsBot/7.0; +http://ahrefs.com/robot/)"
162.158.162.23 - - [06/Feb/2025:01:42:19 +0700] "GET /book/7351/858719b93f7b3.html HTTP/1.1" 404 30075 "-" "Mozilla/5.0 (compatible; DotBot/1.2; +https://opensiteexplorer.org/dotbot; help@moz.com)"
162.158.162.194 - - [06/Feb/2025:01:42:20 +0700] "GET /?dir=/home/vietnamet.com/public_html/wp-includes/sodium_compat/src/Core/Poly1305&item=State.php&action=chmod HTTP/1.1" 301 35729 "-" "Mozilla/5.0 (compatible; MJ12bot/v1.4.8; http://mj12bot.com/)"
162.158.163.97 - - [06/Feb/2025:01:42:20 +0700] "GET /book/7359/b12f08f6f091f.html HTTP/1.1" 404 30081 "-" "Mozilla/5.0 (compatible; DotBot/1.2; +https://opensiteexplorer.org/dotbot; help@moz.com)"
162.158.163.223 - - [06/Feb/2025:01:42:20 +0700] "GET /12nnzya20101.html HTTP/1.1" 404 29328 "-" "Buck/2.4.2; (+https://app.hypefactors.com/media-monitoring/about.html)"
162.158.162.23 - - [06/Feb/2025:01:42:21 +0700] "GET /wp-content/install.php HTTP/1.1" 200 37 "-" "GuzzleHttp/7"
162.158.163.117 - - [06/Feb/2025:01:42:22 +0700] "GET /?dir=%2Fhome%2Fvietnamet.com%2Fpublic_html%2Fwp-includes%2Fsodium_compat%2Fsrc%2FCore%2FPoly1305&item=State.php&action=chmod HTTP/1.1" 200 41226 "-" "Mozilla/5.0 (compatible; MJ12bot/v1.4.8; http://mj12bot.com/)"
162.158.162.23 - - [06/Feb/2025:01:42:22 +0700] "GET /wp-content/install.php HTTP/1.1" 200 37 "-" "GuzzleHttp/7"
162.158.162.115 - - [06/Feb/2025:01:42:22 +0700] "GET /book/7418/10a0b200c1902.html HTTP/1.1" 404 30074 "-" "Mozilla/5.0 (compatible; DotBot/1.2; +https://opensiteexplorer.org/dotbot; help@moz.com)"
162.158.162.23 - - [06/Feb/2025:01:42:23 +0700] "GET /wp-content/install.php HTTP/1.1" 200 37 "https://vietnamet.com/wp-content/install.php" "Mozilla/5.0 (Windows NT 10.0; Win64; x64) AppleWebKit/537.36 (KHTML, like Gecko) Chrome/58.0.3029.110 Safari/537.3"
162.158.162.51 - - [06/Feb/2025:01:42:24 +0700] "POST /wp-cron.php?doing_wp_cron=1738780944.0504519939422607421875 HTTP/1.1" 200 31 "-" "UiEXLPhH5EK5"
162.158.163.223 - - [06/Feb/2025:01:42:24 +0700] "GET /wp-content/install.php HTTP/1.1" 200 37 "-" "GuzzleHttp/7"
172.69.165.18 - - [06/Feb/2025:01:42:24 +0700] "GET / HTTP/1.1" 200 43275 "https://vietnamet.com" "Mozilla/5.0 (Windows NT 10.0; Win64; x64) AppleWebKit/537.36 (KHTML, like Gecko) Chrome/58.0.3029.110 Safari/537.3"
172.69.165.19 - - [06/Feb/2025:01:42:24 +0700] "GET /?dir=/home/vietnamet.com/public_html/wp-includes/sodium_compat/src/Core/Poly1305&item=State.php&action=download HTTP/1.1" 200 9143 "-" "Mozilla/5.0 (compatible; MJ12bot/v1.4.8; http://mj12bot.com/)"
162.158.163.97 - - [06/Feb/2025:01:42:25 +0700] "GET /book/7423/d1a5e4e16b23b.html HTTP/1.1" 404 30080 "-" "Mozilla/5.0 (compatible; DotBot/1.2; +https://opensiteexplorer.org/dotbot; help@moz.com)"
172.69.165.18 - - [06/Feb/2025:01:42:26 +0700] "GET /?dir=/home/vietnamet.com/public_html/wp-includes/sodium_compat/src/Core/Poly1305&item=State.php&action=edit HTTP/1.1" 301 67896 "-" "Mozilla/5.0 (compatible; MJ12bot/v1.4.8; http://mj12bot.com/)"
162.158.163.190 - - [06/Feb/2025:01:42:28 +0700] "POST /wp-cron.php?doing_wp_cron=1738780948.1487219333648681640625 HTTP/1.1" 200 31 "-" "vzabYtMd9OAs"
162.158.162.194 - - [06/Feb/2025:01:42:28 +0700] "GET /book/7432/a5afda27fca57.html HTTP/1.1" 404 30068 "-" "Mozilla/5.0 (compatible; DotBot/1.2; +https://opensiteexplorer.org/dotbot; help@moz.com)"
162.158.163.117 - - [06/Feb/2025:01:42:28 +0700] "GET /?dir=%2Fhome%2Fvietnamet.com%2Fpublic_html%2Fwp-includes%2Fsodium_compat%2Fsrc%2FCore%2FPoly1305&item=State.php&action=edit HTTP/1.1" 200 50728 "-" "Mozilla/5.0 (compatible; MJ12bot/v1.4.8; http://mj12bot.com/)"
162.158.163.89 - - [06/Feb/2025:01:42:30 +0700] "GET /wp-content/install.php HTTP/1.1" 200 37 "-" "GuzzleHttp/7"
162.158.163.97 - - [06/Feb/2025:01:42:33 +0700] "GET /book/7433/bce796e2ad722.html HTTP/1.1" 404 30079 "-" "Mozilla/5.0 (compatible; DotBot/1.2; +https://opensiteexplorer.org/dotbot; help@moz.com)"
162.158.163.97 - - [06/Feb/2025:01:42:36 +0700] "GET /wp-content/install.php HTTP/1.1" 499 0 "-" "GuzzleHttp/7"
162.158.163.97 - - [06/Feb/2025:01:42:36 +0700] "GET /book/7436/dfffc0e03d084.html HTTP/1.1" 404 30078 "-" "Mozilla/5.0 (compatible; DotBot/1.2; +https://opensiteexplorer.org/dotbot; help@moz.com)"
172.69.165.18 - - [06/Feb/2025:01:42:39 +0700] "GET /wp-content/install.php?id=64075 HTTP/1.1" 200 37 "-" "GuzzleHttp/7"
162.158.163.118 - - [06/Feb/2025:01:42:39 +0700] "GET /book/7450/ca4ee1826ecd7.html HTTP/1.1" 404 30074 "-" "Mozilla/5.0 (compatible; DotBot/1.2; +https://opensiteexplorer.org/dotbot; help@moz.com)"
162.158.107.25 - - [06/Feb/2025:01:42:39 +0700] "GET /53fkkn26892.html HTTP/1.1" 200 85751 "-" "Mozilla/5.0 (Linux; Android 6.0.1; Nexus 5X Build/MMB29P) AppleWebKit/537.36 (KHTML, like Gecko) Chrome/132.0.6834.159 Mobile Safari/537.36 (compatible; Googlebot/2.1; +http://www.google.com/bot.html)"
162.158.163.90 - - [06/Feb/2025:01:42:42 +0700] "GET /book/7464/5a09c5a7ef5fc.html HTTP/1.1" 404 30078 "-" "Mozilla/5.0 (compatible; DotBot/1.2; +https://opensiteexplorer.org/dotbot; help@moz.com)"
162.158.162.114 - - [06/Feb/2025:01:42:44 +0700] "GET /book/7468/7bfc67f89d1b6.html HTTP/1.1" 404 30075 "-" "Mozilla/5.0 (compatible; DotBot/1.2; +https://opensiteexplorer.org/dotbot; help@moz.com)"
162.158.163.97 - - [06/Feb/2025:01:42:44 +0700] "GET /wp-content/install.php HTTP/1.1" 200 37 "-" "GuzzleHttp/7"
162.158.162.194 - - [06/Feb/2025:01:42:47 +0700] "GET /book/7574/c76ae59f55a52.html HTTP/1.1" 404 30081 "-" "Mozilla/5.0 (compatible; DotBot/1.2; +https://opensiteexplorer.org/dotbot; help@moz.com)"
162.158.163.166 - - [06/Feb/2025:01:42:50 +0700] "POST /wp-cron.php?doing_wp_cron=1738780970.0940949916839599609375 HTTP/1.1" 200 31 "-" "jibt6EPyLnpa"
172.69.165.18 - - [06/Feb/2025:01:42:50 +0700] "GET /book/7646/0952cd8a42e10.html HTTP/1.1" 404 30080 "-" "Mozilla/5.0 (compatible; DotBot/1.2; +https://opensiteexplorer.org/dotbot; help@moz.com)"
162.158.163.118 - - [06/Feb/2025:01:42:51 +0700] "GET /wp-content/install.php HTTP/1.1" 200 37 "-" "GuzzleHttp/7"
162.158.162.105 - - [06/Feb/2025:01:42:52 +0700] "GET /book/7655/021f443cdad24.html HTTP/1.1" 404 30081 "-" "Mozilla/5.0 (compatible; DotBot/1.2; +https://opensiteexplorer.org/dotbot; help@moz.com)"
162.158.163.118 - - [06/Feb/2025:01:42:52 +0700] "GET /wp-content/install.php HTTP/1.1" 200 37 "-" "GuzzleHttp/7"
162.158.163.190 - - [06/Feb/2025:01:42:52 +0700] "GET /wp-login.php HTTP/1.1" 404 47 "https://acsincorp.com/wp-login.php" "Mozilla/5.0 (X11; Fedora; Linux x86_64; rv:94.0) Gecko/20100101 Firefox/95.0"
162.158.162.23 - - [06/Feb/2025:01:42:53 +0700] "GET /huanjing/article/13649778.html?dir=%2Fhome%2Fvietnamet.com%2Fpublic_html HTTP/1.1" 404 30075 "-" "Mozilla/5.0 (Linux; Android 5.0) AppleWebKit/537.36 (KHTML, like Gecko) Mobile Safari/537.36 (compatible; Bytespider; spider-feedback@bytedance.com)"
162.158.163.97 - - [06/Feb/2025:01:42:54 +0700] "GET /12ydlkl6721.html HTTP/1.1" 404 29335 "-" "Buck/2.4.2; (+https://app.hypefactors.com/media-monitoring/about.html)"
162.158.162.23 - - [06/Feb/2025:01:42:57 +0700] "GET /book/7683/04103bb140e19.html HTTP/1.1" 404 30078 "-" "Mozilla/5.0 (compatible; DotBot/1.2; +https://opensiteexplorer.org/dotbot; help@moz.com)"
172.69.165.18 - - [06/Feb/2025:01:42:58 +0700] "GET /wp-content/install.php HTTP/1.1" 200 37 "-" "GuzzleHttp/7"
162.158.163.118 - - [06/Feb/2025:01:43:02 +0700] "GET /wp-content/install.php HTTP/1.1" 200 37 "https://vietnamet.com/wp-content/install.php" "Mozilla/5.0 (Windows NT 10.0; Win64; x64) AppleWebKit/537.36 (KHTML, like Gecko) Chrome/58.0.3029.110 Safari/537.3"
162.158.163.118 - - [06/Feb/2025:01:43:02 +0700] "POST /wp-cron.php?doing_wp_cron=1738780982.9332790374755859375000 HTTP/1.1" 200 31 "-" "Pfuf770RgnxB"
162.158.163.97 - - [06/Feb/2025:01:43:03 +0700] "GET / HTTP/1.1" 200 43278 "https://vietnamet.com" "Mozilla/5.0 (Windows NT 10.0; Win64; x64) AppleWebKit/537.36 (KHTML, like Gecko) Chrome/58.0.3029.110 Safari/537.3"
172.69.165.62 - - [06/Feb/2025:01:43:03 +0700] "GET /wp-content/install.php HTTP/1.1" 200 37 "-" "GuzzleHttp/7"
162.158.163.118 - - [06/Feb/2025:01:43:05 +0700] "GET /wp-content/install.php HTTP/1.1" 200 37 "-" "GuzzleHttp/7"
162.158.162.23 - - [06/Feb/2025:01:43:06 +0700] "GET /book/7705/7787ddb58021c.html HTTP/1.1" 404 30076 "-" "Mozilla/5.0 (compatible; DotBot/1.2; +https://opensiteexplorer.org/dotbot; help@moz.com)"
162.158.162.250 - - [06/Feb/2025:01:43:09 +0700] "GET /wp-content/install.php HTTP/1.1" 200 37 "-" "GuzzleHttp/7"
162.158.163.97 - - [06/Feb/2025:01:43:11 +0700] "GET /wp-content/install.php HTTP/1.1" 200 37 "-" "GuzzleHttp/7"
162.158.163.86 - - [06/Feb/2025:01:43:13 +0700] "GET /wp-content/install.php HTTP/1.1" 200 37 "-" "GuzzleHttp/7"
162.158.163.97 - - [06/Feb/2025:01:43:14 +0700] "GET /wp-content/install.php HTTP/1.1" 200 37 "-" "GuzzleHttp/7"
162.158.162.102 - - [06/Feb/2025:01:43:14 +0700] "POST /wp-cron.php?doing_wp_cron=1738780994.7760729789733886718750 HTTP/1.1" 200 31 "-" "NHBamhhutdwN"
162.158.162.105 - - [06/Feb/2025:01:43:15 +0700] "GET /book/7741/b3ec0af9c6ff4.html HTTP/1.1" 404 30086 "-" "Mozilla/5.0 (compatible; DotBot/1.2; +https://opensiteexplorer.org/dotbot; help@moz.com)"
162.158.162.23 - - [06/Feb/2025:01:43:15 +0700] "POST /wp-admin/admin-ajax.php?action=async_litespeed&nonce=iUGBpTC7bD8zkjN6S1SEXwISC30IZdqW&litespeed_type=imgoptm HTTP/1.1" 200 12361 "-" "vohB4z2HVoOT"
172.69.165.19 - - [06/Feb/2025:01:43:15 +0700] "GET /wp-content/install.php HTTP/1.1" 200 37 "-" "GuzzleHttp/7"
172.69.165.19 - - [06/Feb/2025:01:43:16 +0700] "GET /wp-content/install.php HTTP/1.1" 200 37 "-" "GuzzleHttp/7"
162.158.162.23 - - [06/Feb/2025:01:43:17 +0700] "GET /wp-content/install.php HTTP/1.1" 200 37 "-" "GuzzleHttp/7"
162.158.163.117 - - [06/Feb/2025:01:43:21 +0700] "POST /wp-cron.php?doing_wp_cron=1738781001.2169799804687500000000 HTTP/1.1" 200 31 "-" "zdZD2z1rwdCu"
162.158.162.51 - - [06/Feb/2025:01:43:21 +0700] "GET /12mlk33263.html HTTP/1.1" 404 29337 "-" "Buck/2.4.2; (+https://app.hypefactors.com/media-monitoring/about.html)"
162.158.163.97 - - [06/Feb/2025:01:43:22 +0700] "GET /book/7754/c6f5b6bd7140a.html HTTP/1.1" 404 30078 "-" "Mozilla/5.0 (compatible; DotBot/1.2; +https://opensiteexplorer.org/dotbot; help@moz.com)"
162.158.162.23 - - [06/Feb/2025:01:43:23 +0700] "GET /wp-content/install.php HTTP/1.1" 200 37 "-" "GuzzleHttp/7"
172.69.165.19 - - [06/Feb/2025:01:43:23 +0700] "GET /wp-content/install.php HTTP/1.1" 200 37 "-" "GuzzleHttp/7"
162.158.163.98 - - [06/Feb/2025:01:43:27 +0700] "POST /wp-cron.php?doing_wp_cron=1738781007.8403110504150390625000 HTTP/1.1" 200 31 "-" "SfwkOwnjnhrb"
162.158.163.97 - - [06/Feb/2025:01:43:28 +0700] "GET /book/7756/236dff827fe8d.html HTTP/1.1" 404 30079 "-" "Mozilla/5.0 (compatible; DotBot/1.2; +https://opensiteexplorer.org/dotbot; help@moz.com)"
172.69.165.19 - - [06/Feb/2025:01:43:29 +0700] "GET /wp-content/install.php HTTP/1.1" 200 37 "-" "GuzzleHttp/7"
162.158.163.165 - - [06/Feb/2025:01:43:33 +0700] "GET /book/7784/06772a2354c3d.html HTTP/1.1" 404 30087 "-" "Mozilla/5.0 (compatible; DotBot/1.2; +https://opensiteexplorer.org/dotbot; help@moz.com)"
162.158.162.18 - - [06/Feb/2025:01:43:34 +0700] "GET /wp-content/install.php HTTP/1.1" 200 37 "-" "GuzzleHttp/7"
162.158.162.207 - - [06/Feb/2025:01:43:37 +0700] "GET /book/7784/355f8b834d8fa.html HTTP/1.1" 404 30078 "-" "Mozilla/5.0 (compatible; DotBot/1.2; +https://opensiteexplorer.org/dotbot; help@moz.com)"
172.69.165.19 - - [06/Feb/2025:01:43:41 +0700] "GET /book/7784/4582968dbd494.html HTTP/1.1" 404 30079 "-" "Mozilla/5.0 (compatible; DotBot/1.2; +https://opensiteexplorer.org/dotbot; help@moz.com)"
162.158.170.31 - - [06/Feb/2025:01:43:41 +0700] "GET /?_ga=2.194806273.1957210951.1729981480-266523268.1699181788&_bdsid=e3ephz.n~YWNXJ.1755355285498.1792963594&_bd_prev_page=https://vietnamet.com/super.do?products/55ul11289 HTTP/1.1" 200 87836 "-" "Mozilla/5.0 (Linux; Android 6.0.1; Nexus 5X Build/MMB29P) AppleWebKit/537.36 (KHTML, like Gecko) Chrome/132.0.6834.159 Mobile Safari/537.36 (compatible; Googlebot/2.1; +http://www.google.com/bot.html)"
162.158.163.98 - - [06/Feb/2025:01:43:44 +0700] "GET /book/7788/48f1ba08c7cfa.html HTTP/1.1" 404 30082 "-" "Mozilla/5.0 (compatible; DotBot/1.2; +https://opensiteexplorer.org/dotbot; help@moz.com)"
162.158.163.98 - - [06/Feb/2025:01:43:45 +0700] "GET /12xhh29707.html HTTP/1.1" 404 29340 "-" "Buck/2.4.2; (+https://app.hypefactors.com/media-monitoring/about.html)"
162.158.163.117 - - [06/Feb/2025:01:43:46 +0700] "GET /aomenkaixuanmenguanwang/article/14195847.html?dir=%2Fhome%2Fvietnamet.com%2Fpublic_html%2Fwp-admin HTTP/1.1" 404 34147 "-" "Mozilla/5.0 (Linux; Android 5.0) AppleWebKit/537.36 (KHTML, like Gecko) Mobile Safari/537.36 (compatible; Bytespider; spider-feedback@bytedance.com)"
172.69.165.19 - - [06/Feb/2025:01:43:47 +0700] "GET /book/7794/59cf893a725a6.html HTTP/1.1" 404 30080 "-" "Mozilla/5.0 (compatible; DotBot/1.2; +https://opensiteexplorer.org/dotbot; help@moz.com)"
172.69.165.19 - - [06/Feb/2025:01:43:50 +0700] "POST /wp-cron.php?doing_wp_cron=1738781030.1120810508728027343750 HTTP/1.1" 200 31 "-" "2Dzp7rPY8B7W"
162.158.163.117 - - [06/Feb/2025:01:43:50 +0700] "GET /book/7794/aced92037eab6.html HTTP/1.1" 404 30078 "-" "Mozilla/5.0 (compatible; DotBot/1.2; +https://opensiteexplorer.org/dotbot; help@moz.com)"
162.158.162.22 - - [06/Feb/2025:01:43:52 +0700] "GET /book/7810/b11fd25435ea3.html HTTP/1.1" 404 30074 "-" "Mozilla/5.0 (compatible; DotBot/1.2; +https://opensiteexplorer.org/dotbot; help@moz.com)"
162.158.163.89 - - [06/Feb/2025:01:43:54 +0700] "GET /book/7824/3eab539895517.html HTTP/1.1" 404 30083 "-" "Mozilla/5.0 (compatible; DotBot/1.2; +https://opensiteexplorer.org/dotbot; help@moz.com)"
162.158.163.98 - - [06/Feb/2025:01:43:55 +0700] "GET /wp-content/install.php HTTP/1.1" 200 37 "https://vietnamet.com/wp-content/install.php" "Mozilla/5.0 (Windows NT 10.0; Win64; x64) AppleWebKit/537.36 (KHTML, like Gecko) Chrome/58.0.3029.110 Safari/537.3"
162.158.162.195 - - [06/Feb/2025:01:43:56 +0700] "GET /book/7833/2542311104a2c.html HTTP/1.1" 404 30084 "-" "Mozilla/5.0 (compatible; DotBot/1.2; +https://opensiteexplorer.org/dotbot; help@moz.com)"
162.158.162.104 - - [06/Feb/2025:01:43:58 +0700] "GET /book/7853/ff440da1710a1.html HTTP/1.1" 404 30074 "-" "Mozilla/5.0 (compatible; DotBot/1.2; +https://opensiteexplorer.org/dotbot; help@moz.com)"
162.158.162.23 - - [06/Feb/2025:01:43:59 +0700] "POST /wp-cron.php?doing_wp_cron=1738781039.2688798904418945312500 HTTP/1.1" 200 31 "-" "WwF0aZw6H11L"
162.158.162.22 - - [06/Feb/2025:01:43:59 +0700] "GET /book/7877/ca2ecf0bf0336.html HTTP/1.1" 404 30080 "-" "Mozilla/5.0 (compatible; DotBot/1.2; +https://opensiteexplorer.org/dotbot; help@moz.com)"
162.158.163.89 - - [06/Feb/2025:01:44:00 +0700] "GET /book/7915/5bd3ca9fc9372.html HTTP/1.1" 404 30092 "-" "Mozilla/5.0 (compatible; DotBot/1.2; +https://opensiteexplorer.org/dotbot; help@moz.com)"
162.158.162.23 - - [06/Feb/2025:01:44:01 +0700] "GET / HTTP/1.1" 200 43279 "https://vietnamet.com" "Mozilla/5.0 (Windows NT 10.0; Win64; x64) AppleWebKit/537.36 (KHTML, like Gecko) Chrome/58.0.3029.110 Safari/537.3"
162.158.162.114 - - [06/Feb/2025:01:44:02 +0700] "GET /book/7924/7fac2ca4834e3.html HTTP/1.1" 404 30074 "-" "Mozilla/5.0 (compatible; DotBot/1.2; +https://opensiteexplorer.org/dotbot; help@moz.com)"
172.69.165.18 - - [06/Feb/2025:01:44:03 +0700] "GET /book/7935/2e72e95cc0571.html HTTP/1.1" 404 30075 "-" "Mozilla/5.0 (compatible; DotBot/1.2; +https://opensiteexplorer.org/dotbot; help@moz.com)"
162.158.162.22 - - [06/Feb/2025:01:44:04 +0700] "GET /book/7943/44bf3b7811e10.html HTTP/1.1" 404 30078 "-" "Mozilla/5.0 (compatible; DotBot/1.2; +https://opensiteexplorer.org/dotbot; help@moz.com)"
172.69.165.18 - - [06/Feb/2025:01:44:04 +0700] "GET /book/7945/c1e3d912992b0.html HTTP/1.1" 404 30081 "-" "Mozilla/5.0 (compatible; DotBot/1.2; +https://opensiteexplorer.org/dotbot; help@moz.com)"
162.158.163.98 - - [06/Feb/2025:01:44:05 +0700] "GET /book/8018/1af78d81df082.html HTTP/1.1" 404 30079 "-" "Mozilla/5.0 (compatible; DotBot/1.2; +https://opensiteexplorer.org/dotbot; help@moz.com)"
162.158.162.23 - - [06/Feb/2025:01:44:06 +0700] "GET /book/8023/da4ba315d1275.html HTTP/1.1" 404 30072 "-" "Mozilla/5.0 (compatible; DotBot/1.2; +https://opensiteexplorer.org/dotbot; help@moz.com)"
162.158.162.114 - - [06/Feb/2025:01:44:07 +0700] "GET /book/8040/1f21de21d75fd.html HTTP/1.1" 404 30080 "-" "Mozilla/5.0 (compatible; DotBot/1.2; +https://opensiteexplorer.org/dotbot; help@moz.com)"
172.69.165.18 - - [06/Feb/2025:01:44:08 +0700] "GET /wp-content/install.php?id=612212 HTTP/1.1" 499 0 "-" "GuzzleHttp/7"
162.158.162.51 - - [06/Feb/2025:01:44:09 +0700] "GET /book/8042/6282a00ed04c5.html HTTP/1.1" 404 30087 "-" "Mozilla/5.0 (compatible; DotBot/1.2; +https://opensiteexplorer.org/dotbot; help@moz.com)"
162.158.163.180 - - [06/Feb/2025:01:44:10 +0700] "GET /book/8091/c0a87ef480ead.html HTTP/1.1" 404 30074 "-" "Mozilla/5.0 (compatible; DotBot/1.2; +https://opensiteexplorer.org/dotbot; help@moz.com)"
162.158.162.195 - - [06/Feb/2025:01:44:11 +0700] "GET /book/8092/ad53793dedfb3.html HTTP/1.1" 404 30075 "-" "Mozilla/5.0 (compatible; DotBot/1.2; +https://opensiteexplorer.org/dotbot; help@moz.com)"
162.158.163.20 - - [06/Feb/2025:01:44:11 +0700] "GET /13bzyd28412.html HTTP/1.1" 404 29330 "-" "Buck/2.4.2; (+https://app.hypefactors.com/media-monitoring/about.html)"
162.158.162.105 - - [06/Feb/2025:01:44:12 +0700] "GET /book/8128/237cb8ef50e54.html HTTP/1.1" 404 30076 "-" "Mozilla/5.0 (compatible; DotBot/1.2; +https://opensiteexplorer.org/dotbot; help@moz.com)"
162.158.162.22 - - [06/Feb/2025:01:44:13 +0700] "POST /wp-cron.php?doing_wp_cron=1738781053.2353858947753906250000 HTTP/1.1" 200 31 "-" "H9mmt1jrs9on"
162.158.163.117 - - [06/Feb/2025:01:44:13 +0700] "GET /wp-content/install.php HTTP/1.1" 200 37 "-" "GuzzleHttp/7"
162.158.162.51 - - [06/Feb/2025:01:44:13 +0700] "GET /book/8192/42940c9466444.html HTTP/1.1" 404 30082 "-" "Mozilla/5.0 (compatible; DotBot/1.2; +https://opensiteexplorer.org/dotbot; help@moz.com)"
162.158.163.117 - - [06/Feb/2025:01:44:13 +0700] "POST /wp-admin/admin-ajax.php?action=async_litespeed&nonce=6Y8ObDeVUZ4Fm7FZi0L3UUuHszymduFS&litespeed_type=imgoptm HTTP/1.1" 200 12362 "-" "DG2NcCGaxmqe"
162.158.162.195 - - [06/Feb/2025:01:44:14 +0700] "GET /book/8203/8c7bd139dd546.html HTTP/1.1" 404 30082 "-" "Mozilla/5.0 (compatible; DotBot/1.2; +https://opensiteexplorer.org/dotbot; help@moz.com)"
162.158.163.117 - - [06/Feb/2025:01:44:14 +0700] "GET /wp-content/install.php HTTP/1.1" 200 37 "-" "GuzzleHttp/7"
172.69.165.19 - - [06/Feb/2025:01:44:15 +0700] "GET /book/8205/8cffa0335dd96.html HTTP/1.1" 404 30070 "-" "Mozilla/5.0 (compatible; DotBot/1.2; +https://opensiteexplorer.org/dotbot; help@moz.com)"
162.158.162.23 - - [06/Feb/2025:01:44:15 +0700] "GET /wp-content/install.php HTTP/1.1" 200 37 "-" "GuzzleHttp/7"
172.69.165.19 - - [06/Feb/2025:01:44:16 +0700] "POST /wp-cron.php?doing_wp_cron=1738781056.3055739402770996093750 HTTP/1.1" 200 31 "-" "JfEGNCluIJoc"
162.158.162.114 - - [06/Feb/2025:01:44:16 +0700] "GET /book/8231/38dbf4bd9a6ae.html HTTP/1.1" 404 30072 "-" "Mozilla/5.0 (compatible; DotBot/1.2; +https://opensiteexplorer.org/dotbot; help@moz.com)"
162.158.163.131 - - [06/Feb/2025:01:44:16 +0700] "GET /wp-content/install.php HTTP/1.1" 200 37 "-" "GuzzleHttp/7"
172.69.165.19 - - [06/Feb/2025:01:44:18 +0700] "GET /wp-content/install.php HTTP/1.1" 200 37 "-" "GuzzleHttp/7"
162.158.162.22 - - [06/Feb/2025:01:44:18 +0700] "GET /book/8233/875520bbc1140.html HTTP/1.1" 404 30081 "-" "Mozilla/5.0 (compatible; DotBot/1.2; +https://opensiteexplorer.org/dotbot; help@moz.com)"
172.69.165.19 - - [06/Feb/2025:01:44:19 +0700] "GET /wp-content/install.php HTTP/1.1" 200 37 "-" "GuzzleHttp/7"
162.158.163.117 - - [06/Feb/2025:01:44:21 +0700] "GET /book/8237/805f5b9b1999e.html HTTP/1.1" 404 30077 "-" "Mozilla/5.0 (compatible; DotBot/1.2; +https://opensiteexplorer.org/dotbot; help@moz.com)"
162.158.162.23 - - [06/Feb/2025:01:44:21 +0700] "GET /wp-content/install.php HTTP/1.1" 200 37 "-" "GuzzleHttp/7"
162.158.163.97 - - [06/Feb/2025:01:44:22 +0700] "GET /wp-content/install.php HTTP/1.1" 200 37 "-" "GuzzleHttp/7"
172.69.165.62 - - [06/Feb/2025:01:44:23 +0700] "POST /wp-cron.php?doing_wp_cron=1738781063.1938469409942626953125 HTTP/1.1" 200 31 "-" "HdH66a8Uag19"
162.158.163.117 - - [06/Feb/2025:01:44:23 +0700] "GET /book/8240/a717d64650f52.html HTTP/1.1" 404 30076 "-" "Mozilla/5.0 (compatible; DotBot/1.2; +https://opensiteexplorer.org/dotbot; help@moz.com)"
162.158.162.50 - - [06/Feb/2025:01:44:25 +0700] "GET /book/8244/adff9e41011f0.html HTTP/1.1" 404 30075 "-" "Mozilla/5.0 (compatible; DotBot/1.2; +https://opensiteexplorer.org/dotbot; help@moz.com)"
162.158.163.97 - - [06/Feb/2025:01:44:27 +0700] "GET /book/8279/04f6e5f1be74f.html HTTP/1.1" 404 30075 "-" "Mozilla/5.0 (compatible; DotBot/1.2; +https://opensiteexplorer.org/dotbot; help@moz.com)"
162.158.163.117 - - [06/Feb/2025:01:44:27 +0700] "GET /wp-content/install.php HTTP/1.1" 200 37 "-" "GuzzleHttp/7"
