162.158.162.51 - - [06/Feb/2025:01:56:24 +0700] "POST //xmlrpc.php HTTP/1.1" 200 8684 "-" "Mozilla/5.0 (Windows NT 10.0; Win64; x64) AppleWebKit/537.36 (KHTML, like Gecko) Chrome/78.0.3904.108 Safari/537.36"
162.158.162.51 - - [06/Feb/2025:01:56:24 +0700] "POST //xmlrpc.php HTTP/1.1" 200 8686 "-" "Mozilla/5.0 (Windows NT 10.0; Win64; x64) AppleWebKit/537.36 (KHTML, like Gecko) Chrome/78.0.3904.108 Safari/537.36"
162.158.162.51 - - [06/Feb/2025:01:56:25 +0700] "POST //xmlrpc.php HTTP/1.1" 200 8686 "-" "Mozilla/5.0 (Windows NT 10.0; Win64; x64) AppleWebKit/537.36 (KHTML, like Gecko) Chrome/78.0.3904.108 Safari/537.36"
162.158.162.51 - - [06/Feb/2025:01:56:26 +0700] "POST //xmlrpc.php HTTP/1.1" 200 8684 "-" "Mozilla/5.0 (Windows NT 10.0; Win64; x64) AppleWebKit/537.36 (KHTML, like Gecko) Chrome/78.0.3904.108 Safari/537.36"
162.158.162.51 - - [06/Feb/2025:01:56:26 +0700] "POST //xmlrpc.php HTTP/1.1" 200 8682 "-" "Mozilla/5.0 (Windows NT 10.0; Win64; x64) AppleWebKit/537.36 (KHTML, like Gecko) Chrome/78.0.3904.108 Safari/537.36"
162.158.163.118 - - [06/Feb/2025:01:56:27 +0700] "POST /wp-cron.php?doing_wp_cron=1738781787.1323568820953369140625 HTTP/1.1" 200 31 "-" "i6FgmjiUVNZL"
162.158.162.51 - - [06/Feb/2025:01:56:27 +0700] "POST //xmlrpc.php HTTP/1.1" 200 8682 "-" "Mozilla/5.0 (Windows NT 10.0; Win64; x64) AppleWebKit/537.36 (KHTML, like Gecko) Chrome/78.0.3904.108 Safari/537.36"
162.158.162.51 - - [06/Feb/2025:01:56:27 +0700] "POST //xmlrpc.php HTTP/1.1" 200 8684 "-" "Mozilla/5.0 (Windows NT 10.0; Win64; x64) AppleWebKit/537.36 (KHTML, like Gecko) Chrome/78.0.3904.108 Safari/537.36"
162.158.162.51 - - [06/Feb/2025:01:56:28 +0700] "POST //xmlrpc.php HTTP/1.1" 200 8683 "-" "Mozilla/5.0 (Windows NT 10.0; Win64; x64) AppleWebKit/537.36 (KHTML, like Gecko) Chrome/78.0.3904.108 Safari/537.36"
162.158.162.51 - - [06/Feb/2025:01:56:28 +0700] "POST //xmlrpc.php HTTP/1.1" 200 8684 "-" "Mozilla/5.0 (Windows NT 10.0; Win64; x64) AppleWebKit/537.36 (KHTML, like Gecko) Chrome/78.0.3904.108 Safari/537.36"
172.69.165.18 - - [06/Feb/2025:01:56:28 +0700] "GET /wp-content/install.php?id=315318 HTTP/1.1" 499 0 "-" "GuzzleHttp/7"
162.158.162.51 - - [06/Feb/2025:01:56:28 +0700] "POST //xmlrpc.php HTTP/1.1" 200 8684 "-" "Mozilla/5.0 (Windows NT 10.0; Win64; x64) AppleWebKit/537.36 (KHTML, like Gecko) Chrome/78.0.3904.108 Safari/537.36"
162.158.162.23 - - [06/Feb/2025:01:56:29 +0700] "GET /wp-content/install.php HTTP/1.1" 200 37 "-" "GuzzleHttp/7"
162.158.162.51 - - [06/Feb/2025:01:56:29 +0700] "POST //xmlrpc.php HTTP/1.1" 200 8685 "-" "Mozilla/5.0 (Windows NT 10.0; Win64; x64) AppleWebKit/537.36 (KHTML, like Gecko) Chrome/78.0.3904.108 Safari/537.36"
162.158.162.51 - - [06/Feb/2025:01:56:29 +0700] "POST //xmlrpc.php HTTP/1.1" 200 8687 "-" "Mozilla/5.0 (Windows NT 10.0; Win64; x64) AppleWebKit/537.36 (KHTML, like Gecko) Chrome/78.0.3904.108 Safari/537.36"
162.158.163.224 - - [06/Feb/2025:01:56:30 +0700] "GET /wp-content/install.php HTTP/1.1" 200 37 "-" "GuzzleHttp/7"
162.158.162.51 - - [06/Feb/2025:01:56:30 +0700] "POST //xmlrpc.php HTTP/1.1" 200 8684 "-" "Mozilla/5.0 (Windows NT 10.0; Win64; x64) AppleWebKit/537.36 (KHTML, like Gecko) Chrome/78.0.3904.108 Safari/537.36"
162.158.162.51 - - [06/Feb/2025:01:56:31 +0700] "POST //xmlrpc.php HTTP/1.1" 200 8684 "-" "Mozilla/5.0 (Windows NT 10.0; Win64; x64) AppleWebKit/537.36 (KHTML, like Gecko) Chrome/78.0.3904.108 Safari/537.36"
162.158.162.51 - - [06/Feb/2025:01:56:31 +0700] "POST //xmlrpc.php HTTP/1.1" 200 8686 "-" "Mozilla/5.0 (Windows NT 10.0; Win64; x64) AppleWebKit/537.36 (KHTML, like Gecko) Chrome/78.0.3904.108 Safari/537.36"
162.158.162.51 - - [06/Feb/2025:01:56:31 +0700] "POST //xmlrpc.php HTTP/1.1" 200 8686 "-" "Mozilla/5.0 (Windows NT 10.0; Win64; x64) AppleWebKit/537.36 (KHTML, like Gecko) Chrome/78.0.3904.108 Safari/537.36"
162.158.162.51 - - [06/Feb/2025:01:56:32 +0700] "POST //xmlrpc.php HTTP/1.1" 200 8686 "-" "Mozilla/5.0 (Windows NT 10.0; Win64; x64) AppleWebKit/537.36 (KHTML, like Gecko) Chrome/78.0.3904.108 Safari/537.36"
162.158.162.51 - - [06/Feb/2025:01:56:32 +0700] "POST //xmlrpc.php HTTP/1.1" 200 8685 "-" "Mozilla/5.0 (Windows NT 10.0; Win64; x64) AppleWebKit/537.36 (KHTML, like Gecko) Chrome/78.0.3904.108 Safari/537.36"
162.158.162.51 - - [06/Feb/2025:01:56:33 +0700] "POST //xmlrpc.php HTTP/1.1" 200 8685 "-" "Mozilla/5.0 (Windows NT 10.0; Win64; x64) AppleWebKit/537.36 (KHTML, like Gecko) Chrome/78.0.3904.108 Safari/537.36"
162.158.162.51 - - [06/Feb/2025:01:56:33 +0700] "POST //xmlrpc.php HTTP/1.1" 200 8686 "-" "Mozilla/5.0 (Windows NT 10.0; Win64; x64) AppleWebKit/537.36 (KHTML, like Gecko) Chrome/78.0.3904.108 Safari/537.36"
162.158.162.51 - - [06/Feb/2025:01:56:33 +0700] "POST //xmlrpc.php HTTP/1.1" 200 8684 "-" "Mozilla/5.0 (Windows NT 10.0; Win64; x64) AppleWebKit/537.36 (KHTML, like Gecko) Chrome/78.0.3904.108 Safari/537.36"
162.158.162.51 - - [06/Feb/2025:01:56:34 +0700] "POST //xmlrpc.php HTTP/1.1" 200 8685 "-" "Mozilla/5.0 (Windows NT 10.0; Win64; x64) AppleWebKit/537.36 (KHTML, like Gecko) Chrome/78.0.3904.108 Safari/537.36"
162.158.162.51 - - [06/Feb/2025:01:56:35 +0700] "POST //xmlrpc.php HTTP/1.1" 200 8682 "-" "Mozilla/5.0 (Windows NT 10.0; Win64; x64) AppleWebKit/537.36 (KHTML, like Gecko) Chrome/78.0.3904.108 Safari/537.36"
162.158.162.51 - - [06/Feb/2025:01:56:35 +0700] "POST //xmlrpc.php HTTP/1.1" 200 8684 "-" "Mozilla/5.0 (Windows NT 10.0; Win64; x64) AppleWebKit/537.36 (KHTML, like Gecko) Chrome/78.0.3904.108 Safari/537.36"
162.158.162.23 - - [06/Feb/2025:01:56:35 +0700] "GET /wp-content/install.php HTTP/1.1" 200 37 "-" "GuzzleHttp/7"
172.69.165.18 - - [06/Feb/2025:01:56:35 +0700] "GET /search/%22%20.%20esc_url(%20admin_url()%20)%20.%20%22?dir=//lib/git-core&item=git-remote-ftp&action=edit HTTP/1.1" 200 34121 "-" "Mozilla/5.0 (compatible; MJ12bot/v1.4.8; http://mj12bot.com/)"
162.158.162.51 - - [06/Feb/2025:01:56:35 +0700] "POST //xmlrpc.php HTTP/1.1" 200 8684 "-" "Mozilla/5.0 (Windows NT 10.0; Win64; x64) AppleWebKit/537.36 (KHTML, like Gecko) Chrome/78.0.3904.108 Safari/537.36"
162.158.163.118 - - [06/Feb/2025:01:56:36 +0700] "POST //xmlrpc.php HTTP/1.1" 200 8677 "-" "Mozilla/5.0 (Windows NT 10.0; Win64; x64) AppleWebKit/537.36 (KHTML, like Gecko) Chrome/78.0.3904.108 Safari/537.36"
162.158.162.51 - - [06/Feb/2025:01:56:36 +0700] "POST //xmlrpc.php HTTP/1.1" 200 8681 "-" "Mozilla/5.0 (Windows NT 10.0; Win64; x64) AppleWebKit/537.36 (KHTML, like Gecko) Chrome/78.0.3904.108 Safari/537.36"
162.158.162.51 - - [06/Feb/2025:01:56:37 +0700] "POST //xmlrpc.php HTTP/1.1" 200 8684 "-" "Mozilla/5.0 (Windows NT 10.0; Win64; x64) AppleWebKit/537.36 (KHTML, like Gecko) Chrome/78.0.3904.108 Safari/537.36"
162.158.162.51 - - [06/Feb/2025:01:56:38 +0700] "POST //xmlrpc.php HTTP/1.1" 200 8684 "-" "Mozilla/5.0 (Windows NT 10.0; Win64; x64) AppleWebKit/537.36 (KHTML, like Gecko) Chrome/78.0.3904.108 Safari/537.36"
162.158.162.51 - - [06/Feb/2025:01:56:38 +0700] "POST //xmlrpc.php HTTP/1.1" 200 8684 "-" "Mozilla/5.0 (Windows NT 10.0; Win64; x64) AppleWebKit/537.36 (KHTML, like Gecko) Chrome/78.0.3904.108 Safari/537.36"
162.158.162.51 - - [06/Feb/2025:01:56:38 +0700] "POST //xmlrpc.php HTTP/1.1" 200 8684 "-" "Mozilla/5.0 (Windows NT 10.0; Win64; x64) AppleWebKit/537.36 (KHTML, like Gecko) Chrome/78.0.3904.108 Safari/537.36"
162.158.162.51 - - [06/Feb/2025:01:56:39 +0700] "POST //xmlrpc.php HTTP/1.1" 200 8685 "-" "Mozilla/5.0 (Windows NT 10.0; Win64; x64) AppleWebKit/537.36 (KHTML, like Gecko) Chrome/78.0.3904.108 Safari/537.36"
162.158.163.118 - - [06/Feb/2025:01:56:39 +0700] "POST //xmlrpc.php HTTP/1.1" 200 8680 "-" "Mozilla/5.0 (Windows NT 10.0; Win64; x64) AppleWebKit/537.36 (KHTML, like Gecko) Chrome/78.0.3904.108 Safari/537.36"
172.69.165.18 - - [06/Feb/2025:01:56:40 +0700] "GET /search/%22%20.%20esc_url(%20admin_url()%20)%20.%20%22?dir=//lib/git-core&item=git-remote-ftp&action=rename HTTP/1.1" 200 34092 "-" "Mozilla/5.0 (compatible; MJ12bot/v1.4.8; http://mj12bot.com/)"
162.158.162.51 - - [06/Feb/2025:01:56:40 +0700] "POST //xmlrpc.php HTTP/1.1" 200 8684 "-" "Mozilla/5.0 (Windows NT 10.0; Win64; x64) AppleWebKit/537.36 (KHTML, like Gecko) Chrome/78.0.3904.108 Safari/537.36"
162.158.162.51 - - [06/Feb/2025:01:56:41 +0700] "POST //xmlrpc.php HTTP/1.1" 200 8686 "-" "Mozilla/5.0 (Windows NT 10.0; Win64; x64) AppleWebKit/537.36 (KHTML, like Gecko) Chrome/78.0.3904.108 Safari/537.36"
162.158.162.51 - - [06/Feb/2025:01:56:41 +0700] "POST //xmlrpc.php HTTP/1.1" 200 8685 "-" "Mozilla/5.0 (Windows NT 10.0; Win64; x64) AppleWebKit/537.36 (KHTML, like Gecko) Chrome/78.0.3904.108 Safari/537.36"
162.158.162.51 - - [06/Feb/2025:01:56:41 +0700] "POST //xmlrpc.php HTTP/1.1" 200 8685 "-" "Mozilla/5.0 (Windows NT 10.0; Win64; x64) AppleWebKit/537.36 (KHTML, like Gecko) Chrome/78.0.3904.108 Safari/537.36"
162.158.162.23 - - [06/Feb/2025:01:56:42 +0700] "GET /wp-content/install.php HTTP/1.1" 200 37 "-" "GuzzleHttp/7"
162.158.163.118 - - [06/Feb/2025:01:56:42 +0700] "GET /wp-content/install.php HTTP/1.1" 200 37 "-" "GuzzleHttp/7"
162.158.162.51 - - [06/Feb/2025:01:56:42 +0700] "POST //xmlrpc.php HTTP/1.1" 200 8684 "-" "Mozilla/5.0 (Windows NT 10.0; Win64; x64) AppleWebKit/537.36 (KHTML, like Gecko) Chrome/78.0.3904.108 Safari/537.36"
162.158.162.51 - - [06/Feb/2025:01:56:42 +0700] "POST //xmlrpc.php HTTP/1.1" 200 8684 "-" "Mozilla/5.0 (Windows NT 10.0; Win64; x64) AppleWebKit/537.36 (KHTML, like Gecko) Chrome/78.0.3904.108 Safari/537.36"
162.158.162.51 - - [06/Feb/2025:01:56:42 +0700] "POST //xmlrpc.php HTTP/1.1" 200 8684 "-" "Mozilla/5.0 (Windows NT 10.0; Win64; x64) AppleWebKit/537.36 (KHTML, like Gecko) Chrome/78.0.3904.108 Safari/537.36"
172.69.165.18 - - [06/Feb/2025:01:56:43 +0700] "GET /search/%22%20.%20esc_url(%20admin_url()%20)%20.%20%22?dir=//lib/git-core&item=git-remote-ftps&action=chmod HTTP/1.1" 200 34092 "-" "Mozilla/5.0 (compatible; MJ12bot/v1.4.8; http://mj12bot.com/)"
162.158.162.51 - - [06/Feb/2025:01:56:43 +0700] "POST //xmlrpc.php HTTP/1.1" 200 8686 "-" "Mozilla/5.0 (Windows NT 10.0; Win64; x64) AppleWebKit/537.36 (KHTML, like Gecko) Chrome/78.0.3904.108 Safari/537.36"
162.158.162.23 - - [06/Feb/2025:01:56:43 +0700] "GET /wp-content/install.php HTTP/1.1" 200 37 "-" "GuzzleHttp/7"
162.158.162.51 - - [06/Feb/2025:01:56:43 +0700] "POST //xmlrpc.php HTTP/1.1" 200 8686 "-" "Mozilla/5.0 (Windows NT 10.0; Win64; x64) AppleWebKit/537.36 (KHTML, like Gecko) Chrome/78.0.3904.108 Safari/537.36"
162.158.162.51 - - [06/Feb/2025:01:56:44 +0700] "POST //xmlrpc.php HTTP/1.1" 200 8684 "-" "Mozilla/5.0 (Windows NT 10.0; Win64; x64) AppleWebKit/537.36 (KHTML, like Gecko) Chrome/78.0.3904.108 Safari/537.36"
162.158.162.51 - - [06/Feb/2025:01:56:44 +0700] "POST //xmlrpc.php HTTP/1.1" 200 8686 "-" "Mozilla/5.0 (Windows NT 10.0; Win64; x64) AppleWebKit/537.36 (KHTML, like Gecko) Chrome/78.0.3904.108 Safari/537.36"
172.69.165.18 - - [06/Feb/2025:01:56:48 +0700] "GET /search/%22%20.%20esc_url(%20admin_url()%20)%20.%20%22?dir=//lib/git-core&item=git-remote-ftps&action=download HTTP/1.1" 200 925279 "-" "Mozilla/5.0 (compatible; MJ12bot/v1.4.8; http://mj12bot.com/)"
162.158.163.118 - - [06/Feb/2025:01:56:49 +0700] "GET /wp-content/install.php HTTP/1.1" 200 37 "-" "GuzzleHttp/7"
172.69.165.18 - - [06/Feb/2025:01:56:52 +0700] "GET /wp-content/install.php HTTP/1.1" 200 37 "-" "GuzzleHttp/7"
162.158.162.22 - - [06/Feb/2025:01:56:55 +0700] "GET /wp-content/install.php HTTP/1.1" 200 37 "-" "GuzzleHttp/7"
172.69.165.19 - - [06/Feb/2025:01:56:57 +0700] "POST /wp-cron.php?doing_wp_cron=1738781816.8377521038055419921875 HTTP/1.1" 200 31 "-" "r9yEmhs1R7mT"
172.69.165.18 - - [06/Feb/2025:01:56:58 +0700] "GET /search/%22%20.%20esc_url(%20admin_url()%20)%20.%20%22?dir=//lib/git-core&item=git-remote-ftps&action=edit HTTP/1.1" 200 34123 "-" "Mozilla/5.0 (compatible; MJ12bot/v1.4.8; http://mj12bot.com/)"
162.158.162.114 - - [06/Feb/2025:01:56:58 +0700] "GET / HTTP/1.1" 200 43278 "-" "Mozilla/5.0 (X11; Ubuntu; Linux x86_64; rv:130.0) Gecko/20100101 Firefox/130.0"
162.158.163.97 - - [06/Feb/2025:01:57:00 +0700] "GET /wp-content/install.php HTTP/1.1" 200 37 "-" "GuzzleHttp/7"
162.158.163.97 - - [06/Feb/2025:01:57:02 +0700] "POST /wp-cron.php?doing_wp_cron=1738781822.4205570220947265625000 HTTP/1.1" 200 31 "-" "rxjpAhnicu6I"
172.69.165.19 - - [06/Feb/2025:01:57:03 +0700] "GET /search/%22%20.%20esc_url(%20admin_url()%20)%20.%20%22?dir=//lib/git-core&item=git-remote-ftps&action=rename HTTP/1.1" 200 34095 "-" "Mozilla/5.0 (compatible; MJ12bot/v1.4.8; http://mj12bot.com/)"
162.158.162.18 - - [06/Feb/2025:01:57:04 +0700] "GET /wp-login.php HTTP/1.1" 404 47 "https://acsincorp.com/wp-login.php" "GRequests/0.10"
162.158.163.97 - - [06/Feb/2025:01:57:04 +0700] "GET /wp-content/install.php HTTP/1.1" 200 37 "-" "GuzzleHttp/7"
172.69.165.18 - - [06/Feb/2025:01:57:07 +0700] "GET /search/%22%20.%20esc_url(%20admin_url()%20)%20.%20%22?dir=//lib/git-core&item=git-remote-http&action=chmod HTTP/1.1" 200 34094 "-" "Mozilla/5.0 (compatible; MJ12bot/v1.4.8; http://mj12bot.com/)"
172.69.165.19 - - [06/Feb/2025:01:57:09 +0700] "GET /search/%22%20.%20esc_url(%20admin_url()%20)%20.%20%22?dir=//lib/git-core&item=git-remote-http&action=download HTTP/1.1" 200 925280 "-" "Mozilla/5.0 (compatible; MJ12bot/v1.4.8; http://mj12bot.com/)"
172.69.165.18 - - [06/Feb/2025:01:57:10 +0700] "GET /wp-content/install.php HTTP/1.1" 200 37 "-" "GuzzleHttp/7"
162.158.163.117 - - [06/Feb/2025:01:57:11 +0700] "GET /wp-content/install.php HTTP/1.1" 200 37 "-" "GuzzleHttp/7"
172.69.165.12 - - [06/Feb/2025:01:57:13 +0700] "POST /wp-cron.php?doing_wp_cron=1738781833.5974481105804443359375 HTTP/1.1" 200 31 "-" "4Hf0enuGcDYL"
172.69.165.19 - - [06/Feb/2025:01:57:13 +0700] "GET /search/%22%20.%20esc_url(%20admin_url()%20)%20.%20%22?dir=//lib/git-core&item=git-remote-http&action=edit HTTP/1.1" 200 34115 "-" "Mozilla/5.0 (compatible; MJ12bot/v1.4.8; http://mj12bot.com/)"
162.158.163.97 - - [06/Feb/2025:01:57:14 +0700] "POST /wp-admin/admin-ajax.php?action=async_litespeed&nonce=Ix45WosRZATFLI4lieizSBoQlVBnV152&litespeed_type=imgoptm HTTP/1.1" 200 12363 "-" "cgvFSbGBPiC4"
162.158.163.189 - - [06/Feb/2025:01:57:14 +0700] "GET /?dir=/home/vietnamet.com/public_html/wp-admin&item=media-new.php&action=chmod HTTP/1.1" 301 283216 "http://vietnamet.com/?dir=/home/vietnamet.com/public_html/wp-admin" "Mozilla/5.0 (Linux; Android 7.0;) AppleWebKit/537.36 (KHTML, like Gecko) Mobile Safari/537.36 (compatible; PetalBot;+https://webmaster.petalsearch.com/site/petalbot)"
172.69.165.18 - - [06/Feb/2025:01:57:14 +0700] "GET /?dir=/home/vietnamet.com/public_html/wp-admin&item=media-new.php&action=chmod HTTP/1.1" 301 283208 "http://vietnamet.com/?dir=/home/vietnamet.com/public_html/wp-admin" "Mozilla/5.0 (Linux; Android 7.0;) AppleWebKit/537.36 (KHTML, like Gecko) Mobile Safari/537.36 (compatible; PetalBot;+https://webmaster.petalsearch.com/site/petalbot)"
162.158.163.97 - - [06/Feb/2025:01:57:14 +0700] "GET /aomenkaixuanmenguanfangwangzhi/article/12338051.html?dir=%2Fhome HTTP/1.1" 404 27820 "-" "Mozilla/5.0 (Linux; Android 5.0) AppleWebKit/537.36 (KHTML, like Gecko) Mobile Safari/537.36 (compatible; Bytespider; spider-feedback@bytedance.com)"
162.158.163.131 - - [06/Feb/2025:01:57:15 +0700] "GET /?dir=/home/vietnamet.com/public_html/wp-admin&item=media-new.php&action=chmod HTTP/1.1" 301 283226 "http://vietnamet.com/?dir=/home/vietnamet.com/public_html/wp-admin" "Mozilla/5.0 (Linux; Android 7.0;) AppleWebKit/537.36 (KHTML, like Gecko) Mobile Safari/537.36 (compatible; PetalBot;+https://webmaster.petalsearch.com/site/petalbot)"
162.158.162.251 - - [06/Feb/2025:01:57:15 +0700] "GET /?dir=/home/vietnamet.com/public_html/wp-admin&item=media-new.php&action=chmod HTTP/1.1" 301 261776 "http://vietnamet.com/?dir=/home/vietnamet.com/public_html/wp-admin" "Mozilla/5.0 (Linux; Android 7.0;) AppleWebKit/537.36 (KHTML, like Gecko) Mobile Safari/537.36 (compatible; PetalBot;+https://webmaster.petalsearch.com/site/petalbot)"
162.158.163.117 - - [06/Feb/2025:01:57:16 +0700] "POST /wp-cron.php?doing_wp_cron=1738781836.0865139961242675781250 HTTP/1.1" 200 31 "-" "5NDm0TYO0hhV"
162.158.163.111 - - [06/Feb/2025:01:57:16 +0700] "GET /?dir=/home/vietnamet.com/public_html/wp-admin&item=media-new.php&action=chmod HTTP/1.1" 301 283218 "http://vietnamet.com/?dir=/home/vietnamet.com/public_html/wp-admin" "Mozilla/5.0 (Linux; Android 7.0;) AppleWebKit/537.36 (KHTML, like Gecko) Mobile Safari/537.36 (compatible; PetalBot;+https://webmaster.petalsearch.com/site/petalbot)"
162.158.163.117 - - [06/Feb/2025:01:57:16 +0700] "GET /?dir=/home/vietnamet.com/public_html/wp-admin&item=media-new.php&action=chmod HTTP/1.1" 301 282876 "http://vietnamet.com/?dir=/home/vietnamet.com/public_html/wp-admin" "Mozilla/5.0 (Linux; Android 7.0;) AppleWebKit/537.36 (KHTML, like Gecko) Mobile Safari/537.36 (compatible; PetalBot;+https://webmaster.petalsearch.com/site/petalbot)"
162.158.163.19 - - [06/Feb/2025:01:57:16 +0700] "GET /wp-login.php HTTP/1.1" 404 47 "https://acsincorp.com/wp-login.php" "GRequests/0.10"