162.158.163.97 - - [06/Feb/2025:00:33:05 +0700] "GET /?dir=%2Fhome%2Fvietnamet.com%2Fpublic_html&item=.htaccess.bk&action=edit HTTP/1.1" 200 43491 "-" "Mozilla/5.0 (Linux; Android 10; K) AppleWebKit/537.36 (KHTML, like Gecko) Chrome/122.0.0.0 Mobile Safari/537.36"
162.158.162.22 - - [06/Feb/2025:00:33:05 +0700] "GET /search/%22%20.%20esc_url(%20admin_url()%20)%20.%20%22?dir=//proc&item=633&action=rename HTTP/1.1" 200 33208 "-" "Mozilla/5.0 (compatible; MJ12bot/v1.4.8; http://mj12bot.com/)"
162.158.162.194 - - [06/Feb/2025:00:33:05 +0700] "GET /book/2825/ef0daf621253d.html HTTP/1.1" 404 30077 "-" "Mozilla/5.0 (compatible; DotBot/1.2; +https://opensiteexplorer.org/dotbot; help@moz.com)"
162.158.162.22 - - [06/Feb/2025:00:33:05 +0700] "GET /?dir=/home/vietnamet.com/public_html&item=.htaccess.bk&action=chmod HTTP/1.1" 301 108593 "-" "Mozilla/5.0 (Linux; Android 10; K) AppleWebKit/537.36 (KHTML, like Gecko) Chrome/122.0.0.0 Mobile Safari/537.36"
162.158.162.22 - - [06/Feb/2025:00:33:06 +0700] "GET /?dir=%2Fhome%2Fvietnamet.com%2Fpublic_html&item=.htaccess.bk&action=chmod HTTP/1.1" 200 43404 "-" "Mozilla/5.0 (Linux; Android 10; K) AppleWebKit/537.36 (KHTML, like Gecko) Chrome/122.0.0.0 Mobile Safari/537.36"
162.158.163.97 - - [06/Feb/2025:00:33:07 +0700] "GET /?dir=/home/vietnamet.com/public_html&item=.htaccess.bk&action=rename HTTP/1.1" 301 108291 "-" "Mozilla/5.0 (Linux; Android 10; K) AppleWebKit/537.36 (KHTML, like Gecko) Chrome/122.0.0.0 Mobile Safari/537.36"
162.158.162.22 - - [06/Feb/2025:00:33:07 +0700] "GET /search/%22%20.%20esc_url(%20admin_url()%20)%20.%20%22?dir=//proc&item=638&action=chmod HTTP/1.1" 200 33219 "-" "Mozilla/5.0 (compatible; MJ12bot/v1.4.8; http://mj12bot.com/)"
162.158.163.97 - - [06/Feb/2025:00:33:07 +0700] "GET /?dir=%2Fhome%2Fvietnamet.com%2Fpublic_html&item=.htaccess.bk&action=rename HTTP/1.1" 200 43402 "-" "Mozilla/5.0 (Linux; Android 10; K) AppleWebKit/537.36 (KHTML, like Gecko) Chrome/122.0.0.0 Mobile Safari/537.36"
162.158.163.190 - - [06/Feb/2025:00:33:08 +0700] "GET /?dir=/home/vietnamet.com/public_html&item=.htaccess.bk&action=download HTTP/1.1" 200 358 "-" "Mozilla/5.0 (Linux; Android 10; K) AppleWebKit/537.36 (KHTML, like Gecko) Chrome/122.0.0.0 Mobile Safari/537.36"
162.158.162.22 - - [06/Feb/2025:00:33:09 +0700] "GET /?dir=/home/vietnamet.com/public_html&item=wp-comments-post.php&action=edit HTTP/1.1" 301 129524 "-" "Mozilla/5.0 (Linux; Android 10; K) AppleWebKit/537.36 (KHTML, like Gecko) Chrome/122.0.0.0 Mobile Safari/537.36"
162.158.162.22 - - [06/Feb/2025:00:33:09 +0700] "GET /?dir=%2Fhome%2Fvietnamet.com%2Fpublic_html&item=wp-comments-post.php&action=edit HTTP/1.1" 200 51375 "-" "Mozilla/5.0 (Linux; Android 10; K) AppleWebKit/537.36 (KHTML, like Gecko) Chrome/122.0.0.0 Mobile Safari/537.36"
162.158.162.22 - - [06/Feb/2025:00:33:10 +0700] "GET /search/%22%20.%20esc_url(%20admin_url()%20)%20.%20%22?dir=//proc&item=645&action=rename HTTP/1.1" 200 33211 "-" "Mozilla/5.0 (compatible; MJ12bot/v1.4.8; http://mj12bot.com/)"
162.158.162.22 - - [06/Feb/2025:00:33:12 +0700] "GET /search/%22%20.%20esc_url(%20admin_url()%20)%20.%20%22?dir=//proc&item=651&action=rename HTTP/1.1" 200 33204 "-" "Mozilla/5.0 (compatible; MJ12bot/v1.4.8; http://mj12bot.com/)"
172.69.165.18 - - [06/Feb/2025:00:33:20 +0700] "POST /wp-cron.php?doing_wp_cron=1738776800.6580491065979003906250 HTTP/1.1" 200 31 "-" "qXYguyVsnEt3"
162.158.162.22 - - [06/Feb/2025:00:33:20 +0700] "GET /search/%22%20.%20esc_url(%20admin_url()%20)%20.%20%22?dir=//proc&item=68547&action=rename HTTP/1.1" 200 33205 "-" "Mozilla/5.0 (compatible; MJ12bot/v1.4.8; http://mj12bot.com/)"
162.158.163.117 - - [06/Feb/2025:00:33:20 +0700] "POST /wp-admin/admin-ajax.php?action=async_litespeed&nonce=Qj9Odo4mni6ndv5l9PlhABg8cBdoWdNS&litespeed_type=imgoptm HTTP/1.1" 200 12362 "-" "XGBeRWN4yW83"
162.158.162.22 - - [06/Feb/2025:00:33:22 +0700] "GET /search/%22%20.%20esc_url(%20admin_url()%20)%20.%20%22?dir=//proc&item=690&action=rename HTTP/1.1" 200 33211 "-" "Mozilla/5.0 (compatible; MJ12bot/v1.4.8; http://mj12bot.com/)"
162.158.162.250 - - [06/Feb/2025:00:33:24 +0700] "POST /wp-cron.php?doing_wp_cron=1738776803.9947021007537841796875 HTTP/1.1" 200 31 "-" "axnqJMWG5mR0"
162.158.162.22 - - [06/Feb/2025:00:33:24 +0700] "GET /book/2853/e7b791fea4c79.html HTTP/1.1" 404 30080 "-" "Mozilla/5.0 (compatible; DotBot/1.2; +https://opensiteexplorer.org/dotbot; help@moz.com)"
162.158.162.22 - - [06/Feb/2025:00:33:25 +0700] "GET /search/%22%20.%20esc_url(%20admin_url()%20)%20.%20%22?dir=//proc&item=72028&action=rename HTTP/1.1" 200 33212 "-" "Mozilla/5.0 (compatible; MJ12bot/v1.4.8; http://mj12bot.com/)"
162.158.162.22 - - [06/Feb/2025:00:33:27 +0700] "POST /wp-cron.php?doing_wp_cron=1738776807.2235739231109619140625 HTTP/1.1" 200 31 "-" "HAuRHpRYbteQ"
162.158.163.117 - - [06/Feb/2025:00:33:27 +0700] "GET /search/%22%20.%20esc_url(%20admin_url()%20)%20.%20%22?dir=//boot&item=config-5.4.0-204-generic&action=edit HTTP/1.1" 200 85251 "-" "Mozilla/5.0 (compatible; MJ12bot/v1.4.8; http://mj12bot.com/)"
162.158.162.22 - - [06/Feb/2025:00:33:34 +0700] "GET /search/%22%20.%20esc_url(%20admin_url()%20)%20.%20%22?dir=//proc&item=8&action=chmod HTTP/1.1" 200 33208 "-" "Mozilla/5.0 (compatible; MJ12bot/v1.4.8; http://mj12bot.com/)"
162.158.162.22 - - [06/Feb/2025:00:33:38 +0700] "GET /search/%22%20.%20esc_url(%20admin_url()%20)%20.%20%22?dir=//proc&item=83884&action=chmod HTTP/1.1" 200 33205 "-" "Mozilla/5.0 (compatible; MJ12bot/v1.4.8; http://mj12bot.com/)"
162.158.162.22 - - [06/Feb/2025:00:33:40 +0700] "GET /search/%22%20.%20esc_url(%20admin_url()%20)%20.%20%22?dir=//proc&item=83884&action=rename HTTP/1.1" 200 33218 "-" "Mozilla/5.0 (compatible; MJ12bot/v1.4.8; http://mj12bot.com/)"
172.69.165.19 - - [06/Feb/2025:00:33:42 +0700] "GET /book/2879/77fa9f6fa7da8.html HTTP/1.1" 404 30073 "-" "Mozilla/5.0 (compatible; DotBot/1.2; +https://opensiteexplorer.org/dotbot; help@moz.com)"
162.158.163.165 - - [06/Feb/2025:00:33:42 +0700] "GET /tag/the-kitchen-set/feed/ HTTP/1.1" 200 108596 "-" "Mozilla/5.0 (X11; Linux i686) AppleWebKit/537.36 (KHTML, like Gecko) Chrome/30.0.1599.66 Safari/537.36"
162.158.162.22 - - [06/Feb/2025:00:33:43 +0700] "GET /search/%22%20.%20esc_url(%20admin_url()%20)%20.%20%22?dir=//proc&item=84107&action=chmod HTTP/1.1" 200 33213 "-" "Mozilla/5.0 (compatible; MJ12bot/v1.4.8; http://mj12bot.com/)"
162.158.162.114 - - [06/Feb/2025:00:33:43 +0700] "GET /wp-content/install.php HTTP/1.1" 200 37 "-" "GuzzleHttp/7"
162.158.162.207 - - [06/Feb/2025:00:33:44 +0700] "GET /wp-content/install.php HTTP/1.1" 200 37 "-" "GuzzleHttp/7"
162.158.163.98 - - [06/Feb/2025:00:33:44 +0700] "GET /zhidingxinwen/article/12911841.html?dir=%2Fhome%2Fvietnamet.com HTTP/1.1" 404 27589 "-" "Mozilla/5.0 (Linux; Android 5.0) AppleWebKit/537.36 (KHTML, like Gecko) Mobile Safari/537.36 (compatible; Bytespider; spider-feedback@bytedance.com)"
162.158.162.22 - - [06/Feb/2025:00:33:45 +0700] "GET /search/%22%20.%20esc_url(%20admin_url()%20)%20.%20%22?dir=//proc&item=84107&action=rename HTTP/1.1" 200 33214 "-" "Mozilla/5.0 (compatible; MJ12bot/v1.4.8; http://mj12bot.com/)"
162.158.162.28 - - [06/Feb/2025:00:33:46 +0700] "GET /wp-content/install.php HTTP/1.1" 499 0 "https://vietnamet.com/wp-content/install.php" "Mozilla/5.0 (Windows NT 10.0; Win64; x64) AppleWebKit/537.36 (KHTML, like Gecko) Chrome/58.0.3029.110 Safari/537.3"
162.158.162.22 - - [06/Feb/2025:00:33:47 +0700] "GET /search/%22%20.%20esc_url(%20admin_url()%20)%20.%20%22?dir=//proc&item=84109&action=chmod HTTP/1.1" 200 33218 "-" "Mozilla/5.0 (compatible; MJ12bot/v1.4.8; http://mj12bot.com/)"
162.158.162.251 - - [06/Feb/2025:00:33:47 +0700] "GET / HTTP/1.1" 200 43283 "https://vietnamet.com" "Mozilla/5.0 (Windows NT 10.0; Win64; x64) AppleWebKit/537.36 (KHTML, like Gecko) Chrome/58.0.3029.110 Safari/537.3"
162.158.163.165 - - [06/Feb/2025:00:33:49 +0700] "POST /wp-cron.php?doing_wp_cron=1738776829.0309309959411621093750 HTTP/1.1" 200 31 "-" "SHK8SvlK620j"
162.158.162.22 - - [06/Feb/2025:00:33:49 +0700] "GET /search/%22%20.%20esc_url(%20admin_url()%20)%20.%20%22?dir=//proc&item=89&action=chmod HTTP/1.1" 200 33215 "-" "Mozilla/5.0 (compatible; MJ12bot/v1.4.8; http://mj12bot.com/)"
162.158.162.105 - - [06/Feb/2025:00:33:51 +0700] "GET /wp-content/install.php HTTP/1.1" 200 37 "-" "GuzzleHttp/7"
162.158.163.179 - - [06/Feb/2025:00:33:52 +0700] "GET /wp-content/install.php HTTP/1.1" 200 37 "-" "GuzzleHttp/7"
162.158.163.117 - - [06/Feb/2025:00:33:53 +0700] "GET /wp-content/install.php HTTP/1.1" 200 37 "-" "GuzzleHttp/7"
162.158.162.22 - - [06/Feb/2025:00:33:54 +0700] "GET /search/%22%20.%20esc_url(%20admin_url()%20)%20.%20%22?dir=//proc&item=908&action=chmod HTTP/1.1" 200 33211 "-" "Mozilla/5.0 (compatible; MJ12bot/v1.4.8; http://mj12bot.com/)"
162.158.163.117 - - [06/Feb/2025:00:33:54 +0700] "GET /wp-content/install.php HTTP/1.1" 200 37 "-" "GuzzleHttp/7"
162.158.162.22 - - [06/Feb/2025:00:33:56 +0700] "GET /search/%22%20.%20esc_url(%20admin_url()%20)%20.%20%22?dir=//proc&item=91&action=chmod HTTP/1.1" 200 33213 "-" "Mozilla/5.0 (compatible; MJ12bot/v1.4.8; http://mj12bot.com/)"
162.158.163.117 - - [06/Feb/2025:00:33:58 +0700] "POST /wp-cron.php?doing_wp_cron=1738776838.5230081081390380859375 HTTP/1.1" 200 31 "-" "4Pc2m1MaNOxW"
162.158.162.22 - - [06/Feb/2025:00:33:59 +0700] "GET /search/%22%20.%20esc_url(%20admin_url()%20)%20.%20%22?dir=//proc&item=91&action=rename HTTP/1.1" 200 33251 "-" "Mozilla/5.0 (compatible; MJ12bot/v1.4.8; http://mj12bot.com/)"
172.69.165.19 - - [06/Feb/2025:00:34:00 +0700] "GET /wp-content/install.php HTTP/1.1" 200 37 "-" "GuzzleHttp/7"
162.158.162.22 - - [06/Feb/2025:00:34:00 +0700] "GET /book/2881/a8773dcab9d95.html HTTP/1.1" 404 30073 "-" "Mozilla/5.0 (compatible; DotBot/1.2; +https://opensiteexplorer.org/dotbot; help@moz.com)"
162.158.162.22 - - [06/Feb/2025:00:34:01 +0700] "GET /search/%22%20.%20esc_url(%20admin_url()%20)%20.%20%22?dir=//proc&item=92&action=chmod HTTP/1.1" 200 33320 "-" "Mozilla/5.0 (compatible; MJ12bot/v1.4.8; http://mj12bot.com/)"
162.158.163.97 - - [06/Feb/2025:00:34:02 +0700] "GET /wp-content/install.php HTTP/1.1" 200 37 "-" "GuzzleHttp/7"
162.158.162.22 - - [06/Feb/2025:00:34:03 +0700] "GET /search/%22%20.%20esc_url(%20admin_url()%20)%20.%20%22?dir=//proc&item=94&action=chmod HTTP/1.1" 200 33325 "-" "Mozilla/5.0 (compatible; MJ12bot/v1.4.8; http://mj12bot.com/)"
162.158.162.23 - - [06/Feb/2025:00:34:07 +0700] "GET /search/%22%20.%20esc_url(%20admin_url()%20)%20.%20%22?dir=//proc&item=96&action=chmod HTTP/1.1" 200 33331 "-" "Mozilla/5.0 (compatible; MJ12bot/v1.4.8; http://mj12bot.com/)"
162.158.162.22 - - [06/Feb/2025:00:34:07 +0700] "GET /wp-content/install.php HTTP/1.1" 200 37 "-" "GuzzleHttp/7"
172.69.165.19 - - [06/Feb/2025:00:34:09 +0700] "GET /wp-content/install.php HTTP/1.1" 200 37 "-" "GuzzleHttp/7"
162.158.162.23 - - [06/Feb/2025:00:34:10 +0700] "GET /search/%22%20.%20esc_url(%20admin_url()%20)%20.%20%22?dir=//proc&item=97&action=chmod HTTP/1.1" 200 33296 "-" "Mozilla/5.0 (compatible; MJ12bot/v1.4.8; http://mj12bot.com/)"
162.158.162.22 - - [06/Feb/2025:00:34:12 +0700] "GET /search/%22%20.%20esc_url(%20admin_url()%20)%20.%20%22?dir=//proc&item=bus&action=chmod HTTP/1.1" 200 33287 "-" "Mozilla/5.0 (compatible; MJ12bot/v1.4.8; http://mj12bot.com/)"
162.158.162.23 - - [06/Feb/2025:00:34:15 +0700] "POST /wp-cron.php?doing_wp_cron=1738776855.5638639926910400390625 HTTP/1.1" 200 31 "-" "PozPzTUy000V"
162.158.162.22 - - [06/Feb/2025:00:34:15 +0700] "GET /search/%22%20.%20esc_url(%20admin_url()%20)%20.%20%22?dir=//proc&item=cgroups&action=download HTTP/1.1" 200 222 "-" "Mozilla/5.0 (compatible; MJ12bot/v1.4.8; http://mj12bot.com/)"
172.69.165.19 - - [06/Feb/2025:00:34:15 +0700] "GET /book/2905/fb20fb636786a.html HTTP/1.1" 404 30065 "-" "Mozilla/5.0 (compatible; DotBot/1.2; +https://opensiteexplorer.org/dotbot; help@moz.com)"
172.69.165.18 - - [06/Feb/2025:00:34:15 +0700] "POST /wp-admin/admin-ajax.php?action=async_litespeed&nonce=pknAcm6dvnJvnKKfiTQp1oJxJTdFfEi7&litespeed_type=imgoptm HTTP/1.1" 200 12381 "-" "HSN0AM5U7OkR"
162.158.163.98 - - [06/Feb/2025:00:34:17 +0700] "POST /wp-cron.php?doing_wp_cron=1738776857.5982480049133300781250 HTTP/1.1" 200 31 "-" "6Bkrv4frLG4t"
162.158.162.23 - - [06/Feb/2025:00:34:17 +0700] "GET /search/%22%20.%20esc_url(%20admin_url()%20)%20.%20%22?dir=//proc&item=cgroups&action=rename HTTP/1.1" 200 33329 "-" "Mozilla/5.0 (compatible; MJ12bot/v1.4.8; http://mj12bot.com/)"
162.158.162.22 - - [06/Feb/2025:00:34:20 +0700] "GET /search/%22%20.%20esc_url(%20admin_url()%20)%20.%20%22?dir=//proc&item=cmdline&action=chmod HTTP/1.1" 200 33335 "-" "Mozilla/5.0 (compatible; MJ12bot/v1.4.8; http://mj12bot.com/)"
172.69.165.19 - - [06/Feb/2025:00:34:21 +0700] "GET /club-ezugi-i9bet/ HTTP/1.1" 200 39448 "-" "Mozilla/5.0 (compatible; AhrefsBot/7.0; +http://ahrefs.com/robot/)"
162.158.162.23 - - [06/Feb/2025:00:34:21 +0700] "GET /search/%22%20.%20esc_url(%20admin_url()%20)%20.%20%22?dir=//proc&item=cmdline&action=download HTTP/1.1" 200 453 "-" "Mozilla/5.0 (compatible; MJ12bot/v1.4.8; http://mj12bot.com/)"
162.158.163.180 - - [06/Feb/2025:00:34:23 +0700] "POST /wp-cron.php?doing_wp_cron=1738776863.6242549419403076171875 HTTP/1.1" 200 31 "-" "9Hb1wYfyFc0N"
162.158.162.22 - - [06/Feb/2025:00:34:23 +0700] "GET /search/%22%20.%20esc_url(%20admin_url()%20)%20.%20%22?dir=//proc&item=cmdline&action=edit HTTP/1.1" 200 33453 "-" "Mozilla/5.0 (compatible; MJ12bot/v1.4.8; http://mj12bot.com/)"
162.158.162.22 - - [06/Feb/2025:00:34:27 +0700] "POST /wp-cron.php?doing_wp_cron=1738776867.0952839851379394531250 HTTP/1.1" 200 31 "-" "QdFADhi4GAGw"
162.158.162.23 - - [06/Feb/2025:00:34:27 +0700] "GET /search/%22%20.%20esc_url(%20admin_url()%20)%20.%20%22?dir=//proc&item=consoles&action=edit HTTP/1.1" 200 33381 "-" "Mozilla/5.0 (compatible; MJ12bot/v1.4.8; http://mj12bot.com/)"
162.158.162.22 - - [06/Feb/2025:00:34:29 +0700] "GET /search/%22%20.%20esc_url(%20admin_url()%20)%20.%20%22?dir=//proc&item=consoles&action=rename HTTP/1.1" 200 33293 "-" "Mozilla/5.0 (compatible; MJ12bot/v1.4.8; http://mj12bot.com/)"
162.158.162.23 - - [06/Feb/2025:00:34:30 +0700] "GET /book/2907/3515858d71ec2.html HTTP/1.1" 404 30073 "-" "Mozilla/5.0 (compatible; DotBot/1.2; +https://opensiteexplorer.org/dotbot; help@moz.com)"
162.158.162.22 - - [06/Feb/2025:00:34:31 +0700] "GET /search/%22%20.%20esc_url(%20admin_url()%20)%20.%20%22?dir=//proc&item=cpuinfo&action=chmod HTTP/1.1" 200 33301 "-" "Mozilla/5.0 (compatible; MJ12bot/v1.4.8; http://mj12bot.com/)"
162.158.163.98 - - [06/Feb/2025:00:34:33 +0700] "GET /search/%22%20.%20esc_url(%20admin_url()%20)%20.%20%22?dir=//proc&item=cpuinfo&action=rename HTTP/1.1" 200 33305 "-" "Mozilla/5.0 (compatible; MJ12bot/v1.4.8; http://mj12bot.com/)"
162.158.163.98 - - [06/Feb/2025:00:34:36 +0700] "GET /search/%22%20.%20esc_url(%20admin_url()%20)%20.%20%22?dir=//boot&item=initrd.img-5.4.0-204-generic&action=edit HTTP/1.1" 500 18520 "-" "Mozilla/5.0 (compatible; MJ12bot/v1.4.8; http://mj12bot.com/)"
162.158.162.23 - - [06/Feb/2025:00:34:36 +0700] "GET /search/%22%20.%20esc_url(%20admin_url()%20)%20.%20%22?dir=//proc&item=crypto&action=rename HTTP/1.1" 200 33301 "-" "Mozilla/5.0 (compatible; MJ12bot/v1.4.8; http://mj12bot.com/)"
162.158.163.223 - - [06/Feb/2025:00:34:39 +0700] "GET /zhidingxinwen/article/12624754.html HTTP/1.1" 404 30079 "-" "Mozilla/5.0 (Linux; Android 5.0) AppleWebKit/537.36 (KHTML, like Gecko) Mobile Safari/537.36 (compatible; Bytespider; spider-feedback@bytedance.com)"
162.158.162.22 - - [06/Feb/2025:00:34:40 +0700] "GET /search/%22%20.%20esc_url(%20admin_url()%20)%20.%20%22?dir=//proc&item=diskstats&action=chmod HTTP/1.1" 200 33304 "-" "Mozilla/5.0 (compatible; MJ12bot/v1.4.8; http://mj12bot.com/)"
162.158.163.180 - - [06/Feb/2025:00:34:45 +0700] "GET /book/2908/988940a3c2a48.html HTTP/1.1" 404 30071 "-" "Mozilla/5.0 (compatible; DotBot/1.2; +https://opensiteexplorer.org/dotbot; help@moz.com)"
162.158.162.23 - - [06/Feb/2025:00:34:45 +0700] "GET /search/%22%20.%20esc_url(%20admin_url()%20)%20.%20%22?dir=//proc&item=dma&action=chmod HTTP/1.1" 200 33298 "-" "Mozilla/5.0 (compatible; MJ12bot/v1.4.8; http://mj12bot.com/)"
162.158.163.98 - - [06/Feb/2025:00:34:46 +0700] "GET /search/%22%20.%20esc_url(%20admin_url()%20)%20.%20%22?dir=//boot&item=initrd.img-5.4.0-205-generic&action=chmod HTTP/1.1" 200 25781 "-" "Mozilla/5.0 (compatible; MJ12bot/v1.4.8; http://mj12bot.com/)"
162.158.162.22 - - [06/Feb/2025:00:34:47 +0700] "GET /search/%22%20.%20esc_url(%20admin_url()%20)%20.%20%22?dir=//proc&item=dma&action=download HTTP/1.1" 200 336 "-" "Mozilla/5.0 (compatible; MJ12bot/v1.4.8; http://mj12bot.com/)"
172.69.165.19 - - [06/Feb/2025:00:34:47 +0700] "GET /wp-content/install.php HTTP/1.1" 200 37 "https://vietnamet.com/wp-content/install.php" "Mozilla/5.0 (Windows NT 10.0; Win64; x64) AppleWebKit/537.36 (KHTML, like Gecko) Chrome/58.0.3029.110 Safari/537.3"
162.158.163.20 - - [06/Feb/2025:00:34:48 +0700] "POST /wp-cron.php?doing_wp_cron=1738776888.0869269371032714843750 HTTP/1.1" 200 31 "-" "Ay8jctDy57bc"
162.158.163.189 - - [06/Feb/2025:00:34:48 +0700] "GET / HTTP/1.1" 200 43276 "https://vietnamet.com" "Mozilla/5.0 (Windows NT 10.0; Win64; x64) AppleWebKit/537.36 (KHTML, like Gecko) Chrome/58.0.3029.110 Safari/537.3"
162.158.162.23 - - [06/Feb/2025:00:34:49 +0700] "GET /search/%22%20.%20esc_url(%20admin_url()%20)%20.%20%22?dir=//proc&item=dma&action=rename HTTP/1.1" 200 33295 "-" "Mozilla/5.0 (compatible; MJ12bot/v1.4.8; http://mj12bot.com/)"
162.158.162.22 - - [06/Feb/2025:00:34:50 +0700] "GET /search/%22%20.%20esc_url(%20admin_url()%20)%20.%20%22?dir=//proc&item=execdomains&action=download HTTP/1.1" 200 354 "-" "Mozilla/5.0 (compatible; MJ12bot/v1.4.8; http://mj12bot.com/)"
162.158.162.23 - - [06/Feb/2025:00:34:52 +0700] "GET /search/%22%20.%20esc_url(%20admin_url()%20)%20.%20%22?dir=//proc&item=execdomains&action=rename HTTP/1.1" 200 33309 "-" "Mozilla/5.0 (compatible; MJ12bot/v1.4.8; http://mj12bot.com/)"
162.158.162.22 - - [06/Feb/2025:00:34:54 +0700] "GET /search/%22%20.%20esc_url(%20admin_url()%20)%20.%20%22?dir=//proc&item=fb&action=chmod HTTP/1.1" 200 33289 "-" "Mozilla/5.0 (compatible; MJ12bot/v1.4.8; http://mj12bot.com/)"
162.158.163.98 - - [06/Feb/2025:00:34:56 +0700] "GET /search/%22%20.%20esc_url(%20admin_url()%20)%20.%20%22?dir=//proc&item=filesystems&action=download HTTP/1.1" 200 764 "-" "Mozilla/5.0 (compatible; MJ12bot/v1.4.8; http://mj12bot.com/)"
162.158.163.118 - - [06/Feb/2025:00:34:57 +0700] "GET /search/%22%20.%20esc_url(%20admin_url()%20)%20.%20%22?dir=//boot&item=initrd.img-5.4.0-205-generic&action=edit HTTP/1.1" 500 18519 "-" "Mozilla/5.0 (compatible; MJ12bot/v1.4.8; http://mj12bot.com/)"
162.158.163.179 - - [06/Feb/2025:00:34:57 +0700] "GET /book/2912/74d8973d8e314.html HTTP/1.1" 404 30075 "-" "Mozilla/5.0 (compatible; DotBot/1.2; +https://opensiteexplorer.org/dotbot; help@moz.com)"
162.158.162.114 - - [06/Feb/2025:00:34:58 +0700] "POST /wp-cron.php?doing_wp_cron=1738776898.7328670024871826171875 HTTP/1.1" 200 31 "-" "Zx78hFKyl5XA"
162.158.162.23 - - [06/Feb/2025:00:34:59 +0700] "GET /search/%22%20.%20esc_url(%20admin_url()%20)%20.%20%22?dir=//proc&item=filesystems&action=edit HTTP/1.1" 200 33541 "-" "Mozilla/5.0 (compatible; MJ12bot/v1.4.8; http://mj12bot.com/)"
162.158.162.22 - - [06/Feb/2025:00:35:01 +0700] "GET /search/%22%20.%20esc_url(%20admin_url()%20)%20.%20%22?dir=//proc&item=fs&action=rename HTTP/1.1" 200 33294 "-" "Mozilla/5.0 (compatible; MJ12bot/v1.4.8; http://mj12bot.com/)"
162.158.162.23 - - [06/Feb/2025:00:35:02 +0700] "GET /search/%22%20.%20esc_url(%20admin_url()%20)%20.%20%22?dir=//proc&item=interrupts&action=download HTTP/1.1" 200 5182 "-" "Mozilla/5.0 (compatible; MJ12bot/v1.4.8; http://mj12bot.com/)"
162.158.162.22 - - [06/Feb/2025:00:35:06 +0700] "GET /search/%22%20.%20esc_url(%20admin_url()%20)%20.%20%22?dir=//proc&item=iomem&action=edit HTTP/1.1" 200 33574 "-" "Mozilla/5.0 (compatible; MJ12bot/v1.4.8; http://mj12bot.com/)"
162.158.162.22 - - [06/Feb/2025:00:35:08 +0700] "GET /search/%22%20.%20esc_url(%20admin_url()%20)%20.%20%22?dir=//proc&item=ioports&action=download HTTP/1.1" 200 1122 "-" "Mozilla/5.0 (compatible; MJ12bot/v1.4.8; http://mj12bot.com/)"
162.158.162.22 - - [06/Feb/2025:00:35:10 +0700] "GET /search/%22%20.%20esc_url(%20admin_url()%20)%20.%20%22?dir=//proc&item=irq&action=rename HTTP/1.1" 200 33368 "-" "Mozilla/5.0 (compatible; MJ12bot/v1.4.8; http://mj12bot.com/)"
162.158.163.97 - - [06/Feb/2025:00:35:10 +0700] "GET /book/2922/08c2bc22ee23f.html HTTP/1.1" 404 30083 "-" "Mozilla/5.0 (compatible; DotBot/1.2; +https://opensiteexplorer.org/dotbot; help@moz.com)"
172.69.165.12 - - [06/Feb/2025:00:35:10 +0700] "GET /wp-content/install.php?id=145891 HTTP/1.1" 499 0 "-" "GuzzleHttp/7"
162.158.163.97 - - [06/Feb/2025:00:35:13 +0700] "GET /search/%22%20.%20esc_url(%20admin_url()%20)%20.%20%22?dir=//proc&item=kcore&action=download HTTP/1.1" 302 336 "-" "Mozilla/5.0 (compatible; MJ12bot/v1.4.8; http://mj12bot.com/)"
162.158.163.153 - - [06/Feb/2025:00:35:16 +0700] "POST /wp-cron.php?doing_wp_cron=1738776916.4176421165466308593750 HTTP/1.1" 200 31 "-" "g4vemepwCbci"
162.158.163.118 - - [06/Feb/2025:00:35:16 +0700] "GET /search/%22%20.%20esc_url(%20admin_url()%20)%20.%20%22?dir=//proc&item=kcore&action=edit HTTP/1.1" 200 33333 "-" "Mozilla/5.0 (compatible; MJ12bot/v1.4.8; http://mj12bot.com/)"
162.158.162.74 - - [06/Feb/2025:00:35:16 +0700] "POST /wp-admin/admin-ajax.php?action=async_litespeed&nonce=MvzakVzpMYImtYfzTljrh45JCX0wVtMd&litespeed_type=imgoptm HTTP/1.1" 200 12360 "-" "y8SlulrXPa7M"
162.158.163.118 - - [06/Feb/2025:00:35:18 +0700] "GET /search/%22%20.%20esc_url(%20admin_url()%20)%20.%20%22?dir=//proc&item=kcore&action=rename HTTP/1.1" 200 33298 "-" "Mozilla/5.0 (compatible; MJ12bot/v1.4.8; http://mj12bot.com/)"
172.69.165.53 - - [06/Feb/2025:00:35:19 +0700] "GET /wp-content/install.php HTTP/1.1" 200 37 "-" "GuzzleHttp/7"
162.158.162.103 - - [06/Feb/2025:00:35:19 +0700] "GET /wp-content/install.php HTTP/1.1" 200 37 "-" "GuzzleHttp/7"
162.158.162.115 - - [06/Feb/2025:00:35:20 +0700] "GET /book/2929/10c4262922884.html HTTP/1.1" 404 30078 "-" "Mozilla/5.0 (compatible; DotBot/1.2; +https://opensiteexplorer.org/dotbot; help@moz.com)"
162.158.163.97 - - [06/Feb/2025:00:35:20 +0700] "GET /wp-content/install.php HTTP/1.1" 200 37 "-" "GuzzleHttp/7"
162.158.163.118 - - [06/Feb/2025:00:35:20 +0700] "GET /search/%22%20.%20esc_url(%20admin_url()%20)%20.%20%22?dir=//proc&item=key-users&action=chmod HTTP/1.1" 200 33307 "-" "Mozilla/5.0 (compatible; MJ12bot/v1.4.8; http://mj12bot.com/)"
162.158.163.118 - - [06/Feb/2025:00:35:22 +0700] "GET /search/%22%20.%20esc_url(%20admin_url()%20)%20.%20%22?dir=//proc&item=key-users&action=edit HTTP/1.1" 200 33385 "-" "Mozilla/5.0 (compatible; MJ12bot/v1.4.8; http://mj12bot.com/)"
172.69.165.62 - - [06/Feb/2025:00:35:24 +0700] "POST /wp-cron.php?doing_wp_cron=1738776924.8481469154357910156250 HTTP/1.1" 200 31 "-" "HDNIWIaSPNuf"
162.158.163.118 - - [06/Feb/2025:00:35:25 +0700] "GET /search/%22%20.%20esc_url(%20admin_url()%20)%20.%20%22?dir=//proc&item=key-users&action=rename HTTP/1.1" 200 33306 "-" "Mozilla/5.0 (compatible; MJ12bot/v1.4.8; http://mj12bot.com/)"
162.158.162.23 - - [06/Feb/2025:00:35:25 +0700] "GET /wp-content/install.php HTTP/1.1" 200 37 "-" "GuzzleHttp/7"
162.158.163.118 - - [06/Feb/2025:00:35:26 +0700] "GET /search/%22%20.%20esc_url(%20admin_url()%20)%20.%20%22?dir=//proc&item=keys&action=download HTTP/1.1" 200 468 "-" "Mozilla/5.0 (compatible; MJ12bot/v1.4.8; http://mj12bot.com/)"
162.158.162.23 - - [06/Feb/2025:00:35:28 +0700] "POST /wp-cron.php?doing_wp_cron=1738776928.8390460014343261718750 HTTP/1.1" 200 31 "-" "ahl5qXAeQt8Q"
162.158.163.118 - - [06/Feb/2025:00:35:29 +0700] "GET /search/%22%20.%20esc_url(%20admin_url()%20)%20.%20%22?dir=//proc&item=keys&action=rename HTTP/1.1" 200 33307 "-" "Mozilla/5.0 (compatible; MJ12bot/v1.4.8; http://mj12bot.com/)"
162.158.163.97 - - [06/Feb/2025:00:35:29 +0700] "GET /wp-content/install.php HTTP/1.1" 200 37 "-" "GuzzleHttp/7"
162.158.162.105 - - [06/Feb/2025:00:35:30 +0700] "GET /book/2968/cbd2929f6d19c.html HTTP/1.1" 404 30088 "-" "Mozilla/5.0 (compatible; DotBot/1.2; +https://opensiteexplorer.org/dotbot; help@moz.com)"
162.158.163.118 - - [06/Feb/2025:00:35:31 +0700] "GET /search/%22%20.%20esc_url(%20admin_url()%20)%20.%20%22?dir=//proc&item=kmsg&action=chmod HTTP/1.1" 200 33306 "-" "Mozilla/5.0 (compatible; MJ12bot/v1.4.8; http://mj12bot.com/)"
172.69.165.19 - - [06/Feb/2025:00:35:33 +0700] "GET /zhidingxinwen/article/13977660.html HTTP/1.1" 404 30073 "-" "Mozilla/5.0 (Linux; Android 5.0) AppleWebKit/537.36 (KHTML, like Gecko) Mobile Safari/537.36 (compatible; Bytespider; spider-feedback@bytedance.com)"
162.158.163.118 - - [06/Feb/2025:00:35:33 +0700] "GET /search/%22%20.%20esc_url(%20admin_url()%20)%20.%20%22?dir=//proc&item=kmsg&action=download HTTP/1.1" 302 336 "-" "Mozilla/5.0 (compatible; MJ12bot/v1.4.8; http://mj12bot.com/)"
162.158.163.97 - - [06/Feb/2025:00:35:33 +0700] "GET /wp-content/install.php HTTP/1.1" 200 37 "-" "GuzzleHttp/7"
162.158.162.23 - - [06/Feb/2025:00:35:35 +0700] "GET /wp-content/install.php HTTP/1.1" 200 37 "-" "GuzzleHttp/7"
162.158.163.97 - - [06/Feb/2025:00:35:35 +0700] "GET /search/%22%20.%20esc_url(%20admin_url()%20)%20.%20%22?dir=//proc HTTP/1.1" 200 33192 "-" "Mozilla/5.0 (compatible; MJ12bot/v1.4.8; http://mj12bot.com/)"
162.158.163.97 - - [06/Feb/2025:00:35:37 +0700] "GET /search/%22%20.%20esc_url(%20admin_url()%20)%20.%20%22?dir=//proc&item=kmsg&action=rename HTTP/1.1" 200 33301 "-" "Mozilla/5.0 (compatible; MJ12bot/v1.4.8; http://mj12bot.com/)"
162.158.163.97 - - [06/Feb/2025:00:35:39 +0700] "GET /search/%22%20.%20esc_url(%20admin_url()%20)%20.%20%22?dir=//proc&item=kpagecgroup&action=chmod HTTP/1.1" 200 33312 "-" "Mozilla/5.0 (compatible; MJ12bot/v1.4.8; http://mj12bot.com/)"
162.158.163.89 - - [06/Feb/2025:00:35:40 +0700] "GET /book/2968/dcc691b70ead4.html HTTP/1.1" 404 30080 "-" "Mozilla/5.0 (compatible; DotBot/1.2; +https://opensiteexplorer.org/dotbot; help@moz.com)"
162.158.163.112 - - [06/Feb/2025:00:35:42 +0700] "GET /wp-content/install.php HTTP/1.1" 200 37 "-" "GuzzleHttp/7"
162.158.163.97 - - [06/Feb/2025:00:35:43 +0700] "GET /search/%22%20.%20esc_url(%20admin_url()%20)%20.%20%22?dir=//proc&item=kpagecount&action=edit HTTP/1.1" 200 33335 "-" "Mozilla/5.0 (compatible; MJ12bot/v1.4.8; http://mj12bot.com/)"
162.158.163.97 - - [06/Feb/2025:00:35:45 +0700] "GET /search/%22%20.%20esc_url(%20admin_url()%20)%20.%20%22?dir=//proc&item=kpageflags&action=chmod HTTP/1.1" 200 33307 "-" "Mozilla/5.0 (compatible; MJ12bot/v1.4.8; http://mj12bot.com/)"
162.158.163.117 - - [06/Feb/2025:00:35:45 +0700] "GET /wp-content/install.php HTTP/1.1" 200 37 "-" "GuzzleHttp/7"
172.69.165.18 - - [06/Feb/2025:00:35:48 +0700] "POST /wp-cron.php?doing_wp_cron=1738776948.8492898941040039062500 HTTP/1.1" 200 31 "-" "r0wOaqjUxdVC"
162.158.162.194 - - [06/Feb/2025:00:35:49 +0700] "GET /book/2972/a9e392a7a5208.html HTTP/1.1" 404 30081 "-" "Mozilla/5.0 (compatible; DotBot/1.2; +https://opensiteexplorer.org/dotbot; help@moz.com)"
162.158.163.97 - - [06/Feb/2025:00:35:50 +0700] "GET /search/%22%20.%20esc_url(%20admin_url()%20)%20.%20%22?dir=//proc&item=locks&action=rename HTTP/1.1" 200 33297 "-" "Mozilla/5.0 (compatible; MJ12bot/v1.4.8; http://mj12bot.com/)"
162.158.163.97 - - [06/Feb/2025:00:35:53 +0700] "GET /search/%22%20.%20esc_url(%20admin_url()%20)%20.%20%22?dir=//proc&item=mdstat&action=edit HTTP/1.1" 200 33401 "-" "Mozilla/5.0 (compatible; MJ12bot/v1.4.8; http://mj12bot.com/)"
172.69.165.18 - - [06/Feb/2025:00:35:55 +0700] "GET /wp-content/install.php HTTP/1.1" 200 37 "-" "GuzzleHttp/7"
162.158.162.194 - - [06/Feb/2025:00:35:55 +0700] "GET /book/3002/560841e850a42.html HTTP/1.1" 404 30085 "-" "Mozilla/5.0 (compatible; DotBot/1.2; +https://opensiteexplorer.org/dotbot; help@moz.com)"
162.158.163.97 - - [06/Feb/2025:00:35:57 +0700] "GET /search/%22%20.%20esc_url(%20admin_url()%20)%20.%20%22?dir=//boot&item=vmlinuz&action=rename HTTP/1.1" 200 25762 "-" "Mozilla/5.0 (compatible; MJ12bot/v1.4.8; http://mj12bot.com/)"
162.158.163.117 - - [06/Feb/2025:00:35:57 +0700] "GET /wp-content/install.php HTTP/1.1" 200 37 "-" "GuzzleHttp/7"
162.158.163.97 - - [06/Feb/2025:00:35:57 +0700] "GET /search/%22%20.%20esc_url(%20admin_url()%20)%20.%20%22?dir=//proc&item=meminfo&action=download HTTP/1.1" 200 1799 "-" "Mozilla/5.0 (compatible; MJ12bot/v1.4.8; http://mj12bot.com/)"
162.158.162.251 - - [06/Feb/2025:00:36:00 +0700] "GET /wp-content/install.php HTTP/1.1" 200 37 "-" "GuzzleHttp/7"
162.158.162.22 - - [06/Feb/2025:00:36:01 +0700] "POST /wp-cron.php?doing_wp_cron=1738776961.2439999580383300781250 HTTP/1.1" 200 31 "-" "hBwpzAI72hJN"
162.158.162.23 - - [06/Feb/2025:00:36:01 +0700] "GET /book/3025/d951fa25b353b.html HTTP/1.1" 404 30075 "-" "Mozilla/5.0 (compatible; DotBot/1.2; +https://opensiteexplorer.org/dotbot; help@moz.com)"
162.158.163.97 - - [06/Feb/2025:00:36:02 +0700] "GET /wp-content/install.php HTTP/1.1" 200 37 "-" "GuzzleHttp/7"
162.158.163.97 - - [06/Feb/2025:00:36:03 +0700] "GET /wp-content/install.php HTTP/1.1" 200 37 "-" "GuzzleHttp/7"
162.158.163.97 - - [06/Feb/2025:00:36:03 +0700] "GET /search/%22%20.%20esc_url(%20admin_url()%20)%20.%20%22?dir=//proc&item=modules&action=rename HTTP/1.1" 200 33306 "-" "Mozilla/5.0 (compatible; MJ12bot/v1.4.8; http://mj12bot.com/)"
172.69.165.18 - - [06/Feb/2025:00:36:06 +0700] "GET /book/3054/c8fbac5f4c892.html HTTP/1.1" 404 30075 "-" "Mozilla/5.0 (compatible; DotBot/1.2; +https://opensiteexplorer.org/dotbot; help@moz.com)"
162.158.163.97 - - [06/Feb/2025:00:36:10 +0700] "GET /search/%22%20.%20esc_url(%20admin_url()%20)%20.%20%22?dir=//proc&item=mtrr&action=chmod HTTP/1.1" 200 33294 "-" "Mozilla/5.0 (compatible; MJ12bot/v1.4.8; http://mj12bot.com/)"
162.158.163.118 - - [06/Feb/2025:00:36:10 +0700] "GET /book/3079/fe10761bb82ee.html HTTP/1.1" 404 30084 "-" "Mozilla/5.0 (compatible; DotBot/1.2; +https://opensiteexplorer.org/dotbot; help@moz.com)"
172.69.165.18 - - [06/Feb/2025:00:36:10 +0700] "GET /wp-content/install.php HTTP/1.1" 200 37 "https://vietnamet.com/wp-content/install.php" "Mozilla/5.0 (Windows NT 10.0; Win64; x64) AppleWebKit/537.36 (KHTML, like Gecko) Chrome/58.0.3029.110 Safari/537.3"
172.69.165.13 - - [06/Feb/2025:00:36:11 +0700] "GET / HTTP/1.1" 200 43276 "https://vietnamet.com" "Mozilla/5.0 (Windows NT 10.0; Win64; x64) AppleWebKit/537.36 (KHTML, like Gecko) Chrome/58.0.3029.110 Safari/537.3"
162.158.163.90 - - [06/Feb/2025:00:36:13 +0700] "GET /wp-content/install.php HTTP/1.1" 200 37 "-" "GuzzleHttp/7"
162.158.163.118 - - [06/Feb/2025:00:36:14 +0700] "POST /wp-cron.php?doing_wp_cron=1738776974.4325139522552490234375 HTTP/1.1" 200 31 "-" "FuS4l7oiYkEA"
162.158.163.165 - - [06/Feb/2025:00:36:14 +0700] "GET /book/3090/66caecd289df2.html HTTP/1.1" 404 30089 "-" "Mozilla/5.0 (compatible; DotBot/1.2; +https://opensiteexplorer.org/dotbot; help@moz.com)"
162.158.163.97 - - [06/Feb/2025:00:36:14 +0700] "POST /wp-admin/admin-ajax.php?action=async_litespeed&nonce=Lyw5D3APkvDItb0iqaMuj4woaIBXpUE7&litespeed_type=imgoptm HTTP/1.1" 200 12363 "-" "wVYruyXBjQQe"
162.158.162.104 - - [06/Feb/2025:00:36:15 +0700] "GET /?dir=/home/vietnamet.com/public_html/wp-admin&item=link-manager.php&action=rename HTTP/1.1" 301 283194 "http://vietnamet.com/?dir=/home/vietnamet.com/public_html/wp-admin" "Mozilla/5.0 (Linux; Android 7.0;) AppleWebKit/537.36 (KHTML, like Gecko) Mobile Safari/537.36 (compatible; PetalBot;+https://webmaster.petalsearch.com/site/petalbot)"
162.158.163.97 - - [06/Feb/2025:00:36:16 +0700] "GET /search/%22%20.%20esc_url(%20admin_url()%20)%20.%20%22?dir=//proc&item=mtrr&action=download HTTP/1.1" 200 393 "-" "Mozilla/5.0 (compatible; MJ12bot/v1.4.8; http://mj12bot.com/)"
162.158.163.118 - - [06/Feb/2025:00:36:17 +0700] "POST /wp-cron.php?doing_wp_cron=1738776977.2990911006927490234375 HTTP/1.1" 200 31 "-" "9relcVdl1jIF"
172.69.165.52 - - [06/Feb/2025:00:36:17 +0700] "GET /?dir=/home/vietnamet.com/public_html/wp-admin&item=link-manager.php&action=rename HTTP/1.1" 301 283208 "http://vietnamet.com/?dir=/home/vietnamet.com/public_html/wp-admin" "Mozilla/5.0 (Linux; Android 7.0;) AppleWebKit/537.36 (KHTML, like Gecko) Mobile Safari/537.36 (compatible; PetalBot;+https://webmaster.petalsearch.com/site/petalbot)"
172.69.165.18 - - [06/Feb/2025:00:36:17 +0700] "GET /?dir=/home/vietnamet.com/public_html/wp-admin&item=link-manager.php&action=rename HTTP/1.1" 301 282897 "http://vietnamet.com/?dir=/home/vietnamet.com/public_html/wp-admin" "Mozilla/5.0 (Linux; Android 7.0;) AppleWebKit/537.36 (KHTML, like Gecko) Mobile Safari/537.36 (compatible; PetalBot;+https://webmaster.petalsearch.com/site/petalbot)"
162.158.163.180 - - [06/Feb/2025:00:36:17 +0700] "GET /book/3144/ce72ee69b3eac.html HTTP/1.1" 404 30075 "-" "Mozilla/5.0 (compatible; DotBot/1.2; +https://opensiteexplorer.org/dotbot; help@moz.com)"
162.158.163.118 - - [06/Feb/2025:00:36:17 +0700] "GET /?dir=/home/vietnamet.com/public_html/wp-admin&item=link-manager.php&action=rename HTTP/1.1" 301 283200 "http://vietnamet.com/?dir=/home/vietnamet.com/public_html/wp-admin" "Mozilla/5.0 (Linux; Android 7.0;) AppleWebKit/537.36 (KHTML, like Gecko) Mobile Safari/537.36 (compatible; PetalBot;+https://webmaster.petalsearch.com/site/petalbot)"
172.69.165.18 - - [06/Feb/2025:00:36:18 +0700] "GET /?dir=/home/vietnamet.com/public_html/wp-admin&item=link-manager.php&action=rename HTTP/1.1" 301 283214 "http://vietnamet.com/?dir=/home/vietnamet.com/public_html/wp-admin" "Mozilla/5.0 (Linux; Android 7.0;) AppleWebKit/537.36 (KHTML, like Gecko) Mobile Safari/537.36 (compatible; PetalBot;+https://webmaster.petalsearch.com/site/petalbot)"
172.69.165.18 - - [06/Feb/2025:00:36:18 +0700] "GET /?dir=/home/vietnamet.com/public_html/wp-admin&item=link-manager.php&action=rename HTTP/1.1" 301 283223 "http://vietnamet.com/?dir=/home/vietnamet.com/public_html/wp-admin" "Mozilla/5.0 (Linux; Android 7.0;) AppleWebKit/537.36 (KHTML, like Gecko) Mobile Safari/537.36 (compatible; PetalBot;+https://webmaster.petalsearch.com/site/petalbot)"
162.158.163.131 - - [06/Feb/2025:00:36:18 +0700] "GET /?dir=/home/vietnamet.com/public_html/wp-admin&item=link-manager.php&action=rename HTTP/1.1" 301 283217 "http://vietnamet.com/?dir=/home/vietnamet.com/public_html/wp-admin" "Mozilla/5.0 (Linux; Android 7.0;) AppleWebKit/537.36 (KHTML, like Gecko) Mobile Safari/537.36 (compatible; PetalBot;+https://webmaster.petalsearch.com/site/petalbot)"
172.69.165.73 - - [06/Feb/2025:00:36:18 +0700] "GET /wp-content/install.php HTTP/1.1" 200 37 "-" "GuzzleHttp/7"
162.158.163.97 - - [06/Feb/2025:00:36:18 +0700] "GET /?dir=/home/vietnamet.com/public_html/wp-admin&item=link-manager.php&action=rename HTTP/1.1" 301 283224 "http://vietnamet.com/?dir=/home/vietnamet.com/public_html/wp-admin" "Mozilla/5.0 (Linux; Android 7.0;) AppleWebKit/537.36 (KHTML, like Gecko) Mobile Safari/537.36 (compatible; PetalBot;+https://webmaster.petalsearch.com/site/petalbot)"
162.158.162.22 - - [06/Feb/2025:00:36:19 +0700] "GET /?dir=/home/vietnamet.com/public_html/wp-admin&item=link-manager.php&action=rename HTTP/1.1" 301 283208 "http://vietnamet.com/?dir=/home/vietnamet.com/public_html/wp-admin" "Mozilla/5.0 (Linux; Android 7.0;) AppleWebKit/537.36 (KHTML, like Gecko) Mobile Safari/537.36 (compatible; PetalBot;+https://webmaster.petalsearch.com/site/petalbot)"
162.158.163.97 - - [06/Feb/2025:00:36:19 +0700] "GET /search/%22%20.%20esc_url(%20admin_url()%20)%20.%20%22?dir=//proc&item=mtrr&action=edit HTTP/1.1" 200 33233 "-" "Mozilla/5.0 (compatible; MJ12bot/v1.4.8; http://mj12bot.com/)"
162.158.163.118 - - [06/Feb/2025:00:36:19 +0700] "GET /?dir=/home/vietnamet.com/public_html/wp-admin&item=link-manager.php&action=rename HTTP/1.1" 301 283241 "http://vietnamet.com/?dir=/home/vietnamet.com/public_html/wp-admin" "Mozilla/5.0 (Linux; Android 7.0;) AppleWebKit/537.36 (KHTML, like Gecko) Mobile Safari/537.36 (compatible; PetalBot;+https://webmaster.petalsearch.com/site/petalbot)"
162.158.163.118 - - [06/Feb/2025:00:36:19 +0700] "GET /wp-content/install.php HTTP/1.1" 200 37 "-" "GuzzleHttp/7"
162.158.163.118 - - [06/Feb/2025:00:36:20 +0700] "GET /book/3144/f0b5e38da10be.html HTTP/1.1" 404 30085 "-" "Mozilla/5.0 (compatible; DotBot/1.2; +https://opensiteexplorer.org/dotbot; help@moz.com)"
172.69.165.18 - - [06/Feb/2025:00:36:21 +0700] "GET /wp-content/install.php HTTP/1.1" 200 37 "-" "GuzzleHttp/7"
162.158.163.97 - - [06/Feb/2025:00:36:22 +0700] "GET /search/%22%20.%20esc_url(%20admin_url()%20)%20.%20%22?dir=//proc&item=mtrr&action=rename HTTP/1.1" 200 33258 "-" "Mozilla/5.0 (compatible; MJ12bot/v1.4.8; http://mj12bot.com/)"
162.158.163.118 - - [06/Feb/2025:00:36:23 +0700] "GET /book/3187/2b7d76db1ffd2.html HTTP/1.1" 404 30081 "-" "Mozilla/5.0 (compatible; DotBot/1.2; +https://opensiteexplorer.org/dotbot; help@moz.com)"
162.158.163.97 - - [06/Feb/2025:00:36:23 +0700] "GET /wp-content/install.php HTTP/1.1" 200 37 "-" "GuzzleHttp/7"
162.158.162.115 - - [06/Feb/2025:00:36:25 +0700] "POST /wp-cron.php?doing_wp_cron=1738776985.1054570674896240234375 HTTP/1.1" 200 31 "-" "1PIpCEvlUNwP"
162.158.162.194 - - [06/Feb/2025:00:36:25 +0700] "GET /book/3195/93337c14fd38d.html HTTP/1.1" 404 30078 "-" "Mozilla/5.0 (compatible; DotBot/1.2; +https://opensiteexplorer.org/dotbot; help@moz.com)"
162.158.163.97 - - [06/Feb/2025:00:36:25 +0700] "GET /search/%22%20.%20esc_url(%20admin_url()%20)%20.%20%22?dir=//proc&item=pagetypeinfo&action=chmod HTTP/1.1" 200 33309 "-" "Mozilla/5.0 (compatible; MJ12bot/v1.4.8; http://mj12bot.com/)"
162.158.163.118 - - [06/Feb/2025:00:36:26 +0700] "GET /zhidingxinwen/article/11736931.html HTTP/1.1" 404 30081 "-" "Mozilla/5.0 (Linux; Android 5.0) AppleWebKit/537.36 (KHTML, like Gecko) Mobile Safari/537.36 (compatible; Bytespider; spider-feedback@bytedance.com)"
172.69.165.18 - - [06/Feb/2025:00:36:27 +0700] "POST /wp-cron.php?doing_wp_cron=1738776987.1292929649353027343750 HTTP/1.1" 200 31 "-" "d2ldP9i05V8h"
162.158.162.22 - - [06/Feb/2025:00:36:27 +0700] "GET /book/3209/960d311b62fb4.html HTTP/1.1" 404 30078 "-" "Mozilla/5.0 (compatible; DotBot/1.2; +https://opensiteexplorer.org/dotbot; help@moz.com)"
162.158.163.118 - - [06/Feb/2025:00:36:28 +0700] "GET /book/3230/158ade9911c22.html HTTP/1.1" 404 30081 "-" "Mozilla/5.0 (compatible; DotBot/1.2; +https://opensiteexplorer.org/dotbot; help@moz.com)"
162.158.162.22 - - [06/Feb/2025:00:36:30 +0700] "GET /book/3235/9b98c26bea3dd.html HTTP/1.1" 404 30079 "-" "Mozilla/5.0 (compatible; DotBot/1.2; +https://opensiteexplorer.org/dotbot; help@moz.com)"
162.158.162.104 - - [06/Feb/2025:00:36:31 +0700] "GET /book/3250/5ffda1d0deb15.html HTTP/1.1" 404 30077 "-" "Mozilla/5.0 (compatible; DotBot/1.2; +https://opensiteexplorer.org/dotbot; help@moz.com)"
162.158.162.22 - - [06/Feb/2025:00:36:33 +0700] "GET /book/3260/a7c1fe0bfcffb.html HTTP/1.1" 404 30079 "-" "Mozilla/5.0 (compatible; DotBot/1.2; +https://opensiteexplorer.org/dotbot; help@moz.com)"
162.158.163.97 - - [06/Feb/2025:00:36:34 +0700] "GET /book/3265/3b1d22e16806e.html HTTP/1.1" 404 30083 "-" "Mozilla/5.0 (compatible; DotBot/1.2; +https://opensiteexplorer.org/dotbot; help@moz.com)"
162.158.163.89 - - [06/Feb/2025:00:36:35 +0700] "GET /book/3268/b457bd4899a42.html HTTP/1.1" 404 30077 "-" "Mozilla/5.0 (compatible; DotBot/1.2; +https://opensiteexplorer.org/dotbot; help@moz.com)"
162.158.163.97 - - [06/Feb/2025:00:36:36 +0700] "GET /search/%22%20.%20esc_url(%20admin_url()%20)%20.%20%22?dir=//proc&item=pagetypeinfo&action=rename HTTP/1.1" 200 33315 "-" "Mozilla/5.0 (compatible; MJ12bot/v1.4.8; http://mj12bot.com/)"
162.158.163.180 - - [06/Feb/2025:00:36:37 +0700] "GET /book/3277/f07dde84e0912.html HTTP/1.1" 404 30078 "-" "Mozilla/5.0 (compatible; DotBot/1.2; +https://opensiteexplorer.org/dotbot; help@moz.com)"
172.69.165.19 - - [06/Feb/2025:00:36:38 +0700] "GET /book/3301/a37d9d4e25397.html HTTP/1.1" 404 30074 "-" "Mozilla/5.0 (compatible; DotBot/1.2; +https://opensiteexplorer.org/dotbot; help@moz.com)"
162.158.163.97 - - [06/Feb/2025:00:36:39 +0700] "GET /book/3302/bbc5639de3581.html HTTP/1.1" 404 30082 "-" "Mozilla/5.0 (compatible; DotBot/1.2; +https://opensiteexplorer.org/dotbot; help@moz.com)"
162.158.163.97 - - [06/Feb/2025:00:36:40 +0700] "GET /search/%22%20.%20esc_url(%20admin_url()%20)%20.%20%22?dir=//proc&item=partitions&action=download HTTP/1.1" 200 410 "-" "Mozilla/5.0 (compatible; MJ12bot/v1.4.8; http://mj12bot.com/)"
162.158.163.97 - - [06/Feb/2025:00:36:41 +0700] "GET /book/3304/b14c843ce446c.html HTTP/1.1" 404 30079 "-" "Mozilla/5.0 (compatible; DotBot/1.2; +https://opensiteexplorer.org/dotbot; help@moz.com)"
162.158.163.19 - - [06/Feb/2025:00:36:42 +0700] "GET /wp-content/install.php?id=145891 HTTP/1.1" 499 0 "-" "GuzzleHttp/7"
162.158.163.97 - - [06/Feb/2025:00:36:42 +0700] "GET /wp-content/install.php HTTP/1.1" 200 37 "-" "GuzzleHttp/7"
162.158.163.117 - - [06/Feb/2025:00:36:43 +0700] "GET /book/3309/505a20e0c5ae6.html HTTP/1.1" 404 30075 "-" "Mozilla/5.0 (compatible; DotBot/1.2; +https://opensiteexplorer.org/dotbot; help@moz.com)"
162.158.163.117 - - [06/Feb/2025:00:36:43 +0700] "GET /wp-content/install.php HTTP/1.1" 200 37 "-" "GuzzleHttp/7"
172.69.165.19 - - [06/Feb/2025:00:36:44 +0700] "GET /book/3326/3a8ca1d18a146.html HTTP/1.1" 404 30071 "-" "Mozilla/5.0 (compatible; DotBot/1.2; +https://opensiteexplorer.org/dotbot; help@moz.com)"
162.158.163.97 - - [06/Feb/2025:00:36:44 +0700] "GET /search/%22%20.%20esc_url(%20admin_url()%20)%20.%20%22?dir=//proc&item=partitions&action=edit HTTP/1.1" 200 33466 "-" "Mozilla/5.0 (compatible; MJ12bot/v1.4.8; http://mj12bot.com/)"
162.158.162.206 - - [06/Feb/2025:00:36:45 +0700] "GET /book/3334/ad9def96e5e2c.html HTTP/1.1" 404 30074 "-" "Mozilla/5.0 (compatible; DotBot/1.2; +https://opensiteexplorer.org/dotbot; help@moz.com)"
162.158.163.97 - - [06/Feb/2025:00:36:47 +0700] "GET /search/%22%20.%20esc_url(%20admin_url()%20)%20.%20%22?dir=//proc&item=partitions&action=rename HTTP/1.1" 200 33308 "-" "Mozilla/5.0 (compatible; MJ12bot/v1.4.8; http://mj12bot.com/)"
172.69.165.19 - - [06/Feb/2025:00:36:47 +0700] "GET /book/3391/8ccf18ecf98bd.html HTTP/1.1" 404 30071 "-" "Mozilla/5.0 (compatible; DotBot/1.2; +https://opensiteexplorer.org/dotbot; help@moz.com)"
172.69.165.19 - - [06/Feb/2025:00:36:48 +0700] "POST /wp-cron.php?doing_wp_cron=1738777008.8557391166687011718750 HTTP/1.1" 200 31 "-" "D7mRPGeLqZvK"
162.158.162.22 - - [06/Feb/2025:00:36:49 +0700] "GET /book/3393/e161784d25ad9.html HTTP/1.1" 404 30072 "-" "Mozilla/5.0 (compatible; DotBot/1.2; +https://opensiteexplorer.org/dotbot; help@moz.com)"
172.69.165.19 - - [06/Feb/2025:00:36:49 +0700] "GET /wp-content/install.php HTTP/1.1" 200 37 "-" "GuzzleHttp/7"
162.158.162.29 - - [06/Feb/2025:00:36:50 +0700] "GET /wp-content/install.php HTTP/1.1" 200 37 "-" "GuzzleHttp/7"
162.158.162.114 - - [06/Feb/2025:00:36:50 +0700] "GET /book/3413/c741e11192f1b.html HTTP/1.1" 404 30075 "-" "Mozilla/5.0 (compatible; DotBot/1.2; +https://opensiteexplorer.org/dotbot; help@moz.com)"
162.158.163.117 - - [06/Feb/2025:00:36:51 +0700] "GET /wp-content/install.php HTTP/1.1" 200 37 "-" "GuzzleHttp/7"
162.158.163.179 - - [06/Feb/2025:00:36:52 +0700] "GET /book/3449/92c40002d3780.html HTTP/1.1" 404 30074 "-" "Mozilla/5.0 (compatible; DotBot/1.2; +https://opensiteexplorer.org/dotbot; help@moz.com)"
162.158.162.22 - - [06/Feb/2025:00:36:53 +0700] "GET /book/3454/07578dfd9a9f4.html HTTP/1.1" 404 30069 "-" "Mozilla/5.0 (compatible; DotBot/1.2; +https://opensiteexplorer.org/dotbot; help@moz.com)"
162.158.163.97 - - [06/Feb/2025:00:36:54 +0700] "GET /book/3477/e462824940d88.html HTTP/1.1" 404 30073 "-" "Mozilla/5.0 (compatible; DotBot/1.2; +https://opensiteexplorer.org/dotbot; help@moz.com)"
172.69.165.19 - - [06/Feb/2025:00:36:55 +0700] "GET /book/3517/055592e29bf03.html HTTP/1.1" 404 30070 "-" "Mozilla/5.0 (compatible; DotBot/1.2; +https://opensiteexplorer.org/dotbot; help@moz.com)"
162.158.163.117 - - [06/Feb/2025:00:36:56 +0700] "GET /wp-content/install.php HTTP/1.1" 200 37 "-" "GuzzleHttp/7"
172.69.165.19 - - [06/Feb/2025:00:36:56 +0700] "GET /book/3517/a33c16b4b4b85.html HTTP/1.1" 404 30073 "-" "Mozilla/5.0 (compatible; DotBot/1.2; +https://opensiteexplorer.org/dotbot; help@moz.com)"
162.158.163.153 - - [06/Feb/2025:00:36:58 +0700] "POST /wp-cron.php?doing_wp_cron=1738777018.4183158874511718750000 HTTP/1.1" 200 31 "-" "A5J6WOKJO6eP"
162.158.162.50 - - [06/Feb/2025:00:36:58 +0700] "GET /book/3526/a11cd75e5c8aa.html HTTP/1.1" 404 30063 "-" "Mozilla/5.0 (compatible; DotBot/1.2; +https://opensiteexplorer.org/dotbot; help@moz.com)"
162.158.163.97 - - [06/Feb/2025:00:36:59 +0700] "GET /search/%22%20.%20esc_url(%20admin_url()%20)%20.%20%22?dir=//proc&item=sched_debug&action=edit HTTP/1.1" 200 41304 "-" "Mozilla/5.0 (compatible; MJ12bot/v1.4.8; http://mj12bot.com/)"
162.158.163.97 - - [06/Feb/2025:00:37:00 +0700] "GET /book/3531/b4d50126c76b5.html HTTP/1.1" 404 30072 "-" "Mozilla/5.0 (compatible; DotBot/1.2; +https://opensiteexplorer.org/dotbot; help@moz.com)"
162.158.163.117 - - [06/Feb/2025:00:37:02 +0700] "GET /book/3532/45b0471c98f38.html HTTP/1.1" 404 30070 "-" "Mozilla/5.0 (compatible; DotBot/1.2; +https://opensiteexplorer.org/dotbot; help@moz.com)"
162.158.163.97 - - [06/Feb/2025:00:37:02 +0700] "GET /search/%22%20.%20esc_url(%20admin_url()%20)%20.%20%22?dir=//proc&item=schedstat&action=rename HTTP/1.1" 200 33308 "-" "Mozilla/5.0 (compatible; MJ12bot/v1.4.8; http://mj12bot.com/)"
162.158.162.194 - - [06/Feb/2025:00:37:03 +0700] "GET /book/3532/799aba77572c4.html HTTP/1.1" 404 30070 "-" "Mozilla/5.0 (compatible; DotBot/1.2; +https://opensiteexplorer.org/dotbot; help@moz.com)"
162.158.163.97 - - [06/Feb/2025:00:37:04 +0700] "GET /book/3532/a463124e36092.html HTTP/1.1" 404 30072 "-" "Mozilla/5.0 (compatible; DotBot/1.2; +https://opensiteexplorer.org/dotbot; help@moz.com)"
162.158.163.117 - - [06/Feb/2025:00:37:06 +0700] "GET /wp-content/install.php HTTP/1.1" 200 37 "-" "GuzzleHttp/7"
162.158.163.97 - - [06/Feb/2025:00:37:07 +0700] "GET /book/3533/33a9d2b214268.html HTTP/1.1" 404 30064 "-" "Mozilla/5.0 (compatible; DotBot/1.2; +https://opensiteexplorer.org/dotbot; help@moz.com)"
162.158.163.97 - - [06/Feb/2025:00:37:07 +0700] "GET /search/%22%20.%20esc_url(%20admin_url()%20)%20.%20%22?dir=//proc&item=scsi&action=rename HTTP/1.1" 200 33301 "-" "Mozilla/5.0 (compatible; MJ12bot/v1.4.8; http://mj12bot.com/)"
162.158.163.97 - - [06/Feb/2025:00:37:08 +0700] "GET /book/3534/e3d47d36005c3.html HTTP/1.1" 404 30071 "-" "Mozilla/5.0 (compatible; DotBot/1.2; +https://opensiteexplorer.org/dotbot; help@moz.com)"
162.158.163.97 - - [06/Feb/2025:00:37:10 +0700] "GET /book/3546/003a9ed2d7fc2.html HTTP/1.1" 404 30071 "-" "Mozilla/5.0 (compatible; DotBot/1.2; +https://opensiteexplorer.org/dotbot; help@moz.com)"
162.158.162.23 - - [06/Feb/2025:00:37:11 +0700] "GET /wp-content/install.php HTTP/1.1" 200 37 "-" "GuzzleHttp/7"
162.158.162.194 - - [06/Feb/2025:00:37:11 +0700] "GET /book/3606/b2e5fdc33e55d.html HTTP/1.1" 404 30064 "-" "Mozilla/5.0 (compatible; DotBot/1.2; +https://opensiteexplorer.org/dotbot; help@moz.com)"
162.158.163.97 - - [06/Feb/2025:00:37:12 +0700] "GET /wp-content/install.php HTTP/1.1" 200 37 "-" "GuzzleHttp/7"
162.158.162.207 - - [06/Feb/2025:00:37:12 +0700] "GET /book/3606/feb8a1feab94f.html HTTP/1.1" 404 30069 "-" "Mozilla/5.0 (compatible; DotBot/1.2; +https://opensiteexplorer.org/dotbot; help@moz.com)"
162.158.163.97 - - [06/Feb/2025:00:37:13 +0700] "POST /wp-cron.php?doing_wp_cron=1738777033.7406420707702636718750 HTTP/1.1" 200 31 "-" "25vCnR4Ucb7C"
162.158.162.23 - - [06/Feb/2025:00:37:13 +0700] "GET /book/3617/55b6edb3c1cd2.html HTTP/1.1" 404 30074 "-" "Mozilla/5.0 (compatible; DotBot/1.2; +https://opensiteexplorer.org/dotbot; help@moz.com)"
172.69.165.18 - - [06/Feb/2025:00:37:14 +0700] "POST /wp-admin/admin-ajax.php?action=async_litespeed&nonce=Zf07EpABAfrV75eIogrvAls2UARcFC8b&litespeed_type=imgoptm HTTP/1.1" 200 12360 "-" "zj9fAdB9rwPW"
162.158.163.111 - - [06/Feb/2025:00:37:14 +0700] "GET /wp-content/install.php HTTP/1.1" 200 37 "-" "GuzzleHttp/7"
172.69.165.18 - - [06/Feb/2025:00:37:15 +0700] "GET /book/3618/3981b667684c5.html HTTP/1.1" 404 30070 "-" "Mozilla/5.0 (compatible; DotBot/1.2; +https://opensiteexplorer.org/dotbot; help@moz.com)"
162.158.163.117 - - [06/Feb/2025:00:37:15 +0700] "GET /wp-content/install.php HTTP/1.1" 200 37 "-" "GuzzleHttp/7"
162.158.163.118 - - [06/Feb/2025:00:37:16 +0700] "GET /wp-content/install.php HTTP/1.1" 200 37 "-" "GuzzleHttp/7"
162.158.162.109 - - [06/Feb/2025:00:37:16 +0700] "POST /wp-cron.php?doing_wp_cron=1738777036.4065690040588378906250 HTTP/1.1" 200 31 "-" "8jFeCN7Br0Ba"
162.158.163.97 - - [06/Feb/2025:00:37:16 +0700] "GET /search/%22%20.%20esc_url(%20admin_url()%20)%20.%20%22?dir=//proc&item=56706&action=rename HTTP/1.1" 200 33307 "-" "Mozilla/5.0 (compatible; MJ12bot/v1.4.8; http://mj12bot.com/)"
162.158.163.117 - - [06/Feb/2025:00:37:16 +0700] "GET /book/3620/fbfff9130a6a6.html HTTP/1.1" 404 29929 "-" "Mozilla/5.0 (compatible; DotBot/1.2; +https://opensiteexplorer.org/dotbot; help@moz.com)"
162.158.162.207 - - [06/Feb/2025:00:37:17 +0700] "GET /book/3627/f7721041b1db8.html HTTP/1.1" 404 30067 "-" "Mozilla/5.0 (compatible; DotBot/1.2; +https://opensiteexplorer.org/dotbot; help@moz.com)"
172.69.165.18 - - [06/Feb/2025:00:37:19 +0700] "GET /book/3636/a1d49cbe5bd2f.html HTTP/1.1" 404 30069 "-" "Mozilla/5.0 (compatible; DotBot/1.2; +https://opensiteexplorer.org/dotbot; help@moz.com)"
162.158.163.97 - - [06/Feb/2025:00:37:20 +0700] "GET /book/3662/c6d8bdf4245b1.html HTTP/1.1" 404 30076 "-" "Mozilla/5.0 (compatible; DotBot/1.2; +https://opensiteexplorer.org/dotbot; help@moz.com)"
