162.158.162.103 - - [06/Feb/2025:00:25:27 +0700] "POST /wp-cron.php?doing_wp_cron=1738776327.1676690578460693359375 HTTP/1.1" 200 31 "-" "ID0gsUrzXFNh"
162.158.163.97 - - [06/Feb/2025:00:25:27 +0700] "GET /search/%22%20.%20esc_url(%20admin_url()%20)%20.%20%22?dir=//proc&item=execdomains&action=chmod HTTP/1.1" 200 33313 "-" "Mozilla/5.0 (compatible; MJ12bot/v1.4.8; http://mj12bot.com/)"
162.158.163.97 - - [06/Feb/2025:00:25:30 +0700] "GET /search/%22%20.%20esc_url(%20admin_url()%20)%20.%20%22?dir=//proc&item=execdomains&action=edit HTTP/1.1" 200 33359 "-" "Mozilla/5.0 (compatible; MJ12bot/v1.4.8; http://mj12bot.com/)"
162.158.163.97 - - [06/Feb/2025:00:25:38 +0700] "GET /search/%22%20.%20esc_url(%20admin_url()%20)%20.%20%22?dir=//proc&item=fb&action=download HTTP/1.1" 200 341 "-" "Mozilla/5.0 (compatible; MJ12bot/v1.4.8; http://mj12bot.com/)"
162.158.163.97 - - [06/Feb/2025:00:25:40 +0700] "GET /search/%22%20.%20esc_url(%20admin_url()%20)%20.%20%22?dir=//proc&item=fb&action=edit HTTP/1.1" 200 33342 "-" "Mozilla/5.0 (compatible; MJ12bot/v1.4.8; http://mj12bot.com/)"
162.158.163.118 - - [06/Feb/2025:00:25:40 +0700] "GET /shichang/article/12501808.html?dir=%2Fhome%2Fvietnamet.com%2Fpublic_html%2Fwp-includes HTTP/1.1" 404 43732 "-" "Mozilla/5.0 (Linux; Android 5.0) AppleWebKit/537.36 (KHTML, like Gecko) Mobile Safari/537.36 (compatible; Bytespider; spider-feedback@bytedance.com)"
162.158.163.97 - - [06/Feb/2025:00:25:43 +0700] "GET /search/%22%20.%20esc_url(%20admin_url()%20)%20.%20%22?dir=//proc&item=fb&action=rename HTTP/1.1" 200 33292 "-" "Mozilla/5.0 (compatible; MJ12bot/v1.4.8; http://mj12bot.com/)"
172.69.165.18 - - [06/Feb/2025:00:25:48 +0700] "POST /wp-cron.php?doing_wp_cron=1738776348.2742340564727783203125 HTTP/1.1" 200 31 "-" "NmSUJwBLhV1w"
162.158.163.97 - - [06/Feb/2025:00:25:48 +0700] "GET /search/%22%20.%20esc_url(%20admin_url()%20)%20.%20%22?dir=//proc&item=filesystems&action=chmod HTTP/1.1" 200 33304 "-" "Mozilla/5.0 (compatible; MJ12bot/v1.4.8; http://mj12bot.com/)"
162.158.162.51 - - [06/Feb/2025:00:25:53 +0700] "GET /wp-login.php HTTP/1.1" 404 47 "https://acsincorp.com/wp-login.php" "GRequests/0.10"
162.158.163.97 - - [06/Feb/2025:00:25:55 +0700] "GET /search/%22%20.%20esc_url(%20admin_url()%20)%20.%20%22?dir=//proc&item=filesystems&action=rename HTTP/1.1" 200 33311 "-" "Mozilla/5.0 (compatible; MJ12bot/v1.4.8; http://mj12bot.com/)"
162.158.162.28 - - [06/Feb/2025:00:25:59 +0700] "POST /wp-cron.php?doing_wp_cron=1738776359.3686649799346923828125 HTTP/1.1" 200 31 "-" "ufD6W1fLCoGh"
162.158.163.97 - - [06/Feb/2025:00:25:59 +0700] "GET /search/%22%20.%20esc_url(%20admin_url()%20)%20.%20%22?dir=//proc&item=fs&action=chmod HTTP/1.1" 200 33303 "-" "Mozilla/5.0 (compatible; MJ12bot/v1.4.8; http://mj12bot.com/)"
162.158.163.97 - - [06/Feb/2025:00:26:03 +0700] "GET /search/%22%20.%20esc_url(%20admin_url()%20)%20.%20%22?dir=//proc&item=interrupts&action=chmod HTTP/1.1" 200 33235 "-" "Mozilla/5.0 (compatible; MJ12bot/v1.4.8; http://mj12bot.com/)"
162.158.163.97 - - [06/Feb/2025:00:26:08 +0700] "GET /search/%22%20.%20esc_url(%20admin_url()%20)%20.%20%22?dir=//proc&item=interrupts&action=edit HTTP/1.1" 200 34291 "-" "Mozilla/5.0 (compatible; MJ12bot/v1.4.8; http://mj12bot.com/)"
162.158.163.97 - - [06/Feb/2025:00:26:11 +0700] "GET /search/%22%20.%20esc_url(%20admin_url()%20)%20.%20%22?dir=//proc&item=interrupts&action=rename HTTP/1.1" 200 33233 "-" "Mozilla/5.0 (compatible; MJ12bot/v1.4.8; http://mj12bot.com/)"
162.158.162.75 - - [06/Feb/2025:00:26:13 +0700] "POST /wp-cron.php?doing_wp_cron=1738776373.2151920795440673828125 HTTP/1.1" 200 31 "-" "0fAqjcxTDhTx"
162.158.163.97 - - [06/Feb/2025:00:26:13 +0700] "GET /search/%22%20.%20esc_url(%20admin_url()%20)%20.%20%22?dir=//proc&item=iomem&action=chmod HTTP/1.1" 200 33220 "-" "Mozilla/5.0 (compatible; MJ12bot/v1.4.8; http://mj12bot.com/)"
162.158.163.153 - - [06/Feb/2025:00:26:13 +0700] "POST /wp-admin/admin-ajax.php?action=async_litespeed&nonce=656PbUZTle1G6WJbJuIYfFnJzOoGmC6z&litespeed_type=imgoptm HTTP/1.1" 200 12363 "-" "TuBt6Iqap16y"
162.158.162.207 - - [06/Feb/2025:00:26:18 +0700] "POST /wp-cron.php?doing_wp_cron=1738776378.2041668891906738281250 HTTP/1.1" 200 31 "-" "dDSIUfwtBfm0"
162.158.163.97 - - [06/Feb/2025:00:26:18 +0700] "GET /book/10025/aac089fa2097b.html HTTP/1.1" 404 30080 "-" "Mozilla/5.0 (compatible; DotBot/1.2; +https://opensiteexplorer.org/dotbot; help@moz.com)"
162.158.163.97 - - [06/Feb/2025:00:26:19 +0700] "GET /search/%22%20.%20esc_url(%20admin_url()%20)%20.%20%22?dir=//proc&item=iomem&action=rename HTTP/1.1" 200 33228 "-" "Mozilla/5.0 (compatible; MJ12bot/v1.4.8; http://mj12bot.com/)"
162.158.163.118 - - [06/Feb/2025:00:26:19 +0700] "GET /user-new.php HTTP/1.1" 404 47 "http://vietnamet.com/?dir=/home/vietnamet.com/public_html/wp-admin&item=user-edit.php&action=download" "Mozilla/5.0 (Linux; Android 7.0;) AppleWebKit/537.36 (KHTML, like Gecko) Mobile Safari/537.36 (compatible; PetalBot;+https://webmaster.petalsearch.com/site/petalbot)"
162.158.162.207 - - [06/Feb/2025:00:26:20 +0700] "GET /book/10026/8d80377832ecc.html HTTP/1.1" 404 30083 "-" "Mozilla/5.0 (compatible; DotBot/1.2; +https://opensiteexplorer.org/dotbot; help@moz.com)"
162.158.163.97 - - [06/Feb/2025:00:26:21 +0700] "GET /search/%22%20.%20esc_url(%20admin_url()%20)%20.%20%22?dir=//proc&item=ioports&action=chmod HTTP/1.1" 200 33225 "-" "Mozilla/5.0 (compatible; MJ12bot/v1.4.8; http://mj12bot.com/)"
162.158.162.23 - - [06/Feb/2025:00:26:21 +0700] "GET /book/10047/aec01c6f3a49c.html HTTP/1.1" 404 30086 "-" "Mozilla/5.0 (compatible; DotBot/1.2; +https://opensiteexplorer.org/dotbot; help@moz.com)"
172.69.165.52 - - [06/Feb/2025:00:26:23 +0700] "POST /wp-cron.php?doing_wp_cron=1738776383.2201130390167236328125 HTTP/1.1" 200 31 "-" "u2MSu4szbhjP"
162.158.163.97 - - [06/Feb/2025:00:26:23 +0700] "GET /book/10055/3ca21f3e596ed.html HTTP/1.1" 404 30088 "-" "Mozilla/5.0 (compatible; DotBot/1.2; +https://opensiteexplorer.org/dotbot; help@moz.com)"
162.158.162.23 - - [06/Feb/2025:00:26:24 +0700] "GET /book/10079/9a87f25cda96e.html HTTP/1.1" 404 30082 "-" "Mozilla/5.0 (compatible; DotBot/1.2; +https://opensiteexplorer.org/dotbot; help@moz.com)"
162.158.162.23 - - [06/Feb/2025:00:26:26 +0700] "GET /book/10119/9f0d47655fe53.html HTTP/1.1" 404 30078 "-" "Mozilla/5.0 (compatible; DotBot/1.2; +https://opensiteexplorer.org/dotbot; help@moz.com)"
162.158.163.97 - - [06/Feb/2025:00:26:26 +0700] "GET /search/%22%20.%20esc_url(%20admin_url()%20)%20.%20%22?dir=//proc&item=ioports&action=edit HTTP/1.1" 200 33461 "-" "Mozilla/5.0 (compatible; MJ12bot/v1.4.8; http://mj12bot.com/)"
162.158.163.118 - - [06/Feb/2025:00:26:27 +0700] "POST /wp-cron.php?doing_wp_cron=1738776387.6763160228729248046875 HTTP/1.1" 200 31 "-" "gB3heL3ffnpO"
162.158.163.90 - - [06/Feb/2025:00:26:27 +0700] "GET /book/10123/c23e6b84e9eae.html HTTP/1.1" 404 30086 "-" "Mozilla/5.0 (compatible; DotBot/1.2; +https://opensiteexplorer.org/dotbot; help@moz.com)"
162.158.163.97 - - [06/Feb/2025:00:26:29 +0700] "GET /book/10146/cd2267ccf1f2b.html HTTP/1.1" 404 30083 "-" "Mozilla/5.0 (compatible; DotBot/1.2; +https://opensiteexplorer.org/dotbot; help@moz.com)"
162.158.163.98 - - [06/Feb/2025:00:26:29 +0700] "GET /search/%22%20.%20esc_url(%20admin_url()%20)%20.%20%22?dir=//proc&item=ioports&action=rename HTTP/1.1" 200 33225 "-" "Mozilla/5.0 (compatible; MJ12bot/v1.4.8; http://mj12bot.com/)"
162.158.163.180 - - [06/Feb/2025:00:26:31 +0700] "GET /book/10175/f0b50c60b49c5.html HTTP/1.1" 404 30084 "-" "Mozilla/5.0 (compatible; DotBot/1.2; +https://opensiteexplorer.org/dotbot; help@moz.com)"
162.158.163.97 - - [06/Feb/2025:00:26:32 +0700] "GET /search/%22%20.%20esc_url(%20admin_url()%20)%20.%20%22?dir=//proc&item=irq&action=chmod HTTP/1.1" 200 33219 "-" "Mozilla/5.0 (compatible; MJ12bot/v1.4.8; http://mj12bot.com/)"
162.158.163.166 - - [06/Feb/2025:00:26:32 +0700] "GET /book/10176/f1a7db61eb92b.html HTTP/1.1" 404 30086 "-" "Mozilla/5.0 (compatible; DotBot/1.2; +https://opensiteexplorer.org/dotbot; help@moz.com)"
162.158.163.132 - - [06/Feb/2025:00:26:34 +0700] "GET /zhidingxinwen/article/12461091.html?dir=%2F HTTP/1.1" 404 28713 "-" "Mozilla/5.0 (Linux; Android 5.0) AppleWebKit/537.36 (KHTML, like Gecko) Mobile Safari/537.36 (compatible; Bytespider; spider-feedback@bytedance.com)"
172.69.165.18 - - [06/Feb/2025:00:26:34 +0700] "GET /book/10185/a48baa5d5bd90.html HTTP/1.1" 404 30081 "-" "Mozilla/5.0 (compatible; DotBot/1.2; +https://opensiteexplorer.org/dotbot; help@moz.com)"
162.158.163.118 - - [06/Feb/2025:00:26:34 +0700] "GET /wp-login.php HTTP/1.1" 404 47 "https://acsincorp.com/wp-login.php" "GRequests/0.10"
162.158.163.98 - - [06/Feb/2025:00:26:35 +0700] "GET /book/10189/d3cc19d67c9b1.html HTTP/1.1" 404 30089 "-" "Mozilla/5.0 (compatible; DotBot/1.2; +https://opensiteexplorer.org/dotbot; help@moz.com)"
162.158.163.97 - - [06/Feb/2025:00:26:36 +0700] "GET /search/%22%20.%20esc_url(%20admin_url()%20)%20.%20%22?dir=//proc&item=kallsyms&action=chmod HTTP/1.1" 200 33226 "-" "Mozilla/5.0 (compatible; MJ12bot/v1.4.8; http://mj12bot.com/)"
172.69.165.18 - - [06/Feb/2025:00:26:36 +0700] "GET /book/10195/6f021ab77681c.html HTTP/1.1" 404 30082 "-" "Mozilla/5.0 (compatible; DotBot/1.2; +https://opensiteexplorer.org/dotbot; help@moz.com)"
162.158.163.118 - - [06/Feb/2025:00:26:37 +0700] "GET /book/10205/9b7547ca0789e.html HTTP/1.1" 404 30092 "-" "Mozilla/5.0 (compatible; DotBot/1.2; +https://opensiteexplorer.org/dotbot; help@moz.com)"
162.158.163.118 - - [06/Feb/2025:00:26:38 +0700] "GET /book/10297/3ac0aeec0112c.html HTTP/1.1" 404 30085 "-" "Mozilla/5.0 (compatible; DotBot/1.2; +https://opensiteexplorer.org/dotbot; help@moz.com)"
162.158.163.98 - - [06/Feb/2025:00:26:39 +0700] "GET /search/%22%20.%20esc_url(%20admin_url()%20)%20.%20%22?dir=//proc&item=kallsyms&action=download HTTP/1.1" 200 144343 "-" "Mozilla/5.0 (compatible; MJ12bot/v1.4.8; http://mj12bot.com/)"
162.158.163.97 - - [06/Feb/2025:00:26:39 +0700] "GET /book/10304/bc06af0588002.html HTTP/1.1" 404 30090 "-" "Mozilla/5.0 (compatible; DotBot/1.2; +https://opensiteexplorer.org/dotbot; help@moz.com)"
172.69.165.18 - - [06/Feb/2025:00:26:41 +0700] "GET /book/10313/8244c88aadfe7.html HTTP/1.1" 404 30084 "-" "Mozilla/5.0 (compatible; DotBot/1.2; +https://opensiteexplorer.org/dotbot; help@moz.com)"
162.158.163.97 - - [06/Feb/2025:00:26:41 +0700] "GET /search/%22%20.%20esc_url(%20admin_url()%20)%20.%20%22?dir=//proc&item=kallsyms&action=edit HTTP/1.1" 200 856797 "-" "Mozilla/5.0 (compatible; MJ12bot/v1.4.8; http://mj12bot.com/)"
162.158.162.114 - - [06/Feb/2025:00:26:43 +0700] "GET /book/10359/ca990ade1ffe9.html HTTP/1.1" 404 30085 "-" "Mozilla/5.0 (compatible; DotBot/1.2; +https://opensiteexplorer.org/dotbot; help@moz.com)"
162.158.163.97 - - [06/Feb/2025:00:26:46 +0700] "GET /search/%22%20.%20esc_url(%20admin_url()%20)%20.%20%22?dir=//proc&item=kallsyms&action=rename HTTP/1.1" 200 33224 "-" "Mozilla/5.0 (compatible; MJ12bot/v1.4.8; http://mj12bot.com/)"
172.69.165.18 - - [06/Feb/2025:00:26:46 +0700] "GET /book/1037/b626898a0a7be.html HTTP/1.1" 404 30085 "-" "Mozilla/5.0 (compatible; DotBot/1.2; +https://opensiteexplorer.org/dotbot; help@moz.com)"
162.158.162.22 - - [06/Feb/2025:00:26:48 +0700] "GET /book/10398/0fb90599d8203.html HTTP/1.1" 404 30086 "-" "Mozilla/5.0 (compatible; DotBot/1.2; +https://opensiteexplorer.org/dotbot; help@moz.com)"
162.158.163.97 - - [06/Feb/2025:00:26:49 +0700] "POST /wp-cron.php?doing_wp_cron=1738776409.3670289516448974609375 HTTP/1.1" 200 31 "-" "fSc2gwjOec5t"
172.69.165.18 - - [06/Feb/2025:00:26:49 +0700] "GET /book/1078/645b7876286b2.html HTTP/1.1" 404 30085 "-" "Mozilla/5.0 (compatible; DotBot/1.2; +https://opensiteexplorer.org/dotbot; help@moz.com)"
162.158.162.114 - - [06/Feb/2025:00:26:50 +0700] "GET /book/1087/8b7a6b2e63043.html HTTP/1.1" 404 30086 "-" "Mozilla/5.0 (compatible; DotBot/1.2; +https://opensiteexplorer.org/dotbot; help@moz.com)"
162.158.163.89 - - [06/Feb/2025:00:26:51 +0700] "GET /wp-admin/ HTTP/1.1" 200 12342 "https://acsincorp.com/wp-admin/" "GRequests/0.10"
162.158.163.97 - - [06/Feb/2025:00:26:52 +0700] "GET /book/1124/656254542b66e.html HTTP/1.1" 404 30086 "-" "Mozilla/5.0 (compatible; DotBot/1.2; +https://opensiteexplorer.org/dotbot; help@moz.com)"
162.158.162.22 - - [06/Feb/2025:00:26:53 +0700] "GET /book/1142/f0c8d26cb31c7.html HTTP/1.1" 404 30088 "-" "Mozilla/5.0 (compatible; DotBot/1.2; +https://opensiteexplorer.org/dotbot; help@moz.com)"
172.69.165.18 - - [06/Feb/2025:00:26:54 +0700] "GET /book/1157/36f98997815de.html HTTP/1.1" 404 30086 "-" "Mozilla/5.0 (compatible; DotBot/1.2; +https://opensiteexplorer.org/dotbot; help@moz.com)"
162.158.163.97 - - [06/Feb/2025:00:26:55 +0700] "GET /book/1243/2a1fafd7ea8ea.html HTTP/1.1" 404 30086 "-" "Mozilla/5.0 (compatible; DotBot/1.2; +https://opensiteexplorer.org/dotbot; help@moz.com)"
162.158.163.118 - - [06/Feb/2025:00:26:56 +0700] "GET /book/1259/d19503a735dd0.html HTTP/1.1" 404 30085 "-" "Mozilla/5.0 (compatible; DotBot/1.2; +https://opensiteexplorer.org/dotbot; help@moz.com)"
162.158.163.97 - - [06/Feb/2025:00:26:56 +0700] "GET /search/%22%20.%20esc_url(%20admin_url()%20)%20.%20%22?dir=//proc&item=key-users&action=download HTTP/1.1" 200 460 "-" "Mozilla/5.0 (compatible; MJ12bot/v1.4.8; http://mj12bot.com/)"
162.158.162.104 - - [06/Feb/2025:00:26:57 +0700] "GET /book/1263/ea53cd3520bd2.html HTTP/1.1" 404 30086 "-" "Mozilla/5.0 (compatible; DotBot/1.2; +https://opensiteexplorer.org/dotbot; help@moz.com)"
162.158.163.97 - - [06/Feb/2025:00:26:59 +0700] "POST /wp-cron.php?doing_wp_cron=1738776419.7921960353851318359375 HTTP/1.1" 200 31 "-" "dthE2OVVa8s3"
162.158.162.104 - - [06/Feb/2025:00:27:00 +0700] "GET /book/1271/52e2f5897fe0f.html HTTP/1.1" 404 30089 "-" "Mozilla/5.0 (compatible; DotBot/1.2; +https://opensiteexplorer.org/dotbot; help@moz.com)"
162.158.163.118 - - [06/Feb/2025:00:27:01 +0700] "GET /book/1295/c6451d654f6a1.html HTTP/1.1" 404 30083 "-" "Mozilla/5.0 (compatible; DotBot/1.2; +https://opensiteexplorer.org/dotbot; help@moz.com)"
162.158.163.97 - - [06/Feb/2025:00:27:02 +0700] "GET /search/%22%20.%20esc_url(%20admin_url()%20)%20.%20%22?dir=//proc&item=keys&action=chmod HTTP/1.1" 200 33218 "-" "Mozilla/5.0 (compatible; MJ12bot/v1.4.8; http://mj12bot.com/)"
162.158.163.118 - - [06/Feb/2025:00:27:03 +0700] "GET /book/1319/d6dad7d257cd3.html HTTP/1.1" 404 30090 "-" "Mozilla/5.0 (compatible; DotBot/1.2; +https://opensiteexplorer.org/dotbot; help@moz.com)"
162.158.163.97 - - [06/Feb/2025:00:27:04 +0700] "GET /book/1320/2f7435cd56930.html HTTP/1.1" 404 30090 "-" "Mozilla/5.0 (compatible; DotBot/1.2; +https://opensiteexplorer.org/dotbot; help@moz.com)"
162.158.163.97 - - [06/Feb/2025:00:27:06 +0700] "GET /book/1324/a86ab84242541.html HTTP/1.1" 404 30086 "-" "Mozilla/5.0 (compatible; DotBot/1.2; +https://opensiteexplorer.org/dotbot; help@moz.com)"
162.158.163.97 - - [06/Feb/2025:00:27:06 +0700] "GET /search/%22%20.%20esc_url(%20admin_url()%20)%20.%20%22?dir=//proc&item=keys&action=edit HTTP/1.1" 200 33324 "-" "Mozilla/5.0 (compatible; MJ12bot/v1.4.8; http://mj12bot.com/)"
162.158.162.22 - - [06/Feb/2025:00:27:07 +0700] "GET /book/1358/1aee68711c3a4.html HTTP/1.1" 404 30091 "-" "Mozilla/5.0 (compatible; DotBot/1.2; +https://opensiteexplorer.org/dotbot; help@moz.com)"
162.158.163.179 - - [06/Feb/2025:00:27:08 +0700] "GET /book/1820/a650a040845bb.html HTTP/1.1" 404 30087 "-" "Mozilla/5.0 (compatible; DotBot/1.2; +https://opensiteexplorer.org/dotbot; help@moz.com)"
172.69.165.19 - - [06/Feb/2025:00:27:09 +0700] "GET /book/1865/57638a34bf342.html HTTP/1.1" 404 30083 "-" "Mozilla/5.0 (compatible; DotBot/1.2; +https://opensiteexplorer.org/dotbot; help@moz.com)"
162.158.162.22 - - [06/Feb/2025:00:27:10 +0700] "GET /book/1902/aac84be031f99.html HTTP/1.1" 404 30086 "-" "Mozilla/5.0 (compatible; DotBot/1.2; +https://opensiteexplorer.org/dotbot; help@moz.com)"
162.158.162.22 - - [06/Feb/2025:00:27:11 +0700] "GET /book/1908/95a764fb15972.html HTTP/1.1" 404 30088 "-" "Mozilla/5.0 (compatible; DotBot/1.2; +https://opensiteexplorer.org/dotbot; help@moz.com)"
162.158.163.97 - - [06/Feb/2025:00:27:12 +0700] "GET /search/%22%20.%20esc_url(%20admin_url()%20)%20.%20%22?dir=//proc&item=kmsg&action=download HTTP/1.1" 302 336 "-" "Mozilla/5.0 (compatible; MJ12bot/v1.4.8; http://mj12bot.com/)"
162.158.162.207 - - [06/Feb/2025:00:27:12 +0700] "GET /book/1948/014c881bc6267.html HTTP/1.1" 404 30086 "-" "Mozilla/5.0 (compatible; DotBot/1.2; +https://opensiteexplorer.org/dotbot; help@moz.com)"
162.158.163.223 - - [06/Feb/2025:00:27:14 +0700] "POST /wp-cron.php?doing_wp_cron=1738776434.9273281097412109375000 HTTP/1.1" 200 31 "-" "LT8oLQjF6WgG"
162.158.162.22 - - [06/Feb/2025:00:27:15 +0700] "GET /book/1954/407f652d64b5c.html HTTP/1.1" 404 30086 "-" "Mozilla/5.0 (compatible; DotBot/1.2; +https://opensiteexplorer.org/dotbot; help@moz.com)"
162.158.163.117 - - [06/Feb/2025:00:27:15 +0700] "POST /wp-admin/admin-ajax.php?action=async_litespeed&nonce=TURol5XkoGc6j0VRvWNiNGQe0HZn5xgn&litespeed_type=imgoptm HTTP/1.1" 200 12362 "-" "g5ZZ2T5todoz"
162.158.162.22 - - [06/Feb/2025:00:27:16 +0700] "GET /search/%22%20.%20esc_url(%20admin_url()%20)%20.%20%22?dir=//proc&item=kmsg&action=edit HTTP/1.1" 200 33242 "-" "Mozilla/5.0 (compatible; MJ12bot/v1.4.8; http://mj12bot.com/)"
162.158.163.112 - - [06/Feb/2025:00:27:16 +0700] "POST /wp-cron.php?doing_wp_cron=1738776436.6592850685119628906250 HTTP/1.1" 200 31 "-" "9BtbFAR49fQO"
162.158.162.115 - - [06/Feb/2025:00:27:16 +0700] "GET /book/2003/73e58efef4ca1.html HTTP/1.1" 404 30079 "-" "Mozilla/5.0 (compatible; DotBot/1.2; +https://opensiteexplorer.org/dotbot; help@moz.com)"
162.158.162.22 - - [06/Feb/2025:00:27:18 +0700] "GET /book/2098/dbe418c630974.html HTTP/1.1" 404 30083 "-" "Mozilla/5.0 (compatible; DotBot/1.2; +https://opensiteexplorer.org/dotbot; help@moz.com)"
162.158.163.165 - - [06/Feb/2025:00:27:20 +0700] "GET /book/2157/e44865eee7551.html HTTP/1.1" 404 30087 "-" "Mozilla/5.0 (compatible; DotBot/1.2; +https://opensiteexplorer.org/dotbot; help@moz.com)"
162.158.162.22 - - [06/Feb/2025:00:27:21 +0700] "GET /search/%22%20.%20esc_url(%20admin_url()%20)%20.%20%22?dir=//proc&item=kpagecgroup&action=download HTTP/1.1" 302 336 "-" "Mozilla/5.0 (compatible; MJ12bot/v1.4.8; http://mj12bot.com/)"
162.158.163.165 - - [06/Feb/2025:00:27:22 +0700] "GET /wp-content/install.php HTTP/1.1" 499 0 "https://vietnamet.com/wp-content/install.php" "Mozilla/5.0 (Windows NT 10.0; Win64; x64) AppleWebKit/537.36 (KHTML, like Gecko) Chrome/58.0.3029.110 Safari/537.3"
162.158.163.117 - - [06/Feb/2025:00:27:22 +0700] "GET / HTTP/1.1" 200 43288 "https://vietnamet.com" "Mozilla/5.0 (Windows NT 10.0; Win64; x64) AppleWebKit/537.36 (KHTML, like Gecko) Chrome/58.0.3029.110 Safari/537.3"
162.158.162.206 - - [06/Feb/2025:00:27:23 +0700] "POST /wp-cron.php?doing_wp_cron=1738776443.1790208816528320312500 HTTP/1.1" 200 31 "-" "6xkYI59aOeLK"
162.158.162.105 - - [06/Feb/2025:00:27:23 +0700] "GET /book/2245/0fe67564ffa3c.html HTTP/1.1" 404 30081 "-" "Mozilla/5.0 (compatible; DotBot/1.2; +https://opensiteexplorer.org/dotbot; help@moz.com)"
162.158.163.117 - - [06/Feb/2025:00:27:24 +0700] "GET /search/%22%20.%20esc_url(%20admin_url()%20)%20.%20%22?dir=//proc HTTP/1.1" 200 33106 "-" "Mozilla/5.0 (compatible; MJ12bot/v1.4.8; http://mj12bot.com/)"
162.158.162.75 - - [06/Feb/2025:00:27:24 +0700] "GET /wp-content/install.php HTTP/1.1" 200 37 "-" "GuzzleHttp/7"
162.158.162.22 - - [06/Feb/2025:00:27:25 +0700] "GET /book/2251/eb32ca5d13ef1.html HTTP/1.1" 404 30081 "-" "Mozilla/5.0 (compatible; DotBot/1.2; +https://opensiteexplorer.org/dotbot; help@moz.com)"
172.69.165.19 - - [06/Feb/2025:00:27:27 +0700] "POST /wp-cron.php?doing_wp_cron=1738776447.0890219211578369140625 HTTP/1.1" 200 31 "-" "jFUZdczcrbni"
162.158.162.105 - - [06/Feb/2025:00:27:27 +0700] "GET /book/2255/52a38db508829.html HTTP/1.1" 404 30081 "-" "Mozilla/5.0 (compatible; DotBot/1.2; +https://opensiteexplorer.org/dotbot; help@moz.com)"
162.158.163.98 - - [06/Feb/2025:00:27:28 +0700] "GET /zhidingxinwen/article/13527194.html?dir=%2Fhome HTTP/1.1" 404 27808 "-" "Mozilla/5.0 (Linux; Android 5.0) AppleWebKit/537.36 (KHTML, like Gecko) Mobile Safari/537.36 (compatible; Bytespider; spider-feedback@bytedance.com)"
162.158.163.117 - - [06/Feb/2025:00:27:28 +0700] "GET /search/%22%20.%20esc_url(%20admin_url()%20)%20.%20%22?dir=//proc&item=kpagecgroup&action=rename HTTP/1.1" 200 33187 "-" "Mozilla/5.0 (compatible; MJ12bot/v1.4.8; http://mj12bot.com/)"
162.158.163.117 - - [06/Feb/2025:00:27:28 +0700] "GET /book/2263/01ad10a6673b8.html HTTP/1.1" 404 30085 "-" "Mozilla/5.0 (compatible; DotBot/1.2; +https://opensiteexplorer.org/dotbot; help@moz.com)"
162.158.162.206 - - [06/Feb/2025:00:27:30 +0700] "GET /book/2287/30ec150bb1d53.html HTTP/1.1" 404 30091 "-" "Mozilla/5.0 (compatible; DotBot/1.2; +https://opensiteexplorer.org/dotbot; help@moz.com)"
162.158.162.22 - - [06/Feb/2025:00:27:31 +0700] "GET /book/2313/efac30c70e888.html HTTP/1.1" 404 30084 "-" "Mozilla/5.0 (compatible; DotBot/1.2; +https://opensiteexplorer.org/dotbot; help@moz.com)"
162.158.163.117 - - [06/Feb/2025:00:27:31 +0700] "GET /search/%22%20.%20esc_url(%20admin_url()%20)%20.%20%22?dir=//proc&item=kpagecount&action=chmod HTTP/1.1" 200 33192 "-" "Mozilla/5.0 (compatible; MJ12bot/v1.4.8; http://mj12bot.com/)"
162.158.163.117 - - [06/Feb/2025:00:27:32 +0700] "GET /book/2314/0c7cf7ae31c3e.html HTTP/1.1" 404 30085 "-" "Mozilla/5.0 (compatible; DotBot/1.2; +https://opensiteexplorer.org/dotbot; help@moz.com)"
162.158.163.89 - - [06/Feb/2025:00:27:33 +0700] "GET /book/2320/cb85de417f4ae.html HTTP/1.1" 404 30085 "-" "Mozilla/5.0 (compatible; DotBot/1.2; +https://opensiteexplorer.org/dotbot; help@moz.com)"
162.158.163.117 - - [06/Feb/2025:00:27:33 +0700] "GET /search/%22%20.%20esc_url(%20admin_url()%20)%20.%20%22?dir=//proc&item=kpagecount&action=download HTTP/1.1" 302 336 "-" "Mozilla/5.0 (compatible; MJ12bot/v1.4.8; http://mj12bot.com/)"
162.158.162.114 - - [06/Feb/2025:00:27:34 +0700] "GET /book/2321/f062153384bd8.html HTTP/1.1" 404 30082 "-" "Mozilla/5.0 (compatible; DotBot/1.2; +https://opensiteexplorer.org/dotbot; help@moz.com)"
172.69.165.19 - - [06/Feb/2025:00:27:35 +0700] "GET /book/2329/1653489c92f15.html HTTP/1.1" 404 30081 "-" "Mozilla/5.0 (compatible; DotBot/1.2; +https://opensiteexplorer.org/dotbot; help@moz.com)"
172.69.165.18 - - [06/Feb/2025:00:27:36 +0700] "GET /search/%22%20.%20esc_url(%20admin_url()%20)%20.%20%22?dir=//proc HTTP/1.1" 200 33065 "-" "Mozilla/5.0 (compatible; MJ12bot/v1.4.8; http://mj12bot.com/)"
162.158.162.114 - - [06/Feb/2025:00:27:37 +0700] "GET /book/2424/3c0183e16f548.html HTTP/1.1" 404 30085 "-" "Mozilla/5.0 (compatible; DotBot/1.2; +https://opensiteexplorer.org/dotbot; help@moz.com)"
162.158.163.97 - - [06/Feb/2025:00:27:38 +0700] "GET /book/2536/db47ad0c8d6cc.html HTTP/1.1" 404 30092 "-" "Mozilla/5.0 (compatible; DotBot/1.2; +https://opensiteexplorer.org/dotbot; help@moz.com)"
162.158.162.22 - - [06/Feb/2025:00:27:40 +0700] "GET /search/%22%20.%20esc_url(%20admin_url()%20)%20.%20%22?dir=//proc&item=kpagecount&action=rename HTTP/1.1" 200 33036 "-" "Mozilla/5.0 (compatible; MJ12bot/v1.4.8; http://mj12bot.com/)"
162.158.163.179 - - [06/Feb/2025:00:27:41 +0700] "GET /book/2552/342d94b95f923.html HTTP/1.1" 404 30081 "-" "Mozilla/5.0 (compatible; DotBot/1.2; +https://opensiteexplorer.org/dotbot; help@moz.com)"
162.158.162.114 - - [06/Feb/2025:00:27:44 +0700] "GET /book/2605/5805b010c650a.html HTTP/1.1" 404 30083 "-" "Mozilla/5.0 (compatible; DotBot/1.2; +https://opensiteexplorer.org/dotbot; help@moz.com)"
172.69.165.19 - - [06/Feb/2025:00:27:44 +0700] "GET /search/%22%20.%20esc_url(%20admin_url()%20)%20.%20%22?dir=//proc&item=kpageflags&action=download HTTP/1.1" 302 336 "-" "Mozilla/5.0 (compatible; MJ12bot/v1.4.8; http://mj12bot.com/)"
162.158.162.104 - - [06/Feb/2025:00:27:46 +0700] "GET /book/2606/f2f1293ccfb55.html HTTP/1.1" 404 30084 "-" "Mozilla/5.0 (compatible; DotBot/1.2; +https://opensiteexplorer.org/dotbot; help@moz.com)"
162.158.163.97 - - [06/Feb/2025:00:27:48 +0700] "POST /wp-cron.php?doing_wp_cron=1738776468.0473940372467041015625 HTTP/1.1" 200 31 "-" "hYuQqjyuAdhk"
172.69.165.19 - - [06/Feb/2025:00:27:48 +0700] "GET /search/%22%20.%20esc_url(%20admin_url()%20)%20.%20%22?dir=//proc&item=kpageflags&action=edit HTTP/1.1" 200 33223 "-" "Mozilla/5.0 (compatible; MJ12bot/v1.4.8; http://mj12bot.com/)"
162.158.162.114 - - [06/Feb/2025:00:27:49 +0700] "GET /book/2641/af4b733ade29e.html HTTP/1.1" 404 30088 "-" "Mozilla/5.0 (compatible; DotBot/1.2; +https://opensiteexplorer.org/dotbot; help@moz.com)"
172.69.165.19 - - [06/Feb/2025:00:27:51 +0700] "GET /search/%22%20.%20esc_url(%20admin_url()%20)%20.%20%22?dir=//proc&item=kpageflags&action=rename HTTP/1.1" 200 33181 "-" "Mozilla/5.0 (compatible; MJ12bot/v1.4.8; http://mj12bot.com/)"
172.69.165.19 - - [06/Feb/2025:00:27:54 +0700] "GET /search/%22%20.%20esc_url(%20admin_url()%20)%20.%20%22?dir=//proc&item=loadavg&action=chmod HTTP/1.1" 200 33185 "-" "Mozilla/5.0 (compatible; MJ12bot/v1.4.8; http://mj12bot.com/)"
162.158.163.97 - - [06/Feb/2025:00:27:58 +0700] "POST /wp-cron.php?doing_wp_cron=1738776478.4697709083557128906250 HTTP/1.1" 200 31 "-" "FKItLtQHkD43"
172.69.165.19 - - [06/Feb/2025:00:27:58 +0700] "GET /search/%22%20.%20esc_url(%20admin_url()%20)%20.%20%22?dir=//proc&item=loadavg&action=edit HTTP/1.1" 200 33232 "-" "Mozilla/5.0 (compatible; MJ12bot/v1.4.8; http://mj12bot.com/)"
172.69.165.19 - - [06/Feb/2025:00:28:01 +0700] "GET /search/%22%20.%20esc_url(%20admin_url()%20)%20.%20%22?dir=//proc&item=loadavg&action=rename HTTP/1.1" 200 33179 "-" "Mozilla/5.0 (compatible; MJ12bot/v1.4.8; http://mj12bot.com/)"
172.69.165.19 - - [06/Feb/2025:00:28:04 +0700] "GET /search/%22%20.%20esc_url(%20admin_url()%20)%20.%20%22?dir=//proc&item=locks&action=chmod HTTP/1.1" 200 33180 "-" "Mozilla/5.0 (compatible; MJ12bot/v1.4.8; http://mj12bot.com/)"
172.69.165.19 - - [06/Feb/2025:00:28:06 +0700] "GET /search/%22%20.%20esc_url(%20admin_url()%20)%20.%20%22?dir=//proc&item=locks&action=download HTTP/1.1" 200 1267 "-" "Mozilla/5.0 (compatible; MJ12bot/v1.4.8; http://mj12bot.com/)"
172.69.165.19 - - [06/Feb/2025:00:28:08 +0700] "GET /search/%22%20.%20esc_url(%20admin_url()%20)%20.%20%22?dir=//proc&item=locks&action=edit HTTP/1.1" 200 33449 "-" "Mozilla/5.0 (compatible; MJ12bot/v1.4.8; http://mj12bot.com/)"
172.69.165.18 - - [06/Feb/2025:00:28:13 +0700] "POST /wp-cron.php?doing_wp_cron=1738776493.3692419528961181640625 HTTP/1.1" 200 31 "-" "CAyR5ouJEtNB"
172.69.165.19 - - [06/Feb/2025:00:28:13 +0700] "GET /search/%22%20.%20esc_url(%20admin_url()%20)%20.%20%22?dir=//proc&item=mdstat&action=chmod HTTP/1.1" 200 33183 "-" "Mozilla/5.0 (compatible; MJ12bot/v1.4.8; http://mj12bot.com/)"
162.158.163.97 - - [06/Feb/2025:00:28:13 +0700] "POST /wp-admin/admin-ajax.php?action=async_litespeed&nonce=zt24EsoA3CxQsTiVz3FVofFaPTqoLRpA&litespeed_type=imgoptm HTTP/1.1" 200 12363 "-" "yKDaOd7g0SLd"
172.69.165.18 - - [06/Feb/2025:00:28:15 +0700] "GET /search/%22%20.%20esc_url(%20admin_url()%20)%20.%20%22?dir=//proc&item=mdstat&action=download HTTP/1.1" 200 434 "-" "Mozilla/5.0 (compatible; MJ12bot/v1.4.8; http://mj12bot.com/)"
162.158.163.85 - - [06/Feb/2025:00:28:19 +0700] "POST /wp-cron.php?doing_wp_cron=1738776499.6029739379882812500000 HTTP/1.1" 200 31 "-" "9iCJfYYvsW2e"
172.69.165.19 - - [06/Feb/2025:00:28:19 +0700] "GET /search/%22%20.%20esc_url(%20admin_url()%20)%20.%20%22?dir=//proc&item=mdstat&action=rename HTTP/1.1" 200 33182 "-" "Mozilla/5.0 (compatible; MJ12bot/v1.4.8; http://mj12bot.com/)"
162.158.163.97 - - [06/Feb/2025:00:28:21 +0700] "GET /zhidingxinwen/article/13936684.html?dir=%2Fhome%2Fvietnamet.com%2Fpublic_html%2Fwp-content HTTP/1.1" 404 29378 "-" "Mozilla/5.0 (Linux; Android 5.0) AppleWebKit/537.36 (KHTML, like Gecko) Mobile Safari/537.36 (compatible; Bytespider; spider-feedback@bytedance.com)"
172.69.165.18 - - [06/Feb/2025:00:28:22 +0700] "GET /search/%22%20.%20esc_url(%20admin_url()%20)%20.%20%22?dir=//proc&item=meminfo&action=chmod HTTP/1.1" 200 33187 "-" "Mozilla/5.0 (compatible; MJ12bot/v1.4.8; http://mj12bot.com/)"
162.158.163.118 - - [06/Feb/2025:00:28:26 +0700] "POST /wp-cron.php?doing_wp_cron=1738776506.6095399856567382812500 HTTP/1.1" 200 31 "-" "J1glZMcMbDs4"
172.69.165.19 - - [06/Feb/2025:00:28:26 +0700] "GET /search/%22%20.%20esc_url(%20admin_url()%20)%20.%20%22?dir=//proc&item=meminfo&action=edit HTTP/1.1" 200 33753 "-" "Mozilla/5.0 (compatible; MJ12bot/v1.4.8; http://mj12bot.com/)"
162.158.163.97 - - [06/Feb/2025:00:28:30 +0700] "POST /wp-cron.php?doing_wp_cron=1738776510.2566630840301513671875 HTTP/1.1" 200 31 "-" "Opy1zOeEQLuT"
162.158.162.50 - - [06/Feb/2025:00:28:30 +0700] "GET /book/2644/05d2efe7665a6.html HTTP/1.1" 404 30076 "-" "Mozilla/5.0 (compatible; DotBot/1.2; +https://opensiteexplorer.org/dotbot; help@moz.com)"
172.69.165.18 - - [06/Feb/2025:00:28:30 +0700] "GET /search/%22%20.%20esc_url(%20admin_url()%20)%20.%20%22?dir=//proc&item=misc&action=chmod HTTP/1.1" 200 33182 "-" "Mozilla/5.0 (compatible; MJ12bot/v1.4.8; http://mj12bot.com/)"
172.69.165.19 - - [06/Feb/2025:00:28:33 +0700] "GET /search/%22%20.%20esc_url(%20admin_url()%20)%20.%20%22?dir=//proc&item=misc&action=download HTTP/1.1" 200 554 "-" "Mozilla/5.0 (compatible; MJ12bot/v1.4.8; http://mj12bot.com/)"
172.69.165.18 - - [06/Feb/2025:00:28:36 +0700] "GET /search/%22%20.%20esc_url(%20admin_url()%20)%20.%20%22?dir=//proc&item=misc&action=edit HTTP/1.1" 200 33365 "-" "Mozilla/5.0 (compatible; MJ12bot/v1.4.8; http://mj12bot.com/)"
172.69.165.19 - - [06/Feb/2025:00:28:39 +0700] "GET /search/%22%20.%20esc_url(%20admin_url()%20)%20.%20%22?dir=//proc&item=misc&action=rename HTTP/1.1" 200 33175 "-" "Mozilla/5.0 (compatible; MJ12bot/v1.4.8; http://mj12bot.com/)"
172.69.165.18 - - [06/Feb/2025:00:28:41 +0700] "GET /search/%22%20.%20esc_url(%20admin_url()%20)%20.%20%22?dir=//proc&item=modules&action=chmod HTTP/1.1" 200 33184 "-" "Mozilla/5.0 (compatible; MJ12bot/v1.4.8; http://mj12bot.com/)"
172.69.165.19 - - [06/Feb/2025:00:28:44 +0700] "GET /search/%22%20.%20esc_url(%20admin_url()%20)%20.%20%22?dir=//proc&item=modules&action=download HTTP/1.1" 200 5176 "-" "Mozilla/5.0 (compatible; MJ12bot/v1.4.8; http://mj12bot.com/)"
172.69.165.18 - - [06/Feb/2025:00:28:46 +0700] "GET /search/%22%20.%20esc_url(%20admin_url()%20)%20.%20%22?dir=//proc&item=modules&action=edit HTTP/1.1" 200 34257 "-" "Mozilla/5.0 (compatible; MJ12bot/v1.4.8; http://mj12bot.com/)"
172.69.165.18 - - [06/Feb/2025:00:28:52 +0700] "GET /search/%22%20.%20esc_url(%20admin_url()%20)%20.%20%22?dir=//proc&item=mounts&action=download HTTP/1.1" 200 2816 "-" "Mozilla/5.0 (compatible; MJ12bot/v1.4.8; http://mj12bot.com/)"
162.158.163.117 - - [06/Feb/2025:00:28:54 +0700] "POST /wp-cron.php?doing_wp_cron=1738776534.5807809829711914062500 HTTP/1.1" 200 31 "-" "EF5KPGNMQgE8"
172.69.165.18 - - [06/Feb/2025:00:28:54 +0700] "GET /search/%22%20.%20esc_url(%20admin_url()%20)%20.%20%22?dir=//proc&item=mounts&action=edit HTTP/1.1" 200 33821 "-" "Mozilla/5.0 (compatible; MJ12bot/v1.4.8; http://mj12bot.com/)"
172.69.165.18 - - [06/Feb/2025:00:28:57 +0700] "GET /search/%22%20.%20esc_url(%20admin_url()%20)%20.%20%22?dir=//proc&item=mounts&action=rename HTTP/1.1" 200 33182 "-" "Mozilla/5.0 (compatible; MJ12bot/v1.4.8; http://mj12bot.com/)"
162.158.162.251 - - [06/Feb/2025:00:29:00 +0700] "POST /wp-cron.php?doing_wp_cron=1738776540.8229050636291503906250 HTTP/1.1" 200 31 "-" "83xMvXM7oyIG"
162.158.163.97 - - [06/Feb/2025:00:29:01 +0700] "GET /book/2664/cf2d84e2dee00.html HTTP/1.1" 404 30079 "-" "Mozilla/5.0 (compatible; DotBot/1.2; +https://opensiteexplorer.org/dotbot; help@moz.com)"
172.69.165.18 - - [06/Feb/2025:00:29:05 +0700] "GET /search/%22%20.%20esc_url(%20admin_url()%20)%20.%20%22?dir=//proc&item=net&action=chmod HTTP/1.1" 200 33170 "-" "Mozilla/5.0 (compatible; MJ12bot/v1.4.8; http://mj12bot.com/)"
172.69.165.18 - - [06/Feb/2025:00:29:08 +0700] "GET /search/%22%20.%20esc_url(%20admin_url()%20)%20.%20%22?dir=//proc&item=net&action=rename HTTP/1.1" 200 33173 "-" "Mozilla/5.0 (compatible; MJ12bot/v1.4.8; http://mj12bot.com/)"
162.158.163.97 - - [06/Feb/2025:00:29:15 +0700] "POST /wp-cron.php?doing_wp_cron=1738776555.5435080528259277343750 HTTP/1.1" 200 31 "-" "KjTABOiGubVP"
162.158.162.102 - - [06/Feb/2025:00:29:15 +0700] "GET /aomenkaixuanmenguanwang/article/14370854.html?dir=%2Fhome%2Fvietnamet.com%2Fpublic_html%2Fca01a HTTP/1.1" 404 27625 "-" "Mozilla/5.0 (Linux; Android 5.0) AppleWebKit/537.36 (KHTML, like Gecko) Mobile Safari/537.36 (compatible; Bytespider; spider-feedback@bytedance.com)"
162.158.163.117 - - [06/Feb/2025:00:29:15 +0700] "POST /wp-admin/admin-ajax.php?action=async_litespeed&nonce=dwDCUX9iRzPNXcEq9YOnoFTNNHATZLJD&litespeed_type=crawler HTTP/1.1" 200 12362 "-" "to8hgB7ahNvT"
162.158.163.97 - - [06/Feb/2025:00:29:16 +0700] "POST /wp-admin/admin-ajax.php?action=async_litespeed&nonce=eJ2YV5SdSKf3V4HhtwiodVDE085H3ncz&litespeed_type=imgoptm HTTP/1.1" 200 12363 "-" "to8hgB7ahNvT"
162.158.162.23 - - [06/Feb/2025:00:29:29 +0700] "POST /wp-cron.php?doing_wp_cron=1738776569.4765450954437255859375 HTTP/1.1" 200 31 "-" "OWvf9wkjRHnZ"
162.158.163.97 - - [06/Feb/2025:00:29:29 +0700] "GET /book/2700/abb48a8c6a908.html HTTP/1.1" 404 30083 "-" "Mozilla/5.0 (compatible; DotBot/1.2; +https://opensiteexplorer.org/dotbot; help@moz.com)"
162.158.162.102 - - [06/Feb/2025:00:29:57 +0700] "POST /wp-cron.php?doing_wp_cron=1738776597.2477979660034179687500 HTTP/1.1" 200 31 "-" "1us3hB5Crpz6"
162.158.162.195 - - [06/Feb/2025:00:29:57 +0700] "GET /book/2704/27027cddd1efb.html HTTP/1.1" 404 30088 "-" "Mozilla/5.0 (compatible; DotBot/1.2; +https://opensiteexplorer.org/dotbot; help@moz.com)"
162.158.162.23 - - [06/Feb/2025:00:29:58 +0700] "POST /wp-cron.php?doing_wp_cron=1738776598.4782629013061523437500 HTTP/1.1" 200 31 "-" "6ikzaPxGwiy4"
162.158.163.118 - - [06/Feb/2025:00:29:58 +0700] "GET /link-vao-i9bet/?dir=/home/vietnamet.com/public_html/wp-content/plugins HTTP/1.1" 200 75074 "-" "Mozilla/5.0 (compatible; MJ12bot/v1.4.8; http://mj12bot.com/)"
162.158.163.117 - - [06/Feb/2025:00:30:09 +0700] "GET /zhidingxinwen/article/11736846.html?dir=%2Fhome%2Fvietnamet.com%2Fpublic_html%2Fwp-admin HTTP/1.1" 404 34150 "-" "Mozilla/5.0 (Linux; Android 5.0) AppleWebKit/537.36 (KHTML, like Gecko) Mobile Safari/537.36 (compatible; Bytespider; spider-feedback@bytedance.com)"
162.158.163.19 - - [06/Feb/2025:00:30:25 +0700] "POST /wp-cron.php?doing_wp_cron=1738776625.2893788814544677734375 HTTP/1.1" 200 31 "-" "3fsJYkBDjYBp"
162.158.162.194 - - [06/Feb/2025:00:30:25 +0700] "GET /book/2795/2918db3ece512.html HTTP/1.1" 404 30081 "-" "Mozilla/5.0 (compatible; DotBot/1.2; +https://opensiteexplorer.org/dotbot; help@moz.com)"
162.158.163.118 - - [06/Feb/2025:00:30:25 +0700] "POST /wp-admin/admin-ajax.php?action=async_litespeed&nonce=Aq3aMUeBSshojigBnxRbjYtEqUBUBZYO&litespeed_type=imgoptm HTTP/1.1" 200 12364 "-" "3PEJAOMEhipZ"
162.158.163.189 - - [06/Feb/2025:00:30:33 +0700] "POST /wp-cron.php?doing_wp_cron=1738776633.2166290283203125000000 HTTP/1.1" 200 31 "-" "l6WE0wblMQKV"
162.158.163.118 - - [06/Feb/2025:00:30:33 +0700] "GET /link-vao-i9bet/?dir=/home/vietnamet.com/public_html/wp-content/uploads HTTP/1.1" 200 74418 "-" "Mozilla/5.0 (compatible; MJ12bot/v1.4.8; http://mj12bot.com/)"
172.69.165.18 - - [06/Feb/2025:00:30:36 +0700] "GET /link-vao-i9bet/?dir=/home/vietnamet.com/public_html/wp-content/wflogs HTTP/1.1" 200 74771 "-" "Mozilla/5.0 (compatible; MJ12bot/v1.4.8; http://mj12bot.com/)"
162.158.163.118 - - [06/Feb/2025:00:30:47 +0700] "GET /search/%22%20.%20esc_url(%20admin_url()%20)%20.%20%22?dir=/&item=lost%20found&action=chmod HTTP/1.1" 200 25976 "-" "Mozilla/5.0 (compatible; MJ12bot/v1.4.8; http://mj12bot.com/)"
162.158.163.118 - - [06/Feb/2025:00:30:51 +0700] "POST /wp-cron.php?doing_wp_cron=1738776651.3302230834960937500000 HTTP/1.1" 200 31 "-" "CghueppqcCQp"
162.158.163.98 - - [06/Feb/2025:00:30:51 +0700] "GET /book/2800/e54ef57151f2d.html HTTP/1.1" 404 30086 "-" "Mozilla/5.0 (compatible; DotBot/1.2; +https://opensiteexplorer.org/dotbot; help@moz.com)"
162.158.162.18 - - [06/Feb/2025:00:31:03 +0700] "POST /wp-cron.php?doing_wp_cron=1738776663.3820490837097167968750 HTTP/1.1" 200 31 "-" "NaIjaLLIw1oW"
162.158.163.98 - - [06/Feb/2025:00:31:03 +0700] "GET /shichang/article/11736450.html?dir=%2Fhome%2Fvietnamet.com%2Fpublic_html%2Fwp-includes HTTP/1.1" 404 43737 "-" "Mozilla/5.0 (Linux; Android 5.0) AppleWebKit/537.36 (KHTML, like Gecko) Mobile Safari/537.36 (compatible; Bytespider; spider-feedback@bytedance.com)"
162.158.162.22 - - [06/Feb/2025:00:31:15 +0700] "POST /wp-cron.php?doing_wp_cron=1738776675.9742379188537597656250 HTTP/1.1" 200 31 "-" "v86b5DJxC0kp"
162.158.163.118 - - [06/Feb/2025:00:31:16 +0700] "GET /?dir=/home/vietnamet.com/public_html/wp-admin&item=upload.php&action=rename HTTP/1.1" 301 283209 "http://vietnamet.com/?dir=/home/vietnamet.com/public_html/wp-admin" "Mozilla/5.0 (Linux; Android 7.0;) AppleWebKit/537.36 (KHTML, like Gecko) Mobile Safari/537.36 (compatible; PetalBot;+https://webmaster.petalsearch.com/site/petalbot)"
162.158.162.47 - - [06/Feb/2025:00:31:16 +0700] "POST /wp-admin/admin-ajax.php?action=async_litespeed&nonce=yPqUrhbsYgbzEBTJHptmeQ0w6yEFxc18&litespeed_type=imgoptm HTTP/1.1" 200 12362 "-" "WuK6JqRId5S9"
162.158.163.90 - - [06/Feb/2025:00:31:16 +0700] "GET /book/2810/f929951135e1f.html HTTP/1.1" 404 30079 "-" "Mozilla/5.0 (compatible; DotBot/1.2; +https://opensiteexplorer.org/dotbot; help@moz.com)"
162.158.162.22 - - [06/Feb/2025:00:31:16 +0700] "GET /?dir=/home/vietnamet.com/public_html/wp-admin&item=upload.php&action=rename HTTP/1.1" 301 283200 "http://vietnamet.com/?dir=/home/vietnamet.com/public_html/wp-admin" "Mozilla/5.0 (Linux; Android 7.0;) AppleWebKit/537.36 (KHTML, like Gecko) Mobile Safari/537.36 (compatible; PetalBot;+https://webmaster.petalsearch.com/site/petalbot)"
162.158.163.97 - - [06/Feb/2025:00:31:16 +0700] "GET /?dir=/home/vietnamet.com/public_html/wp-admin&item=upload.php&action=rename HTTP/1.1" 301 283200 "http://vietnamet.com/?dir=/home/vietnamet.com/public_html/wp-admin" "Mozilla/5.0 (Linux; Android 7.0;) AppleWebKit/537.36 (KHTML, like Gecko) Mobile Safari/537.36 (compatible; PetalBot;+https://webmaster.petalsearch.com/site/petalbot)"
162.158.163.97 - - [06/Feb/2025:00:31:17 +0700] "GET /?dir=/home/vietnamet.com/public_html/wp-admin&item=upload.php&action=rename HTTP/1.1" 301 283216 "http://vietnamet.com/?dir=/home/vietnamet.com/public_html/wp-admin" "Mozilla/5.0 (Linux; Android 7.0;) AppleWebKit/537.36 (KHTML, like Gecko) Mobile Safari/537.36 (compatible; PetalBot;+https://webmaster.petalsearch.com/site/petalbot)"
162.158.163.180 - - [06/Feb/2025:00:31:17 +0700] "GET /?dir=/home/vietnamet.com/public_html/wp-admin&item=upload.php&action=rename HTTP/1.1" 301 283209 "http://vietnamet.com/?dir=/home/vietnamet.com/public_html/wp-admin" "Mozilla/5.0 (Linux; Android 7.0;) AppleWebKit/537.36 (KHTML, like Gecko) Mobile Safari/537.36 (compatible; PetalBot;+https://webmaster.petalsearch.com/site/petalbot)"
162.158.162.114 - - [06/Feb/2025:00:31:17 +0700] "GET /?dir=/home/vietnamet.com/public_html/wp-admin&item=upload.php&action=rename HTTP/1.1" 301 283201 "http://vietnamet.com/?dir=/home/vietnamet.com/public_html/wp-admin" "Mozilla/5.0 (Linux; Android 7.0;) AppleWebKit/537.36 (KHTML, like Gecko) Mobile Safari/537.36 (compatible; PetalBot;+https://webmaster.petalsearch.com/site/petalbot)"
162.158.163.118 - - [06/Feb/2025:00:31:17 +0700] "GET /?dir=/home/vietnamet.com/public_html/wp-admin&item=upload.php&action=rename HTTP/1.1" 301 283219 "http://vietnamet.com/?dir=/home/vietnamet.com/public_html/wp-admin" "Mozilla/5.0 (Linux; Android 7.0;) AppleWebKit/537.36 (KHTML, like Gecko) Mobile Safari/537.36 (compatible; PetalBot;+https://webmaster.petalsearch.com/site/petalbot)"
162.158.163.86 - - [06/Feb/2025:00:31:18 +0700] "GET /?dir=/home/vietnamet.com/public_html/wp-admin&item=upload.php&action=rename HTTP/1.1" 301 283185 "http://vietnamet.com/?dir=/home/vietnamet.com/public_html/wp-admin" "Mozilla/5.0 (Linux; Android 7.0;) AppleWebKit/537.36 (KHTML, like Gecko) Mobile Safari/537.36 (compatible; PetalBot;+https://webmaster.petalsearch.com/site/petalbot)"
162.158.163.111 - - [06/Feb/2025:00:31:18 +0700] "GET /?dir=/home/vietnamet.com/public_html/wp-admin&item=upload.php&action=rename HTTP/1.1" 301 283203 "http://vietnamet.com/?dir=/home/vietnamet.com/public_html/wp-admin" "Mozilla/5.0 (Linux; Android 7.0;) AppleWebKit/537.36 (KHTML, like Gecko) Mobile Safari/537.36 (compatible; PetalBot;+https://webmaster.petalsearch.com/site/petalbot)"
162.158.163.117 - - [06/Feb/2025:00:31:19 +0700] "GET /search/%22%20.%20esc_url(%20admin_url()%20)%20.%20%22?dir=//boot&item=System.map-5.4.0-204-generic&action=download HTTP/1.1" 302 336 "-" "Mozilla/5.0 (compatible; MJ12bot/v1.4.8; http://mj12bot.com/)"
162.158.163.118 - - [06/Feb/2025:00:31:19 +0700] "GET /?dir=/home/vietnamet.com/public_html/wp-admin&item=upload.php&action=rename HTTP/1.1" 301 283219 "http://vietnamet.com/?dir=/home/vietnamet.com/public_html/wp-admin" "Mozilla/5.0 (Linux; Android 7.0;) AppleWebKit/537.36 (KHTML, like Gecko) Mobile Safari/537.36 (compatible; PetalBot;+https://webmaster.petalsearch.com/site/petalbot)"
172.69.165.19 - - [06/Feb/2025:00:31:40 +0700] "POST /wp-cron.php?doing_wp_cron=1738776700.0528450012207031250000 HTTP/1.1" 200 31 "-" "kPG3irgILBL1"
162.158.163.97 - - [06/Feb/2025:00:31:40 +0700] "GET /book/2816/f8f51d72d9670.html HTTP/1.1" 404 30078 "-" "Mozilla/5.0 (compatible; DotBot/1.2; +https://opensiteexplorer.org/dotbot; help@moz.com)"
172.69.165.73 - - [06/Feb/2025:00:31:57 +0700] "POST /wp-cron.php?doing_wp_cron=1738776717.2934880256652832031250 HTTP/1.1" 200 31 "-" "LAUACLuoa2TG"
162.158.162.28 - - [06/Feb/2025:00:31:57 +0700] "GET /zhidingxinwen/article/11736814.html?dir=%2Fhome%2Fvietnamet.com%2Fpublic_html%2Fwp-includes HTTP/1.1" 404 43734 "-" "Mozilla/5.0 (Linux; Android 5.0) AppleWebKit/537.36 (KHTML, like Gecko) Mobile Safari/537.36 (compatible; Bytespider; spider-feedback@bytedance.com)"
162.158.163.98 - - [06/Feb/2025:00:32:03 +0700] "POST /wp-cron.php?doing_wp_cron=1738776723.0923540592193603515625 HTTP/1.1" 200 31 "-" "1hpX4Xk24NfX"
162.158.163.118 - - [06/Feb/2025:00:32:03 +0700] "GET /book/2818/8a55e3608cde4.html HTTP/1.1" 404 30088 "-" "Mozilla/5.0 (compatible; DotBot/1.2; +https://opensiteexplorer.org/dotbot; help@moz.com)"
172.69.165.18 - - [06/Feb/2025:00:32:19 +0700] "POST /wp-cron.php?doing_wp_cron=1738776739.8852279186248779296875 HTTP/1.1" 200 31 "-" "oR465XEMKSPj"
162.158.162.22 - - [06/Feb/2025:00:32:20 +0700] "GET /search/%22%20.%20esc_url(%20admin_url()%20)%20.%20%22?dir=//proc&item=pressure&action=chmod HTTP/1.1" 200 33180 "-" "Mozilla/5.0 (compatible; MJ12bot/v1.4.8; http://mj12bot.com/)"
162.158.163.118 - - [06/Feb/2025:00:32:20 +0700] "POST /wp-admin/admin-ajax.php?action=async_litespeed&nonce=CxtAOJ0HzYxCQmplvoFz2iSNszV8AKKA&litespeed_type=imgoptm HTTP/1.1" 200 12364 "-" "o8yNaoJtnUAX"
162.158.163.179 - - [06/Feb/2025:00:32:24 +0700] "POST /wp-cron.php?doing_wp_cron=1738776744.7767949104309082031250 HTTP/1.1" 200 31 "-" "WeUob0EA9OKW"
162.158.162.22 - - [06/Feb/2025:00:32:25 +0700] "GET /book/2822/d9529bd39841c.html HTTP/1.1" 404 30089 "-" "Mozilla/5.0 (compatible; DotBot/1.2; +https://opensiteexplorer.org/dotbot; help@moz.com)"
162.158.163.85 - - [06/Feb/2025:00:32:27 +0700] "POST /wp-cron.php?doing_wp_cron=1738776747.5775771141052246093750 HTTP/1.1" 200 31 "-" "ayHUpXeiyHFS"
162.158.162.22 - - [06/Feb/2025:00:32:27 +0700] "GET /search/%22%20.%20esc_url(%20admin_url()%20)%20.%20%22?dir=//proc&item=sched_debug&action=rename HTTP/1.1" 200 33188 "-" "Mozilla/5.0 (compatible; MJ12bot/v1.4.8; http://mj12bot.com/)"
162.158.162.22 - - [06/Feb/2025:00:32:29 +0700] "GET /search/%22%20.%20esc_url(%20admin_url()%20)%20.%20%22?dir=//proc&item=schedstat&action=chmod HTTP/1.1" 200 33177 "-" "Mozilla/5.0 (compatible; MJ12bot/v1.4.8; http://mj12bot.com/)"
162.158.162.22 - - [06/Feb/2025:00:32:31 +0700] "GET /search/%22%20.%20esc_url(%20admin_url()%20)%20.%20%22?dir=//proc&item=schedstat&action=download HTTP/1.1" 200 912 "-" "Mozilla/5.0 (compatible; MJ12bot/v1.4.8; http://mj12bot.com/)"
162.158.162.22 - - [06/Feb/2025:00:32:33 +0700] "GET /search/%22%20.%20esc_url(%20admin_url()%20)%20.%20%22?dir=//proc&item=schedstat&action=edit HTTP/1.1" 200 33389 "-" "Mozilla/5.0 (compatible; MJ12bot/v1.4.8; http://mj12bot.com/)"
162.158.162.22 - - [06/Feb/2025:00:32:37 +0700] "GET /search/%22%20.%20esc_url(%20admin_url()%20)%20.%20%22?dir=//proc&item=scsi&action=chmod HTTP/1.1" 200 33176 "-" "Mozilla/5.0 (compatible; MJ12bot/v1.4.8; http://mj12bot.com/)"
162.158.162.22 - - [06/Feb/2025:00:32:41 +0700] "GET /search/%22%20.%20esc_url(%20admin_url()%20)%20.%20%22?dir=//proc&item=4134085&action=chmod HTTP/1.1" 200 33188 "-" "Mozilla/5.0 (compatible; MJ12bot/v1.4.8; http://mj12bot.com/)"
162.158.162.22 - - [06/Feb/2025:00:32:42 +0700] "GET /search/%22%20.%20esc_url(%20admin_url()%20)%20.%20%22?dir=//proc&item=4134085&action=rename HTTP/1.1" 200 33137 "-" "Mozilla/5.0 (compatible; MJ12bot/v1.4.8; http://mj12bot.com/)"
162.158.162.22 - - [06/Feb/2025:00:32:45 +0700] "GET /search/%22%20.%20esc_url(%20admin_url()%20)%20.%20%22?dir=//proc&item=42&action=rename HTTP/1.1" 200 33130 "-" "Mozilla/5.0 (compatible; MJ12bot/v1.4.8; http://mj12bot.com/)"
162.158.163.90 - - [06/Feb/2025:00:32:45 +0700] "GET /book/2822/e648250b83f19.html HTTP/1.1" 404 30085 "-" "Mozilla/5.0 (compatible; DotBot/1.2; +https://opensiteexplorer.org/dotbot; help@moz.com)"
162.158.162.22 - - [06/Feb/2025:00:32:47 +0700] "GET /search/%22%20.%20esc_url(%20admin_url()%20)%20.%20%22?dir=//proc&item=42071&action=rename HTTP/1.1" 200 33140 "-" "Mozilla/5.0 (compatible; MJ12bot/v1.4.8; http://mj12bot.com/)"
172.69.165.19 - - [06/Feb/2025:00:32:49 +0700] "POST /wp-cron.php?doing_wp_cron=1738776769.3545300960540771484375 HTTP/1.1" 200 31 "-" "QLDiC5hwyoZy"
162.158.162.22 - - [06/Feb/2025:00:32:49 +0700] "GET /search/%22%20.%20esc_url(%20admin_url()%20)%20.%20%22?dir=//proc&item=44105&action=rename HTTP/1.1" 200 33174 "-" "Mozilla/5.0 (compatible; MJ12bot/v1.4.8; http://mj12bot.com/)"
172.69.165.72 - - [06/Feb/2025:00:32:51 +0700] "GET /aomenkaixuanmenguanwangzhuce/article/12952632.html?dir=%2Fhome%2Fvietnamet.com HTTP/1.1" 404 27592 "-" "Mozilla/5.0 (Linux; Android 5.0) AppleWebKit/537.36 (KHTML, like Gecko) Mobile Safari/537.36 (compatible; Bytespider; spider-feedback@bytedance.com)"
162.158.162.22 - - [06/Feb/2025:00:32:51 +0700] "GET /search/%22%20.%20esc_url(%20admin_url()%20)%20.%20%22?dir=//proc&item=459&action=rename HTTP/1.1" 200 33177 "-" "Mozilla/5.0 (compatible; MJ12bot/v1.4.8; http://mj12bot.com/)"
162.158.163.97 - - [06/Feb/2025:00:32:56 +0700] "GET /search/%22%20.%20esc_url(%20admin_url()%20)%20.%20%22?dir=//proc&item=600&action=rename HTTP/1.1" 200 33181 "-" "Mozilla/5.0 (compatible; MJ12bot/v1.4.8; http://mj12bot.com/)"
162.158.162.22 - - [06/Feb/2025:00:32:58 +0700] "POST /wp-cron.php?doing_wp_cron=1738776778.2909150123596191406250 HTTP/1.1" 200 31 "-" "7jIfxZD1YrdZ"
162.158.162.22 - - [06/Feb/2025:00:32:58 +0700] "GET /search/%22%20.%20esc_url(%20admin_url()%20)%20.%20%22?dir=//proc&item=61623&action=chmod HTTP/1.1" 200 33175 "-" "Mozilla/5.0 (compatible; MJ12bot/v1.4.8; http://mj12bot.com/)"
162.158.163.166 - - [06/Feb/2025:00:32:58 +0700] "GET / HTTP/1.1" 200 43290 "-" "Mozilla/5.0 (Linux; Android 10; K) AppleWebKit/537.36 (KHTML, like Gecko) Chrome/122.0.0.0 Mobile Safari/537.36"
162.158.162.114 - - [06/Feb/2025:00:32:59 +0700] "GET /?dir=/home/vietnamet.com/public_html&item=.htaccess&action=edit HTTP/1.1" 301 109496 "-" "Mozilla/5.0 (Linux; Android 10; K) AppleWebKit/537.36 (KHTML, like Gecko) Chrome/122.0.0.0 Mobile Safari/537.36"
162.158.162.114 - - [06/Feb/2025:00:33:00 +0700] "GET /?dir=%2Fhome%2Fvietnamet.com%2Fpublic_html&item=.htaccess&action=edit HTTP/1.1" 200 43770 "-" "Mozilla/5.0 (Linux; Android 10; K) AppleWebKit/537.36 (KHTML, like Gecko) Chrome/122.0.0.0 Mobile Safari/537.36"
162.158.163.97 - - [06/Feb/2025:00:33:00 +0700] "GET /?dir=/home/vietnamet.com/public_html&item=.htaccess&action=chmod HTTP/1.1" 301 108592 "-" "Mozilla/5.0 (Linux; Android 10; K) AppleWebKit/537.36 (KHTML, like Gecko) Chrome/122.0.0.0 Mobile Safari/537.36"
162.158.163.97 - - [06/Feb/2025:00:33:01 +0700] "GET /?dir=%2Fhome%2Fvietnamet.com%2Fpublic_html&item=.htaccess&action=chmod HTTP/1.1" 200 43401 "-" "Mozilla/5.0 (Linux; Android 10; K) AppleWebKit/537.36 (KHTML, like Gecko) Chrome/122.0.0.0 Mobile Safari/537.36"
162.158.163.20 - - [06/Feb/2025:00:33:02 +0700] "GET /?dir=/home/vietnamet.com/public_html&item=.htaccess&action=rename HTTP/1.1" 301 108586 "-" "Mozilla/5.0 (Linux; Android 10; K) AppleWebKit/537.36 (KHTML, like Gecko) Chrome/122.0.0.0 Mobile Safari/537.36"
162.158.163.20 - - [06/Feb/2025:00:33:02 +0700] "GET /?dir=%2Fhome%2Fvietnamet.com%2Fpublic_html&item=.htaccess&action=rename HTTP/1.1" 200 43389 "-" "Mozilla/5.0 (Linux; Android 10; K) AppleWebKit/537.36 (KHTML, like Gecko) Chrome/122.0.0.0 Mobile Safari/537.36"
162.158.163.97 - - [06/Feb/2025:00:33:03 +0700] "GET /search/%22%20.%20esc_url(%20admin_url()%20)%20.%20%22?dir=//boot&item=System.map-5.4.0-205-generic&action=rename HTTP/1.1" 200 25780 "-" "Mozilla/5.0 (compatible; MJ12bot/v1.4.8; http://mj12bot.com/)"
162.158.162.194 - - [06/Feb/2025:00:33:03 +0700] "GET /?dir=/home/vietnamet.com/public_html&item=.htaccess&action=download HTTP/1.1" 200 607 "-" "Mozilla/5.0 (Linux; Android 10; K) AppleWebKit/537.36 (KHTML, like Gecko) Chrome/122.0.0.0 Mobile Safari/537.36"
162.158.163.97 - - [06/Feb/2025:00:33:04 +0700] "GET /?dir=/home/vietnamet.com/public_html&item=.htaccess.bk&action=edit HTTP/1.1" 301 108929 "-" "Mozilla/5.0 (Linux; Android 10; K) AppleWebKit/537.36 (KHTML, like Gecko) Chrome/122.0.0.0 Mobile Safari/537.36"
