162.158.162.195 - - [06/Feb/2025:00:48:06 +0700] "GET /?dir=%2Fhome%2Fvietnamet.com%2Fpublic_html%2Fwp-includes%2Fjs%2Fdist%2Fscript-modules%2Fblock-library%2Fquery HTTP/1.1" 200 41100 "-" "Mozilla/5.0 (compatible; MJ12bot/v1.4.8; http://mj12bot.com/)"
162.158.162.108 - - [06/Feb/2025:00:48:07 +0700] "GET /zhidingxinwen/article/13690969.html?dir=%2Fhome%2Fvietnamet.com%2Fpublic_html%2Fwp-includes HTTP/1.1" 404 43738 "-" "Mozilla/5.0 (Linux; Android 5.0) AppleWebKit/537.36 (KHTML, like Gecko) Mobile Safari/537.36 (compatible; Bytespider; spider-feedback@bytedance.com)"
162.158.162.22 - - [06/Feb/2025:00:48:10 +0700] "GET /search/%22%20.%20esc_url(%20admin_url()%20)%20.%20%22?dir=//boot&item=initrd.img&action=edit HTTP/1.1" 500 18500 "-" "Mozilla/5.0 (compatible; MJ12bot/v1.4.8; http://mj12bot.com/)"
162.158.162.22 - - [06/Feb/2025:00:48:13 +0700] "GET /wp-content/install.php HTTP/1.1" 200 37 "https://vietnamet.com/wp-content/install.php" "Mozilla/5.0 (Windows NT 10.0; Win64; x64) AppleWebKit/537.36 (KHTML, like Gecko) Chrome/58.0.3029.110 Safari/537.3"
162.158.163.97 - - [06/Feb/2025:00:48:14 +0700] "POST /wp-cron.php?doing_wp_cron=1738777694.1623868942260742187500 HTTP/1.1" 200 31 "-" "f8jlYHA38ZeA"
162.158.163.98 - - [06/Feb/2025:00:48:14 +0700] "GET / HTTP/1.1" 200 43279 "https://vietnamet.com" "Mozilla/5.0 (Windows NT 10.0; Win64; x64) AppleWebKit/537.36 (KHTML, like Gecko) Chrome/58.0.3029.110 Safari/537.3"
162.158.162.22 - - [06/Feb/2025:00:48:14 +0700] "POST /wp-admin/admin-ajax.php?action=async_litespeed&nonce=H5Ar8HGcfsBEsXV3yvBXJBjj4VF3iu5C&litespeed_type=imgoptm HTTP/1.1" 200 12363 "-" "Du7HQY1hAyWO"
162.158.163.97 - - [06/Feb/2025:00:48:21 +0700] "POST /wp-cron.php?doing_wp_cron=1738777701.7546319961547851562500 HTTP/1.1" 200 31 "-" "w7xGgmHoKxby"
162.158.162.194 - - [06/Feb/2025:00:48:21 +0700] "GET /?dir=/home/vietnamet.com/public_html/wp-includes/js/dist/script-modules/block-library/search HTTP/1.1" 301 35090 "-" "Mozilla/5.0 (compatible; MJ12bot/v1.4.8; http://mj12bot.com/)"
162.158.163.97 - - [06/Feb/2025:00:48:27 +0700] "POST /wp-cron.php?doing_wp_cron=1738777707.0879850387573242187500 HTTP/1.1" 200 31 "-" "lCjgwz67LLUu"
162.158.163.97 - - [06/Feb/2025:00:48:27 +0700] "GET /?dir=%2Fhome%2Fvietnamet.com%2Fpublic_html%2Fwp-includes%2Fjs%2Fdist%2Fscript-modules%2Fblock-library%2Fsearch HTTP/1.1" 200 41106 "-" "Mozilla/5.0 (compatible; MJ12bot/v1.4.8; http://mj12bot.com/)"
162.158.163.97 - - [06/Feb/2025:00:48:36 +0700] "GET /?dir=/home/vietnamet.com/public_html/wp-includes/js/dist/script-modules/interactivity&item=.&action=chmod HTTP/1.1" 301 41277 "-" "Mozilla/5.0 (compatible; MJ12bot/v1.4.8; http://mj12bot.com/)"
162.158.162.23 - - [06/Feb/2025:00:48:44 +0700] "GET /search/%22%20.%20esc_url(%20admin_url()%20)%20.%20%22?dir=//boot&item=initrd.img-5.4.0-205-generic&action=download HTTP/1.1" 500 0 "-" "Mozilla/5.0 (compatible; MJ12bot/v1.4.8; http://mj12bot.com/)"
162.158.163.117 - - [06/Feb/2025:00:48:44 +0700] "GET /?dir=%2Fhome%2Fvietnamet.com%2Fpublic_html%2Fwp-includes%2Fjs%2Fdist%2Fscript-modules%2Finteractivity&item=.&action=chmod HTTP/1.1" 200 41378 "-" "Mozilla/5.0 (compatible; MJ12bot/v1.4.8; http://mj12bot.com/)"
172.69.165.19 - - [06/Feb/2025:00:48:52 +0700] "POST /wp-cron.php?doing_wp_cron=1738777732.7894990444183349609375 HTTP/1.1" 200 31 "-" "7b4KKjqSFiA0"
162.158.163.117 - - [06/Feb/2025:00:48:52 +0700] "GET /?dir=/home/vietnamet.com/public_html/wp-includes/js/dist/script-modules/interactivity&item=..&action=chmod HTTP/1.1" 301 41281 "-" "Mozilla/5.0 (compatible; MJ12bot/v1.4.8; http://mj12bot.com/)"
162.158.163.112 - - [06/Feb/2025:00:48:59 +0700] "POST /wp-cron.php?doing_wp_cron=1738777739.3939139842987060546875 HTTP/1.1" 200 31 "-" "BFhqQ1iFPEPV"
162.158.163.89 - - [06/Feb/2025:00:49:00 +0700] "GET /?dir=%2Fhome%2Fvietnamet.com%2Fpublic_html%2Fwp-includes%2Fjs%2Fdist%2Fscript-modules%2Finteractivity&item=..&action=chmod HTTP/1.1" 200 41379 "-" "Mozilla/5.0 (compatible; MJ12bot/v1.4.8; http://mj12bot.com/)"
162.158.163.117 - - [06/Feb/2025:00:49:00 +0700] "GET /jijin/article/14433136.html?dir=%2Fhome HTTP/1.1" 404 27812 "-" "Mozilla/5.0 (Linux; Android 5.0) AppleWebKit/537.36 (KHTML, like Gecko) Mobile Safari/537.36 (compatible; Bytespider; spider-feedback@bytedance.com)"
172.69.165.19 - - [06/Feb/2025:00:49:13 +0700] "GET /wp-content/install.php?id=948718 HTTP/1.1" 499 0 "-" "GuzzleHttp/7"
162.158.163.117 - - [06/Feb/2025:00:49:13 +0700] "GET /wp-content/install.php HTTP/1.1" 200 37 "-" "GuzzleHttp/7"
162.158.163.117 - - [06/Feb/2025:00:49:15 +0700] "POST /wp-cron.php?doing_wp_cron=1738777755.5595800876617431640625 HTTP/1.1" 200 31 "-" "nT2DeWBQC6rM"
162.158.163.90 - - [06/Feb/2025:00:49:15 +0700] "GET /?dir=/home/vietnamet.com/public_html/wp-includes/js/dist/script-modules/interactivity&item=debug.js&action=chmod HTTP/1.1" 301 41284 "-" "Mozilla/5.0 (compatible; MJ12bot/v1.4.8; http://mj12bot.com/)"
162.158.162.23 - - [06/Feb/2025:00:49:16 +0700] "POST /wp-admin/admin-ajax.php?action=async_litespeed&nonce=amTK5QJKzjFCzh4VpNU6mnOuXM6tAGEn&litespeed_type=crawler HTTP/1.1" 200 12359 "-" "ln2i91ugfpja"
162.158.163.97 - - [06/Feb/2025:00:49:16 +0700] "POST /wp-admin/admin-ajax.php?action=async_litespeed&nonce=wbdRSKCSJGYxyMcsvilhKomYHu3Voc0k&litespeed_type=imgoptm HTTP/1.1" 200 12360 "-" "ln2i91ugfpja"
162.158.163.90 - - [06/Feb/2025:00:49:18 +0700] "GET /wp-content/install.php HTTP/1.1" 200 37 "-" "GuzzleHttp/7"
162.158.162.23 - - [06/Feb/2025:00:49:21 +0700] "POST /wp-cron.php?doing_wp_cron=1738777760.9633150100708007812500 HTTP/1.1" 200 31 "-" "yMcpMfswbT8G"
172.69.165.18 - - [06/Feb/2025:00:49:21 +0700] "GET /?dir=%2Fhome%2Fvietnamet.com%2Fpublic_html%2Fwp-includes%2Fjs%2Fdist%2Fscript-modules%2Finteractivity&item=debug.js&action=chmod HTTP/1.1" 200 41382 "-" "Mozilla/5.0 (compatible; MJ12bot/v1.4.8; http://mj12bot.com/)"
162.158.162.23 - - [06/Feb/2025:00:49:29 +0700] "GET /search/%22%20.%20esc_url(%20admin_url()%20)%20.%20%22?dir=//boot&item=initrd.img.old&action=edit HTTP/1.1" 500 18504 "-" "Mozilla/5.0 (compatible; MJ12bot/v1.4.8; http://mj12bot.com/)"
172.69.165.19 - - [06/Feb/2025:00:49:32 +0700] "GET /?dir=/home/vietnamet.com/public_html/wp-includes/js/dist/script-modules/interactivity&item=debug.js&action=download HTTP/1.1" 200 31580 "-" "Mozilla/5.0 (compatible; MJ12bot/v1.4.8; http://mj12bot.com/)"
162.158.163.224 - - [06/Feb/2025:00:49:34 +0700] "GET /wp-content/install.php HTTP/1.1" 200 37 "-" "GuzzleHttp/7"
162.158.163.118 - - [06/Feb/2025:00:49:39 +0700] "POST /wp-cron.php?doing_wp_cron=1738777779.6783459186553955078125 HTTP/1.1" 200 31 "-" "9D8u3g7yRSTv"
172.69.165.19 - - [06/Feb/2025:00:49:39 +0700] "GET /?dir=/home/vietnamet.com/public_html/wp-includes/js/dist/script-modules/interactivity&item=debug.js&action=edit HTTP/1.1" 301 160503 "-" "Mozilla/5.0 (compatible; MJ12bot/v1.4.8; http://mj12bot.com/)"
162.158.162.207 - - [06/Feb/2025:00:49:45 +0700] "GET /?dir=%2Fhome%2Fvietnamet.com%2Fpublic_html%2Fwp-includes%2Fjs%2Fdist%2Fscript-modules%2Finteractivity&item=debug.js&action=edit HTTP/1.1" 200 73569 "-" "Mozilla/5.0 (compatible; MJ12bot/v1.4.8; http://mj12bot.com/)"
162.158.162.22 - - [06/Feb/2025:00:49:54 +0700] "POST /wp-cron.php?doing_wp_cron=1738777794.1221129894256591796875 HTTP/1.1" 200 31 "-" "0GqcIEk2Yegn"
162.158.163.118 - - [06/Feb/2025:00:49:54 +0700] "GET /aomenkaixuanmenguanfangwangzhi/article/12338062.html?dir=%2Fhome%2Fvietnamet.com%2Fpublic_html%2Fca01a HTTP/1.1" 404 27627 "-" "Mozilla/5.0 (Linux; Android 5.0) AppleWebKit/537.36 (KHTML, like Gecko) Mobile Safari/537.36 (compatible; Bytespider; spider-feedback@bytedance.com)"
162.158.162.22 - - [06/Feb/2025:00:49:58 +0700] "POST /wp-cron.php?doing_wp_cron=1738777798.7739820480346679687500 HTTP/1.1" 200 31 "-" "DmyzxrztgbWU"
162.158.162.207 - - [06/Feb/2025:00:49:58 +0700] "GET /?dir=/home/vietnamet.com/public_html/wp-includes/js/dist/script-modules/interactivity&item=debug.js&action=rename HTTP/1.1" 301 41289 "-" "Mozilla/5.0 (compatible; MJ12bot/v1.4.8; http://mj12bot.com/)"
162.158.163.89 - - [06/Feb/2025:00:50:03 +0700] "GET /?dir=%2Fhome%2Fvietnamet.com%2Fpublic_html%2Fwp-includes%2Fjs%2Fdist%2Fscript-modules%2Finteractivity&item=debug.js&action=rename HTTP/1.1" 200 41381 "-" "Mozilla/5.0 (compatible; MJ12bot/v1.4.8; http://mj12bot.com/)"
162.158.163.89 - - [06/Feb/2025:00:50:12 +0700] "GET /?dir=/home/vietnamet.com/public_html/wp-includes/js/dist/script-modules/interactivity&item=debug.min.js&action=chmod HTTP/1.1" 301 41288 "-" "Mozilla/5.0 (compatible; MJ12bot/v1.4.8; http://mj12bot.com/)"
162.158.163.153 - - [06/Feb/2025:00:50:13 +0700] "POST /wp-cron.php?doing_wp_cron=1738777813.6268639564514160156250 HTTP/1.1" 200 31 "-" "7FCRKMmTsIkm"
162.158.162.23 - - [06/Feb/2025:00:50:14 +0700] "GET /search/%22%20.%20esc_url(%20admin_url()%20)%20.%20%22?dir=//boot&item=vmlinuz&action=edit HTTP/1.1" 200 25789 "-" "Mozilla/5.0 (compatible; MJ12bot/v1.4.8; http://mj12bot.com/)"
172.69.165.63 - - [06/Feb/2025:00:50:14 +0700] "POST /wp-admin/admin-ajax.php?action=async_litespeed&nonce=jnknykkT8v9xFPnqGKtot0wWTjkDLSqm&litespeed_type=imgoptm HTTP/1.1" 200 12360 "-" "0Z5FawXmXT5o"
162.158.162.19 - - [06/Feb/2025:00:50:21 +0700] "POST /wp-cron.php?doing_wp_cron=1738777821.2736659049987792968750 HTTP/1.1" 200 31 "-" "HfIt5ro9RYRN"
172.69.165.18 - - [06/Feb/2025:00:50:21 +0700] "GET /?dir=%2Fhome%2Fvietnamet.com%2Fpublic_html%2Fwp-includes%2Fjs%2Fdist%2Fscript-modules%2Finteractivity&item=debug.min.js&action=chmod HTTP/1.1" 200 41379 "-" "Mozilla/5.0 (compatible; MJ12bot/v1.4.8; http://mj12bot.com/)"
172.69.165.18 - - [06/Feb/2025:00:50:29 +0700] "GET /?dir=/home/vietnamet.com/public_html/wp-includes/js/dist/script-modules/interactivity&item=debug.min.js&action=download HTTP/1.1" 200 17369 "-" "Mozilla/5.0 (compatible; MJ12bot/v1.4.8; http://mj12bot.com/)"
172.69.165.18 - - [06/Feb/2025:00:50:35 +0700] "POST /wp-cron.php?doing_wp_cron=1738777834.9698350429534912109375 HTTP/1.1" 200 31 "-" "bi8kl4HZEJyv"
172.69.165.18 - - [06/Feb/2025:00:50:35 +0700] "GET /?dir=/home/vietnamet.com/public_html/wp-includes/js/dist/script-modules/interactivity&item=debug.min.js&action=edit HTTP/1.1" 301 95459 "-" "Mozilla/5.0 (compatible; MJ12bot/v1.4.8; http://mj12bot.com/)"
162.158.162.105 - - [06/Feb/2025:00:50:41 +0700] "GET /?dir=%2Fhome%2Fvietnamet.com%2Fpublic_html%2Fwp-includes%2Fjs%2Fdist%2Fscript-modules%2Finteractivity&item=debug.min.js&action=edit HTTP/1.1" 200 59311 "-" "Mozilla/5.0 (compatible; MJ12bot/v1.4.8; http://mj12bot.com/)"
162.158.163.118 - - [06/Feb/2025:00:50:43 +0700] "GET /wp-content/install.php?id=948718 HTTP/1.1" 499 0 "-" "GuzzleHttp/7"
172.69.165.18 - - [06/Feb/2025:00:50:44 +0700] "GET /wp-content/install.php HTTP/1.1" 200 37 "-" "GuzzleHttp/7"
172.69.165.18 - - [06/Feb/2025:00:50:46 +0700] "GET /wp-content/install.php HTTP/1.1" 200 37 "-" "GuzzleHttp/7"
172.69.165.18 - - [06/Feb/2025:00:50:48 +0700] "POST /wp-cron.php?doing_wp_cron=1738777848.1559391021728515625000 HTTP/1.1" 200 31 "-" "IlZS3z5Npqj4"
162.158.162.23 - - [06/Feb/2025:00:50:48 +0700] "GET /zhidingxinwen/article/13363016.html?dir=%2Fhome%2Fvietnamet.com%2Fpublic_html%2Fwp-includes HTTP/1.1" 404 43733 "-" "Mozilla/5.0 (Linux; Android 5.0) AppleWebKit/537.36 (KHTML, like Gecko) Mobile Safari/537.36 (compatible; Bytespider; spider-feedback@bytedance.com)"
162.158.162.23 - - [06/Feb/2025:00:50:52 +0700] "GET /wp-content/install.php HTTP/1.1" 200 37 "-" "GuzzleHttp/7"
172.69.165.18 - - [06/Feb/2025:00:50:54 +0700] "GET /wp-content/install.php HTTP/1.1" 200 37 "-" "GuzzleHttp/7"
162.158.163.97 - - [06/Feb/2025:00:50:55 +0700] "GET /wp-content/install.php HTTP/1.1" 200 37 "-" "GuzzleHttp/7"
162.158.163.97 - - [06/Feb/2025:00:50:55 +0700] "GET /wp-content/install.php HTTP/1.1" 200 37 "-" "GuzzleHttp/7"
162.158.162.105 - - [06/Feb/2025:00:50:55 +0700] "GET /?dir=/home/vietnamet.com/public_html/wp-includes/js/dist/script-modules/interactivity&item=debug.min.js&action=rename HTTP/1.1" 301 41295 "-" "Mozilla/5.0 (compatible; MJ12bot/v1.4.8; http://mj12bot.com/)"
162.158.162.18 - - [06/Feb/2025:00:50:58 +0700] "POST /wp-cron.php?doing_wp_cron=1738777858.2042520046234130859375 HTTP/1.1" 200 31 "-" "spy1oNFtvsWv"
162.158.162.23 - - [06/Feb/2025:00:50:58 +0700] "GET /search/%22%20.%20esc_url(%20admin_url()%20)%20.%20%22?dir=//boot&item=vmlinuz-5.4.0-204-generic&action=rename HTTP/1.1" 200 25769 "-" "Mozilla/5.0 (compatible; MJ12bot/v1.4.8; http://mj12bot.com/)"
162.158.163.97 - - [06/Feb/2025:00:50:58 +0700] "GET /wp-content/install.php HTTP/1.1" 200 37 "-" "GuzzleHttp/7"
162.158.163.165 - - [06/Feb/2025:00:51:01 +0700] "GET /?dir=%2Fhome%2Fvietnamet.com%2Fpublic_html%2Fwp-includes%2Fjs%2Fdist%2Fscript-modules%2Finteractivity&item=debug.min.js&action=rename HTTP/1.1" 200 41391 "-" "Mozilla/5.0 (compatible; MJ12bot/v1.4.8; http://mj12bot.com/)"
162.158.163.165 - - [06/Feb/2025:00:51:11 +0700] "GET /?dir=/home/vietnamet.com/public_html/wp-includes/js/dist/script-modules/interactivity&item=index.js&action=chmod HTTP/1.1" 301 41285 "-" "Mozilla/5.0 (compatible; MJ12bot/v1.4.8; http://mj12bot.com/)"
162.158.163.223 - - [06/Feb/2025:00:51:17 +0700] "POST /wp-cron.php?doing_wp_cron=1738777877.4185020923614501953125 HTTP/1.1" 200 31 "-" "cbEy0xlZofpH"
172.69.165.19 - - [06/Feb/2025:00:51:17 +0700] "GET /?dir=/home/vietnamet.com/public_html/wp-admin&item=comment.php&action=chmod HTTP/1.1" 301 282897 "http://vietnamet.com/?dir=/home/vietnamet.com/public_html/wp-admin" "Mozilla/5.0 (Linux; Android 7.0;) AppleWebKit/537.36 (KHTML, like Gecko) Mobile Safari/537.36 (compatible; PetalBot;+https://webmaster.petalsearch.com/site/petalbot)"
162.158.162.105 - - [06/Feb/2025:00:51:18 +0700] "GET /?dir=%2Fhome%2Fvietnamet.com%2Fpublic_html%2Fwp-includes%2Fjs%2Fdist%2Fscript-modules%2Finteractivity&item=index.js&action=chmod HTTP/1.1" 200 41389 "-" "Mozilla/5.0 (compatible; MJ12bot/v1.4.8; http://mj12bot.com/)"
162.158.163.19 - - [06/Feb/2025:00:51:18 +0700] "POST /wp-admin/admin-ajax.php?action=async_litespeed&nonce=dvhxQLeq85SaY6RudgGvXwoQnTjdcKnp&litespeed_type=imgoptm HTTP/1.1" 200 12361 "-" "N4ooe7slq7WL"
172.69.165.19 - - [06/Feb/2025:00:51:18 +0700] "GET /?dir=/home/vietnamet.com/public_html/wp-admin&item=comment.php&action=chmod HTTP/1.1" 301 283228 "http://vietnamet.com/?dir=/home/vietnamet.com/public_html/wp-admin" "Mozilla/5.0 (Linux; Android 7.0;) AppleWebKit/537.36 (KHTML, like Gecko) Mobile Safari/537.36 (compatible; PetalBot;+https://webmaster.petalsearch.com/site/petalbot)"
162.158.163.118 - - [06/Feb/2025:00:51:19 +0700] "GET /?dir=/home/vietnamet.com/public_html/wp-admin&item=comment.php&action=chmod HTTP/1.1" 301 283198 "http://vietnamet.com/?dir=/home/vietnamet.com/public_html/wp-admin" "Mozilla/5.0 (Linux; Android 7.0;) AppleWebKit/537.36 (KHTML, like Gecko) Mobile Safari/537.36 (compatible; PetalBot;+https://webmaster.petalsearch.com/site/petalbot)"
172.69.165.19 - - [06/Feb/2025:00:51:19 +0700] "GET /?dir=/home/vietnamet.com/public_html/wp-admin&item=comment.php&action=chmod HTTP/1.1" 301 283222 "http://vietnamet.com/?dir=/home/vietnamet.com/public_html/wp-admin" "Mozilla/5.0 (Linux; Android 7.0;) AppleWebKit/537.36 (KHTML, like Gecko) Mobile Safari/537.36 (compatible; PetalBot;+https://webmaster.petalsearch.com/site/petalbot)"
172.69.165.19 - - [06/Feb/2025:00:51:20 +0700] "GET /?dir=/home/vietnamet.com/public_html/wp-admin&item=comment.php&action=chmod HTTP/1.1" 301 283212 "http://vietnamet.com/?dir=/home/vietnamet.com/public_html/wp-admin" "Mozilla/5.0 (Linux; Android 7.0;) AppleWebKit/537.36 (KHTML, like Gecko) Mobile Safari/537.36 (compatible; PetalBot;+https://webmaster.petalsearch.com/site/petalbot)"
162.158.162.195 - - [06/Feb/2025:00:51:20 +0700] "GET /?dir=/home/vietnamet.com/public_html/wp-admin&item=comment.php&action=chmod HTTP/1.1" 301 283200 "http://vietnamet.com/?dir=/home/vietnamet.com/public_html/wp-admin" "Mozilla/5.0 (Linux; Android 7.0;) AppleWebKit/537.36 (KHTML, like Gecko) Mobile Safari/537.36 (compatible; PetalBot;+https://webmaster.petalsearch.com/site/petalbot)"
162.158.163.98 - - [06/Feb/2025:00:51:21 +0700] "GET /?dir=/home/vietnamet.com/public_html/wp-admin&item=comment.php&action=chmod HTTP/1.1" 301 283199 "http://vietnamet.com/?dir=/home/vietnamet.com/public_html/wp-admin" "Mozilla/5.0 (Linux; Android 7.0;) AppleWebKit/537.36 (KHTML, like Gecko) Mobile Safari/537.36 (compatible; PetalBot;+https://webmaster.petalsearch.com/site/petalbot)"
162.158.162.22 - - [06/Feb/2025:00:51:21 +0700] "GET /?dir=/home/vietnamet.com/public_html/wp-admin&item=comment.php&action=chmod HTTP/1.1" 301 283184 "http://vietnamet.com/?dir=/home/vietnamet.com/public_html/wp-admin" "Mozilla/5.0 (Linux; Android 7.0;) AppleWebKit/537.36 (KHTML, like Gecko) Mobile Safari/537.36 (compatible; PetalBot;+https://webmaster.petalsearch.com/site/petalbot)"
162.158.163.118 - - [06/Feb/2025:00:51:21 +0700] "GET /?dir=/home/vietnamet.com/public_html/wp-admin&item=comment.php&action=chmod HTTP/1.1" 301 283214 "http://vietnamet.com/?dir=/home/vietnamet.com/public_html/wp-admin" "Mozilla/5.0 (Linux; Android 7.0;) AppleWebKit/537.36 (KHTML, like Gecko) Mobile Safari/537.36 (compatible; PetalBot;+https://webmaster.petalsearch.com/site/petalbot)"
162.158.163.118 - - [06/Feb/2025:00:51:21 +0700] "GET /?dir=/home/vietnamet.com/public_html/wp-admin&item=comment.php&action=chmod HTTP/1.1" 301 283230 "http://vietnamet.com/?dir=/home/vietnamet.com/public_html/wp-admin" "Mozilla/5.0 (Linux; Android 7.0;) AppleWebKit/537.36 (KHTML, like Gecko) Mobile Safari/537.36 (compatible; PetalBot;+https://webmaster.petalsearch.com/site/petalbot)"
162.158.162.105 - - [06/Feb/2025:00:51:28 +0700] "GET /?dir=/home/vietnamet.com/public_html/wp-includes/js/dist/script-modules/interactivity&item=index.js&action=download HTTP/1.1" 200 27607 "-" "Mozilla/5.0 (compatible; MJ12bot/v1.4.8; http://mj12bot.com/)"
162.158.163.98 - - [06/Feb/2025:00:51:34 +0700] "POST /wp-cron.php?doing_wp_cron=1738777894.6402099132537841796875 HTTP/1.1" 200 31 "-" "UPnbjCQwkK0e"
162.158.162.105 - - [06/Feb/2025:00:51:34 +0700] "GET /?dir=/home/vietnamet.com/public_html/wp-includes/js/dist/script-modules/interactivity&item=index.js&action=edit HTTP/1.1" 301 145870 "-" "Mozilla/5.0 (compatible; MJ12bot/v1.4.8; http://mj12bot.com/)"
162.158.163.166 - - [06/Feb/2025:00:51:38 +0700] "GET /?dir=%2Fhome%2Fvietnamet.com%2Fpublic_html%2Fwp-includes%2Fjs%2Fdist%2Fscript-modules%2Finteractivity&item=index.js&action=edit HTTP/1.1" 200 69328 "-" "Mozilla/5.0 (compatible; MJ12bot/v1.4.8; http://mj12bot.com/)"
162.158.162.23 - - [06/Feb/2025:00:51:40 +0700] "GET /search/%22%20.%20esc_url(%20admin_url()%20)%20.%20%22?dir=//boot&item=vmlinuz.old&action=chmod HTTP/1.1" 200 25772 "-" "Mozilla/5.0 (compatible; MJ12bot/v1.4.8; http://mj12bot.com/)"
162.158.163.117 - - [06/Feb/2025:00:51:41 +0700] "GET /aomenkaixuanmenguanfangwangzhi/article/13403918.html?dir=%2Fhome%2Fvietnamet.com HTTP/1.1" 404 27588 "-" "Mozilla/5.0 (Linux; Android 5.0) AppleWebKit/537.36 (KHTML, like Gecko) Mobile Safari/537.36 (compatible; Bytespider; spider-feedback@bytedance.com)"
162.158.163.166 - - [06/Feb/2025:00:51:43 +0700] "GET /?dir=/home/vietnamet.com/public_html/wp-includes/js/dist/script-modules/interactivity&item=index.js&action=rename HTTP/1.1" 301 41291 "-" "Mozilla/5.0 (compatible; MJ12bot/v1.4.8; http://mj12bot.com/)"
162.158.162.23 - - [06/Feb/2025:00:51:44 +0700] "GET /search/%22%20.%20esc_url(%20admin_url()%20)%20.%20%22?dir=//boot&item=vmlinuz.old&action=download HTTP/1.1" 302 336 "-" "Mozilla/5.0 (compatible; MJ12bot/v1.4.8; http://mj12bot.com/)"
162.158.163.98 - - [06/Feb/2025:00:51:47 +0700] "GET /search/%22%20.%20esc_url(%20admin_url()%20)%20.%20%22?dir=//boot HTTP/1.1" 200 25649 "-" "Mozilla/5.0 (compatible; MJ12bot/v1.4.8; http://mj12bot.com/)"
162.158.163.98 - - [06/Feb/2025:00:51:48 +0700] "GET /?dir=%2Fhome%2Fvietnamet.com%2Fpublic_html%2Fwp-includes%2Fjs%2Fdist%2Fscript-modules%2Finteractivity&item=index.js&action=rename HTTP/1.1" 200 41383 "-" "Mozilla/5.0 (compatible; MJ12bot/v1.4.8; http://mj12bot.com/)"
162.158.163.98 - - [06/Feb/2025:00:51:59 +0700] "GET /wp-login.php HTTP/1.1" 404 47 "https://acsincorp.com/wp-login.php" "GRequests/0.10"
162.158.163.90 - - [06/Feb/2025:00:51:59 +0700] "GET /wp-login.php HTTP/1.1" 404 47 "https://acsincorp.com/wp-login.php" "GRequests/0.10"
172.69.165.63 - - [06/Feb/2025:00:52:00 +0700] "POST /wp-cron.php?doing_wp_cron=1738777920.2354440689086914062500 HTTP/1.1" 200 31 "-" "QWQZqNkBnAGL"
162.158.163.90 - - [06/Feb/2025:00:52:00 +0700] "GET /wp-admin/ HTTP/1.1" 200 12341 "https://acsincorp.com/wp-admin/" "GRequests/0.10"
162.158.163.98 - - [06/Feb/2025:00:52:03 +0700] "GET /?dir=/home/vietnamet.com/public_html/wp-includes/js/dist/script-modules/interactivity&item=index.min.js&action=chmod HTTP/1.1" 301 41288 "-" "Mozilla/5.0 (compatible; MJ12bot/v1.4.8; http://mj12bot.com/)"
162.158.163.98 - - [06/Feb/2025:00:52:08 +0700] "GET /?dir=%2Fhome%2Fvietnamet.com%2Fpublic_html%2Fwp-includes%2Fjs%2Fdist%2Fscript-modules%2Finteractivity&item=index.min.js&action=chmod HTTP/1.1" 200 41380 "-" "Mozilla/5.0 (compatible; MJ12bot/v1.4.8; http://mj12bot.com/)"
162.158.163.98 - - [06/Feb/2025:00:52:18 +0700] "GET /?dir=/home/vietnamet.com/public_html/wp-includes/js/dist/script-modules/interactivity&item=index.min.js&action=download HTTP/1.1" 200 13749 "-" "Mozilla/5.0 (compatible; MJ12bot/v1.4.8; http://mj12bot.com/)"
162.158.162.102 - - [06/Feb/2025:00:52:23 +0700] "POST /wp-cron.php?doing_wp_cron=1738777943.1477010250091552734375 HTTP/1.1" 200 31 "-" "hFTGOcUG7FDO"
162.158.163.98 - - [06/Feb/2025:00:52:23 +0700] "GET /?dir=/home/vietnamet.com/public_html/wp-includes/js/dist/script-modules/interactivity&item=index.min.js&action=edit HTTP/1.1" 301 83392 "-" "Mozilla/5.0 (compatible; MJ12bot/v1.4.8; http://mj12bot.com/)"
162.158.163.98 - - [06/Feb/2025:00:52:23 +0700] "POST /wp-admin/admin-ajax.php?action=async_litespeed&nonce=MDe78YCnkFBozfrDOnNsf8RGRTZS06x3&litespeed_type=imgoptm HTTP/1.1" 200 12363 "-" "bXAwZm1oTwpt"
162.158.163.98 - - [06/Feb/2025:00:52:24 +0700] "GET /search/%22%20.%20esc_url(%20admin_url()%20)%20.%20%22?dir=//dev&item=.&action=chmod HTTP/1.1" 200 25817 "-" "Mozilla/5.0 (compatible; MJ12bot/v1.4.8; http://mj12bot.com/)"
172.69.165.19 - - [06/Feb/2025:00:52:27 +0700] "POST /wp-cron.php?doing_wp_cron=1738777947.5229139328002929687500 HTTP/1.1" 200 31 "-" "8kGpUDVJxu2w"
162.158.163.98 - - [06/Feb/2025:00:52:28 +0700] "GET /search/%22%20.%20esc_url(%20admin_url()%20)%20.%20%22?dir=//dev&item=..&action=chmod HTTP/1.1" 200 25823 "-" "Mozilla/5.0 (compatible; MJ12bot/v1.4.8; http://mj12bot.com/)"
162.158.162.194 - - [06/Feb/2025:00:52:28 +0700] "GET /?dir=%2Fhome%2Fvietnamet.com%2Fpublic_html%2Fwp-includes%2Fjs%2Fdist%2Fscript-modules%2Finteractivity&item=index.min.js&action=edit HTTP/1.1" 200 55561 "-" "Mozilla/5.0 (compatible; MJ12bot/v1.4.8; http://mj12bot.com/)"
162.158.162.22 - - [06/Feb/2025:00:52:35 +0700] "GET /aomenkaixuanmenguanwangzhuce/article/12829768.html?dir=%2Fhome%2Fvietnamet.com%2Fpublic_html%2Fwp-admin HTTP/1.1" 404 34153 "-" "Mozilla/5.0 (Linux; Android 5.0) AppleWebKit/537.36 (KHTML, like Gecko) Mobile Safari/537.36 (compatible; Bytespider; spider-feedback@bytedance.com)"
162.158.163.97 - - [06/Feb/2025:00:52:41 +0700] "GET /search/%22%20.%20esc_url(%20admin_url()%20)%20.%20%22?dir=//dev&item=block&action=rename HTTP/1.1" 200 25823 "-" "Mozilla/5.0 (compatible; MJ12bot/v1.4.8; http://mj12bot.com/)"
162.158.162.195 - - [06/Feb/2025:00:52:41 +0700] "GET /?dir=/home/vietnamet.com/public_html/wp-includes/js/dist/script-modules/interactivity&item=index.min.js&action=rename HTTP/1.1" 301 41293 "-" "Mozilla/5.0 (compatible; MJ12bot/v1.4.8; http://mj12bot.com/)"
162.158.163.97 - - [06/Feb/2025:00:52:47 +0700] "GET /?dir=%2Fhome%2Fvietnamet.com%2Fpublic_html%2Fwp-includes%2Fjs%2Fdist%2Fscript-modules%2Finteractivity&item=index.min.js&action=rename HTTP/1.1" 200 41382 "-" "Mozilla/5.0 (compatible; MJ12bot/v1.4.8; http://mj12bot.com/)"
162.158.162.206 - - [06/Feb/2025:00:52:55 +0700] "POST /wp-cron.php?doing_wp_cron=1738777975.2021479606628417968750 HTTP/1.1" 200 31 "-" "zs5VeIQ3Q2er"
162.158.163.97 - - [06/Feb/2025:00:52:55 +0700] "GET /?dir=/home/vietnamet.com/public_html/wp-includes/js/tinymce/plugins/colorpicker&item=plugin.js&action=chmod HTTP/1.1" 301 38394 "-" "Mozilla/5.0 (compatible; MJ12bot/v1.4.8; http://mj12bot.com/)"
162.158.163.118 - - [06/Feb/2025:00:53:02 +0700] "POST /wp-cron.php?doing_wp_cron=1738777982.8405990600585937500000 HTTP/1.1" 200 31 "-" "nYbH231ie02h"
162.158.162.105 - - [06/Feb/2025:00:53:03 +0700] "GET /?dir=%2Fhome%2Fvietnamet.com%2Fpublic_html%2Fwp-includes%2Fjs%2Ftinymce%2Fplugins%2Fcolorpicker&item=plugin.js&action=chmod HTTP/1.1" 200 41312 "-" "Mozilla/5.0 (compatible; MJ12bot/v1.4.8; http://mj12bot.com/)"
162.158.163.97 - - [06/Feb/2025:00:53:03 +0700] "GET /search/%22%20.%20esc_url(%20admin_url()%20)%20.%20%22?dir=//dev&item=bsg&action=rename HTTP/1.1" 200 25826 "-" "Mozilla/5.0 (compatible; MJ12bot/v1.4.8; http://mj12bot.com/)"
162.158.162.105 - - [06/Feb/2025:00:53:10 +0700] "GET /?dir=/home/vietnamet.com/public_html/wp-includes/js/tinymce/plugins/compat3x/css&item=.&action=chmod HTTP/1.1" 301 33335 "-" "Mozilla/5.0 (compatible; MJ12bot/v1.4.8; http://mj12bot.com/)"
162.158.162.195 - - [06/Feb/2025:00:53:14 +0700] "POST /wp-cron.php?doing_wp_cron=1738777994.8348269462585449218750 HTTP/1.1" 200 31 "-" "6Kjyn6cmFWcp"
162.158.163.98 - - [06/Feb/2025:00:53:15 +0700] "GET /search/%22%20.%20esc_url(%20admin_url()%20)%20.%20%22?dir=//dev&item=char&action=chmod HTTP/1.1" 200 25822 "-" "Mozilla/5.0 (compatible; MJ12bot/v1.4.8; http://mj12bot.com/)"
172.69.165.19 - - [06/Feb/2025:00:53:15 +0700] "POST /wp-admin/admin-ajax.php?action=async_litespeed&nonce=jQyQGPgH8Ok9se9Rz8mkcqnSBHvcbDuP&litespeed_type=imgoptm HTTP/1.1" 200 12361 "-" "stN8L12Xiq0Y"
162.158.163.98 - - [06/Feb/2025:00:53:17 +0700] "POST /wp-cron.php?doing_wp_cron=1738777997.3282210826873779296875 HTTP/1.1" 200 31 "-" "r4cLHLIDKxCr"
162.158.163.89 - - [06/Feb/2025:00:53:17 +0700] "GET /?dir=%2Fhome%2Fvietnamet.com%2Fpublic_html%2Fwp-includes%2Fjs%2Ftinymce%2Fplugins%2Fcompat3x%2Fcss&item=.&action=chmod HTTP/1.1" 200 41154 "-" "Mozilla/5.0 (compatible; MJ12bot/v1.4.8; http://mj12bot.com/)"
162.158.163.117 - - [06/Feb/2025:00:53:23 +0700] "POST /wp-cron.php?doing_wp_cron=1738778003.2174439430236816406250 HTTP/1.1" 200 31 "-" "drOLky6OQLFY"
162.158.163.89 - - [06/Feb/2025:00:53:23 +0700] "GET /?dir=/home/vietnamet.com/public_html/wp-includes/js/tinymce/plugins/compat3x/css&item=..&action=chmod HTTP/1.1" 301 33335 "-" "Mozilla/5.0 (compatible; MJ12bot/v1.4.8; http://mj12bot.com/)"
162.158.163.98 - - [06/Feb/2025:00:53:23 +0700] "GET /search/%22%20.%20esc_url(%20admin_url()%20)%20.%20%22?dir=//dev&item=core&action=chmod HTTP/1.1" 200 25823 "-" "Mozilla/5.0 (compatible; MJ12bot/v1.4.8; http://mj12bot.com/)"
162.158.163.117 - - [06/Feb/2025:00:53:27 +0700] "POST /wp-cron.php?doing_wp_cron=1738778007.7568609714508056640625 HTTP/1.1" 200 31 "-" "l3RQcLevHkzo"
162.158.162.105 - - [06/Feb/2025:00:53:28 +0700] "GET /?dir=%2Fhome%2Fvietnamet.com%2Fpublic_html%2Fwp-includes%2Fjs%2Ftinymce%2Fplugins%2Fcompat3x%2Fcss&item=..&action=chmod HTTP/1.1" 200 41149 "-" "Mozilla/5.0 (compatible; MJ12bot/v1.4.8; http://mj12bot.com/)"
162.158.163.98 - - [06/Feb/2025:00:53:29 +0700] "GET /search/%22%20.%20esc_url(%20admin_url()%20)%20.%20%22?dir=//dev&item=core&action=edit HTTP/1.1" 200 25854 "-" "Mozilla/5.0 (compatible; MJ12bot/v1.4.8; http://mj12bot.com/)"
162.158.162.22 - - [06/Feb/2025:00:53:29 +0700] "GET /aomenkaixuanmenguanfangwangzhi/article/12338061.html?dir=%2Fhome%2Fvietnamet.com%2Fpublic_html%2Fwp-admin HTTP/1.1" 404 34152 "-" "Mozilla/5.0 (Linux; Android 5.0) AppleWebKit/537.36 (KHTML, like Gecko) Mobile Safari/537.36 (compatible; Bytespider; spider-feedback@bytedance.com)"
162.158.163.98 - - [06/Feb/2025:00:53:37 +0700] "GET /search/%22%20.%20esc_url(%20admin_url()%20)%20.%20%22?dir=//dev&item=core&action=rename HTTP/1.1" 200 25823 "-" "Mozilla/5.0 (compatible; MJ12bot/v1.4.8; http://mj12bot.com/)"
162.158.162.105 - - [06/Feb/2025:00:53:40 +0700] "GET /?dir=/home/vietnamet.com/public_html/wp-includes/js/tinymce/plugins/compat3x/css&item=dialog.css&action=chmod HTTP/1.1" 301 33344 "-" "Mozilla/5.0 (compatible; MJ12bot/v1.4.8; http://mj12bot.com/)"
162.158.163.98 - - [06/Feb/2025:00:53:42 +0700] "GET /search/%22%20.%20esc_url(%20admin_url()%20)%20.%20%22?dir=//dev&item=cpu&action=chmod HTTP/1.1" 200 25823 "-" "Mozilla/5.0 (compatible; MJ12bot/v1.4.8; http://mj12bot.com/)"
162.158.162.115 - - [06/Feb/2025:00:53:46 +0700] "GET /?dir=%2Fhome%2Fvietnamet.com%2Fpublic_html%2Fwp-includes%2Fjs%2Ftinymce%2Fplugins%2Fcompat3x%2Fcss&item=dialog.css&action=chmod HTTP/1.1" 200 41154 "-" "Mozilla/5.0 (compatible; MJ12bot/v1.4.8; http://mj12bot.com/)"
162.158.162.115 - - [06/Feb/2025:00:53:49 +0700] "GET /wp-login.php HTTP/1.1" 404 47 "https://acsincorp.com/wp-login.php" "GRequests/0.10"
162.158.162.206 - - [06/Feb/2025:00:53:50 +0700] "GET /wp-login.php HTTP/1.1" 404 47 "https://acsincorp.com/wp-login.php" "GRequests/0.10"
162.158.162.22 - - [06/Feb/2025:00:53:50 +0700] "POST /wp-cron.php?doing_wp_cron=1738778030.8873109817504882812500 HTTP/1.1" 200 31 "-" "TZo09e9ooNXy"
162.158.162.206 - - [06/Feb/2025:00:53:50 +0700] "GET /wp-admin/ HTTP/1.1" 200 12341 "https://acsincorp.com/wp-admin/" "GRequests/0.10"
162.158.162.115 - - [06/Feb/2025:00:53:54 +0700] "GET /?dir=/home/vietnamet.com/public_html/wp-includes/js/tinymce/plugins/compat3x/css&item=dialog.css&action=download HTTP/1.1" 200 2647 "-" "Mozilla/5.0 (compatible; MJ12bot/v1.4.8; http://mj12bot.com/)"
162.158.162.250 - - [06/Feb/2025:00:53:58 +0700] "POST /wp-cron.php?doing_wp_cron=1738778038.7341730594635009765625 HTTP/1.1" 200 31 "-" "ZP5jt2jqPmuW"
162.158.162.115 - - [06/Feb/2025:00:53:58 +0700] "GET /?dir=/home/vietnamet.com/public_html/wp-includes/js/tinymce/plugins/compat3x/css&item=dialog.css&action=edit HTTP/1.1" 301 41770 "-" "Mozilla/5.0 (compatible; MJ12bot/v1.4.8; http://mj12bot.com/)"
162.158.163.97 - - [06/Feb/2025:00:54:01 +0700] "GET /wp-content/install.php HTTP/1.1" 200 37 "-" "GuzzleHttp/7"
162.158.163.118 - - [06/Feb/2025:00:54:02 +0700] "GET /wp-content/install.php HTTP/1.1" 499 0 "https://vietnamet.com/wp-content/install.php" "Mozilla/5.0 (Windows NT 10.0; Win64; x64) AppleWebKit/537.36 (KHTML, like Gecko) Chrome/58.0.3029.110 Safari/537.3"
162.158.162.50 - - [06/Feb/2025:00:54:02 +0700] "GET /?dir=%2Fhome%2Fvietnamet.com%2Fpublic_html%2Fwp-includes%2Fjs%2Ftinymce%2Fplugins%2Fcompat3x%2Fcss&item=dialog.css&action=edit HTTP/1.1" 200 43417 "-" "Mozilla/5.0 (compatible; MJ12bot/v1.4.8; http://mj12bot.com/)"
172.69.165.18 - - [06/Feb/2025:00:54:04 +0700] "GET / HTTP/1.1" 200 43274 "https://vietnamet.com" "Mozilla/5.0 (Windows NT 10.0; Win64; x64) AppleWebKit/537.36 (KHTML, like Gecko) Chrome/58.0.3029.110 Safari/537.3"
172.69.165.18 - - [06/Feb/2025:00:54:10 +0700] "GET /wp-content/install.php HTTP/1.1" 200 37 "-" "GuzzleHttp/7"
162.158.162.22 - - [06/Feb/2025:00:54:17 +0700] "POST /wp-cron.php?doing_wp_cron=1738778057.2751629352569580078125 HTTP/1.1" 200 31 "-" "AtvjU9BqXQNz"
162.158.162.50 - - [06/Feb/2025:00:54:17 +0700] "GET /?dir=/home/vietnamet.com/public_html/wp-includes/js/tinymce/plugins/compat3x/css&item=dialog.css&action=rename HTTP/1.1" 301 33345 "-" "Mozilla/5.0 (compatible; MJ12bot/v1.4.8; http://mj12bot.com/)"
162.158.162.115 - - [06/Feb/2025:00:54:17 +0700] "POST /wp-admin/admin-ajax.php?action=async_litespeed&nonce=Bn3TzLhc6jYspxBAu34Rd6DboZ3VPBHl&litespeed_type=imgoptm HTTP/1.1" 200 12361 "-" "Z248WmU1Ga9N"
162.158.163.118 - - [06/Feb/2025:00:54:20 +0700] "GET /wp-content/install.php HTTP/1.1" 200 37 "-" "GuzzleHttp/7"
162.158.163.97 - - [06/Feb/2025:00:54:22 +0700] "GET /?dir=%2Fhome%2Fvietnamet.com%2Fpublic_html%2Fwp-includes%2Fjs%2Ftinymce%2Fplugins%2Fcompat3x%2Fcss&item=dialog.css&action=rename HTTP/1.1" 200 41149 "-" "Mozilla/5.0 (compatible; MJ12bot/v1.4.8; http://mj12bot.com/)"
162.158.162.22 - - [06/Feb/2025:00:54:23 +0700] "POST /wp-cron.php?doing_wp_cron=1738778063.3206551074981689453125 HTTP/1.1" 200 31 "-" "fOcDyDn70HC2"
172.69.165.19 - - [06/Feb/2025:00:54:23 +0700] "GET /aomenkaixuanmenguanwangzhuce/article/12542886.html?dir=%2Fhome%2Fvietnamet.com%2Fpublic_html%2Fwp-admin HTTP/1.1" 404 34144 "-" "Mozilla/5.0 (Linux; Android 5.0) AppleWebKit/537.36 (KHTML, like Gecko) Mobile Safari/537.36 (compatible; Bytespider; spider-feedback@bytedance.com)"
162.158.163.97 - - [06/Feb/2025:00:54:25 +0700] "GET /wp-content/install.php HTTP/1.1" 200 37 "https://vietnamet.com/wp-content/install.php" "Mozilla/5.0 (Windows NT 10.0; Win64; x64) AppleWebKit/537.36 (KHTML, like Gecko) Chrome/58.0.3029.110 Safari/537.3"
162.158.162.22 - - [06/Feb/2025:00:54:25 +0700] "GET /wp-content/install.php HTTP/1.1" 200 37 "-" "GuzzleHttp/7"
172.69.165.19 - - [06/Feb/2025:00:54:26 +0700] "GET / HTTP/1.1" 200 43282 "https://vietnamet.com" "Mozilla/5.0 (Windows NT 10.0; Win64; x64) AppleWebKit/537.36 (KHTML, like Gecko) Chrome/58.0.3029.110 Safari/537.3"
172.69.165.19 - - [06/Feb/2025:00:54:28 +0700] "POST /wp-cron.php?doing_wp_cron=1738778068.8038508892059326171875 HTTP/1.1" 200 31 "-" "Otj8zkSltoL7"
162.158.163.97 - - [06/Feb/2025:00:54:28 +0700] "GET /?dir=/home/vietnamet.com/public_html/wp-includes/js/tinymce/plugins/directionality&item=.&action=chmod HTTP/1.1" 301 35783 "-" "Mozilla/5.0 (compatible; MJ12bot/v1.4.8; http://mj12bot.com/)"
162.158.163.117 - - [06/Feb/2025:00:54:33 +0700] "GET /?dir=%2Fhome%2Fvietnamet.com%2Fpublic_html%2Fwp-includes%2Fjs%2Ftinymce%2Fplugins%2Fdirectionality&item=.&action=chmod HTTP/1.1" 200 41204 "-" "Mozilla/5.0 (compatible; MJ12bot/v1.4.8; http://mj12bot.com/)"
162.158.163.117 - - [06/Feb/2025:00:54:45 +0700] "GET /?dir=/home/vietnamet.com/public_html/wp-includes/js/tinymce/plugins/directionality&item=..&action=chmod HTTP/1.1" 301 35792 "-" "Mozilla/5.0 (compatible; MJ12bot/v1.4.8; http://mj12bot.com/)"
162.158.162.195 - - [06/Feb/2025:00:54:51 +0700] "POST /wp-cron.php?doing_wp_cron=1738778091.2637920379638671875000 HTTP/1.1" 200 31 "-" "fjAkIJNBTnJp"
162.158.162.51 - - [06/Feb/2025:00:54:51 +0700] "GET /?dir=%2Fhome%2Fvietnamet.com%2Fpublic_html%2Fwp-includes%2Fjs%2Ftinymce%2Fplugins%2Fdirectionality&item=..&action=chmod HTTP/1.1" 200 41202 "-" "Mozilla/5.0 (compatible; MJ12bot/v1.4.8; http://mj12bot.com/)"
162.158.163.98 - - [06/Feb/2025:00:54:53 +0700] "GET /search/%22%20.%20esc_url(%20admin_url()%20)%20.%20%22?dir=//dev&item=input&action=rename HTTP/1.1" 200 25822 "-" "Mozilla/5.0 (compatible; MJ12bot/v1.4.8; http://mj12bot.com/)"
162.158.162.51 - - [06/Feb/2025:00:54:57 +0700] "GET /?dir=/home/vietnamet.com/public_html/wp-includes/js/tinymce/plugins/lists&item=click.php&action=chmod HTTP/1.1" 301 37922 "-" "Mozilla/5.0 (compatible; MJ12bot/v1.4.8; http://mj12bot.com/)"
162.158.163.98 - - [06/Feb/2025:00:54:58 +0700] "GET /search/%22%20.%20esc_url(%20admin_url()%20)%20.%20%22?dir=//dev&item=mapper&action=rename HTTP/1.1" 200 25821 "-" "Mozilla/5.0 (compatible; MJ12bot/v1.4.8; http://mj12bot.com/)"
162.158.162.22 - - [06/Feb/2025:00:55:00 +0700] "GET /xleetshell.php HTTP/1.1" 404 47 "-" "-"
162.158.162.22 - - [06/Feb/2025:00:55:00 +0700] "GET /wp-admin/includes/xleet-shell.php HTTP/1.1" 404 47 "-" "-"
162.158.162.22 - - [06/Feb/2025:00:55:00 +0700] "GET /wp-content/plugins/content-management/content.php HTTP/1.1" 404 47 "-" "-"
162.158.162.22 - - [06/Feb/2025:00:55:01 +0700] "GET /xlt.php HTTP/1.1" 404 47 "-" "-"
162.158.162.22 - - [06/Feb/2025:00:55:01 +0700] "GET /wp-content/plugins/xt/index.php HTTP/1.1" 404 47 "-" "-"
162.158.162.22 - - [06/Feb/2025:00:55:01 +0700] "GET /wp-content/xleet.php HTTP/1.1" 404 47 "-" "-"
162.158.162.22 - - [06/Feb/2025:00:55:01 +0700] "GET /wp-admin/xleet-shell.php HTTP/1.1" 404 47 "-" "-"
162.158.163.153 - - [06/Feb/2025:00:55:01 +0700] "POST /wp-cron.php?doing_wp_cron=1738778101.9310450553894042968750 HTTP/1.1" 200 31 "-" "sPv9iv4Ok7aU"
162.158.163.117 - - [06/Feb/2025:00:55:02 +0700] "GET /wp-content/plugins/yyobang/mar.php HTTP/1.1" 404 47 "-" "-"
162.158.163.98 - - [06/Feb/2025:00:55:02 +0700] "GET /search/%22%20.%20esc_url(%20admin_url()%20)%20.%20%22?dir=//dev&item=mqueue&action=chmod HTTP/1.1" 200 25821 "-" "Mozilla/5.0 (compatible; MJ12bot/v1.4.8; http://mj12bot.com/)"
162.158.162.22 - - [06/Feb/2025:00:55:02 +0700] "GET /simple.php HTTP/1.1" 404 47 "-" "-"
162.158.163.180 - - [06/Feb/2025:00:55:02 +0700] "GET /?dir=%2Fhome%2Fvietnamet.com%2Fpublic_html%2Fwp-includes%2Fjs%2Ftinymce%2Fplugins%2Flists&item=click.php&action=chmod HTTP/1.1" 200 41292 "-" "Mozilla/5.0 (compatible; MJ12bot/v1.4.8; http://mj12bot.com/)"
162.158.162.22 - - [06/Feb/2025:00:55:02 +0700] "GET /class.api.php HTTP/1.1" 404 47 "-" "-"
162.158.162.22 - - [06/Feb/2025:00:55:02 +0700] "GET /wp-content/plugins/core/include.php HTTP/1.1" 404 47 "-" "-"
162.158.162.22 - - [06/Feb/2025:00:55:03 +0700] "GET /ws.php HTTP/1.1" 404 47 "-" "-"
162.158.162.22 - - [06/Feb/2025:00:55:03 +0700] "GET /404.php HTTP/1.1" 404 47 "-" "-"
162.158.162.22 - - [06/Feb/2025:00:55:03 +0700] "GET /wp.php HTTP/1.1" 404 47 "-" "-"
162.158.162.22 - - [06/Feb/2025:00:55:03 +0700] "GET /wp-head.php HTTP/1.1" 404 47 "-" "-"
162.158.162.22 - - [06/Feb/2025:00:55:04 +0700] "GET /wp-includes/wp-class.php HTTP/1.1" 404 47 "-" "-"
162.158.162.22 - - [06/Feb/2025:00:55:04 +0700] "GET /wp-content/themes/twenty/twenty.php HTTP/1.1" 404 47 "-" "-"
162.158.162.22 - - [06/Feb/2025:00:55:04 +0700] "GET /wp-content/plugins/press/wp-class.php HTTP/1.1" 404 47 "-" "-"
162.158.162.22 - - [06/Feb/2025:00:55:04 +0700] "GET /fm1.php HTTP/1.1" 404 47 "-" "-"
162.158.162.22 - - [06/Feb/2025:00:55:05 +0700] "GET /alfadheat.php HTTP/1.1" 404 47 "-" "-"
162.158.162.22 - - [06/Feb/2025:00:55:05 +0700] "GET /M1.php HTTP/1.1" 404 47 "-" "-"
162.158.162.22 - - [06/Feb/2025:00:55:05 +0700] "GET /admin.php HTTP/1.1" 404 47 "-" "-"
162.158.162.22 - - [06/Feb/2025:00:55:05 +0700] "GET /wp-admin/images/admin.php HTTP/1.1" 404 47 "-" "-"
162.158.162.22 - - [06/Feb/2025:00:55:07 +0700] "GET /alfanew.php7 HTTP/1.1" 404 29321 "-" "-"
162.158.163.98 - - [06/Feb/2025:00:55:08 +0700] "GET /search/%22%20.%20esc_url(%20admin_url()%20)%20.%20%22?dir=//dev&item=net&action=chmod HTTP/1.1" 200 25830 "-" "Mozilla/5.0 (compatible; MJ12bot/v1.4.8; http://mj12bot.com/)"
162.158.162.207 - - [06/Feb/2025:00:55:10 +0700] "GET /alfanew.php7 HTTP/1.1" 404 29327 "-" "TelegramBot (like TwitterBot)"
162.158.163.179 - - [06/Feb/2025:00:55:13 +0700] "GET /?dir=/home/vietnamet.com/public_html/wp-includes/js/tinymce/plugins/lists&item=click.php&action=download HTTP/1.1" 200 7588 "-" "Mozilla/5.0 (compatible; MJ12bot/v1.4.8; http://mj12bot.com/)"
162.158.162.47 - - [06/Feb/2025:00:55:17 +0700] "POST /wp-cron.php?doing_wp_cron=1738778117.2433669567108154296875 HTTP/1.1" 200 31 "-" "97lwVB3AW9Rc"
162.158.162.22 - - [06/Feb/2025:00:55:17 +0700] "GET /shichang/article/13772720.html?dir=%2Fhome%2Fvietnamet.com%2Fpublic_html%2Fwp-content HTTP/1.1" 404 29370 "-" "Mozilla/5.0 (Linux; Android 5.0) AppleWebKit/537.36 (KHTML, like Gecko) Mobile Safari/537.36 (compatible; Bytespider; spider-feedback@bytedance.com)"
162.158.163.179 - - [06/Feb/2025:00:55:18 +0700] "GET /?dir=/home/vietnamet.com/public_html/wp-includes/js/tinymce/plugins/lists&item=click.php&action=edit HTTP/1.1" 301 58809 "-" "Mozilla/5.0 (compatible; MJ12bot/v1.4.8; http://mj12bot.com/)"
162.158.162.115 - - [06/Feb/2025:00:55:18 +0700] "POST /wp-admin/admin-ajax.php?action=async_litespeed&nonce=nrkerCdnRlggcwQ2Vl7t4LgtvKxzg61f&litespeed_type=imgoptm HTTP/1.1" 200 12361 "-" "EORYVL4hyGkw"
162.158.163.98 - - [06/Feb/2025:00:55:19 +0700] "GET /search/%22%20.%20esc_url(%20admin_url()%20)%20.%20%22?dir=//dev&item=shm&action=chmod HTTP/1.1" 200 25819 "-" "Mozilla/5.0 (compatible; MJ12bot/v1.4.8; http://mj12bot.com/)"
162.158.163.98 - - [06/Feb/2025:00:55:21 +0700] "GET /?dir=%2Fhome%2Fvietnamet.com%2Fpublic_html%2Fwp-includes%2Fjs%2Ftinymce%2Fplugins%2Flists&item=click.php&action=edit HTTP/1.1" 200 49152 "-" "Mozilla/5.0 (compatible; MJ12bot/v1.4.8; http://mj12bot.com/)"
162.158.163.117 - - [06/Feb/2025:00:55:23 +0700] "POST /wp-cron.php?doing_wp_cron=1738778123.9364230632781982421875 HTTP/1.1" 200 31 "-" "vlMggGlhIid0"
162.158.163.98 - - [06/Feb/2025:00:55:24 +0700] "GET /search/%22%20.%20esc_url(%20admin_url()%20)%20.%20%22?dir=//dev&item=shm&action=rename HTTP/1.1" 200 25816 "-" "Mozilla/5.0 (compatible; MJ12bot/v1.4.8; http://mj12bot.com/)"
162.158.163.98 - - [06/Feb/2025:00:55:25 +0700] "GET /?dir=/home/vietnamet.com/public_html/wp-includes/js/tinymce/plugins/lists&item=click.php&action=rename HTTP/1.1" 301 38250 "-" "Mozilla/5.0 (compatible; MJ12bot/v1.4.8; http://mj12bot.com/)"
162.158.162.108 - - [06/Feb/2025:00:55:27 +0700] "POST /wp-cron.php?doing_wp_cron=1738778127.3547790050506591796875 HTTP/1.1" 200 31 "-" "aqKIxUHTzAva"
162.158.163.98 - - [06/Feb/2025:00:55:27 +0700] "GET /search/%22%20.%20esc_url(%20admin_url()%20)%20.%20%22?dir=//dev&item=snd&action=rename HTTP/1.1" 200 25820 "-" "Mozilla/5.0 (compatible; MJ12bot/v1.4.8; http://mj12bot.com/)"
162.158.163.98 - - [06/Feb/2025:00:55:30 +0700] "GET /search/%22%20.%20esc_url(%20admin_url()%20)%20.%20%22?dir=//dev&item=vfio&action=rename HTTP/1.1" 200 25817 "-" "Mozilla/5.0 (compatible; MJ12bot/v1.4.8; http://mj12bot.com/)"
162.158.162.194 - - [06/Feb/2025:00:55:33 +0700] "GET /?dir=%2Fhome%2Fvietnamet.com%2Fpublic_html%2Fwp-includes%2Fjs%2Ftinymce%2Fplugins%2Flists&item=click.php&action=rename HTTP/1.1" 200 41283 "-" "Mozilla/5.0 (compatible; MJ12bot/v1.4.8; http://mj12bot.com/)"
162.158.163.98 - - [06/Feb/2025:00:55:40 +0700] "GET /search/%22%20.%20esc_url(%20admin_url()%20)%20.%20%22?dir=//dev/block HTTP/1.1" 200 24564 "-" "Mozilla/5.0 (compatible; MJ12bot/v1.4.8; http://mj12bot.com/)"
162.158.162.194 - - [06/Feb/2025:00:55:41 +0700] "GET /?dir=/home/vietnamet.com/public_html/wp-includes/js/tinymce/plugins/lists&item=plugin.js&action=chmod HTTP/1.1" 301 38247 "-" "Mozilla/5.0 (compatible; MJ12bot/v1.4.8; http://mj12bot.com/)"
162.158.163.98 - - [06/Feb/2025:00:55:42 +0700] "GET /search/%22%20.%20esc_url(%20admin_url()%20)%20.%20%22?dir=//dev/char HTTP/1.1" 200 24566 "-" "Mozilla/5.0 (compatible; MJ12bot/v1.4.8; http://mj12bot.com/)"
162.158.162.23 - - [06/Feb/2025:00:55:51 +0700] "POST /wp-cron.php?doing_wp_cron=1738778150.9883329868316650390625 HTTP/1.1" 200 31 "-" "UoBuDRbTQMXY"
162.158.163.180 - - [06/Feb/2025:00:55:51 +0700] "GET /?dir=%2Fhome%2Fvietnamet.com%2Fpublic_html%2Fwp-includes%2Fjs%2Ftinymce%2Fplugins%2Flists&item=plugin.js&action=chmod HTTP/1.1" 200 41293 "-" "Mozilla/5.0 (compatible; MJ12bot/v1.4.8; http://mj12bot.com/)"
162.158.163.97 - - [06/Feb/2025:00:55:53 +0700] "GET /search/%22%20.%20esc_url(%20admin_url()%20)%20.%20%22?dir=//dev/fd HTTP/1.1" 200 25113 "-" "Mozilla/5.0 (compatible; MJ12bot/v1.4.8; http://mj12bot.com/)"
172.69.165.19 - - [06/Feb/2025:00:55:56 +0700] "GET /?dir=/home/vietnamet.com/public_html/wp-includes/js/tinymce/plugins/lists&item=plugin.js&action=download HTTP/1.1" 200 14842 "-" "Mozilla/5.0 (compatible; MJ12bot/v1.4.8; http://mj12bot.com/)"
172.69.165.19 - - [06/Feb/2025:00:56:01 +0700] "POST /wp-cron.php?doing_wp_cron=1738778161.6198089122772216796875 HTTP/1.1" 200 31 "-" "kjfZkWxqO7CG"
162.158.163.179 - - [06/Feb/2025:00:56:01 +0700] "GET /?dir=/home/vietnamet.com/public_html/wp-includes/js/tinymce/plugins/lists&item=plugin.js&action=edit HTTP/1.1" 301 109538 "-" "Mozilla/5.0 (compatible; MJ12bot/v1.4.8; http://mj12bot.com/)"
162.158.162.194 - - [06/Feb/2025:00:56:06 +0700] "GET /?dir=%2Fhome%2Fvietnamet.com%2Fpublic_html%2Fwp-includes%2Fjs%2Ftinymce%2Fplugins%2Flists&item=plugin.js&action=edit HTTP/1.1" 200 56374 "-" "Mozilla/5.0 (compatible; MJ12bot/v1.4.8; http://mj12bot.com/)"
162.158.162.47 - - [06/Feb/2025:00:56:11 +0700] "GET /aomenkaixuanmenguanfangwangzhi/article/14059590.html?dir=%2Fhome%2Fvietnamet.com HTTP/1.1" 404 27591 "-" "Mozilla/5.0 (Linux; Android 5.0) AppleWebKit/537.36 (KHTML, like Gecko) Mobile Safari/537.36 (compatible; Bytespider; spider-feedback@bytedance.com)"
162.158.162.194 - - [06/Feb/2025:00:56:12 +0700] "GET /?dir=/home/vietnamet.com/public_html/wp-includes/js/tinymce/plugins/lists&item=plugin.js&action=rename HTTP/1.1" 301 38251 "-" "Mozilla/5.0 (compatible; MJ12bot/v1.4.8; http://mj12bot.com/)"
162.158.162.18 - - [06/Feb/2025:00:56:17 +0700] "POST /wp-cron.php?doing_wp_cron=1738778177.0090389251708984375000 HTTP/1.1" 200 31 "-" "0P3J5he0IGK9"
172.69.165.19 - - [06/Feb/2025:00:56:17 +0700] "GET /?dir=/home/vietnamet.com/public_html/wp-admin&item=admin-footer.php&action=edit HTTP/1.1" 301 304953 "http://vietnamet.com/?dir=/home/vietnamet.com/public_html/wp-admin" "Mozilla/5.0 (Linux; Android 7.0;) AppleWebKit/537.36 (KHTML, like Gecko) Mobile Safari/537.36 (compatible; PetalBot;+https://webmaster.petalsearch.com/site/petalbot)"
162.158.163.112 - - [06/Feb/2025:00:56:17 +0700] "POST /wp-admin/admin-ajax.php?action=async_litespeed&nonce=scc6sCPdraWQsWrsJiT7OBJzhols4BCk&litespeed_type=imgoptm HTTP/1.1" 200 12366 "-" "hrlfZJDuQm8Z"
162.158.162.22 - - [06/Feb/2025:00:56:17 +0700] "GET /?dir=/home/vietnamet.com/public_html/wp-admin&item=admin-footer.php&action=edit HTTP/1.1" 301 304651 "http://vietnamet.com/?dir=/home/vietnamet.com/public_html/wp-admin" "Mozilla/5.0 (Linux; Android 7.0;) AppleWebKit/537.36 (KHTML, like Gecko) Mobile Safari/537.36 (compatible; PetalBot;+https://webmaster.petalsearch.com/site/petalbot)"
162.158.163.89 - - [06/Feb/2025:00:56:17 +0700] "GET /?dir=%2Fhome%2Fvietnamet.com%2Fpublic_html%2Fwp-includes%2Fjs%2Ftinymce%2Fplugins%2Flists&item=plugin.js&action=rename HTTP/1.1" 200 41302 "-" "Mozilla/5.0 (compatible; MJ12bot/v1.4.8; http://mj12bot.com/)"
162.158.162.22 - - [06/Feb/2025:00:56:18 +0700] "GET /?dir=/home/vietnamet.com/public_html/wp-admin&item=admin-footer.php&action=edit HTTP/1.1" 301 304982 "http://vietnamet.com/?dir=/home/vietnamet.com/public_html/wp-admin" "Mozilla/5.0 (Linux; Android 7.0;) AppleWebKit/537.36 (KHTML, like Gecko) Mobile Safari/537.36 (compatible; PetalBot;+https://webmaster.petalsearch.com/site/petalbot)"
162.158.163.118 - - [06/Feb/2025:00:56:18 +0700] "GET /?dir=/home/vietnamet.com/public_html/wp-admin&item=admin-footer.php&action=edit HTTP/1.1" 301 304976 "http://vietnamet.com/?dir=/home/vietnamet.com/public_html/wp-admin" "Mozilla/5.0 (Linux; Android 7.0;) AppleWebKit/537.36 (KHTML, like Gecko) Mobile Safari/537.36 (compatible; PetalBot;+https://webmaster.petalsearch.com/site/petalbot)"
162.158.163.153 - - [06/Feb/2025:00:56:19 +0700] "GET /?dir=/home/vietnamet.com/public_html/wp-admin&item=admin-footer.php&action=edit HTTP/1.1" 301 304955 "http://vietnamet.com/?dir=/home/vietnamet.com/public_html/wp-admin" "Mozilla/5.0 (Linux; Android 7.0;) AppleWebKit/537.36 (KHTML, like Gecko) Mobile Safari/537.36 (compatible; PetalBot;+https://webmaster.petalsearch.com/site/petalbot)"
162.158.162.28 - - [06/Feb/2025:00:56:20 +0700] "GET /?dir=/home/vietnamet.com/public_html/wp-admin&item=admin-footer.php&action=edit HTTP/1.1" 301 304990 "http://vietnamet.com/?dir=/home/vietnamet.com/public_html/wp-admin" "Mozilla/5.0 (Linux; Android 7.0;) AppleWebKit/537.36 (KHTML, like Gecko) Mobile Safari/537.36 (compatible; PetalBot;+https://webmaster.petalsearch.com/site/petalbot)"
162.158.163.98 - - [06/Feb/2025:00:56:20 +0700] "GET /?dir=/home/vietnamet.com/public_html/wp-admin&item=admin-footer.php&action=edit HTTP/1.1" 301 304969 "http://vietnamet.com/?dir=/home/vietnamet.com/public_html/wp-admin" "Mozilla/5.0 (Linux; Android 7.0;) AppleWebKit/537.36 (KHTML, like Gecko) Mobile Safari/537.36 (compatible; PetalBot;+https://webmaster.petalsearch.com/site/petalbot)"
162.158.163.98 - - [06/Feb/2025:00:56:21 +0700] "GET /?dir=/home/vietnamet.com/public_html/wp-admin&item=admin-footer.php&action=edit HTTP/1.1" 301 304982 "http://vietnamet.com/?dir=/home/vietnamet.com/public_html/wp-admin" "Mozilla/5.0 (Linux; Android 7.0;) AppleWebKit/537.36 (KHTML, like Gecko) Mobile Safari/537.36 (compatible; PetalBot;+https://webmaster.petalsearch.com/site/petalbot)"
172.69.165.12 - - [06/Feb/2025:00:56:21 +0700] "GET /?dir=/home/vietnamet.com/public_html/wp-admin&item=admin-footer.php&action=edit HTTP/1.1" 301 304950 "http://vietnamet.com/?dir=/home/vietnamet.com/public_html/wp-admin" "Mozilla/5.0 (Linux; Android 7.0;) AppleWebKit/537.36 (KHTML, like Gecko) Mobile Safari/537.36 (compatible; PetalBot;+https://webmaster.petalsearch.com/site/petalbot)"
172.69.165.19 - - [06/Feb/2025:00:56:21 +0700] "GET /?dir=/home/vietnamet.com/public_html/wp-admin&item=admin-footer.php&action=edit HTTP/1.1" 301 304989 "http://vietnamet.com/?dir=/home/vietnamet.com/public_html/wp-admin" "Mozilla/5.0 (Linux; Android 7.0;) AppleWebKit/537.36 (KHTML, like Gecko) Mobile Safari/537.36 (compatible; PetalBot;+https://webmaster.petalsearch.com/site/petalbot)"
162.158.163.118 - - [06/Feb/2025:00:56:25 +0700] "POST /wp-cron.php?doing_wp_cron=1738778185.3128299713134765625000 HTTP/1.1" 200 31 "-" "KeZwq9PFHbnx"
162.158.163.89 - - [06/Feb/2025:00:56:25 +0700] "GET /?dir=/home/vietnamet.com/public_html/wp-includes/js/tinymce/plugins/lists&item=plugin.min.js&action=chmod HTTP/1.1" 301 38244 "-" "Mozilla/5.0 (compatible; MJ12bot/v1.4.8; http://mj12bot.com/)"
172.69.165.12 - - [06/Feb/2025:00:56:28 +0700] "POST /wp-cron.php?doing_wp_cron=1738778188.8005490303039550781250 HTTP/1.1" 200 31 "-" "zi3Gx3qqyQD3"
162.158.163.165 - - [06/Feb/2025:00:56:29 +0700] "GET /?dir=%2Fhome%2Fvietnamet.com%2Fpublic_html%2Fwp-includes%2Fjs%2Ftinymce%2Fplugins%2Flists&item=plugin.min.js&action=chmod HTTP/1.1" 200 41294 "-" "Mozilla/5.0 (compatible; MJ12bot/v1.4.8; http://mj12bot.com/)"
