172.69.165.19 - - [06/Feb/2025:01:48:29 +0700] "POST /wp-cron.php?doing_wp_cron=1738781309.1870610713958740234375 HTTP/1.1" 200 31 "-" "R2G3Ngxpqf9x"
162.158.163.20 - - [06/Feb/2025:01:48:29 +0700] "GET /search/%22%20.%20esc_url(%20admin_url()%20)%20.%20%22?dir=//lib/git-core&item=git-mergetool&action=chmod HTTP/1.1" 200 34090 "-" "Mozilla/5.0 (compatible; MJ12bot/v1.4.8; http://mj12bot.com/)"
162.158.163.20 - - [06/Feb/2025:01:48:31 +0700] "GET /search/%22%20.%20esc_url(%20admin_url()%20)%20.%20%22?dir=//lib/git-core&item=git-mergetool&action=download HTTP/1.1" 200 3323 "-" "Mozilla/5.0 (compatible; MJ12bot/v1.4.8; http://mj12bot.com/)"
162.158.163.20 - - [06/Feb/2025:01:48:34 +0700] "GET /search/%22%20.%20esc_url(%20admin_url()%20)%20.%20%22?dir=//lib/git-core&item=git-mergetool&action=edit HTTP/1.1" 200 37331 "-" "Mozilla/5.0 (compatible; MJ12bot/v1.4.8; http://mj12bot.com/)"
162.158.163.20 - - [06/Feb/2025:01:48:37 +0700] "GET /search/%22%20.%20esc_url(%20admin_url()%20)%20.%20%22?dir=//lib/git-core&item=git-mergetool&action=rename HTTP/1.1" 200 34088 "-" "Mozilla/5.0 (compatible; MJ12bot/v1.4.8; http://mj12bot.com/)"
162.158.163.20 - - [06/Feb/2025:01:48:39 +0700] "GET /search/%22%20.%20esc_url(%20admin_url()%20)%20.%20%22?dir=//lib/git-core&item=git-mergetool--lib&action=chmod HTTP/1.1" 200 34097 "-" "Mozilla/5.0 (compatible; MJ12bot/v1.4.8; http://mj12bot.com/)"
162.158.163.20 - - [06/Feb/2025:01:48:43 +0700] "GET /search/%22%20.%20esc_url(%20admin_url()%20)%20.%20%22?dir=//lib/git-core&item=git-mergetool--lib&action=download HTTP/1.1" 200 3416 "-" "Mozilla/5.0 (compatible; MJ12bot/v1.4.8; http://mj12bot.com/)"
162.158.162.23 - - [06/Feb/2025:01:48:49 +0700] "POST /wp-cron.php?doing_wp_cron=1738781329.2060151100158691406250 HTTP/1.1" 200 31 "-" "klWVb6LEh9Gb"
162.158.163.20 - - [06/Feb/2025:01:48:49 +0700] "GET /search/%22%20.%20esc_url(%20admin_url()%20)%20.%20%22?dir=//lib/git-core&item=git-mergetool--lib&action=edit HTTP/1.1" 200 37420 "-" "Mozilla/5.0 (compatible; MJ12bot/v1.4.8; http://mj12bot.com/)"
162.158.163.118 - - [06/Feb/2025:01:48:52 +0700] "GET /search/%22%20.%20esc_url(%20admin_url()%20)%20.%20%22?dir=//lib/git-core&item=git-mergetool--lib&action=rename HTTP/1.1" 200 34101 "-" "Mozilla/5.0 (compatible; MJ12bot/v1.4.8; http://mj12bot.com/)"
172.69.165.62 - - [06/Feb/2025:01:48:53 +0700] "GET /14zql24531.html HTTP/1.1" 404 29338 "-" "Buck/2.4.2; (+https://app.hypefactors.com/media-monitoring/about.html)"
162.158.163.20 - - [06/Feb/2025:01:48:57 +0700] "GET /search/%22%20.%20esc_url(%20admin_url()%20)%20.%20%22?dir=//lib/git-core&item=git-mktag&action=chmod HTTP/1.1" 200 34092 "-" "Mozilla/5.0 (compatible; MJ12bot/v1.4.8; http://mj12bot.com/)"
162.158.163.20 - - [06/Feb/2025:01:49:00 +0700] "GET /search/%22%20.%20esc_url(%20admin_url()%20)%20.%20%22?dir=//lib/git-core&item=git-mktag&action=download HTTP/1.1" 200 1527650 "-" "Mozilla/5.0 (compatible; MJ12bot/v1.4.8; http://mj12bot.com/)"
172.69.165.18 - - [06/Feb/2025:01:49:04 +0700] "POST /wp-cron.php?doing_wp_cron=1738781344.5599920749664306640625 HTTP/1.1" 200 31 "-" "8fAWGiGnPqkR"
162.158.163.190 - - [06/Feb/2025:01:49:04 +0700] "GET /search/%22%20.%20esc_url(%20admin_url()%20)%20.%20%22?dir=//lib/git-core&item=git-mktag&action=edit HTTP/1.1" 200 34117 "-" "Mozilla/5.0 (compatible; MJ12bot/v1.4.8; http://mj12bot.com/)"
162.158.162.105 - - [06/Feb/2025:01:49:10 +0700] "GET /aomenkaixuanmenguanfangwangzhi/article/14059594.html?dir=%2Fhome%2Fvietnamet.com HTTP/1.1" 404 27589 "-" "Mozilla/5.0 (Linux; Android 5.0) AppleWebKit/537.36 (KHTML, like Gecko) Mobile Safari/537.36 (compatible; Bytespider; spider-feedback@bytedance.com)"
162.158.163.190 - - [06/Feb/2025:01:49:13 +0700] "GET /search/%22%20.%20esc_url(%20admin_url()%20)%20.%20%22?dir=//lib/git-core&item=git-mktag&action=rename HTTP/1.1" 200 34085 "-" "Mozilla/5.0 (compatible; MJ12bot/v1.4.8; http://mj12bot.com/)"
162.158.163.98 - - [06/Feb/2025:01:49:17 +0700] "POST /wp-cron.php?doing_wp_cron=1738781356.9627549648284912109375 HTTP/1.1" 200 31 "-" "h6I4Q7DlZDDH"
162.158.163.190 - - [06/Feb/2025:01:49:17 +0700] "GET /search/%22%20.%20esc_url(%20admin_url()%20)%20.%20%22?dir=//lib/git-core&item=git-mktree&action=chmod HTTP/1.1" 200 34089 "-" "Mozilla/5.0 (compatible; MJ12bot/v1.4.8; http://mj12bot.com/)"
162.158.162.108 - - [06/Feb/2025:01:49:17 +0700] "POST /wp-admin/admin-ajax.php?action=async_litespeed&nonce=Obuqvk61UCbf76QcNkniGNH2lxwSgrKa&litespeed_type=crawler HTTP/1.1" 200 12360 "-" "jHsD9fCRico6"
162.158.162.22 - - [06/Feb/2025:01:49:18 +0700] "POST /wp-admin/admin-ajax.php?action=async_litespeed&nonce=28wetj546f3UCo8NsATZCerZ2wdniSZy&litespeed_type=imgoptm HTTP/1.1" 200 12362 "-" "jHsD9fCRico6"
162.158.162.50 - - [06/Feb/2025:01:49:18 +0700] "GET /14lay12635.html HTTP/1.1" 404 29329 "-" "Buck/2.4.2; (+https://app.hypefactors.com/media-monitoring/about.html)"
162.158.163.190 - - [06/Feb/2025:01:49:20 +0700] "GET /search/%22%20.%20esc_url(%20admin_url()%20)%20.%20%22?dir=//lib/git-core&item=git-mktree&action=download HTTP/1.1" 200 1527651 "-" "Mozilla/5.0 (compatible; MJ12bot/v1.4.8; http://mj12bot.com/)"
172.69.165.72 - - [06/Feb/2025:01:49:26 +0700] "POST /wp-cron.php?doing_wp_cron=1738781366.1326498985290527343750 HTTP/1.1" 200 31 "-" "k962jGRXcQgd"
172.69.165.18 - - [06/Feb/2025:01:49:26 +0700] "GET /search/%22%20.%20esc_url(%20admin_url()%20)%20.%20%22?dir=//lib/git-core&item=git-mktree&action=edit HTTP/1.1" 200 34115 "-" "Mozilla/5.0 (compatible; MJ12bot/v1.4.8; http://mj12bot.com/)"
162.158.163.97 - - [06/Feb/2025:01:49:29 +0700] "POST /wp-cron.php?doing_wp_cron=1738781369.1570780277252197265625 HTTP/1.1" 200 31 "-" "uApUG5YG1MP7"
172.69.165.18 - - [06/Feb/2025:01:49:29 +0700] "GET /search/%22%20.%20esc_url(%20admin_url()%20)%20.%20%22?dir=//lib/git-core&item=git-mktree&action=rename HTTP/1.1" 200 34088 "-" "Mozilla/5.0 (compatible; MJ12bot/v1.4.8; http://mj12bot.com/)"
172.69.165.18 - - [06/Feb/2025:01:49:33 +0700] "GET /search/%22%20.%20esc_url(%20admin_url()%20)%20.%20%22?dir=//lib/git-core&item=git-multi-pack-index&action=chmod HTTP/1.1" 200 34100 "-" "Mozilla/5.0 (compatible; MJ12bot/v1.4.8; http://mj12bot.com/)"
172.69.165.18 - - [06/Feb/2025:01:49:36 +0700] "GET /search/%22%20.%20esc_url(%20admin_url()%20)%20.%20%22?dir=//lib/git-core&item=git-multi-pack-index&action=download HTTP/1.1" 200 1527650 "-" "Mozilla/5.0 (compatible; MJ12bot/v1.4.8; http://mj12bot.com/)"
162.158.162.22 - - [06/Feb/2025:01:49:39 +0700] "GET /search/%22%20.%20esc_url(%20admin_url()%20)%20.%20%22?dir=//lib/git-core&item=git-multi-pack-index&action=edit HTTP/1.1" 200 34133 "-" "Mozilla/5.0 (compatible; MJ12bot/v1.4.8; http://mj12bot.com/)"
162.158.162.22 - - [06/Feb/2025:01:49:44 +0700] "GET /search/%22%20.%20esc_url(%20admin_url()%20)%20.%20%22?dir=//lib/git-core&item=git-multi-pack-index&action=rename HTTP/1.1" 200 34108 "-" "Mozilla/5.0 (compatible; MJ12bot/v1.4.8; http://mj12bot.com/)"
162.158.190.44 - - [06/Feb/2025:01:49:46 +0700] "GET /da-ga-i9bet/ HTTP/1.1" 200 85682 "-" "Mozilla/5.0 (Linux; Android 6.0.1; Nexus 5X Build/MMB29P) AppleWebKit/537.36 (KHTML, like Gecko) Chrome/132.0.6834.159 Mobile Safari/537.36 (compatible; Googlebot/2.1; +http://www.google.com/bot.html)"
162.158.162.22 - - [06/Feb/2025:01:49:47 +0700] "GET /search/%22%20.%20esc_url(%20admin_url()%20)%20.%20%22?dir=//lib/git-core&item=git-mv&action=chmod HTTP/1.1" 200 34084 "-" "Mozilla/5.0 (compatible; MJ12bot/v1.4.8; http://mj12bot.com/)"
162.158.162.22 - - [06/Feb/2025:01:49:49 +0700] "GET /search/%22%20.%20esc_url(%20admin_url()%20)%20.%20%22?dir=//lib/git-core&item=git-mv&action=download HTTP/1.1" 200 1527650 "-" "Mozilla/5.0 (compatible; MJ12bot/v1.4.8; http://mj12bot.com/)"
162.158.162.105 - - [06/Feb/2025:01:49:51 +0700] "POST /wp-cron.php?doing_wp_cron=1738781391.9411170482635498046875 HTTP/1.1" 200 31 "-" "Z2ogBu7dalZ7"
162.158.163.112 - - [06/Feb/2025:01:49:52 +0700] "GET /15cfk44270.html HTTP/1.1" 404 29342 "-" "Buck/2.4.2; (+https://app.hypefactors.com/media-monitoring/about.html)"
162.158.163.20 - - [06/Feb/2025:01:49:59 +0700] "POST /wp-cron.php?doing_wp_cron=1738781399.5465309619903564453125 HTTP/1.1" 200 31 "-" "7EIZcyHSCK09"
162.158.162.22 - - [06/Feb/2025:01:49:59 +0700] "GET /search/%22%20.%20esc_url(%20admin_url()%20)%20.%20%22?dir=//lib/git-core&item=git-mv&action=edit HTTP/1.1" 200 34110 "-" "Mozilla/5.0 (compatible; MJ12bot/v1.4.8; http://mj12bot.com/)"
162.158.162.22 - - [06/Feb/2025:01:50:03 +0700] "GET /search/%22%20.%20esc_url(%20admin_url()%20)%20.%20%22?dir=//lib/git-core&item=git-mv&action=rename HTTP/1.1" 200 34080 "-" "Mozilla/5.0 (compatible; MJ12bot/v1.4.8; http://mj12bot.com/)"
162.158.162.22 - - [06/Feb/2025:01:50:04 +0700] "GET /aomenkaixuanmenguanwangzhuce/article/11735967.html?dir=%2Fhome%2Fvietnamet.com%2Fpublic_html%2Fwp-content HTTP/1.1" 404 29373 "-" "Mozilla/5.0 (Linux; Android 5.0) AppleWebKit/537.36 (KHTML, like Gecko) Mobile Safari/537.36 (compatible; Bytespider; spider-feedback@bytedance.com)"
162.158.163.117 - - [06/Feb/2025:01:50:07 +0700] "GET /search/%22%20.%20esc_url(%20admin_url()%20)%20.%20%22?dir=//lib/git-core&item=git-name-rev&action=chmod HTTP/1.1" 200 34088 "-" "Mozilla/5.0 (compatible; MJ12bot/v1.4.8; http://mj12bot.com/)"
162.158.162.22 - - [06/Feb/2025:01:50:09 +0700] "GET /search/%22%20.%20esc_url(%20admin_url()%20)%20.%20%22?dir=//lib/git-core&item=git-name-rev&action=download HTTP/1.1" 200 1527650 "-" "Mozilla/5.0 (compatible; MJ12bot/v1.4.8; http://mj12bot.com/)"
172.69.165.63 - - [06/Feb/2025:01:50:14 +0700] "POST /wp-cron.php?doing_wp_cron=1738781414.6718800067901611328125 HTTP/1.1" 200 31 "-" "M04IgIL2dBrG"
162.158.162.22 - - [06/Feb/2025:01:50:15 +0700] "GET /search/%22%20.%20esc_url(%20admin_url()%20)%20.%20%22?dir=//lib/git-core&item=git-name-rev&action=edit HTTP/1.1" 200 34117 "-" "Mozilla/5.0 (compatible; MJ12bot/v1.4.8; http://mj12bot.com/)"
162.158.163.117 - - [06/Feb/2025:01:50:15 +0700] "POST /wp-admin/admin-ajax.php?action=async_litespeed&nonce=i0XB813MAN2WcESM45B1A1Et7Fwsq8y3&litespeed_type=imgoptm HTTP/1.1" 200 12363 "-" "tqXtCjAx8rJn"
162.158.163.117 - - [06/Feb/2025:01:50:17 +0700] "POST /wp-cron.php?doing_wp_cron=1738781417.8720970153808593750000 HTTP/1.1" 200 31 "-" "em7Nh4UUMFBY"
162.158.162.22 - - [06/Feb/2025:01:50:18 +0700] "GET /search/%22%20.%20esc_url(%20admin_url()%20)%20.%20%22?dir=//lib/git-core&item=git-name-rev&action=rename HTTP/1.1" 200 34087 "-" "Mozilla/5.0 (compatible; MJ12bot/v1.4.8; http://mj12bot.com/)"
162.158.162.22 - - [06/Feb/2025:01:50:21 +0700] "GET /search/%22%20.%20esc_url(%20admin_url()%20)%20.%20%22?dir=//lib/git-core&item=git-notes&action=chmod HTTP/1.1" 200 34085 "-" "Mozilla/5.0 (compatible; MJ12bot/v1.4.8; http://mj12bot.com/)"
162.158.162.207 - - [06/Feb/2025:01:50:24 +0700] "POST /wp-cron.php?doing_wp_cron=1738781424.2332661151885986328125 HTTP/1.1" 200 31 "-" "ev9W9Dmj145A"
162.158.162.251 - - [06/Feb/2025:01:50:24 +0700] "GET /15tpudd21924.html HTTP/1.1" 404 29338 "-" "Buck/2.4.2; (+https://app.hypefactors.com/media-monitoring/about.html)"
162.158.162.22 - - [06/Feb/2025:01:50:26 +0700] "GET /search/%22%20.%20esc_url(%20admin_url()%20)%20.%20%22?dir=//lib/git-core&item=git-notes&action=download HTTP/1.1" 200 1527650 "-" "Mozilla/5.0 (compatible; MJ12bot/v1.4.8; http://mj12bot.com/)"
162.158.163.97 - - [06/Feb/2025:01:50:31 +0700] "POST /wp-cron.php?doing_wp_cron=1738781431.5260341167449951171875 HTTP/1.1" 200 31 "-" "y91sPaRppa3c"
172.69.165.18 - - [06/Feb/2025:01:50:31 +0700] "GET /search/%22%20.%20esc_url(%20admin_url()%20)%20.%20%22?dir=//lib/git-core&item=git-notes&action=edit HTTP/1.1" 200 34114 "-" "Mozilla/5.0 (compatible; MJ12bot/v1.4.8; http://mj12bot.com/)"
172.69.165.18 - - [06/Feb/2025:01:50:32 +0700] "GET /wp-content/install.php HTTP/1.1" 499 0 "https://vietnamet.com/wp-content/install.php" "Mozilla/5.0 (Windows NT 10.0; Win64; x64) AppleWebKit/537.36 (KHTML, like Gecko) Chrome/58.0.3029.110 Safari/537.3"
162.158.163.118 - - [06/Feb/2025:01:50:33 +0700] "GET / HTTP/1.1" 200 43285 "https://vietnamet.com" "Mozilla/5.0 (Windows NT 10.0; Win64; x64) AppleWebKit/537.36 (KHTML, like Gecko) Chrome/58.0.3029.110 Safari/537.3"
172.69.165.18 - - [06/Feb/2025:01:50:34 +0700] "GET /search/%22%20.%20esc_url(%20admin_url()%20)%20.%20%22?dir=//lib/git-core&item=git-notes&action=rename HTTP/1.1" 200 34088 "-" "Mozilla/5.0 (compatible; MJ12bot/v1.4.8; http://mj12bot.com/)"
172.69.165.18 - - [06/Feb/2025:01:50:38 +0700] "GET /search/%22%20.%20esc_url(%20admin_url()%20)%20.%20%22?dir=//lib/git-core&item=git-pack-objects&action=chmod HTTP/1.1" 200 34096 "-" "Mozilla/5.0 (compatible; MJ12bot/v1.4.8; http://mj12bot.com/)"
162.158.163.118 - - [06/Feb/2025:01:50:39 +0700] "GET /wp-login.php HTTP/1.1" 404 47 "https://acsincorp.com/wp-login.php" "GRequests/0.10"
172.69.165.18 - - [06/Feb/2025:01:50:39 +0700] "GET /wp-login.php HTTP/1.1" 404 47 "https://acsincorp.com/wp-login.php" "GRequests/0.10"
172.69.165.18 - - [06/Feb/2025:01:50:39 +0700] "GET /wp-admin/ HTTP/1.1" 200 12341 "https://acsincorp.com/wp-admin/" "GRequests/0.10"
172.69.165.18 - - [06/Feb/2025:01:50:41 +0700] "GET /search/%22%20.%20esc_url(%20admin_url()%20)%20.%20%22?dir=//lib/git-core&item=git-pack-objects&action=download HTTP/1.1" 200 1527650 "-" "Mozilla/5.0 (compatible; MJ12bot/v1.4.8; http://mj12bot.com/)"
172.69.165.18 - - [06/Feb/2025:01:50:47 +0700] "GET /search/%22%20.%20esc_url(%20admin_url()%20)%20.%20%22?dir=//lib/git-core&item=git-pack-objects&action=edit HTTP/1.1" 200 34121 "-" "Mozilla/5.0 (compatible; MJ12bot/v1.4.8; http://mj12bot.com/)"
162.158.163.118 - - [06/Feb/2025:01:50:49 +0700] "POST /wp-cron.php?doing_wp_cron=1738781449.8223090171813964843750 HTTP/1.1" 200 31 "-" "OVTviohadlRc"
172.69.165.18 - - [06/Feb/2025:01:50:50 +0700] "GET /search/%22%20.%20esc_url(%20admin_url()%20)%20.%20%22?dir=//lib/git-core&item=git-pack-objects&action=rename HTTP/1.1" 200 34092 "-" "Mozilla/5.0 (compatible; MJ12bot/v1.4.8; http://mj12bot.com/)"
172.69.165.18 - - [06/Feb/2025:01:50:53 +0700] "GET /search/%22%20.%20esc_url(%20admin_url()%20)%20.%20%22?dir=//lib/git-core&item=git-pack-redundant&action=chmod HTTP/1.1" 200 34101 "-" "Mozilla/5.0 (compatible; MJ12bot/v1.4.8; http://mj12bot.com/)"
172.69.165.18 - - [06/Feb/2025:01:50:56 +0700] "GET /search/%22%20.%20esc_url(%20admin_url()%20)%20.%20%22?dir=//lib/git-core&item=git-pack-redundant&action=download HTTP/1.1" 200 1527650 "-" "Mozilla/5.0 (compatible; MJ12bot/v1.4.8; http://mj12bot.com/)"
162.158.162.23 - - [06/Feb/2025:01:50:58 +0700] "GET /qiwen/article/12089954.html?dir=%2Fhome%2Fvietnamet.com%2Fpublic_html%2Fwp-includes HTTP/1.1" 404 43737 "-" "Mozilla/5.0 (Linux; Android 5.0) AppleWebKit/537.36 (KHTML, like Gecko) Mobile Safari/537.36 (compatible; Bytespider; spider-feedback@bytedance.com)"
172.69.165.18 - - [06/Feb/2025:01:51:02 +0700] "POST /wp-cron.php?doing_wp_cron=1738781462.6294469833374023437500 HTTP/1.1" 200 31 "-" "kdRp19qSn1tt"
172.69.165.62 - - [06/Feb/2025:01:51:03 +0700] "GET /15nqrb27058.html HTTP/1.1" 404 29331 "-" "Buck/2.4.2; (+https://app.hypefactors.com/media-monitoring/about.html)"
172.69.165.18 - - [06/Feb/2025:01:51:11 +0700] "GET /search/%22%20.%20esc_url(%20admin_url()%20)%20.%20%22?dir=//lib/git-core&item=git-pack-redundant&action=edit HTTP/1.1" 200 34115 "-" "Mozilla/5.0 (compatible; MJ12bot/v1.4.8; http://mj12bot.com/)"
162.158.163.112 - - [06/Feb/2025:01:51:13 +0700] "POST /wp-cron.php?doing_wp_cron=1738781473.7584099769592285156250 HTTP/1.1" 200 31 "-" "epYXNPwTUgd4"
172.69.165.18 - - [06/Feb/2025:01:51:14 +0700] "GET /search/%22%20.%20esc_url(%20admin_url()%20)%20.%20%22?dir=//lib/git-core&item=git-pack-redundant&action=rename HTTP/1.1" 200 34100 "-" "Mozilla/5.0 (compatible; MJ12bot/v1.4.8; http://mj12bot.com/)"
162.158.163.117 - - [06/Feb/2025:01:51:14 +0700] "POST /wp-admin/admin-ajax.php?action=async_litespeed&nonce=8sUfEN52Wj2O1Td7KrshiuA46gJTQkpO&litespeed_type=imgoptm HTTP/1.1" 200 12362 "-" "7MlW4n8yxnJO"
162.158.163.97 - - [06/Feb/2025:01:51:17 +0700] "POST /wp-cron.php?doing_wp_cron=1738781477.8539450168609619140625 HTTP/1.1" 200 31 "-" "U0AkiVA4GO36"
172.69.165.18 - - [06/Feb/2025:01:51:18 +0700] "GET /search/%22%20.%20esc_url(%20admin_url()%20)%20.%20%22?dir=//lib/git-core&item=git-pack-refs&action=chmod HTTP/1.1" 200 34090 "-" "Mozilla/5.0 (compatible; MJ12bot/v1.4.8; http://mj12bot.com/)"
172.69.165.18 - - [06/Feb/2025:01:51:21 +0700] "GET /search/%22%20.%20esc_url(%20admin_url()%20)%20.%20%22?dir=//lib/git-core&item=git-pack-refs&action=download HTTP/1.1" 200 1527650 "-" "Mozilla/5.0 (compatible; MJ12bot/v1.4.8; http://mj12bot.com/)"
162.158.163.117 - - [06/Feb/2025:01:51:26 +0700] "POST /wp-cron.php?doing_wp_cron=1738781486.1965858936309814453125 HTTP/1.1" 200 31 "-" "VmnPTONIZ6a9"
172.69.165.18 - - [06/Feb/2025:01:51:26 +0700] "GET /search/%22%20.%20esc_url(%20admin_url()%20)%20.%20%22?dir=//lib/git-core&item=git-pack-refs&action=edit HTTP/1.1" 200 34119 "-" "Mozilla/5.0 (compatible; MJ12bot/v1.4.8; http://mj12bot.com/)"
162.158.163.112 - - [06/Feb/2025:01:51:29 +0700] "POST /wp-cron.php?doing_wp_cron=1738781489.0739600658416748046875 HTTP/1.1" 200 31 "-" "wjdoAcu7Ok3Z"
172.69.165.18 - - [06/Feb/2025:01:51:29 +0700] "GET /search/%22%20.%20esc_url(%20admin_url()%20)%20.%20%22?dir=//lib/git-core&item=git-pack-refs&action=rename HTTP/1.1" 200 34086 "-" "Mozilla/5.0 (compatible; MJ12bot/v1.4.8; http://mj12bot.com/)"
172.69.165.18 - - [06/Feb/2025:01:51:33 +0700] "GET /search/%22%20.%20esc_url(%20admin_url()%20)%20.%20%22?dir=//lib/git-core&item=git-parse-remote&action=chmod HTTP/1.1" 200 34094 "-" "Mozilla/5.0 (compatible; MJ12bot/v1.4.8; http://mj12bot.com/)"
162.158.163.154 - - [06/Feb/2025:01:51:33 +0700] "GET /15iuwkt1306.html HTTP/1.1" 404 29332 "-" "Buck/2.4.2; (+https://app.hypefactors.com/media-monitoring/about.html)"
172.69.165.18 - - [06/Feb/2025:01:51:39 +0700] "GET /search/%22%20.%20esc_url(%20admin_url()%20)%20.%20%22?dir=//lib/git-core&item=git-parse-remote&action=download HTTP/1.1" 200 1342 "-" "Mozilla/5.0 (compatible; MJ12bot/v1.4.8; http://mj12bot.com/)"
172.69.165.18 - - [06/Feb/2025:01:51:41 +0700] "GET /search/%22%20.%20esc_url(%20admin_url()%20)%20.%20%22?dir=//lib/git-core&item=git-parse-remote&action=edit HTTP/1.1" 200 35273 "-" "Mozilla/5.0 (compatible; MJ12bot/v1.4.8; http://mj12bot.com/)"
172.69.165.18 - - [06/Feb/2025:01:51:46 +0700] "GET /search/%22%20.%20esc_url(%20admin_url()%20)%20.%20%22?dir=//lib/git-core&item=git-parse-remote&action=rename HTTP/1.1" 200 34098 "-" "Mozilla/5.0 (compatible; MJ12bot/v1.4.8; http://mj12bot.com/)"
162.158.163.98 - - [06/Feb/2025:01:51:48 +0700] "POST /wp-cron.php?doing_wp_cron=1738781508.2599139213562011718750 HTTP/1.1" 200 31 "-" "Izl344Kpwhs4"
172.69.165.18 - - [06/Feb/2025:01:51:48 +0700] "GET /search/%22%20.%20esc_url(%20admin_url()%20)%20.%20%22?dir=//lib/git-core&item=git-patch-id&action=chmod HTTP/1.1" 200 34088 "-" "Mozilla/5.0 (compatible; MJ12bot/v1.4.8; http://mj12bot.com/)"
162.158.163.117 - - [06/Feb/2025:01:51:51 +0700] "GET /aomenkaixuanmenguanwang/article/14165358.html?dir=%2Fhome HTTP/1.1" 404 27811 "-" "Mozilla/5.0 (Linux; Android 5.0) AppleWebKit/537.36 (KHTML, like Gecko) Mobile Safari/537.36 (compatible; Bytespider; spider-feedback@bytedance.com)"
172.69.165.18 - - [06/Feb/2025:01:51:53 +0700] "GET /search/%22%20.%20esc_url(%20admin_url()%20)%20.%20%22?dir=//lib/git-core&item=git-patch-id&action=download HTTP/1.1" 200 1527650 "-" "Mozilla/5.0 (compatible; MJ12bot/v1.4.8; http://mj12bot.com/)"
162.158.163.112 - - [06/Feb/2025:01:51:58 +0700] "POST /wp-cron.php?doing_wp_cron=1738781518.0897519588470458984375 HTTP/1.1" 200 31 "-" "c6cl3TCQz9dC"
162.158.163.117 - - [06/Feb/2025:01:51:58 +0700] "GET /search/%22%20.%20esc_url(%20admin_url()%20)%20.%20%22?dir=//lib/git-core&item=git-patch-id&action=edit HTTP/1.1" 200 34121 "-" "Mozilla/5.0 (compatible; MJ12bot/v1.4.8; http://mj12bot.com/)"
162.158.163.117 - - [06/Feb/2025:01:52:02 +0700] "GET /search/%22%20.%20esc_url(%20admin_url()%20)%20.%20%22?dir=//lib/git-core&item=git-patch-id&action=rename HTTP/1.1" 200 34095 "-" "Mozilla/5.0 (compatible; MJ12bot/v1.4.8; http://mj12bot.com/)"
162.158.163.117 - - [06/Feb/2025:01:52:05 +0700] "GET /search/%22%20.%20esc_url(%20admin_url()%20)%20.%20%22?dir=//lib/git-core&item=git-prune&action=chmod HTTP/1.1" 200 34088 "-" "Mozilla/5.0 (compatible; MJ12bot/v1.4.8; http://mj12bot.com/)"
162.158.163.117 - - [06/Feb/2025:01:52:07 +0700] "GET /search/%22%20.%20esc_url(%20admin_url()%20)%20.%20%22?dir=//lib/git-core&item=git-prune&action=download HTTP/1.1" 200 1527650 "-" "Mozilla/5.0 (compatible; MJ12bot/v1.4.8; http://mj12bot.com/)"
172.69.165.18 - - [06/Feb/2025:01:52:12 +0700] "GET /search/%22%20.%20esc_url(%20admin_url()%20)%20.%20%22?dir=//lib/git-core&item=git-prune&action=edit HTTP/1.1" 200 34108 "-" "Mozilla/5.0 (compatible; MJ12bot/v1.4.8; http://mj12bot.com/)"
162.158.163.117 - - [06/Feb/2025:01:52:13 +0700] "POST /wp-cron.php?doing_wp_cron=1738781533.8299078941345214843750 HTTP/1.1" 200 31 "-" "Uxg00D7Q9gg9"
162.158.163.165 - - [06/Feb/2025:01:52:13 +0700] "GET / HTTP/1.1" 301 107418 "-" "Mozilla/5.0 (X11; Ubuntu; Linux x86_64; rv:130.0) Gecko/20100101 Firefox/130.0"
162.158.162.18 - - [06/Feb/2025:01:52:14 +0700] "POST /wp-admin/admin-ajax.php?action=async_litespeed&nonce=msJttRPj8Reicgj8FPaFqkTRkTeIdVBo&litespeed_type=imgoptm HTTP/1.1" 200 12360 "-" "ruBxU0IX9yEw"
172.69.165.18 - - [06/Feb/2025:01:52:15 +0700] "GET /search/%22%20.%20esc_url(%20admin_url()%20)%20.%20%22?dir=//lib/git-core&item=git-prune&action=rename HTTP/1.1" 200 34088 "-" "Mozilla/5.0 (compatible; MJ12bot/v1.4.8; http://mj12bot.com/)"
172.69.165.63 - - [06/Feb/2025:01:52:16 +0700] "GET /15zurf15300.html HTTP/1.1" 404 29327 "-" "Buck/2.4.2; (+https://app.hypefactors.com/media-monitoring/about.html)"
162.158.162.102 - - [06/Feb/2025:01:52:18 +0700] "POST /wp-cron.php?doing_wp_cron=1738781538.8374190330505371093750 HTTP/1.1" 200 31 "-" "tlDpqnb8YKBZ"
172.69.165.18 - - [06/Feb/2025:01:52:19 +0700] "GET /search/%22%20.%20esc_url(%20admin_url()%20)%20.%20%22?dir=//lib/git-core&item=git-prune-packed&action=chmod HTTP/1.1" 200 34101 "-" "Mozilla/5.0 (compatible; MJ12bot/v1.4.8; http://mj12bot.com/)"
172.69.165.18 - - [06/Feb/2025:01:52:21 +0700] "GET /search/%22%20.%20esc_url(%20admin_url()%20)%20.%20%22?dir=//lib/git-core&item=git-prune-packed&action=download HTTP/1.1" 200 1527650 "-" "Mozilla/5.0 (compatible; MJ12bot/v1.4.8; http://mj12bot.com/)"
162.158.163.224 - - [06/Feb/2025:01:52:26 +0700] "POST /wp-cron.php?doing_wp_cron=1738781546.9348680973052978515625 HTTP/1.1" 200 31 "-" "va1aWa1Dn2D8"
162.158.162.75 - - [06/Feb/2025:01:52:27 +0700] "GET /search/%22%20.%20esc_url(%20admin_url()%20)%20.%20%22?dir=//lib/git-core&item=git-prune-packed&action=edit HTTP/1.1" 200 34127 "-" "Mozilla/5.0 (compatible; MJ12bot/v1.4.8; http://mj12bot.com/)"
162.158.162.75 - - [06/Feb/2025:01:52:30 +0700] "GET /search/%22%20.%20esc_url(%20admin_url()%20)%20.%20%22?dir=//lib/git-core&item=git-prune-packed&action=rename HTTP/1.1" 200 34100 "-" "Mozilla/5.0 (compatible; MJ12bot/v1.4.8; http://mj12bot.com/)"
162.158.162.75 - - [06/Feb/2025:01:52:32 +0700] "GET /search/%22%20.%20esc_url(%20admin_url()%20)%20.%20%22?dir=//lib/git-core&item=git-pull&action=chmod HTTP/1.1" 200 34087 "-" "Mozilla/5.0 (compatible; MJ12bot/v1.4.8; http://mj12bot.com/)"
162.158.162.75 - - [06/Feb/2025:01:52:36 +0700] "GET /search/%22%20.%20esc_url(%20admin_url()%20)%20.%20%22?dir=//lib/git-core&item=git-pull&action=download HTTP/1.1" 200 1527651 "-" "Mozilla/5.0 (compatible; MJ12bot/v1.4.8; http://mj12bot.com/)"
172.69.165.18 - - [06/Feb/2025:01:52:45 +0700] "GET /qiwen/20.html?dir=%2Fhome HTTP/1.1" 404 27093 "-" "Mozilla/5.0 (Linux; Android 5.0) AppleWebKit/537.36 (KHTML, like Gecko) Mobile Safari/537.36 (compatible; Bytespider; spider-feedback@bytedance.com)"
162.158.162.104 - - [06/Feb/2025:01:52:47 +0700] "GET /search/%22%20.%20esc_url(%20admin_url()%20)%20.%20%22?dir=//lib/git-core&item=git-pull&action=edit HTTP/1.1" 200 34118 "-" "Mozilla/5.0 (compatible; MJ12bot/v1.4.8; http://mj12bot.com/)"
162.158.163.97 - - [06/Feb/2025:01:52:53 +0700] "POST /wp-cron.php?doing_wp_cron=1738781573.1780910491943359375000 HTTP/1.1" 200 31 "-" "3A0u7Dx9sSEo"
162.158.162.104 - - [06/Feb/2025:01:52:53 +0700] "GET /search/%22%20.%20esc_url(%20admin_url()%20)%20.%20%22?dir=//lib/git-core&item=git-pull&action=rename HTTP/1.1" 200 34082 "-" "Mozilla/5.0 (compatible; MJ12bot/v1.4.8; http://mj12bot.com/)"
162.158.162.104 - - [06/Feb/2025:01:52:57 +0700] "GET /search/%22%20.%20esc_url(%20admin_url()%20)%20.%20%22?dir=//lib/git-core&item=git-push&action=chmod HTTP/1.1" 200 34088 "-" "Mozilla/5.0 (compatible; MJ12bot/v1.4.8; http://mj12bot.com/)"
172.69.165.18 - - [06/Feb/2025:01:52:58 +0700] "POST /wp-cron.php?doing_wp_cron=1738781578.1874198913574218750000 HTTP/1.1" 200 31 "-" "xkmQZvemcaFf"
162.158.163.90 - - [06/Feb/2025:01:52:58 +0700] "GET /15zwwbz35662.html HTTP/1.1" 404 29326 "-" "Buck/2.4.2; (+https://app.hypefactors.com/media-monitoring/about.html)"
162.158.162.104 - - [06/Feb/2025:01:53:01 +0700] "GET /search/%22%20.%20esc_url(%20admin_url()%20)%20.%20%22?dir=//lib/git-core&item=git-push&action=download HTTP/1.1" 200 1527650 "-" "Mozilla/5.0 (compatible; MJ12bot/v1.4.8; http://mj12bot.com/)"
162.158.163.117 - - [06/Feb/2025:01:53:05 +0700] "GET /search/%22%20.%20esc_url(%20admin_url()%20)%20.%20%22?dir=//lib/git-core&item=git-push&action=edit HTTP/1.1" 200 34115 "-" "Mozilla/5.0 (compatible; MJ12bot/v1.4.8; http://mj12bot.com/)"
162.158.163.117 - - [06/Feb/2025:01:53:09 +0700] "GET /search/%22%20.%20esc_url(%20admin_url()%20)%20.%20%22?dir=//lib/git-core&item=git-push&action=rename HTTP/1.1" 200 34093 "-" "Mozilla/5.0 (compatible; MJ12bot/v1.4.8; http://mj12bot.com/)"
162.158.163.98 - - [06/Feb/2025:01:53:15 +0700] "POST /wp-cron.php?doing_wp_cron=1738781595.1581640243530273437500 HTTP/1.1" 200 31 "-" "T2GxxCjF4Bur"
162.158.163.117 - - [06/Feb/2025:01:53:15 +0700] "GET /search/%22%20.%20esc_url(%20admin_url()%20)%20.%20%22?dir=//lib/git-core&item=git-quiltimport&action=chmod HTTP/1.1" 200 34096 "-" "Mozilla/5.0 (compatible; MJ12bot/v1.4.8; http://mj12bot.com/)"
162.158.163.117 - - [06/Feb/2025:01:53:16 +0700] "POST /wp-admin/admin-ajax.php?action=async_litespeed&nonce=2w2iqlqz9NzV5YOJOWqtn21O86bZF0KD&litespeed_type=imgoptm HTTP/1.1" 200 12364 "-" "MVPZ3ROUZR9h"
162.158.163.117 - - [06/Feb/2025:01:53:18 +0700] "GET /search/%22%20.%20esc_url(%20admin_url()%20)%20.%20%22?dir=//lib/git-core&item=git-quiltimport&action=download HTTP/1.1" 200 1618 "-" "Mozilla/5.0 (compatible; MJ12bot/v1.4.8; http://mj12bot.com/)"
162.158.163.190 - - [06/Feb/2025:01:53:22 +0700] "POST /wp-cron.php?doing_wp_cron=1738781602.9378249645233154296875 HTTP/1.1" 200 31 "-" "H5TYkiM3rFiS"
162.158.163.117 - - [06/Feb/2025:01:53:23 +0700] "GET /search/%22%20.%20esc_url(%20admin_url()%20)%20.%20%22?dir=//lib/git-core&item=git-quiltimport&action=edit HTTP/1.1" 200 35565 "-" "Mozilla/5.0 (compatible; MJ12bot/v1.4.8; http://mj12bot.com/)"
162.158.163.117 - - [06/Feb/2025:01:53:26 +0700] "GET /search/%22%20.%20esc_url(%20admin_url()%20)%20.%20%22?dir=//lib/git-core&item=git-quiltimport&action=rename HTTP/1.1" 200 34095 "-" "Mozilla/5.0 (compatible; MJ12bot/v1.4.8; http://mj12bot.com/)"
162.158.163.179 - - [06/Feb/2025:01:53:26 +0700] "GET /15cegca46222.html HTTP/1.1" 404 29329 "-" "Buck/2.4.2; (+https://app.hypefactors.com/media-monitoring/about.html)"
162.158.162.23 - - [06/Feb/2025:01:53:28 +0700] "POST /wp-cron.php?doing_wp_cron=1738781608.3800680637359619140625 HTTP/1.1" 200 31 "-" "9Hyz7gnjPEdl"
162.158.163.117 - - [06/Feb/2025:01:53:28 +0700] "GET /search/%22%20.%20esc_url(%20admin_url()%20)%20.%20%22?dir=//lib/git-core&item=git-range-diff&action=chmod HTTP/1.1" 200 34097 "-" "Mozilla/5.0 (compatible; MJ12bot/v1.4.8; http://mj12bot.com/)"
162.158.163.117 - - [06/Feb/2025:01:53:31 +0700] "GET /search/%22%20.%20esc_url(%20admin_url()%20)%20.%20%22?dir=//lib/git-core&item=git-range-diff&action=download HTTP/1.1" 200 1527649 "-" "Mozilla/5.0 (compatible; MJ12bot/v1.4.8; http://mj12bot.com/)"
172.69.165.18 - - [06/Feb/2025:01:53:36 +0700] "GET /search/%22%20.%20esc_url(%20admin_url()%20)%20.%20%22?dir=//lib/git-core&item=git-range-diff&action=edit HTTP/1.1" 200 34122 "-" "Mozilla/5.0 (compatible; MJ12bot/v1.4.8; http://mj12bot.com/)"
172.69.165.18 - - [06/Feb/2025:01:53:39 +0700] "GET /search/%22%20.%20esc_url(%20admin_url()%20)%20.%20%22?dir=//lib/git-core&item=git-range-diff&action=rename HTTP/1.1" 200 34088 "-" "Mozilla/5.0 (compatible; MJ12bot/v1.4.8; http://mj12bot.com/)"
172.69.165.19 - - [06/Feb/2025:01:53:39 +0700] "GET /aomenkaixuanmenguanfangwangzhi/article/12993426.html?dir=%2Fhome%2Fvietnamet.com%2Fpublic_html HTTP/1.1" 404 30075 "-" "Mozilla/5.0 (Linux; Android 5.0) AppleWebKit/537.36 (KHTML, like Gecko) Mobile Safari/537.36 (compatible; Bytespider; spider-feedback@bytedance.com)"
172.69.165.18 - - [06/Feb/2025:01:53:42 +0700] "GET /search/%22%20.%20esc_url(%20admin_url()%20)%20.%20%22?dir=//lib/git-core&item=git-read-tree&action=chmod HTTP/1.1" 200 34091 "-" "Mozilla/5.0 (compatible; MJ12bot/v1.4.8; http://mj12bot.com/)"
162.158.170.224 - - [06/Feb/2025:01:53:48 +0700] "GET /?_ga=2.194806273.1957210951.1729981480-266523268.1699181788&_bdsid=e3ephz.n~YWNXJ.1755355285498.1792963594&_bd_prev_page=https://vietnamet.com/super.do?products/136da13518 HTTP/1.1" 200 87248 "-" "Mozilla/5.0 (Linux; Android 6.0.1; Nexus 5X Build/MMB29P) AppleWebKit/537.36 (KHTML, like Gecko) Chrome/132.0.6834.159 Mobile Safari/537.36 (compatible; Googlebot/2.1; +http://www.google.com/bot.html)"
162.158.162.19 - - [06/Feb/2025:01:53:50 +0700] "POST /wp-cron.php?doing_wp_cron=1738781630.7592060565948486328125 HTTP/1.1" 200 31 "-" "XHphJG8BNhEF"
162.158.162.22 - - [06/Feb/2025:01:53:51 +0700] "GET /15bkdsi1886.html HTTP/1.1" 404 29331 "-" "Buck/2.4.2; (+https://app.hypefactors.com/media-monitoring/about.html)"
172.69.165.18 - - [06/Feb/2025:01:54:00 +0700] "GET /search/%22%20.%20esc_url(%20admin_url()%20)%20.%20%22?dir=//lib/git-core&item=git-read-tree&action=download HTTP/1.1" 200 1527649 "-" "Mozilla/5.0 (compatible; MJ12bot/v1.4.8; http://mj12bot.com/)"
162.158.162.207 - - [06/Feb/2025:01:54:05 +0700] "POST /wp-cron.php?doing_wp_cron=1738781645.0967259407043457031250 HTTP/1.1" 200 31 "-" "V44sdp3sAPGy"
162.158.162.22 - - [06/Feb/2025:01:54:05 +0700] "GET /search/%22%20.%20esc_url(%20admin_url()%20)%20.%20%22?dir=//lib/git-core&item=git-read-tree&action=edit HTTP/1.1" 200 34114 "-" "Mozilla/5.0 (compatible; MJ12bot/v1.4.8; http://mj12bot.com/)"
162.158.163.118 - - [06/Feb/2025:01:54:09 +0700] "GET /search/%22%20.%20esc_url(%20admin_url()%20)%20.%20%22?dir=//lib/git-core&item=git-read-tree&action=rename HTTP/1.1" 200 34095 "-" "Mozilla/5.0 (compatible; MJ12bot/v1.4.8; http://mj12bot.com/)"
162.158.162.22 - - [06/Feb/2025:01:54:12 +0700] "GET /search/%22%20.%20esc_url(%20admin_url()%20)%20.%20%22?dir=//lib/git-core&item=git-rebase&action=chmod HTTP/1.1" 200 34089 "-" "Mozilla/5.0 (compatible; MJ12bot/v1.4.8; http://mj12bot.com/)"
162.158.162.22 - - [06/Feb/2025:01:54:16 +0700] "GET /search/%22%20.%20esc_url(%20admin_url()%20)%20.%20%22?dir=//lib/git-core&item=git-rebase&action=download HTTP/1.1" 200 1527649 "-" "Mozilla/5.0 (compatible; MJ12bot/v1.4.8; http://mj12bot.com/)"
172.69.165.52 - - [06/Feb/2025:01:54:16 +0700] "POST /wp-cron.php?doing_wp_cron=1738781656.4789240360260009765625 HTTP/1.1" 200 31 "-" "ndVrPoZenAyq"
172.69.165.18 - - [06/Feb/2025:01:54:17 +0700] "GET /16yvwtm15639.html HTTP/1.1" 404 29325 "-" "Buck/2.4.2; (+https://app.hypefactors.com/media-monitoring/about.html)"
162.158.163.189 - - [06/Feb/2025:01:54:17 +0700] "POST /wp-admin/admin-ajax.php?action=async_litespeed&nonce=s4Sysi16VDRKpNirI7OVeBV5GOfuyiJ0&litespeed_type=imgoptm HTTP/1.1" 200 12362 "-" "mYCDo5sfhPOT"
162.158.162.22 - - [06/Feb/2025:01:54:21 +0700] "GET /search/%22%20.%20esc_url(%20admin_url()%20)%20.%20%22?dir=//lib/git-core&item=git-rebase&action=edit HTTP/1.1" 200 34115 "-" "Mozilla/5.0 (compatible; MJ12bot/v1.4.8; http://mj12bot.com/)"
162.158.163.165 - - [06/Feb/2025:01:54:24 +0700] "POST /wp-cron.php?doing_wp_cron=1738781664.7625579833984375000000 HTTP/1.1" 200 31 "-" "zuXfK5cCRN70"
162.158.162.22 - - [06/Feb/2025:01:54:25 +0700] "GET /search/%22%20.%20esc_url(%20admin_url()%20)%20.%20%22?dir=//lib/git-core&item=git-rebase&action=rename HTTP/1.1" 200 34082 "-" "Mozilla/5.0 (compatible; MJ12bot/v1.4.8; http://mj12bot.com/)"
162.158.163.97 - - [06/Feb/2025:01:54:27 +0700] "POST /wp-cron.php?doing_wp_cron=1738781667.7481679916381835937500 HTTP/1.1" 200 31 "-" "s4lFEMf0A6zR"
162.158.162.22 - - [06/Feb/2025:01:54:28 +0700] "GET /search/%22%20.%20esc_url(%20admin_url()%20)%20.%20%22?dir=//lib/git-core&item=git-rebase--preserve-merges&action=chmod HTTP/1.1" 200 34115 "-" "Mozilla/5.0 (compatible; MJ12bot/v1.4.8; http://mj12bot.com/)"
162.158.162.22 - - [06/Feb/2025:01:54:32 +0700] "GET /search/%22%20.%20esc_url(%20admin_url()%20)%20.%20%22?dir=//lib/git-core&item=git-rebase--preserve-merges&action=download HTTP/1.1" 200 9530 "-" "Mozilla/5.0 (compatible; MJ12bot/v1.4.8; http://mj12bot.com/)"
172.69.165.53 - - [06/Feb/2025:01:54:33 +0700] "GET /aomenkaixuanmenguanwangzhuce/article/11784168.html?dir=%2Fhome%2Fvietnamet.com%2Fpublic_html%2Fwp-content HTTP/1.1" 404 29377 "-" "Mozilla/5.0 (Linux; Android 5.0) AppleWebKit/537.36 (KHTML, like Gecko) Mobile Safari/537.36 (compatible; Bytespider; spider-feedback@bytedance.com)"
162.158.162.22 - - [06/Feb/2025:01:54:36 +0700] "GET /search/%22%20.%20esc_url(%20admin_url()%20)%20.%20%22?dir=//lib/git-core&item=git-rebase--preserve-merges&action=edit HTTP/1.1" 200 44011 "-" "Mozilla/5.0 (compatible; MJ12bot/v1.4.8; http://mj12bot.com/)"
162.158.162.22 - - [06/Feb/2025:01:54:38 +0700] "GET /search/%22%20.%20esc_url(%20admin_url()%20)%20.%20%22?dir=//lib/git-core&item=git-rebase--preserve-merges&action=rename HTTP/1.1" 200 34112 "-" "Mozilla/5.0 (compatible; MJ12bot/v1.4.8; http://mj12bot.com/)"
162.158.162.22 - - [06/Feb/2025:01:54:42 +0700] "GET /search/%22%20.%20esc_url(%20admin_url()%20)%20.%20%22?dir=//lib/git-core&item=git-receive-pack&action=chmod HTTP/1.1" 200 34097 "-" "Mozilla/5.0 (compatible; MJ12bot/v1.4.8; http://mj12bot.com/)"
162.158.162.22 - - [06/Feb/2025:01:54:46 +0700] "GET /search/%22%20.%20esc_url(%20admin_url()%20)%20.%20%22?dir=//lib/git-core&item=git-receive-pack&action=download HTTP/1.1" 200 1527649 "-" "Mozilla/5.0 (compatible; MJ12bot/v1.4.8; http://mj12bot.com/)"
162.158.163.118 - - [06/Feb/2025:01:54:50 +0700] "POST /wp-cron.php?doing_wp_cron=1738781690.1252510547637939453125 HTTP/1.1" 200 31 "-" "jH63Pirpvz3Z"
172.69.165.19 - - [06/Feb/2025:01:54:50 +0700] "GET /search/%22%20.%20esc_url(%20admin_url()%20)%20.%20%22?dir=//lib/git-core&item=git-receive-pack&action=edit HTTP/1.1" 200 34121 "-" "Mozilla/5.0 (compatible; MJ12bot/v1.4.8; http://mj12bot.com/)"
172.69.165.19 - - [06/Feb/2025:01:54:53 +0700] "GET /search/%22%20.%20esc_url(%20admin_url()%20)%20.%20%22?dir=//lib/git-core&item=git-receive-pack&action=rename HTTP/1.1" 200 34093 "-" "Mozilla/5.0 (compatible; MJ12bot/v1.4.8; http://mj12bot.com/)"
162.158.162.23 - - [06/Feb/2025:01:54:58 +0700] "GET /search/%22%20.%20esc_url(%20admin_url()%20)%20.%20%22?dir=//lib/git-core&item=git-reflog&action=chmod HTTP/1.1" 200 34091 "-" "Mozilla/5.0 (compatible; MJ12bot/v1.4.8; http://mj12bot.com/)"
172.69.165.19 - - [06/Feb/2025:01:55:01 +0700] "GET /search/%22%20.%20esc_url(%20admin_url()%20)%20.%20%22?dir=//lib/git-core&item=git-reflog&action=download HTTP/1.1" 200 1527650 "-" "Mozilla/5.0 (compatible; MJ12bot/v1.4.8; http://mj12bot.com/)"
162.158.163.98 - - [06/Feb/2025:01:55:03 +0700] "POST /wp-cron.php?doing_wp_cron=1738781703.3905849456787109375000 HTTP/1.1" 200 31 "-" "QTojoXIDAbyD"
162.158.162.109 - - [06/Feb/2025:01:55:04 +0700] "GET /16xppw23277.html HTTP/1.1" 404 29330 "-" "Buck/2.4.2; (+https://app.hypefactors.com/media-monitoring/about.html)"
162.158.163.97 - - [06/Feb/2025:01:55:05 +0700] "GET /wp-content/install.php HTTP/1.1" 499 0 "https://vietnamet.com/wp-content/install.php" "Mozilla/5.0 (Windows NT 10.0; Win64; x64) AppleWebKit/537.36 (KHTML, like Gecko) Chrome/58.0.3029.110 Safari/537.3"
162.158.163.98 - - [06/Feb/2025:01:55:06 +0700] "GET / HTTP/1.1" 200 43274 "https://vietnamet.com" "Mozilla/5.0 (Windows NT 10.0; Win64; x64) AppleWebKit/537.36 (KHTML, like Gecko) Chrome/58.0.3029.110 Safari/537.3"
162.158.162.23 - - [06/Feb/2025:01:55:07 +0700] "GET /wp-content/install.php HTTP/1.1" 200 37 "-" "GuzzleHttp/7"
162.158.163.86 - - [06/Feb/2025:01:55:09 +0700] "GET /wp-content/install.php?id=612212 HTTP/1.1" 200 37 "https://vietnamet.com/wp-content/install.php?id=612212" "Mozilla/5.0 (Windows NT 10.0; Win64; x64) AppleWebKit/537.36 (KHTML, like Gecko) Chrome/58.0.3029.110 Safari/537.3"
162.158.162.23 - - [06/Feb/2025:01:55:11 +0700] "GET / HTTP/1.1" 200 43275 "https://vietnamet.com" "Mozilla/5.0 (Windows NT 10.0; Win64; x64) AppleWebKit/537.36 (KHTML, like Gecko) Chrome/58.0.3029.110 Safari/537.3"
172.69.165.18 - - [06/Feb/2025:01:55:12 +0700] "GET /search/%22%20.%20esc_url(%20admin_url()%20)%20.%20%22?dir=//lib/git-core&item=git-reflog&action=edit HTTP/1.1" 200 34115 "-" "Mozilla/5.0 (compatible; MJ12bot/v1.4.8; http://mj12bot.com/)"
162.158.162.23 - - [06/Feb/2025:01:55:12 +0700] "GET /wp-content/install.php HTTP/1.1" 200 37 "-" "GuzzleHttp/7"
162.158.162.23 - - [06/Feb/2025:01:55:13 +0700] "GET /wp-content/install.php HTTP/1.1" 200 37 "https://vietnamet.com/wp-content/install.php" "Mozilla/5.0 (Windows NT 10.0; Win64; x64) AppleWebKit/537.36 (KHTML, like Gecko) Chrome/58.0.3029.110 Safari/537.3"
162.158.163.98 - - [06/Feb/2025:01:55:13 +0700] "GET /wp-content/install.php HTTP/1.1" 200 37 "-" "GuzzleHttp/7"
162.158.162.114 - - [06/Feb/2025:01:55:14 +0700] "POST /wp-cron.php?doing_wp_cron=1738781714.1357409954071044921875 HTTP/1.1" 200 31 "-" "uJhg1JrMI0rD"
162.158.163.117 - - [06/Feb/2025:01:55:14 +0700] "GET / HTTP/1.1" 200 43282 "https://vietnamet.com" "Mozilla/5.0 (Windows NT 10.0; Win64; x64) AppleWebKit/537.36 (KHTML, like Gecko) Chrome/58.0.3029.110 Safari/537.3"
162.158.163.118 - - [06/Feb/2025:01:55:14 +0700] "POST /wp-admin/admin-ajax.php?action=async_litespeed&nonce=yQxyOUhuD271CB02pqdOomPGq0WQHhpK&litespeed_type=imgoptm HTTP/1.1" 200 12362 "-" "DxUeULjrdDbb"
172.69.165.18 - - [06/Feb/2025:01:55:15 +0700] "GET /search/%22%20.%20esc_url(%20admin_url()%20)%20.%20%22?dir=//lib/git-core&item=git-reflog&action=rename HTTP/1.1" 200 34084 "-" "Mozilla/5.0 (compatible; MJ12bot/v1.4.8; http://mj12bot.com/)"
172.69.165.18 - - [06/Feb/2025:01:55:17 +0700] "POST /wp-cron.php?doing_wp_cron=1738781717.3973820209503173828125 HTTP/1.1" 200 31 "-" "pniqoVZr6680"
172.69.165.18 - - [06/Feb/2025:01:55:17 +0700] "GET /search/%22%20.%20esc_url(%20admin_url()%20)%20.%20%22?dir=//lib/git-core&item=git-remote&action=chmod HTTP/1.1" 200 34086 "-" "Mozilla/5.0 (compatible; MJ12bot/v1.4.8; http://mj12bot.com/)"
162.158.162.23 - - [06/Feb/2025:01:55:18 +0700] "GET /wp-content/install.php HTTP/1.1" 200 37 "-" "GuzzleHttp/7"
172.69.165.18 - - [06/Feb/2025:01:55:20 +0700] "GET /search/%22%20.%20esc_url(%20admin_url()%20)%20.%20%22?dir=//lib/git-core&item=git-remote&action=download HTTP/1.1" 200 1527650 "-" "Mozilla/5.0 (compatible; MJ12bot/v1.4.8; http://mj12bot.com/)"
162.158.163.98 - - [06/Feb/2025:01:55:26 +0700] "POST /wp-cron.php?doing_wp_cron=1738781726.0099120140075683593750 HTTP/1.1" 200 31 "-" "rzP3P5fCnZzM"
162.158.162.23 - - [06/Feb/2025:01:55:26 +0700] "GET /search/%22%20.%20esc_url(%20admin_url()%20)%20.%20%22?dir=//lib/git-core&item=git-remote&action=edit HTTP/1.1" 200 34112 "-" "Mozilla/5.0 (compatible; MJ12bot/v1.4.8; http://mj12bot.com/)"
172.69.165.18 - - [06/Feb/2025:01:55:27 +0700] "GET /zhidingxinwen/article/13567729.html?dir=%2Fhome%2Fvietnamet.com%2Fpublic_html%2Fwp-content HTTP/1.1" 404 29377 "-" "Mozilla/5.0 (Linux; Android 5.0) AppleWebKit/537.36 (KHTML, like Gecko) Mobile Safari/537.36 (compatible; Bytespider; spider-feedback@bytedance.com)"
162.158.162.23 - - [06/Feb/2025:01:55:28 +0700] "GET /wp-content/install.php HTTP/1.1" 200 37 "-" "GuzzleHttp/7"
162.158.163.111 - - [06/Feb/2025:01:55:29 +0700] "GET /wp-content/install.php HTTP/1.1" 200 37 "-" "GuzzleHttp/7"
162.158.163.20 - - [06/Feb/2025:01:55:30 +0700] "POST /wp-cron.php?doing_wp_cron=1738781730.2718429565429687500000 HTTP/1.1" 200 31 "-" "mBbmgRhaxsOz"
162.158.162.22 - - [06/Feb/2025:01:55:30 +0700] "GET /wp-content/install.php HTTP/1.1" 200 37 "-" "GuzzleHttp/7"
162.158.162.23 - - [06/Feb/2025:01:55:30 +0700] "GET /search/%22%20.%20esc_url(%20admin_url()%20)%20.%20%22?dir=//lib/git-core&item=git-remote&action=rename HTTP/1.1" 200 34088 "-" "Mozilla/5.0 (compatible; MJ12bot/v1.4.8; http://mj12bot.com/)"
162.158.163.117 - - [06/Feb/2025:01:55:31 +0700] "GET /wp-content/install.php HTTP/1.1" 200 37 "-" "GuzzleHttp/7"
172.69.165.18 - - [06/Feb/2025:01:55:33 +0700] "GET /wp-content/install.php HTTP/1.1" 200 37 "-" "GuzzleHttp/7"
162.158.162.22 - - [06/Feb/2025:01:55:33 +0700] "GET /search/%22%20.%20esc_url(%20admin_url()%20)%20.%20%22?dir=//lib/git-core&item=git-remote-ext&action=chmod HTTP/1.1" 200 34098 "-" "Mozilla/5.0 (compatible; MJ12bot/v1.4.8; http://mj12bot.com/)"
162.158.163.98 - - [06/Feb/2025:01:55:36 +0700] "GET /wp-content/install.php HTTP/1.1" 200 37 "-" "GuzzleHttp/7"
162.158.162.23 - - [06/Feb/2025:01:55:37 +0700] "GET /search/%22%20.%20esc_url(%20admin_url()%20)%20.%20%22?dir=//lib/git-core&item=git-remote-ext&action=download HTTP/1.1" 200 1527648 "-" "Mozilla/5.0 (compatible; MJ12bot/v1.4.8; http://mj12bot.com/)"
172.69.165.18 - - [06/Feb/2025:01:55:37 +0700] "GET /wp-content/install.php HTTP/1.1" 200 37 "-" "GuzzleHttp/7"
172.69.165.18 - - [06/Feb/2025:01:55:42 +0700] "GET /wp-content/install.php HTTP/1.1" 200 37 "-" "GuzzleHttp/7"
172.69.165.18 - - [06/Feb/2025:01:55:43 +0700] "GET /search/%22%20.%20esc_url(%20admin_url()%20)%20.%20%22?dir=//lib/git-core&item=git-remote-ext&action=edit HTTP/1.1" 200 34114 "-" "Mozilla/5.0 (compatible; MJ12bot/v1.4.8; http://mj12bot.com/)"
162.158.163.98 - - [06/Feb/2025:01:55:43 +0700] "GET /wp-content/install.php HTTP/1.1" 200 37 "-" "GuzzleHttp/7"
172.69.165.53 - - [06/Feb/2025:01:55:43 +0700] "GET /16emvz11373.html HTTP/1.1" 404 29331 "-" "Buck/2.4.2; (+https://app.hypefactors.com/media-monitoring/about.html)"
172.69.165.18 - - [06/Feb/2025:01:55:44 +0700] "GET /wp-content/install.php HTTP/1.1" 200 37 "-" "GuzzleHttp/7"
172.69.165.18 - - [06/Feb/2025:01:55:47 +0700] "GET /search/%22%20.%20esc_url(%20admin_url()%20)%20.%20%22?dir=//lib/git-core&item=git-remote-ext&action=rename HTTP/1.1" 200 34089 "-" "Mozilla/5.0 (compatible; MJ12bot/v1.4.8; http://mj12bot.com/)"
162.158.163.85 - - [06/Feb/2025:01:55:51 +0700] "POST /wp-cron.php?doing_wp_cron=1738781751.5842568874359130859375 HTTP/1.1" 200 31 "-" "yjdzQ8IGgZF9"
172.69.165.18 - - [06/Feb/2025:01:55:52 +0700] "GET /search/%22%20.%20esc_url(%20admin_url()%20)%20.%20%22?dir=//lib/git-core&item=git-remote-fd&action=chmod HTTP/1.1" 200 34092 "-" "Mozilla/5.0 (compatible; MJ12bot/v1.4.8; http://mj12bot.com/)"
172.69.165.18 - - [06/Feb/2025:01:55:54 +0700] "GET /search/%22%20.%20esc_url(%20admin_url()%20)%20.%20%22?dir=//lib/git-core&item=git-remote-fd&action=download HTTP/1.1" 200 1527650 "-" "Mozilla/5.0 (compatible; MJ12bot/v1.4.8; http://mj12bot.com/)"
172.69.165.18 - - [06/Feb/2025:01:56:00 +0700] "POST /wp-cron.php?doing_wp_cron=1738781760.6636099815368652343750 HTTP/1.1" 200 31 "-" "LxGJj1ATFvo0"
172.69.165.18 - - [06/Feb/2025:01:56:01 +0700] "GET /search/%22%20.%20esc_url(%20admin_url()%20)%20.%20%22?dir=//lib/git-core&item=git-remote-fd&action=edit HTTP/1.1" 200 34118 "-" "Mozilla/5.0 (compatible; MJ12bot/v1.4.8; http://mj12bot.com/)"
172.69.165.18 - - [06/Feb/2025:01:56:07 +0700] "GET /search/%22%20.%20esc_url(%20admin_url()%20)%20.%20%22?dir=//lib/git-core&item=git-remote-fd&action=rename HTTP/1.1" 200 34096 "-" "Mozilla/5.0 (compatible; MJ12bot/v1.4.8; http://mj12bot.com/)"
172.69.165.18 - - [06/Feb/2025:01:56:11 +0700] "GET /search/%22%20.%20esc_url(%20admin_url()%20)%20.%20%22?dir=//lib/git-core&item=git-remote-ftp&action=chmod HTTP/1.1" 200 34089 "-" "Mozilla/5.0 (compatible; MJ12bot/v1.4.8; http://mj12bot.com/)"
162.158.162.28 - - [06/Feb/2025:01:56:14 +0700] "POST /wp-cron.php?doing_wp_cron=1738781773.9754929542541503906250 HTTP/1.1" 200 31 "-" "1e5n0zuYRMVd"
162.158.162.51 - - [06/Feb/2025:01:56:14 +0700] "GET //wp-includes/wlwmanifest.xml HTTP/1.1" 301 107407 "-" "Mozilla/5.0 (Windows NT 10.0; Win64; x64) AppleWebKit/537.36 (KHTML, like Gecko) Chrome/78.0.3904.108 Safari/537.36"
162.158.162.51 - - [06/Feb/2025:01:56:14 +0700] "GET //xmlrpc.php?rsd HTTP/1.1" 200 8505 "-" "Mozilla/5.0 (Windows NT 10.0; Win64; x64) AppleWebKit/537.36 (KHTML, like Gecko) Chrome/78.0.3904.108 Safari/537.36"
162.158.162.23 - - [06/Feb/2025:01:56:14 +0700] "POST /wp-admin/admin-ajax.php?action=async_litespeed&nonce=yyNno3aARd9BKzQp2J7SIWJMu4iLqNyo&litespeed_type=imgoptm HTTP/1.1" 200 12360 "-" "WI9KmHHYT1Xn"
162.158.162.51 - - [06/Feb/2025:01:56:14 +0700] "GET //?author=1 HTTP/1.1" 301 107417 "-" "Mozilla/5.0 (Windows NT 10.0; Win64; x64) AppleWebKit/537.36 (KHTML, like Gecko) Chrome/78.0.3904.108 Safari/537.36"
172.69.165.18 - - [06/Feb/2025:01:56:15 +0700] "GET /search/%22%20.%20esc_url(%20admin_url()%20)%20.%20%22?dir=//lib/git-core&item=git-remote-ftp&action=download HTTP/1.1" 200 925280 "-" "Mozilla/5.0 (compatible; MJ12bot/v1.4.8; http://mj12bot.com/)"
162.158.162.51 - - [06/Feb/2025:01:56:15 +0700] "GET //?author=2 HTTP/1.1" 301 107407 "-" "Mozilla/5.0 (Windows NT 10.0; Win64; x64) AppleWebKit/537.36 (KHTML, like Gecko) Chrome/78.0.3904.108 Safari/537.36"
162.158.162.51 - - [06/Feb/2025:01:56:15 +0700] "GET //wp-json/wp/v2/users/ HTTP/1.1" 200 9009 "-" "Mozilla/5.0 (Windows NT 10.0; Win64; x64) AppleWebKit/537.36 (KHTML, like Gecko) Chrome/78.0.3904.108 Safari/537.36"
162.158.162.19 - - [06/Feb/2025:01:56:16 +0700] "POST /wp-cron.php?doing_wp_cron=1738781776.2509489059448242187500 HTTP/1.1" 200 31 "-" "IeYgrCnopfRR"
162.158.162.51 - - [06/Feb/2025:01:56:16 +0700] "POST //xmlrpc.php HTTP/1.1" 200 8682 "-" "Mozilla/5.0 (Windows NT 10.0; Win64; x64) AppleWebKit/537.36 (KHTML, like Gecko) Chrome/78.0.3904.108 Safari/537.36"
162.158.162.51 - - [06/Feb/2025:01:56:16 +0700] "POST //xmlrpc.php HTTP/1.1" 200 8684 "-" "Mozilla/5.0 (Windows NT 10.0; Win64; x64) AppleWebKit/537.36 (KHTML, like Gecko) Chrome/78.0.3904.108 Safari/537.36"
162.158.162.51 - - [06/Feb/2025:01:56:17 +0700] "POST //xmlrpc.php HTTP/1.1" 200 8682 "-" "Mozilla/5.0 (Windows NT 10.0; Win64; x64) AppleWebKit/537.36 (KHTML, like Gecko) Chrome/78.0.3904.108 Safari/537.36"
162.158.162.51 - - [06/Feb/2025:01:56:17 +0700] "POST //xmlrpc.php HTTP/1.1" 200 8685 "-" "Mozilla/5.0 (Windows NT 10.0; Win64; x64) AppleWebKit/537.36 (KHTML, like Gecko) Chrome/78.0.3904.108 Safari/537.36"
162.158.162.51 - - [06/Feb/2025:01:56:18 +0700] "POST //xmlrpc.php HTTP/1.1" 200 8683 "-" "Mozilla/5.0 (Windows NT 10.0; Win64; x64) AppleWebKit/537.36 (KHTML, like Gecko) Chrome/78.0.3904.108 Safari/537.36"
162.158.162.51 - - [06/Feb/2025:01:56:18 +0700] "POST //xmlrpc.php HTTP/1.1" 200 8680 "-" "Mozilla/5.0 (Windows NT 10.0; Win64; x64) AppleWebKit/537.36 (KHTML, like Gecko) Chrome/78.0.3904.108 Safari/537.36"
162.158.162.51 - - [06/Feb/2025:01:56:19 +0700] "POST //xmlrpc.php HTTP/1.1" 200 8685 "-" "Mozilla/5.0 (Windows NT 10.0; Win64; x64) AppleWebKit/537.36 (KHTML, like Gecko) Chrome/78.0.3904.108 Safari/537.36"
162.158.162.51 - - [06/Feb/2025:01:56:20 +0700] "POST //xmlrpc.php HTTP/1.1" 200 8683 "-" "Mozilla/5.0 (Windows NT 10.0; Win64; x64) AppleWebKit/537.36 (KHTML, like Gecko) Chrome/78.0.3904.108 Safari/537.36"
162.158.162.51 - - [06/Feb/2025:01:56:20 +0700] "POST //xmlrpc.php HTTP/1.1" 200 8686 "-" "Mozilla/5.0 (Windows NT 10.0; Win64; x64) AppleWebKit/537.36 (KHTML, like Gecko) Chrome/78.0.3904.108 Safari/537.36"
162.158.162.51 - - [06/Feb/2025:01:56:21 +0700] "POST //xmlrpc.php HTTP/1.1" 200 8685 "-" "Mozilla/5.0 (Windows NT 10.0; Win64; x64) AppleWebKit/537.36 (KHTML, like Gecko) Chrome/78.0.3904.108 Safari/537.36"
162.158.162.23 - - [06/Feb/2025:01:56:21 +0700] "GET /zhidingxinwen/article/12952729.html?dir=%2F HTTP/1.1" 404 28720 "-" "Mozilla/5.0 (Linux; Android 5.0) AppleWebKit/537.36 (KHTML, like Gecko) Mobile Safari/537.36 (compatible; Bytespider; spider-feedback@bytedance.com)"
162.158.162.51 - - [06/Feb/2025:01:56:21 +0700] "POST //xmlrpc.php HTTP/1.1" 200 8685 "-" "Mozilla/5.0 (Windows NT 10.0; Win64; x64) AppleWebKit/537.36 (KHTML, like Gecko) Chrome/78.0.3904.108 Safari/537.36"
162.158.162.51 - - [06/Feb/2025:01:56:21 +0700] "POST //xmlrpc.php HTTP/1.1" 200 8683 "-" "Mozilla/5.0 (Windows NT 10.0; Win64; x64) AppleWebKit/537.36 (KHTML, like Gecko) Chrome/78.0.3904.108 Safari/537.36"
162.158.162.51 - - [06/Feb/2025:01:56:22 +0700] "POST //xmlrpc.php HTTP/1.1" 200 8686 "-" "Mozilla/5.0 (Windows NT 10.0; Win64; x64) AppleWebKit/537.36 (KHTML, like Gecko) Chrome/78.0.3904.108 Safari/537.36"
162.158.163.118 - - [06/Feb/2025:01:56:22 +0700] "POST //xmlrpc.php HTTP/1.1" 200 8677 "-" "Mozilla/5.0 (Windows NT 10.0; Win64; x64) AppleWebKit/537.36 (KHTML, like Gecko) Chrome/78.0.3904.108 Safari/537.36"
172.69.165.18 - - [06/Feb/2025:01:56:23 +0700] "POST /wp-cron.php?doing_wp_cron=1738781783.1490609645843505859375 HTTP/1.1" 200 31 "-" "PLsTbECKBFxR"
162.158.162.51 - - [06/Feb/2025:01:56:23 +0700] "POST //xmlrpc.php HTTP/1.1" 200 8684 "-" "Mozilla/5.0 (Windows NT 10.0; Win64; x64) AppleWebKit/537.36 (KHTML, like Gecko) Chrome/78.0.3904.108 Safari/537.36"
162.158.162.51 - - [06/Feb/2025:01:56:23 +0700] "POST //xmlrpc.php HTTP/1.1" 200 8686 "-" "Mozilla/5.0 (Windows NT 10.0; Win64; x64) AppleWebKit/537.36 (KHTML, like Gecko) Chrome/78.0.3904.108 Safari/537.36"
