162.158.163.117 - - [06/Feb/2025:01:12:12 +0700] "GET / HTTP/1.1" 200 43270 "https://vietnamet.com" "Mozilla/5.0 (Windows NT 10.0; Win64; x64) AppleWebKit/537.36 (KHTML, like Gecko) Chrome/58.0.3029.110 Safari/537.3"
162.158.163.98 - - [06/Feb/2025:01:12:15 +0700] "GET /wp-content/install.php HTTP/1.1" 200 37 "-" "GuzzleHttp/7"
162.158.162.22 - - [06/Feb/2025:01:12:16 +0700] "GET /wp-content/install.php HTTP/1.1" 200 37 "-" "GuzzleHttp/7"
162.158.163.117 - - [06/Feb/2025:01:12:17 +0700] "POST /wp-cron.php?doing_wp_cron=1738779137.4026689529418945312500 HTTP/1.1" 200 31 "-" "8e6nRLCJi7fD"
162.158.163.190 - - [06/Feb/2025:01:12:17 +0700] "GET /?action=edit&dir=%2Fhome%2Fvietnamet.com%2Fpublic_html%2Fwp-content%2Fplugins%2Fseo-by-rank-math%2Fincludes%2Fadmin&item=class-admin-helper.php HTTP/1.1" 200 47366 "-" "Mozilla/5.0 AppleWebKit/537.36 (KHTML, like Gecko; compatible; GPTBot/1.2; +https://openai.com/gptbot)"
162.158.162.22 - - [06/Feb/2025:01:12:17 +0700] "POST /wp-admin/admin-ajax.php?action=async_litespeed&nonce=vtL7RQj1Ok48JKuRzdCWo0ETt23ImkJb&litespeed_type=imgoptm HTTP/1.1" 200 12364 "-" "rbLcAKdadUdi"
162.158.163.190 - - [06/Feb/2025:01:12:18 +0700] "GET /?action=rename&dir=%2Fhome%2Fvietnamet.com%2Fpublic_html%2Fwp-content%2Fplugins%2Fseo-by-rank-math%2Fincludes%2Ftraits&item=class-ajax.php HTTP/1.1" 200 41589 "-" "Mozilla/5.0 AppleWebKit/537.36 (KHTML, like Gecko; compatible; GPTBot/1.2; +https://openai.com/gptbot)"
162.158.163.190 - - [06/Feb/2025:01:12:19 +0700] "GET /?action=edit&dir=%2Fhome%2Fvietnamet.com%2Fpublic_html%2Fwp-content%2Fplugins%2Fseo-by-rank-math%2Fincludes%2Ftraits&item=class-wizard.php HTTP/1.1" 200 42213 "-" "Mozilla/5.0 AppleWebKit/537.36 (KHTML, like Gecko; compatible; GPTBot/1.2; +https://openai.com/gptbot)"
162.158.163.132 - - [06/Feb/2025:01:12:23 +0700] "POST /wp-cron.php?doing_wp_cron=1738779143.5037670135498046875000 HTTP/1.1" 200 31 "-" "6mHpinKmu58n"
162.158.162.250 - - [06/Feb/2025:01:12:23 +0700] "GET /2zwpe35321.html HTTP/1.1" 404 29330 "-" "Buck/2.4.2; (+https://app.hypefactors.com/media-monitoring/about.html)"
162.158.163.89 - - [06/Feb/2025:01:12:25 +0700] "GET /?dir=/home/vietnamet.com/public_html/wp-includes/js/tinymce/skins/lightgray/fonts&item=tinymce-small.woff&action=chmod HTTP/1.1" 301 52530 "-" "Mozilla/5.0 (compatible; MJ12bot/v1.4.8; http://mj12bot.com/)"
172.69.165.18 - - [06/Feb/2025:01:12:31 +0700] "POST /wp-cron.php?doing_wp_cron=1738779150.9779589176177978515625 HTTP/1.1" 200 31 "-" "1Y6YVGbwnIqJ"
162.158.163.189 - - [06/Feb/2025:01:12:31 +0700] "GET /?action=rename&dir=%2Fhome%2Fvietnamet.com%2Fpublic_html%2Fwp-content%2Fplugins%2Fseo-by-rank-math%2Fvendor%2Fcomposer&item=autoload_static.php HTTP/1.1" 200 42008 "-" "Mozilla/5.0 AppleWebKit/537.36 (KHTML, like Gecko; compatible; GPTBot/1.2; +https://openai.com/gptbot)"
162.158.163.98 - - [06/Feb/2025:01:12:31 +0700] "GET /wp-content/install.php?id=561941 HTTP/1.1" 200 37 "https://vietnamet.com/wp-content/install.php?id=561941" "Mozilla/5.0 (Windows NT 10.0; Win64; x64) AppleWebKit/537.36 (KHTML, like Gecko) Chrome/58.0.3029.110 Safari/537.3"
162.158.163.189 - - [06/Feb/2025:01:12:32 +0700] "GET /?action=rename&dir=%2Fhome%2Fvietnamet.com%2Fpublic_html%2Fwp-content%2Fplugins%2Fseo-by-rank-math%2Fincludes&item=class-update-email.php HTTP/1.1" 200 43270 "-" "Mozilla/5.0 AppleWebKit/537.36 (KHTML, like Gecko; compatible; GPTBot/1.2; +https://openai.com/gptbot)"
162.158.162.23 - - [06/Feb/2025:01:12:33 +0700] "GET / HTTP/1.1" 200 43263 "https://vietnamet.com" "Mozilla/5.0 (Windows NT 10.0; Win64; x64) AppleWebKit/537.36 (KHTML, like Gecko) Chrome/58.0.3029.110 Safari/537.3"
162.158.162.51 - - [06/Feb/2025:01:12:35 +0700] "GET /?dir=%2Fhome%2Fvietnamet.com%2Fpublic_html%2Fwp-includes%2Fjs%2Ftinymce%2Fskins%2Flightgray%2Ffonts&item=tinymce-small.woff&action=chmod HTTP/1.1" 200 41709 "-" "Mozilla/5.0 (compatible; MJ12bot/v1.4.8; http://mj12bot.com/)"
162.158.163.190 - - [06/Feb/2025:01:12:44 +0700] "GET /?action=chmod&dir=%2Fhome%2Fvietnamet.com%2Fpublic_html%2Fwp-content%2Fplugins%2Fseo-by-rank-math%2Fincludes%2Frest&item=class-admin.php HTTP/1.1" 200 41595 "-" "Mozilla/5.0 AppleWebKit/537.36 (KHTML, like Gecko; compatible; GPTBot/1.2; +https://openai.com/gptbot)"
162.158.163.190 - - [06/Feb/2025:01:12:46 +0700] "GET /?action=edit&dir=%2Fhome%2Fvietnamet.com%2Fpublic_html%2Fwp-content%2Fplugins%2Fseo-by-rank-math-pro%2Fincludes&item=class-installer.php HTTP/1.1" 200 43706 "-" "Mozilla/5.0 AppleWebKit/537.36 (KHTML, like Gecko; compatible; GPTBot/1.2; +https://openai.com/gptbot)"
162.158.163.190 - - [06/Feb/2025:01:12:47 +0700] "GET /?action=edit&dir=%2Fhome%2Fvietnamet.com%2Fpublic_html%2Fwp-content%2Fplugins%2Fseo-by-rank-math%2Fvendor%2Fcomposer&item=ClassLoader.php HTTP/1.1" 200 45583 "-" "Mozilla/5.0 AppleWebKit/537.36 (KHTML, like Gecko; compatible; GPTBot/1.2; +https://openai.com/gptbot)"
162.158.162.75 - - [06/Feb/2025:01:12:48 +0700] "GET /2jtlg5095.html HTTP/1.1" 404 29333 "-" "Buck/2.4.2; (+https://app.hypefactors.com/media-monitoring/about.html)"
162.158.162.50 - - [06/Feb/2025:01:12:52 +0700] "GET /?dir=/home/vietnamet.com/public_html/wp-includes/js/tinymce/skins/lightgray/fonts&item=tinymce-small.woff&action=download HTTP/1.1" 200 5184 "-" "Mozilla/5.0 (compatible; MJ12bot/v1.4.8; http://mj12bot.com/)"
172.70.189.109 - - [06/Feb/2025:01:12:55 +0700] "GET /?_ga=2.194806273.1957210951.1729981480-266523268.1699181788&_bdsid=e3ephz.n~YWNXJ.1755355285498.1792963594&_bd_prev_page=https://vietnamet.com/super.do?products/136nk38464 HTTP/1.1" 200 86010 "-" "Mozilla/5.0 (Linux; Android 6.0.1; Nexus 5X Build/MMB29P) AppleWebKit/537.36 (KHTML, like Gecko) Chrome/132.0.6834.159 Mobile Safari/537.36 (compatible; Googlebot/2.1; +http://www.google.com/bot.html)"
162.158.163.132 - - [06/Feb/2025:01:12:57 +0700] "POST /wp-cron.php?doing_wp_cron=1738779177.8421940803527832031250 HTTP/1.1" 200 31 "-" "VbXqf9QEtwp8"
162.158.162.50 - - [06/Feb/2025:01:12:57 +0700] "GET /?dir=/home/vietnamet.com/public_html/wp-includes/js/tinymce/skins/lightgray/fonts&item=tinymce-small.woff&action=edit HTTP/1.1" 301 52688 "-" "Mozilla/5.0 (compatible; MJ12bot/v1.4.8; http://mj12bot.com/)"
162.158.163.98 - - [06/Feb/2025:01:12:58 +0700] "POST /wp-cron.php?doing_wp_cron=1738779178.4829189777374267578125 HTTP/1.1" 200 31 "-" "txWdW6qUBv4K"
162.158.163.189 - - [06/Feb/2025:01:12:58 +0700] "GET /?action=chmod&dir=%2Fhome%2Fvietnamet.com%2Fpublic_html%2Fwp-content%2Fplugins%2Fseo-by-rank-math%2Fincludes&item=class-auto-updater.php HTTP/1.1" 200 43262 "-" "Mozilla/5.0 AppleWebKit/537.36 (KHTML, like Gecko; compatible; GPTBot/1.2; +https://openai.com/gptbot)"
172.69.165.19 - - [06/Feb/2025:01:12:59 +0700] "GET / HTTP/1.1" 200 43274 "http://acsincorp.com" "Mozilla/5.0 (iPhone; CPU iPhone OS 13_2_3 like Mac OS X) AppleWebKit/605.1.15 (KHTML, like Gecko) Version/13.0.3 Mobile/15E148 Safari/604.1"
162.158.163.189 - - [06/Feb/2025:01:12:59 +0700] "GET /?action=chmod&dir=%2Fhome%2Fvietnamet.com%2Fpublic_html%2Fwp-content%2Fplugins%2Fseo-by-rank-math%2Fvendor%2Fcomposer&item=autoload_files.php HTTP/1.1" 200 42021 "-" "Mozilla/5.0 AppleWebKit/537.36 (KHTML, like Gecko; compatible; GPTBot/1.2; +https://openai.com/gptbot)"
162.158.163.179 - - [06/Feb/2025:01:13:03 +0700] "GET /?dir=%2Fhome%2Fvietnamet.com%2Fpublic_html%2Fwp-includes%2Fjs%2Ftinymce%2Fskins%2Flightgray%2Ffonts&item=tinymce-small.woff&action=edit HTTP/1.1" 200 41727 "-" "Mozilla/5.0 (compatible; MJ12bot/v1.4.8; http://mj12bot.com/)"
162.158.163.189 - - [06/Feb/2025:01:13:12 +0700] "GET /?action=chmod&dir=%2Fhome%2Fvietnamet.com%2Fpublic_html%2Fwp-content%2Fplugins%2Fseo-by-rank-math%2Fincludes%2Fhelpers&item=class-sitepress.php HTTP/1.1" 200 42517 "-" "Mozilla/5.0 AppleWebKit/537.36 (KHTML, like Gecko; compatible; GPTBot/1.2; +https://openai.com/gptbot)"
162.158.163.97 - - [06/Feb/2025:01:13:13 +0700] "POST /wp-cron.php?doing_wp_cron=1738779193.5479500293731689453125 HTTP/1.1" 200 31 "-" "LwA2tK9ZJYlm"
162.158.163.189 - - [06/Feb/2025:01:13:13 +0700] "GET /?action=rename&dir=%2Fhome%2Fvietnamet.com%2Fpublic_html%2Fwp-content%2Fplugins%2Fseo-by-rank-math%2Fincludes&item=class-json-manager.php HTTP/1.1" 200 43261 "-" "Mozilla/5.0 AppleWebKit/537.36 (KHTML, like Gecko; compatible; GPTBot/1.2; +https://openai.com/gptbot)"
162.158.163.118 - - [06/Feb/2025:01:13:13 +0700] "POST /wp-admin/admin-ajax.php?action=async_litespeed&nonce=j0QXtsyVMxTkYPZONGvGLxx94hhnxPWo&litespeed_type=imgoptm HTTP/1.1" 200 12363 "-" "GTYvMf13hUoA"
162.158.163.189 - - [06/Feb/2025:01:13:14 +0700] "GET /?action=edit&dir=%2Fhome%2Fvietnamet.com%2Fpublic_html%2Fwp-content%2Fplugins%2Fseo-by-rank-math%2Fincludes%2Fhelpers&item=class-str.php HTTP/1.1" 200 44495 "-" "Mozilla/5.0 AppleWebKit/537.36 (KHTML, like Gecko; compatible; GPTBot/1.2; +https://openai.com/gptbot)"
162.158.162.23 - - [06/Feb/2025:01:13:15 +0700] "GET /2xnsn11821.html HTTP/1.1" 404 29325 "-" "Buck/2.4.2; (+https://app.hypefactors.com/media-monitoring/about.html)"
162.158.162.23 - - [06/Feb/2025:01:13:26 +0700] "POST /wp-cron.php?doing_wp_cron=1738779206.0689549446105957031250 HTTP/1.1" 200 31 "-" "jfVNLTj1ejj2"
162.158.163.190 - - [06/Feb/2025:01:13:26 +0700] "GET /?action=edit&dir=%2Fhome%2Fvietnamet.com%2Fpublic_html%2Fwp-content%2Fplugins%2Fseo-by-rank-math-pro%2Fvendor%2Fcomposer&item=installed.php HTTP/1.1" 200 49037 "-" "Mozilla/5.0 AppleWebKit/537.36 (KHTML, like Gecko; compatible; GPTBot/1.2; +https://openai.com/gptbot)"
162.158.163.153 - - [06/Feb/2025:01:13:27 +0700] "POST /wp-cron.php?doing_wp_cron=1738779207.1741509437561035156250 HTTP/1.1" 200 31 "-" "L2SgzVBrZ001"
162.158.163.190 - - [06/Feb/2025:01:13:27 +0700] "GET /?action=edit&dir=%2Fhome%2Fvietnamet.com%2Fpublic_html%2Fwp-content%2Fplugins%2Fseo-by-rank-math%2Fincludes%2Ffrontend&item=class-head.php HTTP/1.1" 200 45531 "-" "Mozilla/5.0 AppleWebKit/537.36 (KHTML, like Gecko; compatible; GPTBot/1.2; +https://openai.com/gptbot)"
162.158.163.180 - - [06/Feb/2025:01:13:29 +0700] "GET /?dir=/home/vietnamet.com/public_html/wp-includes/js/tinymce/skins/lightgray/fonts&item=tinymce-small.woff&action=rename HTTP/1.1" 301 52535 "-" "Mozilla/5.0 (compatible; MJ12bot/v1.4.8; http://mj12bot.com/)"
162.158.163.190 - - [06/Feb/2025:01:13:40 +0700] "GET /?action=rename&dir=%2Fhome%2Fvietnamet.com%2Fpublic_html%2Fwp-content%2Fplugins%2Fseo-by-rank-math%2Fincludes%2Fhelpers&item=class-editor.php HTTP/1.1" 200 42503 "-" "Mozilla/5.0 AppleWebKit/537.36 (KHTML, like Gecko; compatible; GPTBot/1.2; +https://openai.com/gptbot)"
162.158.163.97 - - [06/Feb/2025:01:13:40 +0700] "GET /?dir=%2Fhome%2Fvietnamet.com%2Fpublic_html%2Fwp-includes%2Fjs%2Ftinymce%2Fskins%2Flightgray%2Ffonts&item=tinymce-small.woff&action=rename HTTP/1.1" 200 41713 "-" "Mozilla/5.0 (compatible; MJ12bot/v1.4.8; http://mj12bot.com/)"
162.158.163.190 - - [06/Feb/2025:01:13:41 +0700] "GET /?action=edit&dir=%2Fhome%2Fvietnamet.com%2Fpublic_html%2Fwp-content%2Fplugins%2Fseo-by-rank-math%2Fincludes%2Fhelpers&item=class-analytics.php HTTP/1.1" 200 43024 "-" "Mozilla/5.0 AppleWebKit/537.36 (KHTML, like Gecko; compatible; GPTBot/1.2; +https://openai.com/gptbot)"
162.158.163.190 - - [06/Feb/2025:01:13:42 +0700] "GET /?action=rename&dir=%2Fhome%2Fvietnamet.com%2Fpublic_html%2Fwp-content%2Fplugins%2Fseo-by-rank-math%2Fincludes%2Ftraits&item=class-wizard.php HTTP/1.1" 200 41602 "-" "Mozilla/5.0 AppleWebKit/537.36 (KHTML, like Gecko; compatible; GPTBot/1.2; +https://openai.com/gptbot)"
162.158.163.90 - - [06/Feb/2025:01:13:50 +0700] "POST /wp-cron.php?doing_wp_cron=1738779230.2968809604644775390625 HTTP/1.1" 200 31 "-" "OhZPaf7ls8Ns"
162.158.163.165 - - [06/Feb/2025:01:13:50 +0700] "GET /2dtsr12155.html HTTP/1.1" 404 29336 "-" "Buck/2.4.2; (+https://app.hypefactors.com/media-monitoring/about.html)"
162.158.163.190 - - [06/Feb/2025:01:13:53 +0700] "GET /?action=edit&dir=%2Fhome%2Fvietnamet.com%2Fpublic_html%2Fwp-content%2Fplugins%2Fseo-by-rank-math-pro%2Fvendor%2Fcomposer&item=autoload_real.php HTTP/1.1" 200 49173 "-" "Mozilla/5.0 AppleWebKit/537.36 (KHTML, like Gecko; compatible; GPTBot/1.2; +https://openai.com/gptbot)"
162.158.163.190 - - [06/Feb/2025:01:13:55 +0700] "GET /?action=rename&dir=%2Fhome%2Fvietnamet.com%2Fpublic_html%2Fwp-content%2Fplugins%2Fseo-by-rank-math%2Fincludes%2Fhelpers&item=class-param.php HTTP/1.1" 200 42504 "-" "Mozilla/5.0 AppleWebKit/537.36 (KHTML, like Gecko; compatible; GPTBot/1.2; +https://openai.com/gptbot)"
162.158.163.97 - - [06/Feb/2025:01:13:55 +0700] "GET /?dir=/home/vietnamet.com/public_html/wp-includes/js/tinymce/skins/lightgray/fonts&item=tinymce.eot&action=chmod HTTP/1.1" 301 52525 "-" "Mozilla/5.0 (compatible; MJ12bot/v1.4.8; http://mj12bot.com/)"
162.158.107.33 - - [06/Feb/2025:01:13:58 +0700] "GET /pcmypage?callback=product%2Fdetail%2Fq-uoli-qr9262126217 HTTP/1.1" 200 86598 "-" "Mozilla/5.0 (Linux; Android 6.0.1; Nexus 5X Build/MMB29P) AppleWebKit/537.36 (KHTML, like Gecko) Chrome/132.0.6834.159 Mobile Safari/537.36 (compatible; Googlebot/2.1; +http://www.google.com/bot.html)"
172.69.165.18 - - [06/Feb/2025:01:14:04 +0700] "POST /wp-cron.php?doing_wp_cron=1738779244.3167109489440917968750 HTTP/1.1" 200 31 "-" "XAwOToju2xmJ"
162.158.163.180 - - [06/Feb/2025:01:14:04 +0700] "GET /?dir=%2Fhome%2Fvietnamet.com%2Fpublic_html%2Fwp-includes%2Fjs%2Ftinymce%2Fskins%2Flightgray%2Ffonts&item=tinymce.eot&action=chmod HTTP/1.1" 200 41697 "-" "Mozilla/5.0 (compatible; MJ12bot/v1.4.8; http://mj12bot.com/)"
162.158.163.190 - - [06/Feb/2025:01:14:07 +0700] "GET /?action=edit&dir=%2Fhome%2Fvietnamet.com%2Fpublic_html%2Fwp-content%2Fplugins%2Fseo-by-rank-math%2Fincludes%2Fhelpers&item=class-options.php HTTP/1.1" 200 43133 "-" "Mozilla/5.0 AppleWebKit/537.36 (KHTML, like Gecko; compatible; GPTBot/1.2; +https://openai.com/gptbot)"
162.158.163.190 - - [06/Feb/2025:01:14:08 +0700] "GET /?action=edit&dir=%2Fhome%2Fvietnamet.com%2Fpublic_html%2Fwp-content%2Fplugins%2Fseo-by-rank-math%2Fincludes%2Fadmin&item=class-admin.php HTTP/1.1" 200 48614 "-" "Mozilla/5.0 AppleWebKit/537.36 (KHTML, like Gecko; compatible; GPTBot/1.2; +https://openai.com/gptbot)"
162.158.163.97 - - [06/Feb/2025:01:14:10 +0700] "GET /?action=chmod&dir=%2Fhome%2Fvietnamet.com%2Fpublic_html%2Fwp-content%2Fplugins%2Fseo-by-rank-math%2Fincludes%2Fhelpers&item=class-locale.php HTTP/1.1" 200 42526 "-" "Mozilla/5.0 AppleWebKit/537.36 (KHTML, like Gecko; compatible; GPTBot/1.2; +https://openai.com/gptbot)"
162.158.163.189 - - [06/Feb/2025:01:14:19 +0700] "POST /wp-cron.php?doing_wp_cron=1738779259.4661440849304199218750 HTTP/1.1" 200 31 "-" "9Kac8dLumL43"
162.158.162.22 - - [06/Feb/2025:01:14:19 +0700] "GET /3votd34846.html HTTP/1.1" 404 29329 "-" "Buck/2.4.2; (+https://app.hypefactors.com/media-monitoring/about.html)"
172.69.165.18 - - [06/Feb/2025:01:14:19 +0700] "POST /wp-admin/admin-ajax.php?action=async_litespeed&nonce=D76woFT6BKppu0HxTEoOgYjFqYShMVgr&litespeed_type=imgoptm HTTP/1.1" 200 12361 "-" "oB6prDsx4XXK"
162.158.163.98 - - [06/Feb/2025:01:14:21 +0700] "GET /?action=rename&dir=%2Fhome%2Fvietnamet.com%2Fpublic_html%2Fwp-content%2Fplugins%2Fseo-by-rank-math%2Fincludes%2Fhelpers&item=class-api.php HTTP/1.1" 200 42516 "-" "Mozilla/5.0 AppleWebKit/537.36 (KHTML, like Gecko; compatible; GPTBot/1.2; +https://openai.com/gptbot)"
162.158.163.189 - - [06/Feb/2025:01:14:22 +0700] "GET /?action=rename&dir=%2Fhome%2Fvietnamet.com%2Fpublic_html%2Fwp-content%2Fplugins%2Fseo-by-rank-math%2Fincludes%2Frest&item=class-shared.php HTTP/1.1" 200 41598 "-" "Mozilla/5.0 AppleWebKit/537.36 (KHTML, like Gecko; compatible; GPTBot/1.2; +https://openai.com/gptbot)"
162.158.163.179 - - [06/Feb/2025:01:14:25 +0700] "GET /?dir=/home/vietnamet.com/public_html/wp-includes/js/tinymce/skins/lightgray/fonts&item=tinymce.eot&action=download HTTP/1.1" 200 9603 "-" "Mozilla/5.0 (compatible; MJ12bot/v1.4.8; http://mj12bot.com/)"
162.158.162.114 - - [06/Feb/2025:01:14:32 +0700] "POST /wp-cron.php?doing_wp_cron=1738779272.6434259414672851562500 HTTP/1.1" 200 31 "-" "2UvztCBYuvHA"
162.158.163.179 - - [06/Feb/2025:01:14:32 +0700] "GET /?dir=/home/vietnamet.com/public_html/wp-includes/js/tinymce/skins/lightgray/fonts&item=tinymce.eot&action=edit HTTP/1.1" 301 52682 "-" "Mozilla/5.0 (compatible; MJ12bot/v1.4.8; http://mj12bot.com/)"
162.158.163.190 - - [06/Feb/2025:01:14:36 +0700] "GET /?action=chmod&dir=%2Fhome%2Fvietnamet.com%2Fpublic_html%2Fwp-content%2Fplugins%2Fseo-by-rank-math-pro%2Fvendor%2Fcomposer&item=autoload_real.php HTTP/1.1" 200 41925 "-" "Mozilla/5.0 AppleWebKit/537.36 (KHTML, like Gecko; compatible; GPTBot/1.2; +https://openai.com/gptbot)"
162.158.163.190 - - [06/Feb/2025:01:14:37 +0700] "GET /?dir=%2Fhome%2Fvietnamet.com%2Fpublic_html%2Fwp-content%2Fplugins%2Fseo-by-rank-math%2Fvendor%2Fa5hleyrich%2Fwp-background-processing%2Fclasses HTTP/1.1" 200 41134 "-" "Mozilla/5.0 AppleWebKit/537.36 (KHTML, like Gecko; compatible; GPTBot/1.2; +https://openai.com/gptbot)"
162.158.162.105 - - [06/Feb/2025:01:14:47 +0700] "GET /?dir=%2Fhome%2Fvietnamet.com%2Fpublic_html%2Fwp-includes%2Fjs%2Ftinymce%2Fskins%2Flightgray%2Ffonts&item=tinymce.eot&action=edit HTTP/1.1" 200 41715 "-" "Mozilla/5.0 (compatible; MJ12bot/v1.4.8; http://mj12bot.com/)"
172.69.165.18 - - [06/Feb/2025:01:14:48 +0700] "POST /wp-cron.php?doing_wp_cron=1738779288.7252631187438964843750 HTTP/1.1" 200 31 "-" "JB9o5v3HDmj2"
162.158.163.97 - - [06/Feb/2025:01:14:48 +0700] "GET /3cfuid36406.html HTTP/1.1" 404 29328 "-" "Buck/2.4.2; (+https://app.hypefactors.com/media-monitoring/about.html)"
162.158.163.190 - - [06/Feb/2025:01:14:49 +0700] "GET /?dir=%2Fhome%2Fvietnamet.com%2Fpublic_html%2Fwp-content%2Fplugins%2Fimagify%2Finc%2FDependencies%2FActionScheduler%2Fclasses%2Factions HTTP/1.1" 200 41319 "-" "Mozilla/5.0 AppleWebKit/537.36 (KHTML, like Gecko; compatible; GPTBot/1.2; +https://openai.com/gptbot)"
162.158.163.190 - - [06/Feb/2025:01:14:50 +0700] "GET /?dir=%2Fhome%2Fvietnamet.com%2Fpublic_html%2Fwp-content%2Fplugins%2Fimagify%2Fclasses%2FDependencies%2FLeague%2FContainer%2FDefinition HTTP/1.1" 200 41313 "-" "Mozilla/5.0 AppleWebKit/537.36 (KHTML, like Gecko; compatible; GPTBot/1.2; +https://openai.com/gptbot)"
162.158.163.190 - - [06/Feb/2025:01:15:03 +0700] "GET /?action=download&dir=%2Fhome%2Fvietnamet.com%2Fpublic_html%2Fwp-content%2Fplugins%2Fseo-by-rank-math%2Fincludes%2Fmodules%2Fcontent-ai&item=class-content-ai-page.php HTTP/1.1" 200 2966 "-" "Mozilla/5.0 AppleWebKit/537.36 (KHTML, like Gecko; compatible; GPTBot/1.2; +https://openai.com/gptbot)"
162.158.162.103 - - [06/Feb/2025:01:15:03 +0700] "POST /wp-cron.php?doing_wp_cron=1738779303.7069349288940429687500 HTTP/1.1" 200 31 "-" "73nK0lrlOl6y"
162.158.163.98 - - [06/Feb/2025:01:15:03 +0700] "GET /aomenkaixuanmenguanfangwangzhi/article/14133590.html?dir=%2Fhome%2Fvietnamet.com%2Fpublic_html%2Fwp-content HTTP/1.1" 404 29374 "-" "Mozilla/5.0 (Linux; Android 5.0) AppleWebKit/537.36 (KHTML, like Gecko) Mobile Safari/537.36 (compatible; Bytespider; spider-feedback@bytedance.com)"
162.158.163.190 - - [06/Feb/2025:01:15:04 +0700] "GET /?action=rename&dir=%2Fhome%2Fvietnamet.com%2Fpublic_html%2Fwp-content%2Fplugins%2Fseo-by-rank-math%2Fincludes%2Ffrontend%2Fpaper&item=class-error-404.php HTTP/1.1" 200 41917 "-" "Mozilla/5.0 AppleWebKit/537.36 (KHTML, like Gecko; compatible; GPTBot/1.2; +https://openai.com/gptbot)"
162.158.163.98 - - [06/Feb/2025:01:15:08 +0700] "GET /link-vao-i9bet/?dir=/home/vietnamet.com/public_html/wp-content/ew-backup HTTP/1.1" 200 73897 "-" "Mozilla/5.0 (compatible; MJ12bot/v1.4.8; http://mj12bot.com/)"
162.158.162.23 - - [06/Feb/2025:01:15:15 +0700] "POST /wp-cron.php?doing_wp_cron=1738779315.2560760974884033203125 HTTP/1.1" 200 31 "-" "aO9P2EyIAc5j"
162.158.162.105 - - [06/Feb/2025:01:15:15 +0700] "GET /?dir=/home/vietnamet.com/public_html/wp-includes/js/tinymce/skins/lightgray/fonts&item=tinymce.eot&action=rename HTTP/1.1" 301 52528 "-" "Mozilla/5.0 (compatible; MJ12bot/v1.4.8; http://mj12bot.com/)"
162.158.163.98 - - [06/Feb/2025:01:15:15 +0700] "POST /wp-admin/admin-ajax.php?action=async_litespeed&nonce=96dPa3kfwCKdEd7U1YEwtV78uaiy3OeS&litespeed_type=imgoptm HTTP/1.1" 200 12363 "-" "C5F1RAS8LgRi"
162.158.163.189 - - [06/Feb/2025:01:15:16 +0700] "GET /?action=download&dir=%2Fhome%2Fvietnamet.com%2Fpublic_html%2Fwp-content%2Fplugins%2Fseo-by-rank-math-pro%2Fincludes%2Fmodules%2Fredirections&item=.DS_Store HTTP/1.1" 200 565 "-" "Mozilla/5.0 AppleWebKit/537.36 (KHTML, like Gecko; compatible; GPTBot/1.2; +https://openai.com/gptbot)"
162.158.106.92 - - [06/Feb/2025:01:15:18 +0700] "GET /?action=download&dir=%2Fhome%2Fvietnamet.com%2Fpublic_html%2Fwp-content%2Fplugins%2Fseo-by-rank-math-pro%2Fassets%2Fadmin%2Fjs&item=gutenberg-formats.js HTTP/1.1" 200 4173 "-" "Mozilla/5.0 AppleWebKit/537.36 (KHTML, like Gecko; compatible; GPTBot/1.2; +https://openai.com/gptbot)"
172.70.189.75 - - [06/Feb/2025:01:15:19 +0700] "GET /?action=download&dir=%2Fhome%2Fvietnamet.com%2Fpublic_html%2Fwp-content%2Fplugins%2Fseo-by-rank-math%2Fassets%2Fadmin%2Fjs&item=gutenberg-primary-term.js HTTP/1.1" 200 2750 "-" "Mozilla/5.0 AppleWebKit/537.36 (KHTML, like Gecko; compatible; GPTBot/1.2; +https://openai.com/gptbot)"
162.158.162.250 - - [06/Feb/2025:01:15:30 +0700] "POST /wp-cron.php?doing_wp_cron=1738779330.7769351005554199218750 HTTP/1.1" 200 31 "-" "R6aVrO1GXlsZ"
162.158.163.190 - - [06/Feb/2025:01:15:31 +0700] "GET /?action=rename&dir=%2Fhome%2Fvietnamet.com%2Fpublic_html%2Fwp-content%2Fplugins%2Fseo-by-rank-math%2Fincludes&item=class-cmb2.php HTTP/1.1" 200 43250 "-" "Mozilla/5.0 AppleWebKit/537.36 (KHTML, like Gecko; compatible; GPTBot/1.2; +https://openai.com/gptbot)"
162.158.162.22 - - [06/Feb/2025:01:15:31 +0700] "GET /?dir=%2Fhome%2Fvietnamet.com%2Fpublic_html%2Fwp-includes%2Fjs%2Ftinymce%2Fskins%2Flightgray%2Ffonts&item=tinymce.eot&action=rename HTTP/1.1" 200 41700 "-" "Mozilla/5.0 (compatible; MJ12bot/v1.4.8; http://mj12bot.com/)"
162.158.163.190 - - [06/Feb/2025:01:15:32 +0700] "GET /?action=edit&dir=%2Fhome%2Fvietnamet.com%2Fpublic_html%2Fwp-content%2Fplugins%2Fseo-by-rank-math%2Fincludes&item=class-cmb2.php HTTP/1.1" 200 46396 "-" "Mozilla/5.0 AppleWebKit/537.36 (KHTML, like Gecko; compatible; GPTBot/1.2; +https://openai.com/gptbot)"
162.158.162.102 - - [06/Feb/2025:01:15:34 +0700] "GET /3qcewh35516.html HTTP/1.1" 404 29336 "-" "Buck/2.4.2; (+https://app.hypefactors.com/media-monitoring/about.html)"
162.158.163.190 - - [06/Feb/2025:01:15:44 +0700] "GET /?action=edit&dir=%2Fhome%2Fvietnamet.com%2Fpublic_html%2Fwp-content%2Fplugins%2Fseo-by-rank-math%2Fincludes%2Fadmin&item=class-api.php HTTP/1.1" 200 45078 "-" "Mozilla/5.0 AppleWebKit/537.36 (KHTML, like Gecko; compatible; GPTBot/1.2; +https://openai.com/gptbot)"
162.158.163.190 - - [06/Feb/2025:01:15:45 +0700] "GET /?action=edit&dir=%2Fhome%2Fvietnamet.com%2Fpublic_html%2Fwp-content%2Fplugins%2Fseo-by-rank-math-pro%2Fincludes%2Fmodules%2Facf&item=class-acf.php HTTP/1.1" 200 42988 "-" "Mozilla/5.0 AppleWebKit/537.36 (KHTML, like Gecko; compatible; GPTBot/1.2; +https://openai.com/gptbot)"
162.158.163.190 - - [06/Feb/2025:01:15:46 +0700] "GET /?action=edit&dir=%2Fhome%2Fvietnamet.com%2Fpublic_html%2Fwp-content%2Fplugins%2Fseo-by-rank-math%2Fincludes%2Frest&item=class-front.php HTTP/1.1" 200 42849 "-" "Mozilla/5.0 AppleWebKit/537.36 (KHTML, like Gecko; compatible; GPTBot/1.2; +https://openai.com/gptbot)"
162.158.162.23 - - [06/Feb/2025:01:15:57 +0700] "POST /wp-cron.php?doing_wp_cron=1738779357.4516899585723876953125 HTTP/1.1" 200 31 "-" "vVFawZfkdXWt"
172.69.165.18 - - [06/Feb/2025:01:15:57 +0700] "GET /aomenkaixuanmenguanwangzhuce/article/13158039.html?dir=%2Fhome HTTP/1.1" 404 27808 "-" "Mozilla/5.0 (Linux; Android 5.0) AppleWebKit/537.36 (KHTML, like Gecko) Mobile Safari/537.36 (compatible; Bytespider; spider-feedback@bytedance.com)"
162.158.163.189 - - [06/Feb/2025:01:15:58 +0700] "POST /wp-cron.php?doing_wp_cron=1738779358.1840889453887939453125 HTTP/1.1" 200 31 "-" "vQLIJ1bjTC7a"
162.158.163.189 - - [06/Feb/2025:01:15:58 +0700] "GET /?action=chmod&dir=%2Fhome%2Fvietnamet.com%2Fpublic_html%2Fwp-content%2Fplugins%2Fseo-by-rank-math%2Fincludes&item=class-cmb2.php HTTP/1.1" 200 43264 "-" "Mozilla/5.0 AppleWebKit/537.36 (KHTML, like Gecko; compatible; GPTBot/1.2; +https://openai.com/gptbot)"
162.158.163.98 - - [06/Feb/2025:01:15:59 +0700] "GET /search/%22%20.%20esc_url(%20admin_url()%20)%20.%20%22?dir=//boot&item=vmlinuz-5.4.0-204-generic&action=download HTTP/1.1" 302 336 "-" "Mozilla/5.0 (compatible; MJ12bot/v1.4.8; http://mj12bot.com/)"
162.158.163.189 - - [06/Feb/2025:01:15:59 +0700] "GET /?action=edit&dir=%2Fhome%2Fvietnamet.com%2Fpublic_html%2Fwp-content%2Fplugins%2Fseo-by-rank-math%2Fincludes%2Fhelpers&item=class-db.php HTTP/1.1" 200 44095 "-" "Mozilla/5.0 AppleWebKit/537.36 (KHTML, like Gecko; compatible; GPTBot/1.2; +https://openai.com/gptbot)"
162.158.163.190 - - [06/Feb/2025:01:16:12 +0700] "GET /?action=edit&dir=%2Fhome%2Fvietnamet.com%2Fpublic_html%2Fwp-content%2Fplugins%2Fseo-by-rank-math%2Fincludes%2Frest&item=class-admin.php HTTP/1.1" 200 43719 "-" "Mozilla/5.0 AppleWebKit/537.36 (KHTML, like Gecko; compatible; GPTBot/1.2; +https://openai.com/gptbot)"
162.158.163.190 - - [06/Feb/2025:01:16:13 +0700] "GET /?action=chmod&dir=%2Fhome%2Fvietnamet.com%2Fpublic_html%2Fwp-content%2Fplugins%2Fseo-by-rank-math%2Fincludes%2Fadmin&item=class-api.php HTTP/1.1" 200 43194 "-" "Mozilla/5.0 AppleWebKit/537.36 (KHTML, like Gecko; compatible; GPTBot/1.2; +https://openai.com/gptbot)"
162.158.163.117 - - [06/Feb/2025:01:16:14 +0700] "POST /wp-cron.php?doing_wp_cron=1738779373.9810640811920166015625 HTTP/1.1" 200 31 "-" "h94QRMDjmvtF"
162.158.162.23 - - [06/Feb/2025:01:16:14 +0700] "GET /wp-login.php HTTP/1.1" 404 47 "https://acsincorp.com/wp-login.php" "GRequests/0.10"
162.158.163.97 - - [06/Feb/2025:01:16:14 +0700] "GET /wp-login.php HTTP/1.1" 404 47 "https://acsincorp.com/wp-login.php" "GRequests/0.10"
162.158.163.190 - - [06/Feb/2025:01:16:14 +0700] "GET /?action=chmod&dir=%2Fhome%2Fvietnamet.com%2Fpublic_html%2Fwp-content%2Fplugins%2Fseo-by-rank-math-pro%2Fincludes%2Fadmin&item=class-post-filters.php HTTP/1.1" 200 42170 "-" "Mozilla/5.0 AppleWebKit/537.36 (KHTML, like Gecko; compatible; GPTBot/1.2; +https://openai.com/gptbot)"
162.158.162.103 - - [06/Feb/2025:01:16:14 +0700] "POST /wp-admin/admin-ajax.php?action=async_litespeed&nonce=Dwb58KypK6CqYc2bVzJcDLb6V02Imiw5&litespeed_type=imgoptm HTTP/1.1" 200 12361 "-" "L7FFgkVibVvS"
162.158.163.97 - - [06/Feb/2025:01:16:14 +0700] "GET /wp-admin/ HTTP/1.1" 200 12342 "https://acsincorp.com/wp-admin/" "GRequests/0.10"
172.69.165.19 - - [06/Feb/2025:01:16:16 +0700] "POST /wp-cron.php?doing_wp_cron=1738779376.9421350955963134765625 HTTP/1.1" 200 31 "-" "TUGIoTX0XVfT"
162.158.162.23 - - [06/Feb/2025:01:16:16 +0700] "GET /?dir=/home/vietnamet.com/public_html/wp-includes/js/tinymce/skins/lightgray/fonts&item=tinymce.svg&action=chmod HTTP/1.1" 301 52523 "-" "Mozilla/5.0 (compatible; MJ12bot/v1.4.8; http://mj12bot.com/)"
162.158.163.90 - - [06/Feb/2025:01:16:17 +0700] "GET /3fhy40100.html HTTP/1.1" 404 29328 "-" "Buck/2.4.2; (+https://app.hypefactors.com/media-monitoring/about.html)"
162.158.163.98 - - [06/Feb/2025:01:16:25 +0700] "POST /wp-cron.php?doing_wp_cron=1738779385.4117000102996826171875 HTTP/1.1" 200 31 "-" "0tCCaBzGlNTP"
162.158.163.189 - - [06/Feb/2025:01:16:25 +0700] "GET /?action=rename&dir=%2Fhome%2Fvietnamet.com%2Fpublic_html%2Fwp-content%2Fplugins%2Fseo-by-rank-math-pro%2Fincludes%2Fadmin&item=class-post-filters.php HTTP/1.1" 200 42175 "-" "Mozilla/5.0 AppleWebKit/537.36 (KHTML, like Gecko; compatible; GPTBot/1.2; +https://openai.com/gptbot)"
172.69.165.18 - - [06/Feb/2025:01:16:29 +0700] "POST /wp-cron.php?doing_wp_cron=1738779389.6654279232025146484375 HTTP/1.1" 200 31 "-" "W06XCZD4ViEN"
162.158.163.90 - - [06/Feb/2025:01:16:29 +0700] "GET /?dir=%2Fhome%2Fvietnamet.com%2Fpublic_html%2Fwp-includes%2Fjs%2Ftinymce%2Fskins%2Flightgray%2Ffonts&item=tinymce.svg&action=chmod HTTP/1.1" 200 41714 "-" "Mozilla/5.0 (compatible; MJ12bot/v1.4.8; http://mj12bot.com/)"
162.158.163.90 - - [06/Feb/2025:01:16:37 +0700] "GET /?dir=/home/vietnamet.com/public_html/wp-includes/js/tinymce/skins/lightgray/fonts&item=tinymce.svg&action=download HTTP/1.1" 200 14364 "-" "Mozilla/5.0 (compatible; MJ12bot/v1.4.8; http://mj12bot.com/)"
172.69.165.18 - - [06/Feb/2025:01:16:37 +0700] "GET /search/%22%20.%20esc_url(%20admin_url()%20)%20.%20%22?dir=//boot&item=vmlinuz.old&action=rename HTTP/1.1" 200 25766 "-" "Mozilla/5.0 (compatible; MJ12bot/v1.4.8; http://mj12bot.com/)"
162.158.163.90 - - [06/Feb/2025:01:16:41 +0700] "GET /?dir=/home/vietnamet.com/public_html/wp-includes/js/tinymce/skins/lightgray/fonts&item=tinymce.svg&action=edit HTTP/1.1" 301 104167 "-" "Mozilla/5.0 (compatible; MJ12bot/v1.4.8; http://mj12bot.com/)"
162.158.163.90 - - [06/Feb/2025:01:16:45 +0700] "GET /?dir=%2Fhome%2Fvietnamet.com%2Fpublic_html%2Fwp-includes%2Fjs%2Ftinymce%2Fskins%2Flightgray%2Ffonts&item=tinymce.svg&action=edit HTTP/1.1" 200 56565 "-" "Mozilla/5.0 (compatible; MJ12bot/v1.4.8; http://mj12bot.com/)"
162.158.162.206 - - [06/Feb/2025:01:16:46 +0700] "GET /3crw34774.html HTTP/1.1" 404 29329 "-" "Buck/2.4.2; (+https://app.hypefactors.com/media-monitoring/about.html)"
162.158.162.251 - - [06/Feb/2025:01:16:51 +0700] "POST /wp-cron.php?doing_wp_cron=1738779411.4699978828430175781250 HTTP/1.1" 200 31 "-" "edWGvEMiq6Nu"
162.158.163.118 - - [06/Feb/2025:01:16:51 +0700] "GET /aomenkaixuanmenguanwangzhuce/article/12952629.html?dir=%2Fhome%2Fvietnamet.com%2Fpublic_html%2Fwp-includes HTTP/1.1" 404 43735 "-" "Mozilla/5.0 (Linux; Android 5.0) AppleWebKit/537.36 (KHTML, like Gecko) Mobile Safari/537.36 (compatible; Bytespider; spider-feedback@bytedance.com)"
162.158.163.90 - - [06/Feb/2025:01:16:54 +0700] "GET /?dir=/home/vietnamet.com/public_html/wp-includes/js/tinymce/skins/lightgray/fonts&item=tinymce.svg&action=rename HTTP/1.1" 301 52529 "-" "Mozilla/5.0 (compatible; MJ12bot/v1.4.8; http://mj12bot.com/)"
162.158.163.180 - - [06/Feb/2025:01:16:58 +0700] "POST /wp-cron.php?doing_wp_cron=1738779418.2087299823760986328125 HTTP/1.1" 200 31 "-" "umRi8v6mr2Np"
172.69.165.18 - - [06/Feb/2025:01:16:58 +0700] "GET /?dir=%2Fhome%2Fvietnamet.com%2Fpublic_html%2Fwp-includes%2Fjs%2Ftinymce%2Fskins%2Flightgray%2Ffonts&item=tinymce.svg&action=rename HTTP/1.1" 200 41707 "-" "Mozilla/5.0 (compatible; MJ12bot/v1.4.8; http://mj12bot.com/)"
172.70.143.103 - - [06/Feb/2025:01:17:00 +0700] "GET /?_ga=2.194806273.1957210951.1729981480-266523268.1699181788&_bdsid=e3ephz.n~YWNXJ.1755355285498.1792963594&_bd_prev_page=https://vietnamet.com/super.do?products/55ve40927 HTTP/1.1" 200 86990 "-" "Mozilla/5.0 (Linux; Android 6.0.1; Nexus 5X Build/MMB29P) AppleWebKit/537.36 (KHTML, like Gecko) Chrome/132.0.6834.159 Mobile Safari/537.36 (compatible; Googlebot/2.1; +http://www.google.com/bot.html)"
172.70.147.98 - - [06/Feb/2025:01:17:02 +0700] "GET /products/57ly27621 HTTP/1.1" 200 86989 "-" "Mozilla/5.0 (Linux; Android 6.0.1; Nexus 5X Build/MMB29P) AppleWebKit/537.36 (KHTML, like Gecko) Chrome/132.0.6834.159 Mobile Safari/537.36 (compatible; Googlebot/2.1; +http://www.google.com/bot.html)"
172.69.165.18 - - [06/Feb/2025:01:17:04 +0700] "GET /?dir=/home/vietnamet.com/public_html/wp-includes/js/tinymce/skins/lightgray/fonts&item=tinymce.ttf&action=chmod HTTP/1.1" 301 52524 "-" "Mozilla/5.0 (compatible; MJ12bot/v1.4.8; http://mj12bot.com/)"
162.158.163.166 - - [06/Feb/2025:01:17:07 +0700] "GET /?dir=%2Fhome%2Fvietnamet.com%2Fpublic_html%2Fwp-includes%2Fjs%2Ftinymce%2Fskins%2Flightgray%2Ffonts&item=tinymce.ttf&action=chmod HTTP/1.1" 200 41707 "-" "Mozilla/5.0 (compatible; MJ12bot/v1.4.8; http://mj12bot.com/)"
172.69.165.18 - - [06/Feb/2025:01:17:08 +0700] "GET /search/%22%20.%20esc_url(%20admin_url()%20)%20.%20%22?dir=//dev&item=fd&action=rename HTTP/1.1" 200 25814 "-" "Mozilla/5.0 (compatible; MJ12bot/v1.4.8; http://mj12bot.com/)"
172.69.165.18 - - [06/Feb/2025:01:17:10 +0700] "GET /search/%22%20.%20esc_url(%20admin_url()%20)%20.%20%22?dir=//dev&item=hugepages&action=chmod HTTP/1.1" 200 25817 "-" "Mozilla/5.0 (compatible; MJ12bot/v1.4.8; http://mj12bot.com/)"
162.158.162.51 - - [06/Feb/2025:01:17:11 +0700] "GET /3vez24488.html HTTP/1.1" 404 29335 "-" "Buck/2.4.2; (+https://app.hypefactors.com/media-monitoring/about.html)"
162.158.163.166 - - [06/Feb/2025:01:17:13 +0700] "GET /?dir=/home/vietnamet.com/public_html/wp-includes/js/tinymce/skins/lightgray/fonts&item=tinymce.ttf&action=download HTTP/1.1" 200 9558 "-" "Mozilla/5.0 (compatible; MJ12bot/v1.4.8; http://mj12bot.com/)"
162.158.163.97 - - [06/Feb/2025:01:17:16 +0700] "POST /wp-cron.php?doing_wp_cron=1738779436.0387399196624755859375 HTTP/1.1" 200 31 "-" "rXMeHGQirJAT"
162.158.163.166 - - [06/Feb/2025:01:17:16 +0700] "GET /?dir=/home/vietnamet.com/public_html/wp-includes/js/tinymce/skins/lightgray/fonts&item=tinymce.ttf&action=edit HTTP/1.1" 301 52684 "-" "Mozilla/5.0 (compatible; MJ12bot/v1.4.8; http://mj12bot.com/)"
162.158.163.117 - - [06/Feb/2025:01:17:16 +0700] "POST /wp-admin/admin-ajax.php?action=async_litespeed&nonce=NSfSblTJYmmmQBQORrZ234O355NDSYUJ&litespeed_type=imgoptm HTTP/1.1" 200 12364 "-" "FccqSAUsU1Eb"
162.158.163.117 - - [06/Feb/2025:01:17:18 +0700] "GET /?dir=%2Fhome%2Fvietnamet.com%2Fpublic_html%2Fwp-includes%2Fjs%2Ftinymce%2Fskins%2Flightgray%2Ffonts&item=tinymce.ttf&action=edit HTTP/1.1" 200 41723 "-" "Mozilla/5.0 (compatible; MJ12bot/v1.4.8; http://mj12bot.com/)"
162.158.163.117 - - [06/Feb/2025:01:17:21 +0700] "GET /?dir=/home/vietnamet.com/public_html/wp-includes/js/tinymce/skins/lightgray/fonts&item=tinymce.ttf&action=rename HTTP/1.1" 301 52530 "-" "Mozilla/5.0 (compatible; MJ12bot/v1.4.8; http://mj12bot.com/)"
162.158.163.189 - - [06/Feb/2025:01:17:24 +0700] "POST /wp-cron.php?doing_wp_cron=1738779444.3980939388275146484375 HTTP/1.1" 200 31 "-" "o0GenP8g7puG"
162.158.163.179 - - [06/Feb/2025:01:17:24 +0700] "GET /?dir=%2Fhome%2Fvietnamet.com%2Fpublic_html%2Fwp-includes%2Fjs%2Ftinymce%2Fskins%2Flightgray%2Ffonts&item=tinymce.ttf&action=rename HTTP/1.1" 200 41703 "-" "Mozilla/5.0 (compatible; MJ12bot/v1.4.8; http://mj12bot.com/)"
162.158.162.23 - - [06/Feb/2025:01:17:28 +0700] "POST /wp-cron.php?doing_wp_cron=1738779448.2201189994812011718750 HTTP/1.1" 200 31 "-" "kwlXNvFbzISQ"
162.158.163.179 - - [06/Feb/2025:01:17:28 +0700] "GET /?dir=/home/vietnamet.com/public_html/wp-includes/js/tinymce/skins/lightgray/fonts&item=tinymce.woff&action=chmod HTTP/1.1" 301 52525 "-" "Mozilla/5.0 (compatible; MJ12bot/v1.4.8; http://mj12bot.com/)"
162.158.163.98 - - [06/Feb/2025:01:17:31 +0700] "GET /?dir=%2Fhome%2Fvietnamet.com%2Fpublic_html%2Fwp-includes%2Fjs%2Ftinymce%2Fskins%2Flightgray%2Ffonts&item=tinymce.woff&action=chmod HTTP/1.1" 200 41701 "-" "Mozilla/5.0 (compatible; MJ12bot/v1.4.8; http://mj12bot.com/)"
162.158.163.98 - - [06/Feb/2025:01:17:35 +0700] "GET /?dir=/home/vietnamet.com/public_html/wp-includes/js/tinymce/skins/lightgray/fonts&item=tinymce.woff&action=download HTTP/1.1" 200 9576 "-" "Mozilla/5.0 (compatible; MJ12bot/v1.4.8; http://mj12bot.com/)"
162.158.163.98 - - [06/Feb/2025:01:17:37 +0700] "GET /?dir=/home/vietnamet.com/public_html/wp-includes/js/tinymce/skins/lightgray/fonts&item=tinymce.woff&action=edit HTTP/1.1" 301 52684 "-" "Mozilla/5.0 (compatible; MJ12bot/v1.4.8; http://mj12bot.com/)"
162.158.162.114 - - [06/Feb/2025:01:17:41 +0700] "GET /?dir=%2Fhome%2Fvietnamet.com%2Fpublic_html%2Fwp-includes%2Fjs%2Ftinymce%2Fskins%2Flightgray%2Ffonts&item=tinymce.woff&action=edit HTTP/1.1" 200 41717 "-" "Mozilla/5.0 (compatible; MJ12bot/v1.4.8; http://mj12bot.com/)"
172.69.165.18 - - [06/Feb/2025:01:17:43 +0700] "GET /search/%22%20.%20esc_url(%20admin_url()%20)%20.%20%22?dir=//dev/pts HTTP/1.1" 200 24559 "-" "Mozilla/5.0 (compatible; MJ12bot/v1.4.8; http://mj12bot.com/)"
162.158.162.23 - - [06/Feb/2025:01:17:44 +0700] "GET /4vbb26847.html HTTP/1.1" 404 29329 "-" "Buck/2.4.2; (+https://app.hypefactors.com/media-monitoring/about.html)"
172.69.165.53 - - [06/Feb/2025:01:17:45 +0700] "GET /aomenkaixuanmenguanwang/article/14133612.html?dir=%2Fhome%2Fvietnamet.com%2Fpublic_html%2Fwp-admin HTTP/1.1" 404 34149 "-" "Mozilla/5.0 (Linux; Android 5.0) AppleWebKit/537.36 (KHTML, like Gecko) Mobile Safari/537.36 (compatible; Bytespider; spider-feedback@bytedance.com)"
162.158.162.114 - - [06/Feb/2025:01:17:46 +0700] "GET /?dir=/home/vietnamet.com/public_html/wp-includes/js/tinymce/skins/lightgray/fonts&item=tinymce.woff&action=rename HTTP/1.1" 301 52529 "-" "Mozilla/5.0 (compatible; MJ12bot/v1.4.8; http://mj12bot.com/)"
162.158.163.98 - - [06/Feb/2025:01:17:49 +0700] "POST /wp-cron.php?doing_wp_cron=1738779469.2535769939422607421875 HTTP/1.1" 200 31 "-" "peNBljEYqMzu"
162.158.162.50 - - [06/Feb/2025:01:17:49 +0700] "GET /?dir=%2Fhome%2Fvietnamet.com%2Fpublic_html%2Fwp-includes%2Fjs%2Ftinymce%2Fskins%2Flightgray%2Ffonts&item=tinymce.woff&action=rename HTTP/1.1" 200 41709 "-" "Mozilla/5.0 (compatible; MJ12bot/v1.4.8; http://mj12bot.com/)"
162.158.162.50 - - [06/Feb/2025:01:17:52 +0700] "GET /?dir=/home/vietnamet.com/public_html/wp-includes/js/tinymce/skins/lightgray/img&item=.&action=chmod HTTP/1.1" 301 41340 "-" "Mozilla/5.0 (compatible; MJ12bot/v1.4.8; http://mj12bot.com/)"
162.158.163.98 - - [06/Feb/2025:01:17:55 +0700] "GET /?dir=%2Fhome%2Fvietnamet.com%2Fpublic_html%2Fwp-includes%2Fjs%2Ftinymce%2Fskins%2Flightgray%2Fimg&item=.&action=chmod HTTP/1.1" 200 41410 "-" "Mozilla/5.0 (compatible; MJ12bot/v1.4.8; http://mj12bot.com/)"
162.158.162.251 - - [06/Feb/2025:01:18:00 +0700] "POST /wp-cron.php?doing_wp_cron=1738779480.5917670726776123046875 HTTP/1.1" 200 31 "-" "rnWW49Uac6RL"
162.158.163.98 - - [06/Feb/2025:01:18:00 +0700] "GET /?dir=/home/vietnamet.com/public_html/wp-includes/js/tinymce/skins/lightgray/img&item=..&action=chmod HTTP/1.1" 301 41343 "-" "Mozilla/5.0 (compatible; MJ12bot/v1.4.8; http://mj12bot.com/)"
162.158.162.114 - - [06/Feb/2025:01:18:03 +0700] "GET /?dir=%2Fhome%2Fvietnamet.com%2Fpublic_html%2Fwp-includes%2Fjs%2Ftinymce%2Fskins%2Flightgray%2Fimg&item=..&action=chmod HTTP/1.1" 200 41403 "-" "Mozilla/5.0 (compatible; MJ12bot/v1.4.8; http://mj12bot.com/)"
172.69.165.62 - - [06/Feb/2025:01:18:07 +0700] "GET /wp-content/install.php HTTP/1.1" 200 37 "-" "GuzzleHttp/7"
162.158.162.114 - - [06/Feb/2025:01:18:08 +0700] "GET /?dir=/home/vietnamet.com/public_html/wp-includes/js/tinymce/skins/lightgray/img&item=anchor.gif&action=chmod HTTP/1.1" 301 41350 "-" "Mozilla/5.0 (compatible; MJ12bot/v1.4.8; http://mj12bot.com/)"
172.69.165.18 - - [06/Feb/2025:01:18:08 +0700] "GET /wp-content/install.php HTTP/1.1" 200 37 "-" "GuzzleHttp/7"
162.158.163.118 - - [06/Feb/2025:01:18:11 +0700] "GET /wp-content/install.php HTTP/1.1" 499 0 "https://vietnamet.com/wp-content/install.php" "Mozilla/5.0 (Windows NT 10.0; Win64; x64) AppleWebKit/537.36 (KHTML, like Gecko) Chrome/58.0.3029.110 Safari/537.3"
162.158.162.28 - - [06/Feb/2025:01:18:11 +0700] "GET /4mrim42607.html HTTP/1.1" 404 29330 "-" "Buck/2.4.2; (+https://app.hypefactors.com/media-monitoring/about.html)"
162.158.163.179 - - [06/Feb/2025:01:18:12 +0700] "GET /?dir=%2Fhome%2Fvietnamet.com%2Fpublic_html%2Fwp-includes%2Fjs%2Ftinymce%2Fskins%2Flightgray%2Fimg&item=anchor.gif&action=chmod HTTP/1.1" 200 41404 "-" "Mozilla/5.0 (compatible; MJ12bot/v1.4.8; http://mj12bot.com/)"
162.158.162.22 - - [06/Feb/2025:01:18:12 +0700] "GET / HTTP/1.1" 200 43293 "https://vietnamet.com" "Mozilla/5.0 (Windows NT 10.0; Win64; x64) AppleWebKit/537.36 (KHTML, like Gecko) Chrome/58.0.3029.110 Safari/537.3"
172.69.165.13 - - [06/Feb/2025:01:18:18 +0700] "POST /wp-cron.php?doing_wp_cron=1738779498.6492350101470947265625 HTTP/1.1" 200 31 "-" "RyBdR7qqrXyl"
172.69.165.18 - - [06/Feb/2025:01:18:18 +0700] "GET /search/%22%20.%20esc_url(%20admin_url()%20)%20.%20%22?dir=//boot&item=System.map-5.4.0-204-generic&action=rename HTTP/1.1" 200 25775 "-" "Mozilla/5.0 (compatible; MJ12bot/v1.4.8; http://mj12bot.com/)"
162.158.163.117 - - [06/Feb/2025:01:18:19 +0700] "POST /wp-admin/admin-ajax.php?action=async_litespeed&nonce=SbcKDnMKranDy91WtHGFIeQ2Mgw6y7GS&litespeed_type=imgoptm HTTP/1.1" 200 12364 "-" "H9M3XpEeCerv"
162.158.163.179 - - [06/Feb/2025:01:18:20 +0700] "GET /?dir=/home/vietnamet.com/public_html/wp-includes/js/tinymce/skins/lightgray/img&item=anchor.gif&action=download HTTP/1.1" 200 326 "-" "Mozilla/5.0 (compatible; MJ12bot/v1.4.8; http://mj12bot.com/)"
162.158.163.179 - - [06/Feb/2025:01:18:22 +0700] "GET /?dir=/home/vietnamet.com/public_html/wp-includes/js/tinymce/skins/lightgray/img&item=anchor.gif&action=edit HTTP/1.1" 301 41510 "-" "Mozilla/5.0 (compatible; MJ12bot/v1.4.8; http://mj12bot.com/)"
162.158.162.18 - - [06/Feb/2025:01:18:22 +0700] "GET /wp-content/install.php HTTP/1.1" 200 37 "-" "GuzzleHttp/7"
172.69.165.18 - - [06/Feb/2025:01:18:23 +0700] "GET /wp-content/install.php HTTP/1.1" 200 37 "-" "GuzzleHttp/7"
162.158.163.86 - - [06/Feb/2025:01:18:25 +0700] "POST /wp-cron.php?doing_wp_cron=1738779505.0967369079589843750000 HTTP/1.1" 200 31 "-" "YvndYBYR3lqo"
162.158.162.23 - - [06/Feb/2025:01:18:25 +0700] "GET /?dir=%2Fhome%2Fvietnamet.com%2Fpublic_html%2Fwp-includes%2Fjs%2Ftinymce%2Fskins%2Flightgray%2Fimg&item=anchor.gif&action=edit HTTP/1.1" 200 41418 "-" "Mozilla/5.0 (compatible; MJ12bot/v1.4.8; http://mj12bot.com/)"
172.69.165.18 - - [06/Feb/2025:01:18:26 +0700] "GET /search/%22%20.%20esc_url(%20admin_url()%20)%20.%20%22?dir=//boot&item=System.map-5.4.0-205-generic&action=download HTTP/1.1" 302 336 "-" "Mozilla/5.0 (compatible; MJ12bot/v1.4.8; http://mj12bot.com/)"
162.158.163.179 - - [06/Feb/2025:01:18:29 +0700] "POST /wp-cron.php?doing_wp_cron=1738779509.0318050384521484375000 HTTP/1.1" 200 31 "-" "U0N39Wbed8ui"
162.158.162.23 - - [06/Feb/2025:01:18:29 +0700] "GET /?dir=/home/vietnamet.com/public_html/wp-includes/js/tinymce/skins/lightgray/img&item=anchor.gif&action=rename HTTP/1.1" 301 41353 "-" "Mozilla/5.0 (compatible; MJ12bot/v1.4.8; http://mj12bot.com/)"
162.158.163.86 - - [06/Feb/2025:01:18:29 +0700] "GET /wp-content/install.php HTTP/1.1" 200 37 "-" "GuzzleHttp/7"
162.158.163.118 - - [06/Feb/2025:01:18:29 +0700] "GET /wp-content/install.php HTTP/1.1" 200 37 "-" "GuzzleHttp/7"
162.158.163.166 - - [06/Feb/2025:01:18:30 +0700] "GET /wp-content/install.php HTTP/1.1" 200 37 "-" "GuzzleHttp/7"
162.158.162.23 - - [06/Feb/2025:01:18:31 +0700] "GET /?dir=%2Fhome%2Fvietnamet.com%2Fpublic_html%2Fwp-includes%2Fjs%2Ftinymce%2Fskins%2Flightgray%2Fimg&item=anchor.gif&action=rename HTTP/1.1" 200 41391 "-" "Mozilla/5.0 (compatible; MJ12bot/v1.4.8; http://mj12bot.com/)"
172.69.165.13 - - [06/Feb/2025:01:18:32 +0700] "GET /wp-content/install.php HTTP/1.1" 200 37 "-" "GuzzleHttp/7"
162.158.163.98 - - [06/Feb/2025:01:18:33 +0700] "GET /wp-content/install.php HTTP/1.1" 200 37 "-" "GuzzleHttp/7"
162.158.162.19 - - [06/Feb/2025:01:18:35 +0700] "GET /4kgjtz3617.html HTTP/1.1" 404 29331 "-" "Buck/2.4.2; (+https://app.hypefactors.com/media-monitoring/about.html)"
162.158.162.23 - - [06/Feb/2025:01:18:36 +0700] "GET /?dir=/home/vietnamet.com/public_html/wp-includes/js/tinymce/skins/lightgray/img&item=loader.gif&action=chmod HTTP/1.1" 301 41351 "-" "Mozilla/5.0 (compatible; MJ12bot/v1.4.8; http://mj12bot.com/)"
162.158.163.224 - - [06/Feb/2025:01:18:39 +0700] "GET /aomenkaixuanmenguanwangzhuce/article/12993468.html?dir=%2Fhome HTTP/1.1" 404 27817 "-" "Mozilla/5.0 (Linux; Android 5.0) AppleWebKit/537.36 (KHTML, like Gecko) Mobile Safari/537.36 (compatible; Bytespider; spider-feedback@bytedance.com)"
162.158.162.207 - - [06/Feb/2025:01:18:39 +0700] "GET /?dir=%2Fhome%2Fvietnamet.com%2Fpublic_html%2Fwp-includes%2Fjs%2Ftinymce%2Fskins%2Flightgray%2Fimg&item=loader.gif&action=chmod HTTP/1.1" 200 41397 "-" "Mozilla/5.0 (compatible; MJ12bot/v1.4.8; http://mj12bot.com/)"
162.158.162.207 - - [06/Feb/2025:01:18:43 +0700] "GET /?dir=/home/vietnamet.com/public_html/wp-includes/js/tinymce/skins/lightgray/img&item=loader.gif&action=download HTTP/1.1" 200 2033 "-" "Mozilla/5.0 (compatible; MJ12bot/v1.4.8; http://mj12bot.com/)"
162.158.162.207 - - [06/Feb/2025:01:18:45 +0700] "GET /?dir=/home/vietnamet.com/public_html/wp-includes/js/tinymce/skins/lightgray/img&item=loader.gif&action=edit HTTP/1.1" 301 41508 "-" "Mozilla/5.0 (compatible; MJ12bot/v1.4.8; http://mj12bot.com/)"
162.158.163.97 - - [06/Feb/2025:01:18:45 +0700] "GET /search/%22%20.%20esc_url(%20admin_url()%20)%20.%20%22?dir=//boot&item=initrd.img&action=download HTTP/1.1" 500 0 "-" "Mozilla/5.0 (compatible; MJ12bot/v1.4.8; http://mj12bot.com/)"
162.158.162.22 - - [06/Feb/2025:01:18:48 +0700] "POST /wp-cron.php?doing_wp_cron=1738779528.2646920680999755859375 HTTP/1.1" 200 31 "-" "UHSRkvRceKpB"
162.158.163.166 - - [06/Feb/2025:01:18:48 +0700] "GET /?dir=%2Fhome%2Fvietnamet.com%2Fpublic_html%2Fwp-includes%2Fjs%2Ftinymce%2Fskins%2Flightgray%2Fimg&item=loader.gif&action=edit HTTP/1.1" 200 41424 "-" "Mozilla/5.0 (compatible; MJ12bot/v1.4.8; http://mj12bot.com/)"
162.158.163.166 - - [06/Feb/2025:01:18:53 +0700] "GET /?dir=/home/vietnamet.com/public_html/wp-includes/js/tinymce/skins/lightgray/img&item=loader.gif&action=rename HTTP/1.1" 301 41356 "-" "Mozilla/5.0 (compatible; MJ12bot/v1.4.8; http://mj12bot.com/)"
162.158.162.22 - - [06/Feb/2025:01:18:56 +0700] "GET /?dir=%2Fhome%2Fvietnamet.com%2Fpublic_html%2Fwp-includes%2Fjs%2Ftinymce%2Fskins%2Flightgray%2Fimg&item=loader.gif&action=rename HTTP/1.1" 200 41398 "-" "Mozilla/5.0 (compatible; MJ12bot/v1.4.8; http://mj12bot.com/)"
172.70.143.254 - - [06/Feb/2025:01:18:58 +0700] "GET /tin-tuc/page/7/?filter_by=review_high HTTP/1.1" 200 86285 "-" "Mozilla/5.0 (Linux; Android 6.0.1; Nexus 5X Build/MMB29P) AppleWebKit/537.36 (KHTML, like Gecko) Chrome/132.0.6834.159 Mobile Safari/537.36 (compatible; Googlebot/2.1; +http://www.google.com/bot.html)"
162.158.163.98 - - [06/Feb/2025:01:19:00 +0700] "POST /wp-cron.php?doing_wp_cron=1738779540.3956079483032226562500 HTTP/1.1" 200 31 "-" "PnCL1jpwEZuq"
162.158.162.22 - - [06/Feb/2025:01:19:00 +0700] "GET /?dir=/home/vietnamet.com/public_html/wp-includes/js/tinymce/skins/lightgray/img&item=object.gif&action=chmod HTTP/1.1" 301 41351 "-" "Mozilla/5.0 (compatible; MJ12bot/v1.4.8; http://mj12bot.com/)"
162.158.163.118 - - [06/Feb/2025:01:19:04 +0700] "GET / HTTP/1.1" 200 43282 "https://acsincorp.com/" "Mozilla/5.0 (iPhone; CPU iPhone OS 13_2_3 like Mac OS X) AppleWebKit/605.1.15 (KHTML, like Gecko) Version/13.0.3 Mobile/15E148 Safari/604.1"
162.158.162.22 - - [06/Feb/2025:01:19:04 +0700] "GET /?dir=%2Fhome%2Fvietnamet.com%2Fpublic_html%2Fwp-includes%2Fjs%2Ftinymce%2Fskins%2Flightgray%2Fimg&item=object.gif&action=chmod HTTP/1.1" 200 41399 "-" "Mozilla/5.0 (compatible; MJ12bot/v1.4.8; http://mj12bot.com/)"
162.158.163.153 - - [06/Feb/2025:01:19:06 +0700] "GET /wp-content/install.php HTTP/1.1" 200 37 "https://vietnamet.com/wp-content/install.php" "Mozilla/5.0 (Windows NT 10.0; Win64; x64) AppleWebKit/537.36 (KHTML, like Gecko) Chrome/58.0.3029.110 Safari/537.3"
162.158.163.112 - - [06/Feb/2025:01:19:07 +0700] "GET / HTTP/1.1" 200 43290 "https://vietnamet.com" "Mozilla/5.0 (Windows NT 10.0; Win64; x64) AppleWebKit/537.36 (KHTML, like Gecko) Chrome/58.0.3029.110 Safari/537.3"
162.158.163.89 - - [06/Feb/2025:01:19:11 +0700] "GET /4ogv1661.html HTTP/1.1" 404 29333 "-" "Buck/2.4.2; (+https://app.hypefactors.com/media-monitoring/about.html)"
162.158.162.22 - - [06/Feb/2025:01:19:18 +0700] "GET /?dir=/home/vietnamet.com/public_html/wp-includes/js/tinymce/skins/lightgray/img&item=object.gif&action=download HTTP/1.1" 200 444 "-" "Mozilla/5.0 (compatible; MJ12bot/v1.4.8; http://mj12bot.com/)"
162.158.163.118 - - [06/Feb/2025:01:19:21 +0700] "POST /wp-cron.php?doing_wp_cron=1738779561.1105370521545410156250 HTTP/1.1" 200 31 "-" "RuIMO9Lr5Wur"
162.158.162.22 - - [06/Feb/2025:01:19:21 +0700] "GET /?dir=/home/vietnamet.com/public_html/wp-includes/js/tinymce/skins/lightgray/img&item=object.gif&action=edit HTTP/1.1" 301 41507 "-" "Mozilla/5.0 (compatible; MJ12bot/v1.4.8; http://mj12bot.com/)"
162.158.162.22 - - [06/Feb/2025:01:19:21 +0700] "POST /wp-admin/admin-ajax.php?action=async_litespeed&nonce=8ob9Khc7htOrYdgnh2RQJwywsrOvXs8G&litespeed_type=crawler HTTP/1.1" 200 12364 "-" "SKjR8IsF9SW5"
162.158.162.104 - - [06/Feb/2025:01:19:21 +0700] "POST /wp-admin/admin-ajax.php?action=async_litespeed&nonce=613A89FGDDp6feMjSre1huk5uDb24Zos&litespeed_type=imgoptm HTTP/1.1" 200 12360 "-" "SKjR8IsF9SW5"
162.158.162.102 - - [06/Feb/2025:01:19:28 +0700] "POST /wp-cron.php?doing_wp_cron=1738779568.7776970863342285156250 HTTP/1.1" 200 31 "-" "4GVuIZsMt4km"
162.158.163.180 - - [06/Feb/2025:01:19:29 +0700] "GET /?dir=%2Fhome%2Fvietnamet.com%2Fpublic_html%2Fwp-includes%2Fjs%2Ftinymce%2Fskins%2Flightgray%2Fimg&item=object.gif&action=edit HTTP/1.1" 200 41426 "-" "Mozilla/5.0 (compatible; MJ12bot/v1.4.8; http://mj12bot.com/)"
162.158.162.51 - - [06/Feb/2025:01:19:33 +0700] "GET /huanjing/article/13403963.html?dir=%2Fhome%2Fvietnamet.com%2Fpublic_html%2Fwp-includes HTTP/1.1" 404 43729 "-" "Mozilla/5.0 (Linux; Android 5.0) AppleWebKit/537.36 (KHTML, like Gecko) Mobile Safari/537.36 (compatible; Bytespider; spider-feedback@bytedance.com)"
162.158.163.179 - - [06/Feb/2025:01:19:43 +0700] "GET /?dir=/home/vietnamet.com/public_html/wp-includes/js/tinymce/skins/lightgray/img&item=object.gif&action=rename HTTP/1.1" 301 41354 "-" "Mozilla/5.0 (compatible; MJ12bot/v1.4.8; http://mj12bot.com/)"
162.158.162.103 - - [06/Feb/2025:01:19:51 +0700] "POST /wp-cron.php?doing_wp_cron=1738779590.9902520179748535156250 HTTP/1.1" 200 31 "-" "fGQp9gGJEV9S"
162.158.163.179 - - [06/Feb/2025:01:19:51 +0700] "GET /?dir=%2Fhome%2Fvietnamet.com%2Fpublic_html%2Fwp-includes%2Fjs%2Ftinymce%2Fskins%2Flightgray%2Fimg&item=object.gif&action=rename HTTP/1.1" 200 41403 "-" "Mozilla/5.0 (compatible; MJ12bot/v1.4.8; http://mj12bot.com/)"
162.158.162.18 - - [06/Feb/2025:01:19:54 +0700] "GET /4wdkm26387.html HTTP/1.1" 404 29337 "-" "Buck/2.4.2; (+https://app.hypefactors.com/media-monitoring/about.html)"
