172.71.152.58 - - [06/Feb/2025:01:06:34 +0700] "GET /pcmypage?callback=/product%2Fdetail%2First34-n4937897020544 HTTP/1.1" 200 87318 "-" "Mozilla/5.0 (Linux; Android 6.0.1; Nexus 5X Build/MMB29P) AppleWebKit/537.36 (KHTML, like Gecko) Chrome/132.0.6834.159 Mobile Safari/537.36 (compatible; Googlebot/2.1; +http://www.google.com/bot.html)"
172.69.165.19 - - [06/Feb/2025:01:06:35 +0700] "GET /search/%22%20.%20esc_url(%20admin_url()%20)%20.%20%22?dir=//lib/multipath&item=libcheckrdac.so&action=rename HTTP/1.1" 200 26332 "-" "Mozilla/5.0 (compatible; MJ12bot/v1.4.8; http://mj12bot.com/)"
162.158.170.83 - - [06/Feb/2025:01:06:36 +0700] "GET /category/610/1/listing HTTP/1.1" 200 88234 "-" "Mozilla/5.0 (Linux; Android 6.0.1; Nexus 5X Build/MMB29P) AppleWebKit/537.36 (KHTML, like Gecko) Chrome/132.0.6834.159 Mobile Safari/537.36 (compatible; Googlebot/2.1; +http://www.google.com/bot.html)"
172.69.165.19 - - [06/Feb/2025:01:06:37 +0700] "GET /search/%22%20.%20esc_url(%20admin_url()%20)%20.%20%22?dir=//lib/multipath&item=libcheckreadsector0.so&action=chmod HTTP/1.1" 200 26333 "-" "Mozilla/5.0 (compatible; MJ12bot/v1.4.8; http://mj12bot.com/)"
162.158.163.189 - - [06/Feb/2025:01:06:38 +0700] "GET /?action=chmod&dir=%2Fhome%2Fvietnamet.com%2Fpublic_html%2Fwp-content%2Fplugins%2Fseo-by-rank-math%2Fincludes%2Ftraits&item=class-shortcode.php HTTP/1.1" 200 41608 "-" "Mozilla/5.0 AppleWebKit/537.36 (KHTML, like Gecko; compatible; GPTBot/1.2; +https://openai.com/gptbot)"
162.158.163.172 - - [06/Feb/2025:01:06:39 +0700] "GET /huong-dan/ HTTP/1.1" 200 85714 "-" "Mozilla/5.0 (Linux; Android 6.0.1; Nexus 5X Build/MMB29P) AppleWebKit/537.36 (KHTML, like Gecko) Chrome/132.0.6834.159 Mobile Safari/537.36 (compatible; Googlebot/2.1; +http://www.google.com/bot.html)"
172.69.165.19 - - [06/Feb/2025:01:06:39 +0700] "GET /search/%22%20.%20esc_url(%20admin_url()%20)%20.%20%22?dir=//lib/multipath&item=libcheckreadsector0.so&action=download HTTP/1.1" 200 2576 "-" "Mozilla/5.0 (compatible; MJ12bot/v1.4.8; http://mj12bot.com/)"
108.162.226.186 - - [06/Feb/2025:01:06:41 +0700] "GET /?_ga=2.194806273.1957210951.1729981480-266523268.1699181788&_bdsid=e3ephz.n~YWNXJ.1755355285498.1792963594&_bd_prev_page=https://vietnamet.com/super.do?55qwd8948.html HTTP/1.1" 200 85798 "-" "Mozilla/5.0 (Linux; Android 6.0.1; Nexus 5X Build/MMB29P) AppleWebKit/537.36 (KHTML, like Gecko) Chrome/132.0.6834.159 Mobile Safari/537.36 (compatible; Googlebot/2.1; +http://www.google.com/bot.html)"
162.158.163.189 - - [06/Feb/2025:01:06:41 +0700] "GET /?action=chmod&dir=%2Fhome%2Fvietnamet.com%2Fpublic_html%2Fwp-content%2Fplugins%2Fseo-by-rank-math%2Fincludes%2Ftraits&item=class-wizard.php HTTP/1.1" 200 41587 "-" "Mozilla/5.0 AppleWebKit/537.36 (KHTML, like Gecko; compatible; GPTBot/1.2; +https://openai.com/gptbot)"
172.69.165.19 - - [06/Feb/2025:01:06:42 +0700] "GET /search/%22%20.%20esc_url(%20admin_url()%20)%20.%20%22?dir=//lib/multipath&item=libcheckreadsector0.so&action=edit HTTP/1.1" 200 26365 "-" "Mozilla/5.0 (compatible; MJ12bot/v1.4.8; http://mj12bot.com/)"
162.158.163.94 - - [06/Feb/2025:01:06:43 +0700] "GET /5jpr406.html HTTP/1.1" 200 85098 "-" "Mozilla/5.0 (Linux; Android 6.0.1; Nexus 5X Build/MMB29P) AppleWebKit/537.36 (KHTML, like Gecko) Chrome/132.0.6834.159 Mobile Safari/537.36 (compatible; Googlebot/2.1; +http://www.google.com/bot.html)"
172.69.165.19 - - [06/Feb/2025:01:06:44 +0700] "GET /search/%22%20.%20esc_url(%20admin_url()%20)%20.%20%22?dir=//lib/multipath&item=libcheckreadsector0.so&action=rename HTTP/1.1" 200 26334 "-" "Mozilla/5.0 (compatible; MJ12bot/v1.4.8; http://mj12bot.com/)"
162.158.171.11 - - [06/Feb/2025:01:06:45 +0700] "GET /product_archives HTTP/1.1" 200 86653 "-" "Mozilla/5.0 (Linux; Android 6.0.1; Nexus 5X Build/MMB29P) AppleWebKit/537.36 (KHTML, like Gecko) Chrome/132.0.6834.159 Mobile Safari/537.36 (compatible; Googlebot/2.1; +http://www.google.com/bot.html)"
172.69.165.19 - - [06/Feb/2025:01:06:47 +0700] "GET /search/%22%20.%20esc_url(%20admin_url()%20)%20.%20%22?dir=//lib/multipath&item=libchecktur.so&action=chmod HTTP/1.1" 200 26331 "-" "Mozilla/5.0 (compatible; MJ12bot/v1.4.8; http://mj12bot.com/)"
172.69.165.62 - - [06/Feb/2025:01:06:47 +0700] "GET / HTTP/1.1" 200 43272 "https://acsincorp.com/" "Mozilla/5.0 (iPhone; CPU iPhone OS 13_2_3 like Mac OS X) AppleWebKit/605.1.15 (KHTML, like Gecko) Version/13.0.3 Mobile/15E148 Safari/604.1"
172.69.165.19 - - [06/Feb/2025:01:06:49 +0700] "GET /search/%22%20.%20esc_url(%20admin_url()%20)%20.%20%22?dir=//lib/multipath&item=libchecktur.so&action=download HTTP/1.1" 200 5147 "-" "Mozilla/5.0 (compatible; MJ12bot/v1.4.8; http://mj12bot.com/)"
162.158.163.132 - - [06/Feb/2025:01:06:51 +0700] "POST /wp-cron.php?doing_wp_cron=1738778811.6079740524291992187500 HTTP/1.1" 200 31 "-" "ilDsjySauz3b"
172.69.165.19 - - [06/Feb/2025:01:06:52 +0700] "GET /search/%22%20.%20esc_url(%20admin_url()%20)%20.%20%22?dir=//lib/multipath&item=libchecktur.so&action=edit HTTP/1.1" 200 26357 "-" "Mozilla/5.0 (compatible; MJ12bot/v1.4.8; http://mj12bot.com/)"
162.158.163.189 - - [06/Feb/2025:01:06:53 +0700] "GET /?action=rename&dir=%2Fhome%2Fvietnamet.com%2Fpublic_html%2Fwp-content%2Fplugins%2Fseo-by-rank-math%2Fincludes&item=class-frontend-seo-score.php HTTP/1.1" 200 43269 "-" "Mozilla/5.0 AppleWebKit/537.36 (KHTML, like Gecko; compatible; GPTBot/1.2; +https://openai.com/gptbot)"
172.69.165.19 - - [06/Feb/2025:01:06:55 +0700] "GET /search/%22%20.%20esc_url(%20admin_url()%20)%20.%20%22?dir=//lib/multipath&item=libchecktur.so&action=rename HTTP/1.1" 200 26330 "-" "Mozilla/5.0 (compatible; MJ12bot/v1.4.8; http://mj12bot.com/)"
162.158.163.189 - - [06/Feb/2025:01:06:56 +0700] "GET /?action=chmod&dir=%2Fhome%2Fvietnamet.com%2Fpublic_html%2Fwp-content%2Fplugins%2Fseo-by-rank-math%2Fincludes%2Fadmin&item=class-import-export.php HTTP/1.1" 200 43194 "-" "Mozilla/5.0 AppleWebKit/537.36 (KHTML, like Gecko; compatible; GPTBot/1.2; +https://openai.com/gptbot)"
162.158.162.104 - - [06/Feb/2025:01:06:57 +0700] "GET /?dir=/home/vietnamet.com/public_html/wp-includes/js/tinymce/skins/lightgray/fonts&item=tinymce-small.svg&action=chmod HTTP/1.1" 301 52530 "-" "Mozilla/5.0 (compatible; MJ12bot/v1.4.8; http://mj12bot.com/)"
162.158.163.97 - - [06/Feb/2025:01:06:58 +0700] "POST /wp-cron.php?doing_wp_cron=1738778818.3548231124877929687500 HTTP/1.1" 200 31 "-" "B40eVY4nnkme"
172.69.165.19 - - [06/Feb/2025:01:06:58 +0700] "GET /search/%22%20.%20esc_url(%20admin_url()%20)%20.%20%22?dir=//lib/multipath&item=libforeign-nvme.so&action=chmod HTTP/1.1" 200 26331 "-" "Mozilla/5.0 (compatible; MJ12bot/v1.4.8; http://mj12bot.com/)"
162.158.163.189 - - [06/Feb/2025:01:06:59 +0700] "GET /?action=rename&dir=%2Fhome%2Fvietnamet.com%2Fpublic_html%2Fwp-content%2Fplugins%2Fseo-by-rank-math%2Fincludes%2Frest&item=class-headless.php HTTP/1.1" 200 41588 "-" "Mozilla/5.0 AppleWebKit/537.36 (KHTML, like Gecko; compatible; GPTBot/1.2; +https://openai.com/gptbot)"
172.69.165.19 - - [06/Feb/2025:01:07:00 +0700] "GET /search/%22%20.%20esc_url(%20admin_url()%20)%20.%20%22?dir=//lib/multipath&item=libforeign-nvme.so&action=download HTTP/1.1" 200 10401 "-" "Mozilla/5.0 (compatible; MJ12bot/v1.4.8; http://mj12bot.com/)"
172.69.165.19 - - [06/Feb/2025:01:07:02 +0700] "GET /search/%22%20.%20esc_url(%20admin_url()%20)%20.%20%22?dir=//lib/multipath&item=libforeign-nvme.so&action=edit HTTP/1.1" 200 26357 "-" "Mozilla/5.0 (compatible; MJ12bot/v1.4.8; http://mj12bot.com/)"
172.69.165.12 - - [06/Feb/2025:01:07:04 +0700] "GET /quyen-rieng-tu/ HTTP/1.1" 404 29331 "-" "Buck/2.4.2; (+https://app.hypefactors.com/media-monitoring/about.html)"
172.69.165.19 - - [06/Feb/2025:01:07:05 +0700] "GET /search/%22%20.%20esc_url(%20admin_url()%20)%20.%20%22?dir=//lib/multipath&item=libforeign-nvme.so&action=rename HTTP/1.1" 200 26335 "-" "Mozilla/5.0 (compatible; MJ12bot/v1.4.8; http://mj12bot.com/)"
162.158.163.189 - - [06/Feb/2025:01:07:07 +0700] "GET /?action=chmod&dir=%2Fhome%2Fvietnamet.com%2Fpublic_html%2Fwp-content%2Fplugins%2Fseo-by-rank-math%2Fincludes&item=class-update-email.php HTTP/1.1" 200 43270 "-" "Mozilla/5.0 AppleWebKit/537.36 (KHTML, like Gecko; compatible; GPTBot/1.2; +https://openai.com/gptbot)"
172.69.165.19 - - [06/Feb/2025:01:07:07 +0700] "GET /search/%22%20.%20esc_url(%20admin_url()%20)%20.%20%22?dir=//lib/multipath&item=libprioalua.so&action=chmod HTTP/1.1" 200 26326 "-" "Mozilla/5.0 (compatible; MJ12bot/v1.4.8; http://mj12bot.com/)"
172.69.165.19 - - [06/Feb/2025:01:07:09 +0700] "GET /search/%22%20.%20esc_url(%20admin_url()%20)%20.%20%22?dir=//lib/multipath&item=libprioalua.so&action=download HTTP/1.1" 200 2976 "-" "Mozilla/5.0 (compatible; MJ12bot/v1.4.8; http://mj12bot.com/)"
172.69.165.19 - - [06/Feb/2025:01:07:11 +0700] "GET /search/%22%20.%20esc_url(%20admin_url()%20)%20.%20%22?dir=//lib/multipath&item=libprioalua.so&action=edit HTTP/1.1" 200 26361 "-" "Mozilla/5.0 (compatible; MJ12bot/v1.4.8; http://mj12bot.com/)"
162.158.162.206 - - [06/Feb/2025:01:07:13 +0700] "GET /?dir=%2Fhome%2Fvietnamet.com%2Fpublic_html%2Fwp-includes%2Fjs%2Ftinymce%2Fskins%2Flightgray%2Ffonts&item=tinymce-small.svg&action=chmod HTTP/1.1" 200 41695 "-" "Mozilla/5.0 (compatible; MJ12bot/v1.4.8; http://mj12bot.com/)"
172.69.165.18 - - [06/Feb/2025:01:07:13 +0700] "POST /wp-cron.php?doing_wp_cron=1738778833.8511829376220703125000 HTTP/1.1" 200 31 "-" "Wiv3cEFTMBqc"
172.69.165.19 - - [06/Feb/2025:01:07:14 +0700] "GET /search/%22%20.%20esc_url(%20admin_url()%20)%20.%20%22?dir=//lib/multipath&item=libprioalua.so&action=rename HTTP/1.1" 200 26332 "-" "Mozilla/5.0 (compatible; MJ12bot/v1.4.8; http://mj12bot.com/)"
162.158.162.251 - - [06/Feb/2025:01:07:14 +0700] "POST /wp-admin/admin-ajax.php?action=async_litespeed&nonce=kiJth86CDBgq03aki7MtbNXzDDCq6e1q&litespeed_type=imgoptm HTTP/1.1" 200 12362 "-" "FxQLteigniDV"
172.69.165.19 - - [06/Feb/2025:01:07:16 +0700] "POST /wp-cron.php?doing_wp_cron=1738778836.2768719196319580078125 HTTP/1.1" 200 31 "-" "cCx6tERsdYO1"
172.69.165.18 - - [06/Feb/2025:01:07:16 +0700] "GET /search/%22%20.%20esc_url(%20admin_url()%20)%20.%20%22?dir=//lib/multipath&item=libprioana.so&action=chmod HTTP/1.1" 200 26332 "-" "Mozilla/5.0 (compatible; MJ12bot/v1.4.8; http://mj12bot.com/)"
172.69.165.19 - - [06/Feb/2025:01:07:18 +0700] "GET /search/%22%20.%20esc_url(%20admin_url()%20)%20.%20%22?dir=//lib/multipath&item=libprioana.so&action=download HTTP/1.1" 200 3507 "-" "Mozilla/5.0 (compatible; MJ12bot/v1.4.8; http://mj12bot.com/)"
172.69.165.18 - - [06/Feb/2025:01:07:21 +0700] "GET /search/%22%20.%20esc_url(%20admin_url()%20)%20.%20%22?dir=//lib/multipath&item=libprioana.so&action=edit HTTP/1.1" 200 26352 "-" "Mozilla/5.0 (compatible; MJ12bot/v1.4.8; http://mj12bot.com/)"
162.158.163.190 - - [06/Feb/2025:01:07:21 +0700] "GET /?action=edit&dir=%2Fhome%2Fvietnamet.com%2Fpublic_html%2Fwp-content%2Fplugins%2Fseo-by-rank-math%2Fvendor%2Fcomposer&item=autoload_files.php HTTP/1.1" 200 49253 "-" "Mozilla/5.0 AppleWebKit/537.36 (KHTML, like Gecko; compatible; GPTBot/1.2; +https://openai.com/gptbot)"
162.158.163.98 - - [06/Feb/2025:01:07:23 +0700] "POST /wp-cron.php?doing_wp_cron=1738778843.1623859405517578125000 HTTP/1.1" 200 31 "-" "VOjQe0mF0Y1I"
172.69.165.19 - - [06/Feb/2025:01:07:23 +0700] "GET /search/%22%20.%20esc_url(%20admin_url()%20)%20.%20%22?dir=//lib/multipath&item=libprioana.so&action=rename HTTP/1.1" 200 26328 "-" "Mozilla/5.0 (compatible; MJ12bot/v1.4.8; http://mj12bot.com/)"
162.158.163.190 - - [06/Feb/2025:01:07:25 +0700] "GET /?action=edit&dir=%2Fhome%2Fvietnamet.com%2Fpublic_html%2Fwp-content%2Fplugins%2Fseo-by-rank-math%2Fincludes&item=class-defaults.php HTTP/1.1" 200 43750 "-" "Mozilla/5.0 AppleWebKit/537.36 (KHTML, like Gecko; compatible; GPTBot/1.2; +https://openai.com/gptbot)"
172.69.165.18 - - [06/Feb/2025:01:07:26 +0700] "GET /search/%22%20.%20esc_url(%20admin_url()%20)%20.%20%22?dir=//lib/multipath&item=libprioconst.so&action=chmod HTTP/1.1" 200 26332 "-" "Mozilla/5.0 (compatible; MJ12bot/v1.4.8; http://mj12bot.com/)"
162.158.162.105 - - [06/Feb/2025:01:07:27 +0700] "POST /wp-cron.php?doing_wp_cron=1738778847.4561760425567626953125 HTTP/1.1" 200 31 "-" "KDlOq7WEt2oF"
172.69.165.19 - - [06/Feb/2025:01:07:27 +0700] "GET /search/%22%20.%20esc_url(%20admin_url()%20)%20.%20%22?dir=//lib/multipath&item=libprioconst.so&action=download HTTP/1.1" 200 1520 "-" "Mozilla/5.0 (compatible; MJ12bot/v1.4.8; http://mj12bot.com/)"
162.158.163.190 - - [06/Feb/2025:01:07:28 +0700] "GET /?action=chmod&dir=%2Fhome%2Fvietnamet.com%2Fpublic_html%2Fwp-content%2Fplugins%2Fseo-by-rank-math%2Fincludes%2Fopengraph&item=class-slack.php HTTP/1.1" 200 41601 "-" "Mozilla/5.0 AppleWebKit/537.36 (KHTML, like Gecko; compatible; GPTBot/1.2; +https://openai.com/gptbot)"
162.158.162.105 - - [06/Feb/2025:01:07:29 +0700] "GET /mien-tru-trach-nhiem/ HTTP/1.1" 404 29328 "-" "Buck/2.4.2; (+https://app.hypefactors.com/media-monitoring/about.html)"
172.69.165.18 - - [06/Feb/2025:01:07:29 +0700] "GET /search/%22%20.%20esc_url(%20admin_url()%20)%20.%20%22?dir=//lib/multipath&item=libprioconst.so&action=edit HTTP/1.1" 200 26360 "-" "Mozilla/5.0 (compatible; MJ12bot/v1.4.8; http://mj12bot.com/)"
162.158.163.190 - - [06/Feb/2025:01:07:30 +0700] "GET /?action=rename&dir=%2Fhome%2Fvietnamet.com%2Fpublic_html%2Fwp-content%2Fplugins%2Fseo-by-rank-math%2Fincludes%2Frest&item=class-front.php HTTP/1.1" 200 41594 "-" "Mozilla/5.0 AppleWebKit/537.36 (KHTML, like Gecko; compatible; GPTBot/1.2; +https://openai.com/gptbot)"
172.69.165.18 - - [06/Feb/2025:01:07:32 +0700] "GET /search/%22%20.%20esc_url(%20admin_url()%20)%20.%20%22?dir=//lib/multipath&item=libprioconst.so&action=rename HTTP/1.1" 200 26329 "-" "Mozilla/5.0 (compatible; MJ12bot/v1.4.8; http://mj12bot.com/)"
172.69.165.19 - - [06/Feb/2025:01:07:32 +0700] "GET /wp-content/install.php?id=964959 HTTP/1.1" 499 0 "-" "GuzzleHttp/7"
162.158.163.154 - - [06/Feb/2025:01:07:33 +0700] "GET /aomenkaixuanmenguanfangwangzhi/article/13198837.html?dir=%2Fhome%2Fvietnamet.com%2Fpublic_html HTTP/1.1" 404 30071 "-" "Mozilla/5.0 (Linux; Android 5.0) AppleWebKit/537.36 (KHTML, like Gecko) Mobile Safari/537.36 (compatible; Bytespider; spider-feedback@bytedance.com)"
172.69.165.18 - - [06/Feb/2025:01:07:35 +0700] "GET /search/%22%20.%20esc_url(%20admin_url()%20)%20.%20%22?dir=//lib/multipath&item=libpriodatacore.so&action=chmod HTTP/1.1" 200 26336 "-" "Mozilla/5.0 (compatible; MJ12bot/v1.4.8; http://mj12bot.com/)"
162.158.163.190 - - [06/Feb/2025:01:07:36 +0700] "GET /?action=edit&dir=%2Fhome%2Fvietnamet.com%2Fpublic_html%2Fwp-content%2Fplugins%2Fseo-by-rank-math%2Fincludes&item=class-compatibility.php HTTP/1.1" 200 44309 "-" "Mozilla/5.0 AppleWebKit/537.36 (KHTML, like Gecko; compatible; GPTBot/1.2; +https://openai.com/gptbot)"
172.69.165.18 - - [06/Feb/2025:01:07:37 +0700] "GET /search/%22%20.%20esc_url(%20admin_url()%20)%20.%20%22?dir=//lib/multipath&item=libpriodatacore.so&action=download HTTP/1.1" 200 2778 "-" "Mozilla/5.0 (compatible; MJ12bot/v1.4.8; http://mj12bot.com/)"
162.158.162.207 - - [06/Feb/2025:01:07:37 +0700] "GET /?dir=/home/vietnamet.com/public_html/wp-includes/js/tinymce/skins/lightgray/fonts&item=tinymce-small.svg&action=download HTTP/1.1" 200 7946 "-" "Mozilla/5.0 (compatible; MJ12bot/v1.4.8; http://mj12bot.com/)"
172.69.165.18 - - [06/Feb/2025:01:07:39 +0700] "GET /search/%22%20.%20esc_url(%20admin_url()%20)%20.%20%22?dir=//lib/multipath&item=libpriodatacore.so&action=edit HTTP/1.1" 200 26363 "-" "Mozilla/5.0 (compatible; MJ12bot/v1.4.8; http://mj12bot.com/)"
162.158.163.117 - - [06/Feb/2025:01:07:39 +0700] "GET /wp-content/install.php HTTP/1.1" 200 37 "-" "GuzzleHttp/7"
172.69.165.18 - - [06/Feb/2025:01:07:42 +0700] "GET /search/%22%20.%20esc_url(%20admin_url()%20)%20.%20%22?dir=//lib/multipath&item=libpriodatacore.so&action=rename HTTP/1.1" 200 26329 "-" "Mozilla/5.0 (compatible; MJ12bot/v1.4.8; http://mj12bot.com/)"
172.69.165.18 - - [06/Feb/2025:01:07:45 +0700] "GET /search/%22%20.%20esc_url(%20admin_url()%20)%20.%20%22?dir=//lib/multipath&item=libprioemc.so&action=chmod HTTP/1.1" 200 26326 "-" "Mozilla/5.0 (compatible; MJ12bot/v1.4.8; http://mj12bot.com/)"
172.69.165.18 - - [06/Feb/2025:01:07:47 +0700] "GET /search/%22%20.%20esc_url(%20admin_url()%20)%20.%20%22?dir=//lib/multipath&item=libprioemc.so&action=download HTTP/1.1" 200 2478 "-" "Mozilla/5.0 (compatible; MJ12bot/v1.4.8; http://mj12bot.com/)"
162.158.162.207 - - [06/Feb/2025:01:07:47 +0700] "GET /?dir=/home/vietnamet.com/public_html/wp-includes/js/tinymce/skins/lightgray/fonts&item=tinymce-small.svg&action=edit HTTP/1.1" 301 79758 "-" "Mozilla/5.0 (compatible; MJ12bot/v1.4.8; http://mj12bot.com/)"
162.158.162.194 - - [06/Feb/2025:01:07:49 +0700] "POST /wp-cron.php?doing_wp_cron=1738778869.4338819980621337890625 HTTP/1.1" 200 31 "-" "P0SdlBgWGXEi"
172.69.165.18 - - [06/Feb/2025:01:07:50 +0700] "GET /search/%22%20.%20esc_url(%20admin_url()%20)%20.%20%22?dir=//lib/multipath&item=libprioemc.so&action=edit HTTP/1.1" 200 26352 "-" "Mozilla/5.0 (compatible; MJ12bot/v1.4.8; http://mj12bot.com/)"
162.158.163.190 - - [06/Feb/2025:01:07:51 +0700] "GET /?action=edit&dir=%2Fhome%2Fvietnamet.com%2Fpublic_html%2Fwp-content%2Fplugins%2Fseo-by-rank-math%2Fincludes%2Ftraits&item=class-hooker.php HTTP/1.1" 200 42701 "-" "Mozilla/5.0 AppleWebKit/537.36 (KHTML, like Gecko; compatible; GPTBot/1.2; +https://openai.com/gptbot)"
162.158.163.98 - - [06/Feb/2025:01:07:51 +0700] "GET /aomenkaixuanmenguanfangwangzhi/article/12501713.html?dir=%2F HTTP/1.1" 404 28721 "-" "Mozilla/5.0 (Linux; Android 5.0) AppleWebKit/537.36 (KHTML, like Gecko) Mobile Safari/537.36 (compatible; Bytespider; spider-feedback@bytedance.com)"
172.69.165.18 - - [06/Feb/2025:01:07:52 +0700] "GET /search/%22%20.%20esc_url(%20admin_url()%20)%20.%20%22?dir=//lib/multipath&item=libprioemc.so&action=rename HTTP/1.1" 200 26323 "-" "Mozilla/5.0 (compatible; MJ12bot/v1.4.8; http://mj12bot.com/)"
162.158.163.190 - - [06/Feb/2025:01:07:54 +0700] "GET /?action=rename&dir=%2Fhome%2Fvietnamet.com%2Fpublic_html%2Fwp-content%2Fplugins%2Fseo-by-rank-math%2Fincludes%2Fhelpers&item=class-arr.php HTTP/1.1" 200 42517 "-" "Mozilla/5.0 AppleWebKit/537.36 (KHTML, like Gecko; compatible; GPTBot/1.2; +https://openai.com/gptbot)"
172.69.165.18 - - [06/Feb/2025:01:07:54 +0700] "GET /search/%22%20.%20esc_url(%20admin_url()%20)%20.%20%22?dir=//lib/multipath&item=libpriohds.so&action=chmod HTTP/1.1" 200 26324 "-" "Mozilla/5.0 (compatible; MJ12bot/v1.4.8; http://mj12bot.com/)"
172.69.165.18 - - [06/Feb/2025:01:07:56 +0700] "GET /search/%22%20.%20esc_url(%20admin_url()%20)%20.%20%22?dir=//lib/multipath&item=libpriohds.so&action=download HTTP/1.1" 200 2978 "-" "Mozilla/5.0 (compatible; MJ12bot/v1.4.8; http://mj12bot.com/)"
162.158.163.190 - - [06/Feb/2025:01:07:56 +0700] "GET /?action=chmod&dir=%2Fhome%2Fvietnamet.com%2Fpublic_html%2Fwp-content%2Fplugins%2Fseo-by-rank-math%2Fincludes%2Ftraits&item=class-hooker.php HTTP/1.1" 200 41606 "-" "Mozilla/5.0 AppleWebKit/537.36 (KHTML, like Gecko; compatible; GPTBot/1.2; +https://openai.com/gptbot)"
162.158.163.98 - - [06/Feb/2025:01:07:58 +0700] "POST /wp-cron.php?doing_wp_cron=1738778878.6646409034729003906250 HTTP/1.1" 200 31 "-" "D8emJu3AThce"
162.158.163.90 - - [06/Feb/2025:01:07:59 +0700] "GET /gioi-thieu/ HTTP/1.1" 404 29332 "-" "Buck/2.4.2; (+https://app.hypefactors.com/media-monitoring/about.html)"
162.158.163.190 - - [06/Feb/2025:01:07:59 +0700] "GET /?action=rename&dir=%2Fhome%2Fvietnamet.com%2Fpublic_html%2Fwp-content%2Fplugins%2Fseo-by-rank-math%2Fincludes&item=class-common.php HTTP/1.1" 200 43260 "-" "Mozilla/5.0 AppleWebKit/537.36 (KHTML, like Gecko; compatible; GPTBot/1.2; +https://openai.com/gptbot)"
172.69.165.18 - - [06/Feb/2025:01:07:59 +0700] "GET /search/%22%20.%20esc_url(%20admin_url()%20)%20.%20%22?dir=//lib/multipath&item=libpriohds.so&action=edit HTTP/1.1" 200 26354 "-" "Mozilla/5.0 (compatible; MJ12bot/v1.4.8; http://mj12bot.com/)"
162.158.162.23 - - [06/Feb/2025:01:08:19 +0700] "POST /wp-cron.php?doing_wp_cron=1738778899.4737000465393066406250 HTTP/1.1" 200 31 "-" "43RGa60AYy8x"
162.158.163.189 - - [06/Feb/2025:01:08:20 +0700] "GET /?action=chmod&dir=%2Fhome%2Fvietnamet.com%2Fpublic_html%2Fwp-content%2Fplugins%2Fseo-by-rank-math%2Fincludes%2Fhelpers&item=class-param.php HTTP/1.1" 200 42532 "-" "Mozilla/5.0 AppleWebKit/537.36 (KHTML, like Gecko; compatible; GPTBot/1.2; +https://openai.com/gptbot)"
162.158.163.118 - - [06/Feb/2025:01:08:20 +0700] "POST /wp-admin/admin-ajax.php?action=async_litespeed&nonce=Mt6telhm2u9zz5dA14ESm7ZFQwVvnfpZ&litespeed_type=imgoptm HTTP/1.1" 200 12363 "-" "E9gs0FFgyvFD"
162.158.163.189 - - [06/Feb/2025:01:08:23 +0700] "GET /?action=chmod&dir=%2Fhome%2Fvietnamet.com%2Fpublic_html%2Fwp-content%2Fplugins%2Fseo-by-rank-math%2Fincludes%2Fopengraph&item=class-image.php HTTP/1.1" 200 41599 "-" "Mozilla/5.0 AppleWebKit/537.36 (KHTML, like Gecko; compatible; GPTBot/1.2; +https://openai.com/gptbot)"
162.158.163.86 - - [06/Feb/2025:01:08:24 +0700] "POST /wp-cron.php?doing_wp_cron=1738778904.7251470088958740234375 HTTP/1.1" 200 31 "-" "BC5Q2TC1CVtp"
172.69.165.18 - - [06/Feb/2025:01:08:25 +0700] "GET /1gejn3488.html HTTP/1.1" 404 29323 "-" "Buck/2.4.2; (+https://app.hypefactors.com/media-monitoring/about.html)"
162.158.163.189 - - [06/Feb/2025:01:08:26 +0700] "GET /?action=edit&dir=%2Fhome%2Fvietnamet.com%2Fpublic_html%2Fwp-content%2Fplugins%2Fseo-by-rank-math%2Fincludes%2Fopengraph&item=class-facebook.php HTTP/1.1" 200 44106 "-" "Mozilla/5.0 AppleWebKit/537.36 (KHTML, like Gecko; compatible; GPTBot/1.2; +https://openai.com/gptbot)"
162.158.163.118 - - [06/Feb/2025:01:08:27 +0700] "POST /wp-cron.php?doing_wp_cron=1738778907.6932199001312255859375 HTTP/1.1" 200 31 "-" "xwJwNeqzPsQA"
172.69.165.18 - - [06/Feb/2025:01:08:28 +0700] "GET /?dir=%2Fhome%2Fvietnamet.com%2Fpublic_html%2Fwp-includes%2Fjs%2Ftinymce%2Fskins%2Flightgray%2Ffonts&item=tinymce-small.svg&action=edit HTTP/1.1" 200 50186 "-" "Mozilla/5.0 (compatible; MJ12bot/v1.4.8; http://mj12bot.com/)"
162.158.163.189 - - [06/Feb/2025:01:08:28 +0700] "GET /?action=chmod&dir=%2Fhome%2Fvietnamet.com%2Fpublic_html%2Fwp-content%2Fplugins%2Fseo-by-rank-math%2Fincludes&item=class-data-encryption.php HTTP/1.1" 200 43269 "-" "Mozilla/5.0 AppleWebKit/537.36 (KHTML, like Gecko; compatible; GPTBot/1.2; +https://openai.com/gptbot)"
162.158.163.118 - - [06/Feb/2025:01:08:45 +0700] "GET /aomenkaixuanmenguanfangwangzhi/article/14309500.html?dir=%2Fhome%2Fvietnamet.com%2Fpublic_html%2Fwp-admin HTTP/1.1" 404 34152 "-" "Mozilla/5.0 (Linux; Android 5.0) AppleWebKit/537.36 (KHTML, like Gecko) Mobile Safari/537.36 (compatible; Bytespider; spider-feedback@bytedance.com)"
162.158.163.189 - - [06/Feb/2025:01:08:48 +0700] "GET /?action=rename&dir=%2Fhome%2Fvietnamet.com%2Fpublic_html%2Fwp-content%2Fplugins%2Fseo-by-rank-math%2Fvendor&item=autoload.php HTTP/1.1" 200 41501 "-" "Mozilla/5.0 AppleWebKit/537.36 (KHTML, like Gecko; compatible; GPTBot/1.2; +https://openai.com/gptbot)"
162.158.163.85 - - [06/Feb/2025:01:08:50 +0700] "POST /wp-cron.php?doing_wp_cron=1738778930.7493529319763183593750 HTTP/1.1" 200 31 "-" "fNAzN1cdY8vL"
162.158.163.189 - - [06/Feb/2025:01:08:51 +0700] "GET /?action=edit&dir=%2Fhome%2Fvietnamet.com%2Fpublic_html%2Fwp-content%2Fplugins%2Fseo-by-rank-math%2Fincludes&item=class-settings.php HTTP/1.1" 200 44366 "-" "Mozilla/5.0 AppleWebKit/537.36 (KHTML, like Gecko; compatible; GPTBot/1.2; +https://openai.com/gptbot)"
162.158.163.189 - - [06/Feb/2025:01:08:54 +0700] "GET /?action=edit&dir=%2Fhome%2Fvietnamet.com%2Fpublic_html%2Fwp-content%2Fplugins%2Fseo-by-rank-math%2Fincludes%2Fopengraph&item=class-image.php HTTP/1.1" 200 46750 "-" "Mozilla/5.0 AppleWebKit/537.36 (KHTML, like Gecko; compatible; GPTBot/1.2; +https://openai.com/gptbot)"
162.158.163.189 - - [06/Feb/2025:01:08:57 +0700] "GET /?action=chmod&dir=%2Fhome%2Fvietnamet.com%2Fpublic_html%2Fwp-content%2Fplugins%2Fseo-by-rank-math%2Fincludes%2Fadmin&item=class-assets.php HTTP/1.1" 200 43197 "-" "Mozilla/5.0 AppleWebKit/537.36 (KHTML, like Gecko; compatible; GPTBot/1.2; +https://openai.com/gptbot)"
162.158.163.97 - - [06/Feb/2025:01:08:57 +0700] "GET /1amxx4314.html HTTP/1.1" 404 29323 "-" "Buck/2.4.2; (+https://app.hypefactors.com/media-monitoring/about.html)"
172.69.165.19 - - [06/Feb/2025:01:09:00 +0700] "GET /wp-content/install.php?id=964959 HTTP/1.1" 499 0 "-" "GuzzleHttp/7"
172.69.165.18 - - [06/Feb/2025:01:09:14 +0700] "GET /wp-content/install.php HTTP/1.1" 200 37 "-" "GuzzleHttp/7"
162.158.163.118 - - [06/Feb/2025:01:09:16 +0700] "POST /wp-cron.php?doing_wp_cron=1738778956.2362151145935058593750 HTTP/1.1" 200 31 "-" "RwkhATVJO5rL"
162.158.163.189 - - [06/Feb/2025:01:09:17 +0700] "GET /?action=chmod&dir=%2Fhome%2Fvietnamet.com%2Fpublic_html%2Fwp-content%2Fplugins%2Fseo-by-rank-math%2Fincludes&item=class-rewrite.php HTTP/1.1" 200 43268 "-" "Mozilla/5.0 AppleWebKit/537.36 (KHTML, like Gecko; compatible; GPTBot/1.2; +https://openai.com/gptbot)"
162.158.163.190 - - [06/Feb/2025:01:09:17 +0700] "POST /wp-admin/admin-ajax.php?action=async_litespeed&nonce=EjPvZUPx5em8s1fVuzBEhqLOYzLf1h23&litespeed_type=crawler HTTP/1.1" 200 12363 "-" "MaXGvioo4MG0"
162.158.162.22 - - [06/Feb/2025:01:09:17 +0700] "POST /wp-admin/admin-ajax.php?action=async_litespeed&nonce=onM5fyXlSB2IHlY58P1t4QieOHssrDpE&litespeed_type=imgoptm HTTP/1.1" 200 12364 "-" "MaXGvioo4MG0"
162.158.163.189 - - [06/Feb/2025:01:09:20 +0700] "GET /?action=edit&dir=%2Fhome%2Fvietnamet.com%2Fpublic_html%2Fwp-content%2Fplugins%2Fseo-by-rank-math%2Fincludes%2Frest&item=class-sanitize.php HTTP/1.1" 200 42367 "-" "Mozilla/5.0 AppleWebKit/537.36 (KHTML, like Gecko; compatible; GPTBot/1.2; +https://openai.com/gptbot)"
172.69.165.18 - - [06/Feb/2025:01:09:21 +0700] "GET /?dir=/home/vietnamet.com/public_html/wp-includes/js/tinymce/skins/lightgray/fonts&item=tinymce-small.svg&action=rename HTTP/1.1" 301 52534 "-" "Mozilla/5.0 (compatible; MJ12bot/v1.4.8; http://mj12bot.com/)"
162.158.163.190 - - [06/Feb/2025:01:09:22 +0700] "GET /?action=edit&dir=%2Fhome%2Fvietnamet.com%2Fpublic_html%2Fwp-content%2Fplugins%2Fseo-by-rank-math%2Fincludes&item=interface-runner.php HTTP/1.1" 200 43515 "-" "Mozilla/5.0 AppleWebKit/537.36 (KHTML, like Gecko; compatible; GPTBot/1.2; +https://openai.com/gptbot)"
172.69.165.18 - - [06/Feb/2025:01:09:24 +0700] "POST /wp-cron.php?doing_wp_cron=1738778964.2496290206909179687500 HTTP/1.1" 200 31 "-" "zEl0sU6CCQo3"
162.158.163.189 - - [06/Feb/2025:01:09:24 +0700] "GET /?action=chmod&dir=%2Fhome%2Fvietnamet.com%2Fpublic_html%2Fwp-content%2Fplugins%2Fseo-by-rank-math%2Fvendor%2Fcomposer&item=platform_check.php HTTP/1.1" 200 42033 "-" "Mozilla/5.0 AppleWebKit/537.36 (KHTML, like Gecko; compatible; GPTBot/1.2; +https://openai.com/gptbot)"
162.158.162.23 - - [06/Feb/2025:01:09:27 +0700] "POST /wp-cron.php?doing_wp_cron=1738778967.9241900444030761718750 HTTP/1.1" 200 31 "-" "DAo8xhGEItm0"
172.69.165.18 - - [06/Feb/2025:01:09:28 +0700] "GET /wp-content/install.php HTTP/1.1" 200 37 "-" "GuzzleHttp/7"
162.158.163.179 - - [06/Feb/2025:01:09:28 +0700] "GET /?dir=%2Fhome%2Fvietnamet.com%2Fpublic_html%2Fwp-includes%2Fjs%2Ftinymce%2Fskins%2Flightgray%2Ffonts&item=tinymce-small.svg&action=rename HTTP/1.1" 200 41697 "-" "Mozilla/5.0 (compatible; MJ12bot/v1.4.8; http://mj12bot.com/)"
172.69.165.53 - - [06/Feb/2025:01:09:32 +0700] "GET /1rrgu18602.html HTTP/1.1" 404 29324 "-" "Buck/2.4.2; (+https://app.hypefactors.com/media-monitoring/about.html)"
162.158.163.118 - - [06/Feb/2025:01:09:32 +0700] "GET /wp-content/install.php HTTP/1.1" 200 37 "-" "GuzzleHttp/7"
162.158.163.97 - - [06/Feb/2025:01:09:33 +0700] "GET /wp-content/install.php HTTP/1.1" 200 37 "-" "GuzzleHttp/7"
162.158.163.97 - - [06/Feb/2025:01:09:34 +0700] "GET /wp-content/install.php HTTP/1.1" 200 37 "-" "GuzzleHttp/7"
162.158.163.118 - - [06/Feb/2025:01:09:35 +0700] "GET /wp-content/install.php HTTP/1.1" 200 37 "-" "GuzzleHttp/7"
162.158.162.103 - - [06/Feb/2025:01:09:41 +0700] "GET /wp-content/install.php HTTP/1.1" 200 37 "-" "GuzzleHttp/7"
162.158.163.118 - - [06/Feb/2025:01:09:42 +0700] "GET /wp-content/install.php HTTP/1.1" 200 37 "-" "GuzzleHttp/7"
162.158.162.29 - - [06/Feb/2025:01:09:44 +0700] "GET /wp-content/install.php HTTP/1.1" 200 37 "-" "GuzzleHttp/7"
162.158.163.190 - - [06/Feb/2025:01:09:44 +0700] "GET /?action=edit&dir=%2Fhome%2Fvietnamet.com%2Fpublic_html%2Fwp-content%2Fplugins%2Fseo-by-rank-math%2Fincludes%2Fhelpers&item=class-taxonomy.php HTTP/1.1" 200 44034 "-" "Mozilla/5.0 AppleWebKit/537.36 (KHTML, like Gecko; compatible; GPTBot/1.2; +https://openai.com/gptbot)"
172.69.165.18 - - [06/Feb/2025:01:09:46 +0700] "GET /wp-content/install.php HTTP/1.1" 200 37 "-" "GuzzleHttp/7"
162.158.163.100 - - [06/Feb/2025:01:09:47 +0700] "GET /tai-app-sv368/ HTTP/1.1" 200 85642 "-" "Mozilla/5.0 (Linux; Android 6.0.1; Nexus 5X Build/MMB29P) AppleWebKit/537.36 (KHTML, like Gecko) Chrome/132.0.6834.159 Mobile Safari/537.36 (compatible; Googlebot/2.1; +http://www.google.com/bot.html)"
162.158.163.190 - - [06/Feb/2025:01:09:48 +0700] "GET /?action=edit&dir=%2Fhome%2Fvietnamet.com%2Fpublic_html%2Fwp-content%2Fplugins%2Fseo-by-rank-math%2Fincludes&item=class-metadata.php HTTP/1.1" 200 44441 "-" "Mozilla/5.0 AppleWebKit/537.36 (KHTML, like Gecko; compatible; GPTBot/1.2; +https://openai.com/gptbot)"
162.158.162.93 - - [06/Feb/2025:01:09:49 +0700] "GET /?_ga=2.194806273.1957210951.1729981480-266523268.1699181788&_bdsid=e3ephz.n~YWNXJ.1755355285498.1792963594&_bd_prev_page=https://vietnamet.com/super.do?products/163fn30807 HTTP/1.1" 200 85661 "-" "Mozilla/5.0 (Linux; Android 6.0.1; Nexus 5X Build/MMB29P) AppleWebKit/537.36 (KHTML, like Gecko) Chrome/132.0.6834.159 Mobile Safari/537.36 (compatible; Googlebot/2.1; +http://www.google.com/bot.html)"
162.158.163.118 - - [06/Feb/2025:01:09:49 +0700] "GET /wp-content/install.php HTTP/1.1" 200 37 "-" "GuzzleHttp/7"
162.158.162.51 - - [06/Feb/2025:01:09:50 +0700] "POST /wp-cron.php?doing_wp_cron=1738778989.9701290130615234375000 HTTP/1.1" 200 31 "-" "1cRr4hdttD54"
162.158.163.190 - - [06/Feb/2025:01:09:50 +0700] "GET /?action=chmod&dir=%2Fhome%2Fvietnamet.com%2Fpublic_html%2Fwp-content%2Fplugins%2Fseo-by-rank-math%2Fincludes%2Ftraits&item=class-cache.php HTTP/1.1" 200 41591 "-" "Mozilla/5.0 AppleWebKit/537.36 (KHTML, like Gecko; compatible; GPTBot/1.2; +https://openai.com/gptbot)"
162.158.163.98 - - [06/Feb/2025:01:09:52 +0700] "GET /?action=rename&dir=%2Fhome%2Fvietnamet.com%2Fpublic_html%2Fwp-content%2Fplugins%2Fseo-by-rank-math%2Fincludes%2Fhelpers&item=class-str.php HTTP/1.1" 200 42514 "-" "Mozilla/5.0 AppleWebKit/537.36 (KHTML, like Gecko; compatible; GPTBot/1.2; +https://openai.com/gptbot)"
172.69.165.18 - - [06/Feb/2025:01:09:56 +0700] "GET /wp-content/install.php HTTP/1.1" 200 37 "-" "GuzzleHttp/7"
162.158.163.180 - - [06/Feb/2025:01:09:57 +0700] "GET /wp-content/install.php HTTP/1.1" 200 37 "https://vietnamet.com/wp-content/install.php" "Mozilla/5.0 (Windows NT 10.0; Win64; x64) AppleWebKit/537.36 (KHTML, like Gecko) Chrome/58.0.3029.110 Safari/537.3"
172.69.165.52 - - [06/Feb/2025:01:09:58 +0700] "POST /wp-cron.php?doing_wp_cron=1738778998.5470249652862548828125 HTTP/1.1" 200 31 "-" "MrWtCv70PQqk"
162.158.163.190 - - [06/Feb/2025:01:09:59 +0700] "GET /?action=chmod&dir=%2Fhome%2Fvietnamet.com%2Fpublic_html%2Fwp-content%2Fplugins%2Fseo-by-rank-math%2Fincludes&item=class-installer.php HTTP/1.1" 200 43267 "-" "Mozilla/5.0 AppleWebKit/537.36 (KHTML, like Gecko; compatible; GPTBot/1.2; +https://openai.com/gptbot)"
162.158.163.118 - - [06/Feb/2025:01:09:59 +0700] "GET / HTTP/1.1" 200 43282 "https://vietnamet.com" "Mozilla/5.0 (Windows NT 10.0; Win64; x64) AppleWebKit/537.36 (KHTML, like Gecko) Chrome/58.0.3029.110 Safari/537.3"
162.158.163.118 - - [06/Feb/2025:01:10:00 +0700] "GET /wp-content/install.php HTTP/1.1" 200 37 "-" "GuzzleHttp/7"
162.158.163.180 - - [06/Feb/2025:01:10:03 +0700] "GET /1rohq9236.html HTTP/1.1" 404 29324 "-" "Buck/2.4.2; (+https://app.hypefactors.com/media-monitoring/about.html)"
162.158.163.97 - - [06/Feb/2025:01:10:07 +0700] "GET /wp-content/install.php HTTP/1.1" 200 37 "-" "GuzzleHttp/7"
162.158.162.108 - - [06/Feb/2025:01:10:14 +0700] "POST /wp-cron.php?doing_wp_cron=1738779014.5388369560241699218750 HTTP/1.1" 200 31 "-" "zO6qbrzxPcUI"
162.158.163.190 - - [06/Feb/2025:01:10:15 +0700] "GET /?action=chmod&dir=%2Fhome%2Fvietnamet.com%2Fpublic_html%2Fwp-content%2Fplugins%2Fseo-by-rank-math%2Fincludes%2Fcli&item=class-commands.php HTTP/1.1" 200 41135 "-" "Mozilla/5.0 AppleWebKit/537.36 (KHTML, like Gecko; compatible; GPTBot/1.2; +https://openai.com/gptbot)"
162.158.163.97 - - [06/Feb/2025:01:10:15 +0700] "POST /wp-admin/admin-ajax.php?action=async_litespeed&nonce=AutcERooCCMOtkBqzjkiGSXRs8rmWmSV&litespeed_type=imgoptm HTTP/1.1" 200 12363 "-" "JbVospjn5P05"
162.158.163.180 - - [06/Feb/2025:01:10:15 +0700] "GET /?dir=/home/vietnamet.com/public_html/wp-includes/js/tinymce/skins/lightgray/fonts&item=tinymce-small.ttf&action=chmod HTTP/1.1" 301 52532 "-" "Mozilla/5.0 (compatible; MJ12bot/v1.4.8; http://mj12bot.com/)"
162.158.163.180 - - [06/Feb/2025:01:10:16 +0700] "POST /wp-cron.php?doing_wp_cron=1738779016.3515419960021972656250 HTTP/1.1" 200 31 "-" "nhZBIPK7Z7JX"
162.158.163.190 - - [06/Feb/2025:01:10:17 +0700] "GET /?action=rename&dir=%2Fhome%2Fvietnamet.com%2Fpublic_html%2Fwp-content%2Fplugins%2Fseo-by-rank-math%2Fincludes%2Fhelpers&item=class-taxonomy.php HTTP/1.1" 200 42518 "-" "Mozilla/5.0 AppleWebKit/537.36 (KHTML, like Gecko; compatible; GPTBot/1.2; +https://openai.com/gptbot)"
162.158.163.117 - - [06/Feb/2025:01:10:26 +0700] "POST /wp-cron.php?doing_wp_cron=1738779026.4833168983459472656250 HTTP/1.1" 200 31 "-" "EB7kNX7EF63H"
162.158.163.190 - - [06/Feb/2025:01:10:26 +0700] "GET /?action=chmod&dir=%2Fhome%2Fvietnamet.com%2Fpublic_html%2Fwp-content%2Fplugins%2Fseo-by-rank-math%2Fincludes%2Frest&item=class-sanitize.php HTTP/1.1" 200 41600 "-" "Mozilla/5.0 AppleWebKit/537.36 (KHTML, like Gecko; compatible; GPTBot/1.2; +https://openai.com/gptbot)"
162.158.162.22 - - [06/Feb/2025:01:10:28 +0700] "POST /wp-cron.php?doing_wp_cron=1738779028.0126240253448486328125 HTTP/1.1" 200 31 "-" "HJx6JlXf9IE6"
162.158.163.190 - - [06/Feb/2025:01:10:28 +0700] "GET /?action=rename&dir=%2Fhome%2Fvietnamet.com%2Fpublic_html%2Fwp-content%2Fplugins%2Fseo-by-rank-math-pro%2Fincludes%2Fadmin&item=class-links.php HTTP/1.1" 200 42165 "-" "Mozilla/5.0 AppleWebKit/537.36 (KHTML, like Gecko; compatible; GPTBot/1.2; +https://openai.com/gptbot)"
162.158.162.104 - - [06/Feb/2025:01:10:29 +0700] "GET /?dir=%2Fhome%2Fvietnamet.com%2Fpublic_html%2Fwp-includes%2Fjs%2Ftinymce%2Fskins%2Flightgray%2Ffonts&item=tinymce-small.ttf&action=chmod HTTP/1.1" 200 41699 "-" "Mozilla/5.0 (compatible; MJ12bot/v1.4.8; http://mj12bot.com/)"
162.158.162.22 - - [06/Feb/2025:01:10:33 +0700] "GET /jijin/article/11736695.html?dir=%2Fhome%2Fvietnamet.com%2Fpublic_html%2Fwp-content HTTP/1.1" 404 29369 "-" "Mozilla/5.0 (Linux; Android 5.0) AppleWebKit/537.36 (KHTML, like Gecko) Mobile Safari/537.36 (compatible; Bytespider; spider-feedback@bytedance.com)"
162.158.163.112 - - [06/Feb/2025:01:10:37 +0700] "GET /1oxbgr26532.html HTTP/1.1" 404 29332 "-" "Buck/2.4.2; (+https://app.hypefactors.com/media-monitoring/about.html)"
162.158.163.189 - - [06/Feb/2025:01:10:40 +0700] "GET /?action=edit&dir=%2Fhome%2Fvietnamet.com%2Fpublic_html%2Fwp-content%2Fplugins%2Fseo-by-rank-math-pro%2Fincludes&item=class-thumbnail-overlays.php HTTP/1.1" 200 45952 "-" "Mozilla/5.0 AppleWebKit/537.36 (KHTML, like Gecko; compatible; GPTBot/1.2; +https://openai.com/gptbot)"
162.158.163.189 - - [06/Feb/2025:01:10:41 +0700] "GET /?action=chmod&dir=%2Fhome%2Fvietnamet.com%2Fpublic_html%2Fwp-content%2Fplugins%2Fseo-by-rank-math%2Fincludes%2Fadmin&item=class-admin-menu.php HTTP/1.1" 200 43191 "-" "Mozilla/5.0 AppleWebKit/537.36 (KHTML, like Gecko; compatible; GPTBot/1.2; +https://openai.com/gptbot)"
162.158.163.189 - - [06/Feb/2025:01:10:42 +0700] "GET /?action=rename&dir=%2Fhome%2Fvietnamet.com%2Fpublic_html%2Fwp-content%2Fplugins%2Fseo-by-rank-math%2Fincludes&item=interface-runner.php HTTP/1.1" 200 43271 "-" "Mozilla/5.0 AppleWebKit/537.36 (KHTML, like Gecko; compatible; GPTBot/1.2; +https://openai.com/gptbot)"
162.158.189.221 - - [06/Feb/2025:01:10:51 +0700] "GET /?_ga=2.194806273.1957210951.1729981480-266523268.1699181788&_bdsid=e3ephz.n~YWNXJ.1755355285498.1792963594&_bd_prev_page=https://vietnamet.com/super.do?products/180ns12778 HTTP/1.1" 200 87168 "-" "Mozilla/5.0 (Linux; Android 6.0.1; Nexus 5X Build/MMB29P) AppleWebKit/537.36 (KHTML, like Gecko) Chrome/132.0.6834.159 Mobile Safari/537.36 (compatible; Googlebot/2.1; +http://www.google.com/bot.html)"
162.158.163.117 - - [06/Feb/2025:01:10:54 +0700] "POST /wp-cron.php?doing_wp_cron=1738779054.6130249500274658203125 HTTP/1.1" 200 31 "-" "Nrvjbx4rfBzE"
162.158.163.189 - - [06/Feb/2025:01:10:54 +0700] "GET /?action=rename&dir=%2Fhome%2Fvietnamet.com%2Fpublic_html%2Fwp-content%2Fplugins%2Fseo-by-rank-math%2Fincludes&item=class-updates.php HTTP/1.1" 200 43254 "-" "Mozilla/5.0 AppleWebKit/537.36 (KHTML, like Gecko; compatible; GPTBot/1.2; +https://openai.com/gptbot)"
162.158.163.189 - - [06/Feb/2025:01:10:55 +0700] "GET /?action=chmod&dir=%2Fhome%2Fvietnamet.com%2Fpublic_html%2Fwp-content%2Fplugins%2Fseo-by-rank-math%2Fincludes%2Fadmin&item=class-setup-wizard.php HTTP/1.1" 200 43210 "-" "Mozilla/5.0 AppleWebKit/537.36 (KHTML, like Gecko; compatible; GPTBot/1.2; +https://openai.com/gptbot)"
162.158.163.97 - - [06/Feb/2025:01:11:08 +0700] "POST /wp-cron.php?doing_wp_cron=1738779068.0753378868103027343750 HTTP/1.1" 200 31 "-" "byVoQadP4Xoc"
162.158.163.189 - - [06/Feb/2025:01:11:08 +0700] "GET /?action=rename&dir=%2Fhome%2Fvietnamet.com%2Fpublic_html%2Fwp-content%2Fplugins%2Fseo-by-rank-math%2Fincludes&item=class-thumbnail-overlay.php HTTP/1.1" 200 43260 "-" "Mozilla/5.0 AppleWebKit/537.36 (KHTML, like Gecko; compatible; GPTBot/1.2; +https://openai.com/gptbot)"
162.158.163.189 - - [06/Feb/2025:01:11:09 +0700] "GET /?action=chmod&dir=%2Fhome%2Fvietnamet.com%2Fpublic_html%2Fwp-content%2Fplugins%2Fseo-by-rank-math-pro%2Fincludes&item=class-installer.php HTTP/1.1" 200 42012 "-" "Mozilla/5.0 AppleWebKit/537.36 (KHTML, like Gecko; compatible; GPTBot/1.2; +https://openai.com/gptbot)"
162.158.162.46 - - [06/Feb/2025:01:11:12 +0700] "GET /1jst9298.html HTTP/1.1" 404 29328 "-" "Buck/2.4.2; (+https://app.hypefactors.com/media-monitoring/about.html)"
162.158.162.105 - - [06/Feb/2025:01:11:15 +0700] "GET /?dir=/home/vietnamet.com/public_html/wp-includes/js/tinymce/skins/lightgray/fonts&item=tinymce-small.ttf&action=download HTTP/1.1" 200 5163 "-" "Mozilla/5.0 (compatible; MJ12bot/v1.4.8; http://mj12bot.com/)"
162.158.163.85 - - [06/Feb/2025:01:11:21 +0700] "POST /wp-cron.php?doing_wp_cron=1738779081.8786010742187500000000 HTTP/1.1" 200 31 "-" "UvHbG0GKZSqc"
162.158.163.190 - - [06/Feb/2025:01:11:22 +0700] "GET /?action=chmod&dir=%2Fhome%2Fvietnamet.com%2Fpublic_html%2Fwp-content%2Fplugins%2Fseo-by-rank-math%2Fincludes%2Fhelpers&item=class-analytics.php HTTP/1.1" 200 42516 "-" "Mozilla/5.0 AppleWebKit/537.36 (KHTML, like Gecko; compatible; GPTBot/1.2; +https://openai.com/gptbot)"
162.158.163.118 - - [06/Feb/2025:01:11:22 +0700] "POST /wp-admin/admin-ajax.php?action=async_litespeed&nonce=3MmRM901mV8OeH5ZyRK4pQao0ATlIBZg&litespeed_type=imgoptm HTTP/1.1" 200 12362 "-" "C0NtF2hZNlH6"
162.158.163.97 - - [06/Feb/2025:01:11:23 +0700] "POST /wp-cron.php?doing_wp_cron=1738779083.1982541084289550781250 HTTP/1.1" 200 31 "-" "XChdCdmDBLOt"
172.69.165.19 - - [06/Feb/2025:01:11:23 +0700] "GET /?dir=/home/vietnamet.com/public_html/wp-admin&item=ms-delete-site.php&action=chmod HTTP/1.1" 301 283244 "http://vietnamet.com/?dir=/home/vietnamet.com/public_html/wp-admin" "Mozilla/5.0 (Linux; Android 7.0;) AppleWebKit/537.36 (KHTML, like Gecko) Mobile Safari/537.36 (compatible; PetalBot;+https://webmaster.petalsearch.com/site/petalbot)"
162.158.163.190 - - [06/Feb/2025:01:11:23 +0700] "GET /?action=chmod&dir=%2Fhome%2Fvietnamet.com%2Fpublic_html%2Fwp-content%2Fplugins%2Fseo-by-rank-math%2Fincludes%2Fadmin&item=class-pro-notice.php HTTP/1.1" 200 43197 "-" "Mozilla/5.0 AppleWebKit/537.36 (KHTML, like Gecko; compatible; GPTBot/1.2; +https://openai.com/gptbot)"
162.158.162.23 - - [06/Feb/2025:01:11:23 +0700] "GET /?dir=/home/vietnamet.com/public_html/wp-admin&item=ms-delete-site.php&action=chmod HTTP/1.1" 301 283199 "http://vietnamet.com/?dir=/home/vietnamet.com/public_html/wp-admin" "Mozilla/5.0 (Linux; Android 7.0;) AppleWebKit/537.36 (KHTML, like Gecko) Mobile Safari/537.36 (compatible; PetalBot;+https://webmaster.petalsearch.com/site/petalbot)"
162.158.162.23 - - [06/Feb/2025:01:11:23 +0700] "GET /?dir=/home/vietnamet.com/public_html/wp-admin&item=ms-delete-site.php&action=chmod HTTP/1.1" 301 283222 "http://vietnamet.com/?dir=/home/vietnamet.com/public_html/wp-admin" "Mozilla/5.0 (Linux; Android 7.0;) AppleWebKit/537.36 (KHTML, like Gecko) Mobile Safari/537.36 (compatible; PetalBot;+https://webmaster.petalsearch.com/site/petalbot)"
162.158.163.190 - - [06/Feb/2025:01:11:24 +0700] "GET /?action=rename&dir=%2Fhome%2Fvietnamet.com%2Fpublic_html%2Fwp-content%2Fplugins%2Fseo-by-rank-math%2Fincludes%2Fopengraph&item=class-slack.php HTTP/1.1" 200 41580 "-" "Mozilla/5.0 AppleWebKit/537.36 (KHTML, like Gecko; compatible; GPTBot/1.2; +https://openai.com/gptbot)"
162.158.163.97 - - [06/Feb/2025:01:11:24 +0700] "GET /?dir=/home/vietnamet.com/public_html/wp-admin&item=ms-delete-site.php&action=chmod HTTP/1.1" 301 283189 "http://vietnamet.com/?dir=/home/vietnamet.com/public_html/wp-admin" "Mozilla/5.0 (Linux; Android 7.0;) AppleWebKit/537.36 (KHTML, like Gecko) Mobile Safari/537.36 (compatible; PetalBot;+https://webmaster.petalsearch.com/site/petalbot)"
162.158.163.85 - - [06/Feb/2025:01:11:25 +0700] "GET /?dir=/home/vietnamet.com/public_html/wp-admin&item=ms-delete-site.php&action=chmod HTTP/1.1" 301 283192 "http://vietnamet.com/?dir=/home/vietnamet.com/public_html/wp-admin" "Mozilla/5.0 (Linux; Android 7.0;) AppleWebKit/537.36 (KHTML, like Gecko) Mobile Safari/537.36 (compatible; PetalBot;+https://webmaster.petalsearch.com/site/petalbot)"
162.158.163.111 - - [06/Feb/2025:01:11:25 +0700] "GET /?dir=/home/vietnamet.com/public_html/wp-admin&item=ms-delete-site.php&action=chmod HTTP/1.1" 301 283198 "http://vietnamet.com/?dir=/home/vietnamet.com/public_html/wp-admin" "Mozilla/5.0 (Linux; Android 7.0;) AppleWebKit/537.36 (KHTML, like Gecko) Mobile Safari/537.36 (compatible; PetalBot;+https://webmaster.petalsearch.com/site/petalbot)"
162.158.163.118 - - [06/Feb/2025:01:11:26 +0700] "GET /?dir=/home/vietnamet.com/public_html/wp-admin&item=ms-delete-site.php&action=chmod HTTP/1.1" 301 283200 "http://vietnamet.com/?dir=/home/vietnamet.com/public_html/wp-admin" "Mozilla/5.0 (Linux; Android 7.0;) AppleWebKit/537.36 (KHTML, like Gecko) Mobile Safari/537.36 (compatible; PetalBot;+https://webmaster.petalsearch.com/site/petalbot)"
162.158.163.111 - - [06/Feb/2025:01:11:27 +0700] "POST /wp-cron.php?doing_wp_cron=1738779087.2739989757537841796875 HTTP/1.1" 200 31 "-" "ydSFiyvjULt9"
172.69.165.19 - - [06/Feb/2025:01:11:27 +0700] "GET /?dir=/home/vietnamet.com/public_html/wp-includes/js/tinymce/skins/lightgray/fonts&item=tinymce-small.ttf&action=edit HTTP/1.1" 301 52686 "-" "Mozilla/5.0 (compatible; MJ12bot/v1.4.8; http://mj12bot.com/)"
162.158.163.118 - - [06/Feb/2025:01:11:27 +0700] "GET /?dir=/home/vietnamet.com/public_html/wp-admin&item=ms-delete-site.php&action=chmod HTTP/1.1" 301 283223 "http://vietnamet.com/?dir=/home/vietnamet.com/public_html/wp-admin" "Mozilla/5.0 (Linux; Android 7.0;) AppleWebKit/537.36 (KHTML, like Gecko) Mobile Safari/537.36 (compatible; PetalBot;+https://webmaster.petalsearch.com/site/petalbot)"
172.69.165.19 - - [06/Feb/2025:01:11:27 +0700] "GET /?dir=/home/vietnamet.com/public_html/wp-admin&item=ms-delete-site.php&action=chmod HTTP/1.1" 301 283235 "http://vietnamet.com/?dir=/home/vietnamet.com/public_html/wp-admin" "Mozilla/5.0 (Linux; Android 7.0;) AppleWebKit/537.36 (KHTML, like Gecko) Mobile Safari/537.36 (compatible; PetalBot;+https://webmaster.petalsearch.com/site/petalbot)"
162.158.162.23 - - [06/Feb/2025:01:11:28 +0700] "GET /?dir=/home/vietnamet.com/public_html/wp-admin&item=ms-delete-site.php&action=chmod HTTP/1.1" 301 283220 "http://vietnamet.com/?dir=/home/vietnamet.com/public_html/wp-admin" "Mozilla/5.0 (Linux; Android 7.0;) AppleWebKit/537.36 (KHTML, like Gecko) Mobile Safari/537.36 (compatible; PetalBot;+https://webmaster.petalsearch.com/site/petalbot)"
162.158.162.115 - - [06/Feb/2025:01:11:33 +0700] "GET /?dir=%2Fhome%2Fvietnamet.com%2Fpublic_html%2Fwp-includes%2Fjs%2Ftinymce%2Fskins%2Flightgray%2Ffonts&item=tinymce-small.ttf&action=edit HTTP/1.1" 200 41722 "-" "Mozilla/5.0 (compatible; MJ12bot/v1.4.8; http://mj12bot.com/)"
162.158.163.189 - - [06/Feb/2025:01:11:35 +0700] "GET /?action=edit&dir=%2Fhome%2Fvietnamet.com%2Fpublic_html%2Fwp-content%2Fplugins%2Fseo-by-rank-math%2Fincludes%2Fadmin&item=class-registration.php HTTP/1.1" 200 46672 "-" "Mozilla/5.0 AppleWebKit/537.36 (KHTML, like Gecko; compatible; GPTBot/1.2; +https://openai.com/gptbot)"
162.158.163.189 - - [06/Feb/2025:01:11:37 +0700] "GET /?action=rename&dir=%2Fhome%2Fvietnamet.com%2Fpublic_html%2Fwp-content%2Fplugins%2Fseo-by-rank-math%2Fincludes%2Ffrontend&item=class-head.php HTTP/1.1" 200 41665 "-" "Mozilla/5.0 AppleWebKit/537.36 (KHTML, like Gecko; compatible; GPTBot/1.2; +https://openai.com/gptbot)"
162.158.162.22 - - [06/Feb/2025:01:11:48 +0700] "GET /wp-content/install.php HTTP/1.1" 499 0 "https://vietnamet.com/wp-content/install.php" "Mozilla/5.0 (Windows NT 10.0; Win64; x64) AppleWebKit/537.36 (KHTML, like Gecko) Chrome/58.0.3029.110 Safari/537.3"
162.158.162.51 - - [06/Feb/2025:01:11:49 +0700] "POST /wp-cron.php?doing_wp_cron=1738779109.0530169010162353515625 HTTP/1.1" 200 31 "-" "8FP0681pNGSX"
172.69.165.18 - - [06/Feb/2025:01:11:49 +0700] "GET / HTTP/1.1" 200 43285 "https://vietnamet.com" "Mozilla/5.0 (Windows NT 10.0; Win64; x64) AppleWebKit/537.36 (KHTML, like Gecko) Chrome/58.0.3029.110 Safari/537.3"
162.158.163.189 - - [06/Feb/2025:01:11:50 +0700] "GET /?action=edit&dir=%2Fhome%2Fvietnamet.com%2Fpublic_html%2Fwp-content%2Fplugins%2Fseo-by-rank-math%2Fincludes%2Fhelpers&item=class-editor.php HTTP/1.1" 200 42878 "-" "Mozilla/5.0 AppleWebKit/537.36 (KHTML, like Gecko; compatible; GPTBot/1.2; +https://openai.com/gptbot)"
162.158.163.189 - - [06/Feb/2025:01:11:51 +0700] "GET /?action=chmod&dir=%2Fhome%2Fvietnamet.com%2Fpublic_html%2Fwp-content%2Fplugins%2Fseo-by-rank-math%2Fincludes%2Frest&item=class-shared.php HTTP/1.1" 200 41601 "-" "Mozilla/5.0 AppleWebKit/537.36 (KHTML, like Gecko; compatible; GPTBot/1.2; +https://openai.com/gptbot)"
162.158.163.189 - - [06/Feb/2025:01:11:52 +0700] "GET /?action=chmod&dir=%2Fhome%2Fvietnamet.com%2Fpublic_html%2Fwp-content%2Fplugins%2Fseo-by-rank-math%2Fincludes%2Ftraits&item=class-meta.php HTTP/1.1" 200 41589 "-" "Mozilla/5.0 AppleWebKit/537.36 (KHTML, like Gecko; compatible; GPTBot/1.2; +https://openai.com/gptbot)"
172.70.92.150 - - [06/Feb/2025:01:11:53 +0700] "GET /?_ga=2.194806273.1957210951.1729981480-266523268.1699181788&_bdsid=e3ephz.n~YWNXJ.1755355285498.1792963594&_bd_prev_page=https://vietnamet.com/super.do?289oqxab10614.html HTTP/1.1" 200 86791 "-" "Mozilla/5.0 (Linux; Android 6.0.1; Nexus 5X Build/MMB29P) AppleWebKit/537.36 (KHTML, like Gecko) Chrome/132.0.6834.159 Mobile Safari/537.36 (compatible; Googlebot/2.1; +http://www.google.com/bot.html)"
162.158.162.46 - - [06/Feb/2025:01:11:53 +0700] "GET /1nso30110.html HTTP/1.1" 404 29331 "-" "Buck/2.4.2; (+https://app.hypefactors.com/media-monitoring/about.html)"
162.158.163.98 - - [06/Feb/2025:01:11:54 +0700] "GET /wp-content/install.php HTTP/1.1" 200 37 "-" "GuzzleHttp/7"
162.158.163.117 - - [06/Feb/2025:01:11:55 +0700] "GET /wp-content/install.php HTTP/1.1" 200 37 "-" "GuzzleHttp/7"
162.158.162.114 - - [06/Feb/2025:01:11:55 +0700] "GET /?dir=/home/vietnamet.com/public_html/wp-includes/js/tinymce/skins/lightgray/fonts&item=tinymce-small.ttf&action=rename HTTP/1.1" 301 52536 "-" "Mozilla/5.0 (compatible; MJ12bot/v1.4.8; http://mj12bot.com/)"
162.158.162.51 - - [06/Feb/2025:01:12:01 +0700] "POST /wp-cron.php?doing_wp_cron=1738779121.9010710716247558593750 HTTP/1.1" 200 31 "-" "0AJqZgJXr7Mn"
162.158.163.89 - - [06/Feb/2025:01:12:02 +0700] "GET /?dir=%2Fhome%2Fvietnamet.com%2Fpublic_html%2Fwp-includes%2Fjs%2Ftinymce%2Fskins%2Flightgray%2Ffonts&item=tinymce-small.ttf&action=rename HTTP/1.1" 200 41708 "-" "Mozilla/5.0 (compatible; MJ12bot/v1.4.8; http://mj12bot.com/)"
162.158.163.190 - - [06/Feb/2025:01:12:03 +0700] "GET /?action=rename&dir=%2Fhome%2Fvietnamet.com%2Fpublic_html%2Fwp-content%2Fplugins%2Fseo-by-rank-math%2Fvendor%2Fcomposer&item=platform_check.php HTTP/1.1" 200 42026 "-" "Mozilla/5.0 AppleWebKit/537.36 (KHTML, like Gecko; compatible; GPTBot/1.2; +https://openai.com/gptbot)"
162.158.163.190 - - [06/Feb/2025:01:12:05 +0700] "GET /?action=edit&dir=%2Fhome%2Fvietnamet.com%2Fpublic_html%2Fwp-content%2Fplugins%2Fseo-by-rank-math%2Fincludes%2Fhelpers&item=class-choices.php HTTP/1.1" 200 48577 "-" "Mozilla/5.0 AppleWebKit/537.36 (KHTML, like Gecko; compatible; GPTBot/1.2; +https://openai.com/gptbot)"
172.69.165.73 - - [06/Feb/2025:01:12:07 +0700] "GET /wp-content/install.php HTTP/1.1" 200 37 "-" "GuzzleHttp/7"
162.158.163.98 - - [06/Feb/2025:01:12:07 +0700] "GET /wp-content/install.php HTTP/1.1" 200 37 "-" "GuzzleHttp/7"
162.158.163.117 - - [06/Feb/2025:01:12:11 +0700] "GET /wp-content/install.php HTTP/1.1" 200 37 "https://vietnamet.com/wp-content/install.php" "Mozilla/5.0 (Windows NT 10.0; Win64; x64) AppleWebKit/537.36 (KHTML, like Gecko) Chrome/58.0.3029.110 Safari/537.3"
162.158.162.22 - - [06/Feb/2025:01:12:12 +0700] "GET /wp-content/install.php HTTP/1.1" 200 37 "-" "GuzzleHttp/7"
