162.158.163.117 - - [06/Feb/2025:00:40:53 +0700] "GET /book/8825/1de18af44b8f0.html HTTP/1.1" 404 30081 "-" "Mozilla/5.0 (compatible; DotBot/1.2; +https://opensiteexplorer.org/dotbot; help@moz.com)"
162.158.163.98 - - [06/Feb/2025:00:40:55 +0700] "GET /search/%22%20.%20esc_url(%20admin_url()%20)%20.%20%22?dir=//dev&item=pts&action=chmod HTTP/1.1" 200 25821 "-" "Mozilla/5.0 (compatible; MJ12bot/v1.4.8; http://mj12bot.com/)"
162.158.163.19 - - [06/Feb/2025:00:40:55 +0700] "GET /zhidingxinwen/article/11736838.html?dir=%2Fhome%2Fvietnamet.com HTTP/1.1" 404 27592 "-" "Mozilla/5.0 (Linux; Android 5.0) AppleWebKit/537.36 (KHTML, like Gecko) Mobile Safari/537.36 (compatible; Bytespider; spider-feedback@bytedance.com)"
162.158.163.98 - - [06/Feb/2025:00:40:55 +0700] "GET /book/8846/491eec2389af7.html HTTP/1.1" 404 30068 "-" "Mozilla/5.0 (compatible; DotBot/1.2; +https://opensiteexplorer.org/dotbot; help@moz.com)"
162.158.163.98 - - [06/Feb/2025:00:40:57 +0700] "GET /book/9018/35ddb0b8db460.html HTTP/1.1" 404 30072 "-" "Mozilla/5.0 (compatible; DotBot/1.2; +https://opensiteexplorer.org/dotbot; help@moz.com)"
172.69.165.19 - - [06/Feb/2025:00:40:58 +0700] "POST /wp-cron.php?doing_wp_cron=1738777258.5409579277038574218750 HTTP/1.1" 200 31 "-" "1K7v6LLRj3F0"
162.158.163.98 - - [06/Feb/2025:00:40:58 +0700] "GET /search/%22%20.%20esc_url(%20admin_url()%20)%20.%20%22?dir=//dev&item=pts&action=rename HTTP/1.1" 200 25823 "-" "Mozilla/5.0 (compatible; MJ12bot/v1.4.8; http://mj12bot.com/)"
162.158.163.117 - - [06/Feb/2025:00:40:59 +0700] "GET /book/9098/ad48cb8d2753d.html HTTP/1.1" 404 30077 "-" "Mozilla/5.0 (compatible; DotBot/1.2; +https://opensiteexplorer.org/dotbot; help@moz.com)"
172.69.165.19 - - [06/Feb/2025:00:41:01 +0700] "GET /book/9260/fa54e73986e26.html HTTP/1.1" 404 30075 "-" "Mozilla/5.0 (compatible; DotBot/1.2; +https://opensiteexplorer.org/dotbot; help@moz.com)"
162.158.162.115 - - [06/Feb/2025:00:41:02 +0700] "GET /book/9268/a35703efcdff7.html HTTP/1.1" 404 30077 "-" "Mozilla/5.0 (compatible; DotBot/1.2; +https://opensiteexplorer.org/dotbot; help@moz.com)"
162.158.162.206 - - [06/Feb/2025:00:41:04 +0700] "GET /book/9289/8ac0749fc7a3b.html HTTP/1.1" 404 30072 "-" "Mozilla/5.0 (compatible; DotBot/1.2; +https://opensiteexplorer.org/dotbot; help@moz.com)"
162.158.162.194 - - [06/Feb/2025:00:41:05 +0700] "GET /book/9293/b47739382ffdc.html HTTP/1.1" 404 30072 "-" "Mozilla/5.0 (compatible; DotBot/1.2; +https://opensiteexplorer.org/dotbot; help@moz.com)"
162.158.162.23 - - [06/Feb/2025:00:41:06 +0700] "GET /book/9480/a7a8b00e28c25.html HTTP/1.1" 404 30074 "-" "Mozilla/5.0 (compatible; DotBot/1.2; +https://opensiteexplorer.org/dotbot; help@moz.com)"
162.158.162.51 - - [06/Feb/2025:00:41:07 +0700] "GET /book/9503/fc319aa58e32a.html HTTP/1.1" 404 30084 "-" "Mozilla/5.0 (compatible; DotBot/1.2; +https://opensiteexplorer.org/dotbot; help@moz.com)"
162.158.163.117 - - [06/Feb/2025:00:41:08 +0700] "GET /book/9656/04661c65a9c47.html HTTP/1.1" 404 30082 "-" "Mozilla/5.0 (compatible; DotBot/1.2; +https://opensiteexplorer.org/dotbot; help@moz.com)"
162.158.163.117 - - [06/Feb/2025:00:41:09 +0700] "GET /book/9786/715bfd6a25fd3.html HTTP/1.1" 404 30078 "-" "Mozilla/5.0 (compatible; DotBot/1.2; +https://opensiteexplorer.org/dotbot; help@moz.com)"
162.158.162.51 - - [06/Feb/2025:00:41:11 +0700] "GET /book/9863/90b19d0ce15a2.html HTTP/1.1" 404 30081 "-" "Mozilla/5.0 (compatible; DotBot/1.2; +https://opensiteexplorer.org/dotbot; help@moz.com)"
162.158.163.98 - - [06/Feb/2025:00:41:11 +0700] "GET /search/%22%20.%20esc_url(%20admin_url()%20)%20.%20%22?dir=//dev&item=snd&action=chmod HTTP/1.1" 200 25819 "-" "Mozilla/5.0 (compatible; MJ12bot/v1.4.8; http://mj12bot.com/)"
162.158.163.153 - - [06/Feb/2025:00:41:13 +0700] "POST /wp-cron.php?doing_wp_cron=1738777273.0956230163574218750000 HTTP/1.1" 200 31 "-" "Nsg6eOT2GeWD"
172.69.165.19 - - [06/Feb/2025:00:41:13 +0700] "GET /all/id/54.html?page=63 HTTP/1.1" 301 107416 "-" "Mozilla/5.0 (compatible; DotBot/1.2; +https://opensiteexplorer.org/dotbot; help@moz.com)"
162.158.163.112 - - [06/Feb/2025:00:41:13 +0700] "POST /wp-admin/admin-ajax.php?action=async_litespeed&nonce=zhoULGtbQTEwfpQeRkrnesYEj4zfFQR8&litespeed_type=imgoptm HTTP/1.1" 200 12365 "-" "yuqwTCPie1vX"
162.158.162.250 - - [06/Feb/2025:00:41:14 +0700] "GET /cach-tinh-chi-trong-xap-xam/ HTTP/1.1" 200 39299 "-" "Mozilla/5.0 (compatible; SemrushBot/7~bl; +http://www.semrush.com/bot.html)"
172.69.165.19 - - [06/Feb/2025:00:41:14 +0700] "GET /all/size/0.html?page=247 HTTP/1.1" 301 107416 "-" "Mozilla/5.0 (compatible; DotBot/1.2; +https://opensiteexplorer.org/dotbot; help@moz.com)"
162.158.163.90 - - [06/Feb/2025:00:41:15 +0700] "GET /all/id/19/order/hits+desc.html?page=5 HTTP/1.1" 301 107407 "-" "Mozilla/5.0 (compatible; DotBot/1.2; +https://opensiteexplorer.org/dotbot; help@moz.com)"
162.158.162.23 - - [06/Feb/2025:00:41:16 +0700] "POST /wp-cron.php?doing_wp_cron=1738777276.8423700332641601562500 HTTP/1.1" 200 31 "-" "rxPFbyuSjH98"
162.158.163.98 - - [06/Feb/2025:00:41:16 +0700] "GET /all/id/19/order/hits+desc.html?page=6 HTTP/1.1" 301 107407 "-" "Mozilla/5.0 (compatible; DotBot/1.2; +https://opensiteexplorer.org/dotbot; help@moz.com)"
162.158.163.117 - - [06/Feb/2025:00:41:17 +0700] "GET /all/order/hits_month+desc/id/53.html?page=1 HTTP/1.1" 301 107408 "-" "Mozilla/5.0 (compatible; DotBot/1.2; +https://opensiteexplorer.org/dotbot; help@moz.com)"
162.158.163.98 - - [06/Feb/2025:00:41:19 +0700] "GET /?dir=/home/vietnamet.com/public_html/wp-admin&item=install.php&action=edit HTTP/1.1" 301 322147 "http://vietnamet.com/?dir=/home/vietnamet.com/public_html/wp-admin" "Mozilla/5.0 (Linux; Android 7.0;) AppleWebKit/537.36 (KHTML, like Gecko) Mobile Safari/537.36 (compatible; PetalBot;+https://webmaster.petalsearch.com/site/petalbot)"
162.158.162.23 - - [06/Feb/2025:00:41:19 +0700] "GET /all/id/20/size/0/serialize/0.html HTTP/1.1" 404 30069 "-" "Mozilla/5.0 (compatible; DotBot/1.2; +https://opensiteexplorer.org/dotbot; help@moz.com)"
162.158.163.117 - - [06/Feb/2025:00:41:19 +0700] "GET /?dir=/home/vietnamet.com/public_html/wp-admin&item=install.php&action=edit HTTP/1.1" 301 322441 "http://vietnamet.com/?dir=/home/vietnamet.com/public_html/wp-admin" "Mozilla/5.0 (Linux; Android 7.0;) AppleWebKit/537.36 (KHTML, like Gecko) Mobile Safari/537.36 (compatible; PetalBot;+https://webmaster.petalsearch.com/site/petalbot)"
162.158.162.74 - - [06/Feb/2025:00:41:19 +0700] "GET /?dir=/home/vietnamet.com/public_html/wp-admin&item=install.php&action=edit HTTP/1.1" 301 322441 "http://vietnamet.com/?dir=/home/vietnamet.com/public_html/wp-admin" "Mozilla/5.0 (Linux; Android 7.0;) AppleWebKit/537.36 (KHTML, like Gecko) Mobile Safari/537.36 (compatible; PetalBot;+https://webmaster.petalsearch.com/site/petalbot)"
172.69.165.19 - - [06/Feb/2025:00:41:20 +0700] "GET /?dir=/home/vietnamet.com/public_html/wp-admin&item=install.php&action=edit HTTP/1.1" 301 322130 "http://vietnamet.com/?dir=/home/vietnamet.com/public_html/wp-admin" "Mozilla/5.0 (Linux; Android 7.0;) AppleWebKit/537.36 (KHTML, like Gecko) Mobile Safari/537.36 (compatible; PetalBot;+https://webmaster.petalsearch.com/site/petalbot)"
172.69.165.19 - - [06/Feb/2025:00:41:20 +0700] "GET /all/id/58/order/hits_month+desc/size/3.html HTTP/1.1" 404 30067 "-" "Mozilla/5.0 (compatible; DotBot/1.2; +https://opensiteexplorer.org/dotbot; help@moz.com)"
162.158.163.112 - - [06/Feb/2025:00:41:20 +0700] "GET /?dir=/home/vietnamet.com/public_html/wp-admin&item=install.php&action=edit HTTP/1.1" 301 322433 "http://vietnamet.com/?dir=/home/vietnamet.com/public_html/wp-admin" "Mozilla/5.0 (Linux; Android 7.0;) AppleWebKit/537.36 (KHTML, like Gecko) Mobile Safari/537.36 (compatible; PetalBot;+https://webmaster.petalsearch.com/site/petalbot)"
162.158.163.153 - - [06/Feb/2025:00:41:20 +0700] "GET /?dir=/home/vietnamet.com/public_html/wp-admin&item=install.php&action=edit HTTP/1.1" 301 322426 "http://vietnamet.com/?dir=/home/vietnamet.com/public_html/wp-admin" "Mozilla/5.0 (Linux; Android 7.0;) AppleWebKit/537.36 (KHTML, like Gecko) Mobile Safari/537.36 (compatible; PetalBot;+https://webmaster.petalsearch.com/site/petalbot)"
162.158.162.23 - - [06/Feb/2025:00:41:20 +0700] "GET /?dir=/home/vietnamet.com/public_html/wp-admin&item=install.php&action=edit HTTP/1.1" 301 322440 "http://vietnamet.com/?dir=/home/vietnamet.com/public_html/wp-admin" "Mozilla/5.0 (Linux; Android 7.0;) AppleWebKit/537.36 (KHTML, like Gecko) Mobile Safari/537.36 (compatible; PetalBot;+https://webmaster.petalsearch.com/site/petalbot)"
162.158.162.23 - - [06/Feb/2025:00:41:20 +0700] "GET /?dir=/home/vietnamet.com/public_html/wp-admin&item=install.php&action=edit HTTP/1.1" 301 322487 "http://vietnamet.com/?dir=/home/vietnamet.com/public_html/wp-admin" "Mozilla/5.0 (Linux; Android 7.0;) AppleWebKit/537.36 (KHTML, like Gecko) Mobile Safari/537.36 (compatible; PetalBot;+https://webmaster.petalsearch.com/site/petalbot)"
162.158.163.97 - - [06/Feb/2025:00:41:20 +0700] "GET /?dir=/home/vietnamet.com/public_html/wp-admin&item=install.php&action=edit HTTP/1.1" 301 322474 "http://vietnamet.com/?dir=/home/vietnamet.com/public_html/wp-admin" "Mozilla/5.0 (Linux; Android 7.0;) AppleWebKit/537.36 (KHTML, like Gecko) Mobile Safari/537.36 (compatible; PetalBot;+https://webmaster.petalsearch.com/site/petalbot)"
162.158.163.98 - - [06/Feb/2025:00:41:21 +0700] "GET /all/order/hits+desc/id/43/size/4.html HTTP/1.1" 404 29939 "-" "Mozilla/5.0 (compatible; DotBot/1.2; +https://opensiteexplorer.org/dotbot; help@moz.com)"
162.158.163.98 - - [06/Feb/2025:00:41:21 +0700] "GET /search/%22%20.%20esc_url(%20admin_url()%20)%20.%20%22?dir=//dev&item=vfio&action=chmod HTTP/1.1" 200 25818 "-" "Mozilla/5.0 (compatible; MJ12bot/v1.4.8; http://mj12bot.com/)"
172.69.165.19 - - [06/Feb/2025:00:41:21 +0700] "GET /?dir=/home/vietnamet.com/public_html/wp-admin&item=install.php&action=edit HTTP/1.1" 301 322480 "http://vietnamet.com/?dir=/home/vietnamet.com/public_html/wp-admin" "Mozilla/5.0 (Linux; Android 7.0;) AppleWebKit/537.36 (KHTML, like Gecko) Mobile Safari/537.36 (compatible; PetalBot;+https://webmaster.petalsearch.com/site/petalbot)"
162.158.163.90 - - [06/Feb/2025:00:41:22 +0700] "GET /all/order/id+desc/id/55/size/1.html HTTP/1.1" 404 30081 "-" "Mozilla/5.0 (compatible; DotBot/1.2; +https://opensiteexplorer.org/dotbot; help@moz.com)"
162.158.163.90 - - [06/Feb/2025:00:41:22 +0700] "GET /all/order/recommend+desc/size/1/id/22.html HTTP/1.1" 404 30078 "-" "Mozilla/5.0 (compatible; DotBot/1.2; +https://opensiteexplorer.org/dotbot; help@moz.com)"
162.158.163.98 - - [06/Feb/2025:00:41:24 +0700] "POST /wp-cron.php?doing_wp_cron=1738777284.0889010429382324218750 HTTP/1.1" 200 31 "-" "xC1h965I0tLJ"
162.158.163.97 - - [06/Feb/2025:00:41:24 +0700] "GET /all/order/update_time+desc/id/18/size/3.html HTTP/1.1" 404 30078 "-" "Mozilla/5.0 (compatible; DotBot/1.2; +https://opensiteexplorer.org/dotbot; help@moz.com)"
172.69.165.19 - - [06/Feb/2025:00:41:25 +0700] "GET /all/serialize/1/id/23/size/3.html HTTP/1.1" 404 30070 "-" "Mozilla/5.0 (compatible; DotBot/1.2; +https://opensiteexplorer.org/dotbot; help@moz.com)"
162.158.163.90 - - [06/Feb/2025:00:41:26 +0700] "GET /all/serialize/1/order/word+desc/id/55.html HTTP/1.1" 404 30069 "-" "Mozilla/5.0 (compatible; DotBot/1.2; +https://opensiteexplorer.org/dotbot; help@moz.com)"
162.158.163.98 - - [06/Feb/2025:00:41:27 +0700] "POST /wp-cron.php?doing_wp_cron=1738777287.7982599735260009765625 HTTP/1.1" 200 31 "-" "IA1GEibG8KDc"
162.158.162.114 - - [06/Feb/2025:00:41:28 +0700] "GET /all/size/0/order/hits+desc/id/4.html HTTP/1.1" 404 30078 "-" "Mozilla/5.0 (compatible; DotBot/1.2; +https://opensiteexplorer.org/dotbot; help@moz.com)"
172.69.165.19 - - [06/Feb/2025:00:41:29 +0700] "GET /all/size/0/order/id+desc/id/52.html HTTP/1.1" 404 30075 "-" "Mozilla/5.0 (compatible; DotBot/1.2; +https://opensiteexplorer.org/dotbot; help@moz.com)"
162.158.163.118 - - [06/Feb/2025:00:41:29 +0700] "GET /all/size/3/update/0/id/51.html HTTP/1.1" 404 30080 "-" "Mozilla/5.0 (compatible; DotBot/1.2; +https://opensiteexplorer.org/dotbot; help@moz.com)"
162.158.162.195 - - [06/Feb/2025:00:41:30 +0700] "GET /all/id/22/size/0/update/0/order/hits+desc.html HTTP/1.1" 404 30084 "-" "Mozilla/5.0 (compatible; DotBot/1.2; +https://opensiteexplorer.org/dotbot; help@moz.com)"
162.158.162.207 - - [06/Feb/2025:00:41:31 +0700] "GET /all/id/23/order/hits+desc/size/2/update/0.html HTTP/1.1" 404 30077 "-" "Mozilla/5.0 (compatible; DotBot/1.2; +https://opensiteexplorer.org/dotbot; help@moz.com)"
162.158.163.98 - - [06/Feb/2025:00:41:32 +0700] "GET /search/%22%20.%20esc_url(%20admin_url()%20)%20.%20%22?dir=//dev/bsg HTTP/1.1" 200 24563 "-" "Mozilla/5.0 (compatible; MJ12bot/v1.4.8; http://mj12bot.com/)"
162.158.162.104 - - [06/Feb/2025:00:41:32 +0700] "GET /all/id/34/size/2/order/hits_month+desc/update/0.html HTTP/1.1" 404 30071 "-" "Mozilla/5.0 (compatible; DotBot/1.2; +https://opensiteexplorer.org/dotbot; help@moz.com)"
162.158.162.195 - - [06/Feb/2025:00:41:33 +0700] "GET /all/id/4/order/hits+desc/size/4/serialize/0.html HTTP/1.1" 404 30076 "-" "Mozilla/5.0 (compatible; DotBot/1.2; +https://opensiteexplorer.org/dotbot; help@moz.com)"
162.158.162.23 - - [06/Feb/2025:00:41:34 +0700] "GET /all/id/42/size/0/serialize/0/order/update_time+desc.html HTTP/1.1" 404 30075 "-" "Mozilla/5.0 (compatible; DotBot/1.2; +https://opensiteexplorer.org/dotbot; help@moz.com)"
172.69.165.19 - - [06/Feb/2025:00:41:35 +0700] "GET /all/id/43/size/3/order/hits_week+desc/serialize/0.html HTTP/1.1" 404 30084 "-" "Mozilla/5.0 (compatible; DotBot/1.2; +https://opensiteexplorer.org/dotbot; help@moz.com)"
162.158.163.86 - - [06/Feb/2025:00:41:36 +0700] "GET /wp-content/install.php?id=299825 HTTP/1.1" 499 0 "-" "GuzzleHttp/7"
162.158.162.114 - - [06/Feb/2025:00:41:36 +0700] "GET /all/id/45/order/update_time+desc/size/4/update/0.html HTTP/1.1" 404 30078 "-" "Mozilla/5.0 (compatible; DotBot/1.2; +https://opensiteexplorer.org/dotbot; help@moz.com)"
162.158.162.50 - - [06/Feb/2025:00:41:37 +0700] "GET /all/id/46/size/3/update/0/order/word+desc.html HTTP/1.1" 404 30083 "-" "Mozilla/5.0 (compatible; DotBot/1.2; +https://opensiteexplorer.org/dotbot; help@moz.com)"
162.158.163.98 - - [06/Feb/2025:00:41:37 +0700] "GET /search/%22%20.%20esc_url(%20admin_url()%20)%20.%20%22?dir=//dev/cpu HTTP/1.1" 200 24860 "-" "Mozilla/5.0 (compatible; MJ12bot/v1.4.8; http://mj12bot.com/)"
162.158.162.114 - - [06/Feb/2025:00:41:38 +0700] "GET /all/id/47/serialize/1/update/0/order/hits_week+desc.html HTTP/1.1" 404 30073 "-" "Mozilla/5.0 (compatible; DotBot/1.2; +https://opensiteexplorer.org/dotbot; help@moz.com)"
162.158.163.166 - - [06/Feb/2025:00:41:39 +0700] "GET /all/id/50/size/3/serialize/1/order/word+desc.html HTTP/1.1" 404 30075 "-" "Mozilla/5.0 (compatible; DotBot/1.2; +https://opensiteexplorer.org/dotbot; help@moz.com)"
162.158.163.98 - - [06/Feb/2025:00:41:40 +0700] "GET /all/id/52/size/3/serialize/1/order/hits+desc.html HTTP/1.1" 404 30076 "-" "Mozilla/5.0 (compatible; DotBot/1.2; +https://opensiteexplorer.org/dotbot; help@moz.com)"
162.158.163.98 - - [06/Feb/2025:00:41:41 +0700] "GET /search/%22%20.%20esc_url(%20admin_url()%20)%20.%20%22?dir=//dev/disk HTTP/1.1" 200 24884 "-" "Mozilla/5.0 (compatible; MJ12bot/v1.4.8; http://mj12bot.com/)"
162.158.162.195 - - [06/Feb/2025:00:41:41 +0700] "GET /all/id/52/size/3/update/0/order/recommend+desc.html HTTP/1.1" 404 30077 "-" "Mozilla/5.0 (compatible; DotBot/1.2; +https://opensiteexplorer.org/dotbot; help@moz.com)"
162.158.163.166 - - [06/Feb/2025:00:41:43 +0700] "GET /all/id/53/order/update_time+desc/update/0/size/4.html HTTP/1.1" 404 30077 "-" "Mozilla/5.0 (compatible; DotBot/1.2; +https://opensiteexplorer.org/dotbot; help@moz.com)"
162.158.162.50 - - [06/Feb/2025:00:41:44 +0700] "GET /wp-content/install.php HTTP/1.1" 200 37 "-" "GuzzleHttp/7"
162.158.162.206 - - [06/Feb/2025:00:41:44 +0700] "GET /all/id/58/order/recommend+desc/size/4/serialize/0.html HTTP/1.1" 404 30071 "-" "Mozilla/5.0 (compatible; DotBot/1.2; +https://opensiteexplorer.org/dotbot; help@moz.com)"
162.158.162.23 - - [06/Feb/2025:00:41:46 +0700] "GET /wp-content/install.php HTTP/1.1" 200 37 "-" "GuzzleHttp/7"
162.158.163.98 - - [06/Feb/2025:00:41:46 +0700] "GET /all/id/58/size/1/serialize/0/order/word+desc.html HTTP/1.1" 404 30075 "-" "Mozilla/5.0 (compatible; DotBot/1.2; +https://opensiteexplorer.org/dotbot; help@moz.com)"
162.158.163.98 - - [06/Feb/2025:00:41:47 +0700] "GET /search/%22%20.%20esc_url(%20admin_url()%20)%20.%20%22?dir=//dev/dri HTTP/1.1" 200 24669 "-" "Mozilla/5.0 (compatible; MJ12bot/v1.4.8; http://mj12bot.com/)"
162.158.162.23 - - [06/Feb/2025:00:41:47 +0700] "GET /wp-content/install.php HTTP/1.1" 200 37 "-" "GuzzleHttp/7"
172.69.165.18 - - [06/Feb/2025:00:41:47 +0700] "GET /all/id/58/size/3/order/word+desc/serialize/1.html HTTP/1.1" 404 30074 "-" "Mozilla/5.0 (compatible; DotBot/1.2; +https://opensiteexplorer.org/dotbot; help@moz.com)"
162.158.163.223 - - [06/Feb/2025:00:41:48 +0700] "POST /wp-cron.php?doing_wp_cron=1738777308.3558619022369384765625 HTTP/1.1" 200 31 "-" "BaPkaKP8XwqL"
162.158.162.23 - - [06/Feb/2025:00:41:48 +0700] "GET /all/id/58/update/0/order/hits+desc/size/2.html HTTP/1.1" 404 30074 "-" "Mozilla/5.0 (compatible; DotBot/1.2; +https://opensiteexplorer.org/dotbot; help@moz.com)"
162.158.163.118 - - [06/Feb/2025:00:41:49 +0700] "GET /wp-content/install.php HTTP/1.1" 200 37 "-" "GuzzleHttp/7"
162.158.162.195 - - [06/Feb/2025:00:41:49 +0700] "GET /all/order/hits+desc/size/3/id/48/update/0.html HTTP/1.1" 404 30078 "-" "Mozilla/5.0 (compatible; DotBot/1.2; +https://opensiteexplorer.org/dotbot; help@moz.com)"
162.158.162.23 - - [06/Feb/2025:00:41:49 +0700] "GET /aomenkaixuanmenguanwang/article/14224002.html?dir=%2Fhome%2Fvietnamet.com%2Fpublic_html%2Fwp-admin HTTP/1.1" 404 34146 "-" "Mozilla/5.0 (Linux; Android 5.0) AppleWebKit/537.36 (KHTML, like Gecko) Mobile Safari/537.36 (compatible; Bytespider; spider-feedback@bytedance.com)"
172.69.165.18 - - [06/Feb/2025:00:41:50 +0700] "GET /all/order/hits+desc/size/4/id/49/serialize/0.html HTTP/1.1" 404 30069 "-" "Mozilla/5.0 (compatible; DotBot/1.2; +https://opensiteexplorer.org/dotbot; help@moz.com)"
162.158.162.23 - - [06/Feb/2025:00:41:50 +0700] "GET /wp-content/install.php HTTP/1.1" 200 37 "-" "GuzzleHttp/7"
162.158.163.89 - - [06/Feb/2025:00:41:51 +0700] "GET /all/order/hits+desc/update/0/id/58/size/2.html HTTP/1.1" 404 30075 "-" "Mozilla/5.0 (compatible; DotBot/1.2; +https://opensiteexplorer.org/dotbot; help@moz.com)"
172.69.165.18 - - [06/Feb/2025:00:41:51 +0700] "GET /wp-content/install.php HTTP/1.1" 200 37 "-" "GuzzleHttp/7"
162.158.162.23 - - [06/Feb/2025:00:41:52 +0700] "GET /all/order/hits_month+desc/serialize/0/id/21/size/2.html HTTP/1.1" 404 30073 "-" "Mozilla/5.0 (compatible; DotBot/1.2; +https://opensiteexplorer.org/dotbot; help@moz.com)"
162.158.163.166 - - [06/Feb/2025:00:41:54 +0700] "GET /all/order/hits_month+desc/size/2/id/22/update/0.html HTTP/1.1" 404 30081 "-" "Mozilla/5.0 (compatible; DotBot/1.2; +https://opensiteexplorer.org/dotbot; help@moz.com)"
172.69.165.18 - - [06/Feb/2025:00:41:55 +0700] "GET /all/order/hits_week+desc/size/0/id/52/serialize/0.html HTTP/1.1" 404 30069 "-" "Mozilla/5.0 (compatible; DotBot/1.2; +https://opensiteexplorer.org/dotbot; help@moz.com)"
162.158.163.89 - - [06/Feb/2025:00:41:56 +0700] "GET /all/order/id+desc/size/4/id/23/serialize/0.html HTTP/1.1" 404 30076 "-" "Mozilla/5.0 (compatible; DotBot/1.2; +https://opensiteexplorer.org/dotbot; help@moz.com)"
162.158.163.98 - - [06/Feb/2025:00:41:57 +0700] "GET /all/order/recommend+desc/size/0/id/22/serialize/1.html HTTP/1.1" 404 30069 "-" "Mozilla/5.0 (compatible; DotBot/1.2; +https://opensiteexplorer.org/dotbot; help@moz.com)"
162.158.163.118 - - [06/Feb/2025:00:41:58 +0700] "POST /wp-cron.php?doing_wp_cron=1738777318.0409510135650634765625 HTTP/1.1" 200 31 "-" "amYywXCzsW8y"
162.158.163.98 - - [06/Feb/2025:00:41:58 +0700] "GET /all/order/update_time+desc/size/3/id/52/serialize/1.html HTTP/1.1" 404 30074 "-" "Mozilla/5.0 (compatible; DotBot/1.2; +https://opensiteexplorer.org/dotbot; help@moz.com)"
162.158.163.98 - - [06/Feb/2025:00:41:59 +0700] "GET /all/order/update_time+desc/update/0/id/34/serialize/1.html HTTP/1.1" 404 30076 "-" "Mozilla/5.0 (compatible; DotBot/1.2; +https://opensiteexplorer.org/dotbot; help@moz.com)"
162.158.163.118 - - [06/Feb/2025:00:42:00 +0700] "GET /all/order/word+desc/size/1/id/58/update/0.html HTTP/1.1" 404 30076 "-" "Mozilla/5.0 (compatible; DotBot/1.2; +https://opensiteexplorer.org/dotbot; help@moz.com)"
162.158.163.98 - - [06/Feb/2025:00:42:01 +0700] "GET /all/order/word+desc/size/3/id/20/serialize/1.html HTTP/1.1" 404 30076 "-" "Mozilla/5.0 (compatible; DotBot/1.2; +https://opensiteexplorer.org/dotbot; help@moz.com)"
162.158.163.118 - - [06/Feb/2025:00:42:02 +0700] "GET /all/serialize/1/order/hits+desc/id/44/size/2.html HTTP/1.1" 404 30076 "-" "Mozilla/5.0 (compatible; DotBot/1.2; +https://opensiteexplorer.org/dotbot; help@moz.com)"
162.158.162.22 - - [06/Feb/2025:00:42:04 +0700] "GET /all/serialize/1/order/hits+desc/id/55/size/2.html HTTP/1.1" 404 30077 "-" "Mozilla/5.0 (compatible; DotBot/1.2; +https://opensiteexplorer.org/dotbot; help@moz.com)"
162.158.163.89 - - [06/Feb/2025:00:42:05 +0700] "GET /all/size/1/serialize/0/order/hits+desc/id/50.html HTTP/1.1" 404 30072 "-" "Mozilla/5.0 (compatible; DotBot/1.2; +https://opensiteexplorer.org/dotbot; help@moz.com)"
162.158.163.89 - - [06/Feb/2025:00:42:06 +0700] "GET /all/size/2/serialize/1/order/word+desc/id/58.html HTTP/1.1" 404 30074 "-" "Mozilla/5.0 (compatible; DotBot/1.2; +https://opensiteexplorer.org/dotbot; help@moz.com)"
162.158.163.98 - - [06/Feb/2025:00:42:06 +0700] "GET /search/%22%20.%20esc_url(%20admin_url()%20)%20.%20%22?dir=//dev/hugepages HTTP/1.1" 200 24558 "-" "Mozilla/5.0 (compatible; MJ12bot/v1.4.8; http://mj12bot.com/)"
162.158.162.50 - - [06/Feb/2025:00:42:07 +0700] "GET /all/size/3/serialize/0/order/hits_month+desc/id/42.html HTTP/1.1" 404 30073 "-" "Mozilla/5.0 (compatible; DotBot/1.2; +https://opensiteexplorer.org/dotbot; help@moz.com)"
162.158.163.98 - - [06/Feb/2025:00:42:07 +0700] "GET /all/size/3/update/0/order/update_time+desc/id/18.html HTTP/1.1" 404 30073 "-" "Mozilla/5.0 (compatible; DotBot/1.2; +https://opensiteexplorer.org/dotbot; help@moz.com)"
162.158.162.114 - - [06/Feb/2025:00:42:08 +0700] "GET /all/size/4/order/id+desc/id/44/serialize/0.html HTTP/1.1" 404 30075 "-" "Mozilla/5.0 (compatible; DotBot/1.2; +https://opensiteexplorer.org/dotbot; help@moz.com)"
162.158.162.22 - - [06/Feb/2025:00:42:10 +0700] "GET /all/size/4/order/id+desc/id/44/serialize/1.html HTTP/1.1" 404 30069 "-" "Mozilla/5.0 (compatible; DotBot/1.2; +https://opensiteexplorer.org/dotbot; help@moz.com)"
172.69.165.19 - - [06/Feb/2025:00:42:11 +0700] "GET /all/size/4/serialize/0/id/42/update/0.html HTTP/1.1" 404 30074 "-" "Mozilla/5.0 (compatible; DotBot/1.2; +https://opensiteexplorer.org/dotbot; help@moz.com)"
162.158.162.114 - - [06/Feb/2025:00:42:12 +0700] "GET /?dir=/home/vietnamet.com/public_html/wp-content/languages&item=vi-9c3519f4870fac83dc0dbf18cb6bd4c4.json&action=edit HTTP/1.1" 301 234066 "-" "Mozilla/5.0 (compatible; MJ12bot/v1.4.8; http://mj12bot.com/)"
162.158.162.22 - - [06/Feb/2025:00:42:12 +0700] "GET /all/size/4/serialize/0/order/hits_month+desc/id/43.html HTTP/1.1" 404 30072 "-" "Mozilla/5.0 (compatible; DotBot/1.2; +https://opensiteexplorer.org/dotbot; help@moz.com)"
162.158.162.105 - - [06/Feb/2025:00:42:13 +0700] "GET /all/update/0/order/recommend+desc/id/55/serialize/0.html HTTP/1.1" 404 30080 "-" "Mozilla/5.0 (compatible; DotBot/1.2; +https://opensiteexplorer.org/dotbot; help@moz.com)"
162.158.163.89 - - [06/Feb/2025:00:42:14 +0700] "POST /wp-cron.php?doing_wp_cron=1738777334.3749759197235107421875 HTTP/1.1" 200 31 "-" "BZIu2CBGqLQw"
162.158.162.114 - - [06/Feb/2025:00:42:14 +0700] "GET /all/update/0/order/word+desc/size/3/id/22.html HTTP/1.1" 404 30080 "-" "Mozilla/5.0 (compatible; DotBot/1.2; +https://opensiteexplorer.org/dotbot; help@moz.com)"
162.158.162.18 - - [06/Feb/2025:00:42:14 +0700] "POST /wp-admin/admin-ajax.php?action=async_litespeed&nonce=SLB7sPs0YxwSRwAyZuiwBfLcFMeg7utt&litespeed_type=imgoptm HTTP/1.1" 200 12359 "-" "xvXccA97TcvL"
162.158.163.179 - - [06/Feb/2025:00:42:15 +0700] "GET /all/update/0/serialize/0/id/34/size/0.html HTTP/1.1" 404 30074 "-" "Mozilla/5.0 (compatible; DotBot/1.2; +https://opensiteexplorer.org/dotbot; help@moz.com)"
172.69.165.19 - - [06/Feb/2025:00:42:16 +0700] "POST /wp-cron.php?doing_wp_cron=1738777336.5708220005035400390625 HTTP/1.1" 200 31 "-" "EsF7zmDEkwfU"
162.158.162.105 - - [06/Feb/2025:00:42:16 +0700] "GET /all/update/0/size/0/id/50/serialize/1.html HTTP/1.1" 404 30075 "-" "Mozilla/5.0 (compatible; DotBot/1.2; +https://opensiteexplorer.org/dotbot; help@moz.com)"
162.158.163.117 - - [06/Feb/2025:00:42:17 +0700] "GET /search/Author:+?dir=/home/vietnamet.com/public_html&item=wp-cron.php&action=edit HTTP/1.1" 200 36303 "-" "Mozilla/5.0 (compatible; DotBot/1.2; +https://opensiteexplorer.org/dotbot; help@moz.com)"
162.158.162.114 - - [06/Feb/2025:00:42:20 +0700] "GET /?dir=%2Fhome%2Fvietnamet.com%2Fpublic_html%2Fwp-content%2Flanguages&item=vi-9c3519f4870fac83dc0dbf18cb6bd4c4.json&action=edit HTTP/1.1" 200 47038 "-" "Mozilla/5.0 (compatible; MJ12bot/v1.4.8; http://mj12bot.com/)"
162.158.163.117 - - [06/Feb/2025:00:42:26 +0700] "POST /wp-cron.php?doing_wp_cron=1738777345.9882729053497314453125 HTTP/1.1" 200 31 "-" "Hf4XoZpfNjGv"
162.158.163.111 - - [06/Feb/2025:00:42:26 +0700] "GET / HTTP/1.1" 200 43277 "-" "Mozilla/5.0 (Windows NT 10.0; Win64; x64; rv:126.0) Gecko/20100101 Firefox/126.0"
162.158.163.98 - - [06/Feb/2025:00:42:42 +0700] "POST /wp-cron.php?doing_wp_cron=1738777362.5277121067047119140625 HTTP/1.1" 200 31 "-" "DSgbRvkGi8Zx"
162.158.162.115 - - [06/Feb/2025:00:42:42 +0700] "GET /?dir=/home/vietnamet.com/public_html/wp-includes/customize&item=class-wp-customize-new-menu-control.php&action=edit HTTP/1.1" 301 148759 "-" "Mozilla/5.0 (compatible; MJ12bot/v1.4.8; http://mj12bot.com/)"
172.69.165.19 - - [06/Feb/2025:00:42:43 +0700] "GET /shichang/article/13567691.html?dir=%2Fhome%2Fvietnamet.com%2Fpublic_html%2Fwp-admin HTTP/1.1" 404 34146 "-" "Mozilla/5.0 (Linux; Android 5.0) AppleWebKit/537.36 (KHTML, like Gecko) Mobile Safari/537.36 (compatible; Bytespider; spider-feedback@bytedance.com)"
162.158.162.103 - - [06/Feb/2025:00:42:50 +0700] "POST /wp-cron.php?doing_wp_cron=1738777370.2133920192718505859375 HTTP/1.1" 200 31 "-" "m4Zdo6WAIdUX"
162.158.162.194 - - [06/Feb/2025:00:42:50 +0700] "GET /?dir=%2Fhome%2Fvietnamet.com%2Fpublic_html%2Fwp-includes%2Fcustomize&item=class-wp-customize-new-menu-control.php&action=edit HTTP/1.1" 200 51107 "-" "Mozilla/5.0 (compatible; MJ12bot/v1.4.8; http://mj12bot.com/)"
172.69.165.19 - - [06/Feb/2025:00:43:01 +0700] "POST /wp-cron.php?doing_wp_cron=1738777381.1777620315551757812500 HTTP/1.1" 200 31 "-" "J4067uTqrvk3"
162.158.162.194 - - [06/Feb/2025:00:43:01 +0700] "GET /?dir=/home/vietnamet.com/public_html/wp-includes/fonts&item=class-wp-font-library.php&action=chmod HTTP/1.1" 301 55364 "-" "Mozilla/5.0 (compatible; MJ12bot/v1.4.8; http://mj12bot.com/)"
162.158.163.98 - - [06/Feb/2025:00:43:06 +0700] "GET /search/%22%20.%20esc_url(%20admin_url()%20)%20.%20%22?dir=//dev/vfio HTTP/1.1" 200 24558 "-" "Mozilla/5.0 (compatible; MJ12bot/v1.4.8; http://mj12bot.com/)"
162.158.163.165 - - [06/Feb/2025:00:43:09 +0700] "GET /?dir=%2Fhome%2Fvietnamet.com%2Fpublic_html%2Fwp-includes%2Ffonts&item=class-wp-font-library.php&action=chmod HTTP/1.1" 200 41844 "-" "Mozilla/5.0 (compatible; MJ12bot/v1.4.8; http://mj12bot.com/)"
162.158.162.19 - - [06/Feb/2025:00:43:17 +0700] "POST /wp-cron.php?doing_wp_cron=1738777397.0238900184631347656250 HTTP/1.1" 200 31 "-" "IcXaBxysNcM7"
162.158.163.98 - - [06/Feb/2025:00:43:17 +0700] "GET /search/%22%20.%20esc_url(%20admin_url()%20)%20.%20%22?dir=//etc&item=.&action=chmod HTTP/1.1" 200 35647 "-" "Mozilla/5.0 (compatible; MJ12bot/v1.4.8; http://mj12bot.com/)"
162.158.162.23 - - [06/Feb/2025:00:43:17 +0700] "POST /wp-admin/admin-ajax.php?action=async_litespeed&nonce=ENmCcVnzvzkRcBPI7uEqoPSqdGO0tVfq&litespeed_type=imgoptm HTTP/1.1" 200 12361 "-" "Y8bsMc66vbPj"
162.158.163.165 - - [06/Feb/2025:00:43:25 +0700] "GET /?dir=/home/vietnamet.com/public_html/wp-includes/html-api&item=class-wp-html-decoder.php&action=download HTTP/1.1" 200 11832 "-" "Mozilla/5.0 (compatible; MJ12bot/v1.4.8; http://mj12bot.com/)"
162.158.162.251 - - [06/Feb/2025:00:43:27 +0700] "POST /wp-cron.php?doing_wp_cron=1738777407.5259060859680175781250 HTTP/1.1" 200 31 "-" "i75u0Qcws9Pb"
172.69.165.13 - - [06/Feb/2025:00:43:27 +0700] "GET /sftp-config.json HTTP/1.1" 404 29325 "-" "Mozilla/5.0 (Macintosh; Intel Mac OS X 10.15; rv:77.0) Gecko/20100101 Firefox/77.0"
162.158.163.165 - - [06/Feb/2025:00:43:31 +0700] "GET /?dir=/home/vietnamet.com/public_html/wp-includes/js/dist/script-modules/block-library&item=.&action=chmod HTTP/1.1" 301 40453 "-" "Mozilla/5.0 (compatible; MJ12bot/v1.4.8; http://mj12bot.com/)"
162.158.163.117 - - [06/Feb/2025:00:43:37 +0700] "GET /aomenkaixuanmenguanfangwangzhi/article/13362868.html?dir=%2Fhome%2Fvietnamet.com HTTP/1.1" 404 27587 "-" "Mozilla/5.0 (Linux; Android 5.0) AppleWebKit/537.36 (KHTML, like Gecko) Mobile Safari/537.36 (compatible; Bytespider; spider-feedback@bytedance.com)"
162.158.163.98 - - [06/Feb/2025:00:43:37 +0700] "GET /wp-content/install.php HTTP/1.1" 499 0 "https://vietnamet.com/wp-content/install.php" "Mozilla/5.0 (Windows NT 10.0; Win64; x64) AppleWebKit/537.36 (KHTML, like Gecko) Chrome/58.0.3029.110 Safari/537.3"
162.158.163.117 - - [06/Feb/2025:00:43:38 +0700] "GET / HTTP/1.1" 200 43297 "https://vietnamet.com" "Mozilla/5.0 (Windows NT 10.0; Win64; x64) AppleWebKit/537.36 (KHTML, like Gecko) Chrome/58.0.3029.110 Safari/537.3"
162.158.163.98 - - [06/Feb/2025:00:43:40 +0700] "GET /link-vao-i9bet/?dir=/home/vietnamet.com/public_html/wp-content&item=uploads&action=chmod HTTP/1.1" 200 75864 "-" "Mozilla/5.0 (compatible; MJ12bot/v1.4.8; http://mj12bot.com/)"
162.158.162.22 - - [06/Feb/2025:00:43:42 +0700] "GET /wp-content/install.php HTTP/1.1" 200 37 "-" "GuzzleHttp/7"
162.158.162.23 - - [06/Feb/2025:00:43:42 +0700] "GET /?dir=%2Fhome%2Fvietnamet.com%2Fpublic_html%2Fwp-includes%2Fjs%2Fdist%2Fscript-modules%2Fblock-library&item=.&action=chmod HTTP/1.1" 200 41276 "-" "Mozilla/5.0 (compatible; MJ12bot/v1.4.8; http://mj12bot.com/)"
162.158.163.98 - - [06/Feb/2025:00:43:43 +0700] "GET /wp-content/install.php HTTP/1.1" 200 37 "-" "GuzzleHttp/7"
162.158.162.23 - - [06/Feb/2025:00:43:58 +0700] "POST /wp-cron.php?doing_wp_cron=1738777438.5233800411224365234375 HTTP/1.1" 200 31 "-" "x4vnBpk7fKds"
162.158.162.23 - - [06/Feb/2025:00:43:58 +0700] "GET /?dir=/home/vietnamet.com/public_html/wp-includes/js/dist/script-modules/block-library&item=..&action=chmod HTTP/1.1" 301 40451 "-" "Mozilla/5.0 (compatible; MJ12bot/v1.4.8; http://mj12bot.com/)"
162.158.163.97 - - [06/Feb/2025:00:44:03 +0700] "GET /link-vao-i9bet/?dir=/home/vietnamet.com/public_html/wp-content&item=wflogs&action=rename HTTP/1.1" 200 75859 "-" "Mozilla/5.0 (compatible; MJ12bot/v1.4.8; http://mj12bot.com/)"
162.158.163.165 - - [06/Feb/2025:00:44:08 +0700] "GET /?dir=%2Fhome%2Fvietnamet.com%2Fpublic_html%2Fwp-includes%2Fjs%2Fdist%2Fscript-modules%2Fblock-library&item=..&action=chmod HTTP/1.1" 200 41276 "-" "Mozilla/5.0 (compatible; MJ12bot/v1.4.8; http://mj12bot.com/)"
162.158.162.23 - - [06/Feb/2025:00:44:20 +0700] "POST /wp-cron.php?doing_wp_cron=1738777460.5430400371551513671875 HTTP/1.1" 200 31 "-" "JAQhD3TKvrQL"
162.158.163.166 - - [06/Feb/2025:00:44:20 +0700] "GET /?dir=/home/vietnamet.com/public_html/wp-includes/js/dist/script-modules/block-library&item=file&action=chmod HTTP/1.1" 301 40456 "-" "Mozilla/5.0 (compatible; MJ12bot/v1.4.8; http://mj12bot.com/)"
172.69.165.72 - - [06/Feb/2025:00:44:20 +0700] "POST /wp-admin/admin-ajax.php?action=async_litespeed&nonce=7xdWdewxLCc2UfPbG5HBP1zyCd1YBE1x&litespeed_type=imgoptm HTTP/1.1" 200 12363 "-" "c8lhPcofV371"
162.158.163.131 - - [06/Feb/2025:00:44:27 +0700] "POST /wp-cron.php?doing_wp_cron=1738777467.0446369647979736328125 HTTP/1.1" 200 31 "-" "DeIQRTF3nHjt"
162.158.162.51 - - [06/Feb/2025:00:44:27 +0700] "GET /?dir=%2Fhome%2Fvietnamet.com%2Fpublic_html%2Fwp-includes%2Fjs%2Fdist%2Fscript-modules%2Fblock-library&item=file&action=chmod HTTP/1.1" 200 41277 "-" "Mozilla/5.0 (compatible; MJ12bot/v1.4.8; http://mj12bot.com/)"
162.158.162.28 - - [06/Feb/2025:00:44:31 +0700] "GET /aomenkaixuanmenguanfangwangzhi/article/12542839.html?dir=%2Fhome%2Fvietnamet.com%2Fpublic_html%2Fwp-includes HTTP/1.1" 404 43733 "-" "Mozilla/5.0 (Linux; Android 5.0) AppleWebKit/537.36 (KHTML, like Gecko) Mobile Safari/537.36 (compatible; Bytespider; spider-feedback@bytedance.com)"
162.158.162.51 - - [06/Feb/2025:00:44:36 +0700] "GET /?dir=/home/vietnamet.com/public_html/wp-includes/js/dist/script-modules/block-library&item=file&action=rename HTTP/1.1" 301 40459 "-" "Mozilla/5.0 (compatible; MJ12bot/v1.4.8; http://mj12bot.com/)"
162.158.163.98 - - [06/Feb/2025:00:44:37 +0700] "GET /link-vao-i9bet/?dir=/home/vietnamet.com/public_html/wp-content/languages HTTP/1.1" 200 79725 "-" "Mozilla/5.0 (compatible; MJ12bot/v1.4.8; http://mj12bot.com/)"
162.158.162.104 - - [06/Feb/2025:00:44:42 +0700] "GET /?dir=%2Fhome%2Fvietnamet.com%2Fpublic_html%2Fwp-includes%2Fjs%2Fdist%2Fscript-modules%2Fblock-library&item=file&action=rename HTTP/1.1" 200 41279 "-" "Mozilla/5.0 (compatible; MJ12bot/v1.4.8; http://mj12bot.com/)"
162.158.163.97 - - [06/Feb/2025:00:44:48 +0700] "GET /link-vao-i9bet/?dir=/home/vietnamet.com/public_html/wp-content/litespeed HTTP/1.1" 200 74281 "-" "Mozilla/5.0 (compatible; MJ12bot/v1.4.8; http://mj12bot.com/)"
162.158.163.118 - - [06/Feb/2025:00:44:59 +0700] "POST /wp-cron.php?doing_wp_cron=1738777499.6592800617218017578125 HTTP/1.1" 200 31 "-" "Wp78f8U2IbzJ"
162.158.162.104 - - [06/Feb/2025:00:44:59 +0700] "GET /?dir=/home/vietnamet.com/public_html/wp-includes/js/dist/script-modules/block-library&item=image&action=chmod HTTP/1.1" 301 40457 "-" "Mozilla/5.0 (compatible; MJ12bot/v1.4.8; http://mj12bot.com/)"
162.158.162.50 - - [06/Feb/2025:00:45:06 +0700] "GET /?dir=%2Fhome%2Fvietnamet.com%2Fpublic_html%2Fwp-includes%2Fjs%2Fdist%2Fscript-modules%2Fblock-library&item=image&action=chmod HTTP/1.1" 200 41269 "-" "Mozilla/5.0 (compatible; MJ12bot/v1.4.8; http://mj12bot.com/)"
162.158.163.98 - - [06/Feb/2025:00:45:09 +0700] "GET /link-vao-i9bet/?dir=/home/vietnamet.com/public_html/wp-content/upgrade HTTP/1.1" 200 73806 "-" "Mozilla/5.0 (compatible; MJ12bot/v1.4.8; http://mj12bot.com/)"
162.158.162.22 - - [06/Feb/2025:00:45:23 +0700] "POST /wp-cron.php?doing_wp_cron=1738777523.6410748958587646484375 HTTP/1.1" 200 31 "-" "WLeh5xkOaHUy"
162.158.162.51 - - [06/Feb/2025:00:45:23 +0700] "GET /?dir=/home/vietnamet.com/public_html/wp-includes/js/dist/script-modules/block-library&item=query&action=chmod HTTP/1.1" 301 40454 "-" "Mozilla/5.0 (compatible; MJ12bot/v1.4.8; http://mj12bot.com/)"
162.158.162.22 - - [06/Feb/2025:00:45:24 +0700] "POST /wp-admin/admin-ajax.php?action=async_litespeed&nonce=FIAM5zmVYm6HtEGl4Ae7BwIOWWnJazNU&litespeed_type=imgoptm HTTP/1.1" 200 12362 "-" "mwlc6kfnZuPN"
162.158.163.117 - - [06/Feb/2025:00:45:25 +0700] "GET /aomenkaixuanmenguanwang/article/14165348.html?dir=%2Fhome%2Fvietnamet.com%2Fpublic_html%2Fwp-content HTTP/1.1" 404 29365 "-" "Mozilla/5.0 (Linux; Android 5.0) AppleWebKit/537.36 (KHTML, like Gecko) Mobile Safari/537.36 (compatible; Bytespider; spider-feedback@bytedance.com)"
162.158.162.194 - - [06/Feb/2025:00:45:33 +0700] "POST /wp-cron.php?doing_wp_cron=1738777533.8062729835510253906250 HTTP/1.1" 200 31 "-" "c9tlfN7UbJAQ"
162.158.163.117 - - [06/Feb/2025:00:45:34 +0700] "GET /?dir=%2Fhome%2Fvietnamet.com%2Fpublic_html%2Fwp-includes%2Fjs%2Fdist%2Fscript-modules%2Fblock-library&item=query&action=chmod HTTP/1.1" 200 41278 "-" "Mozilla/5.0 (compatible; MJ12bot/v1.4.8; http://mj12bot.com/)"
162.158.163.118 - - [06/Feb/2025:00:45:45 +0700] "GET /?dir=/home/vietnamet.com/public_html/wp-includes/js/dist/script-modules/block-library&item=query&action=rename HTTP/1.1" 301 40459 "-" "Mozilla/5.0 (compatible; MJ12bot/v1.4.8; http://mj12bot.com/)"
162.158.163.118 - - [06/Feb/2025:00:45:53 +0700] "POST /wp-cron.php?doing_wp_cron=1738777553.3983368873596191406250 HTTP/1.1" 200 31 "-" "ekdwBAvLTQLc"
162.158.162.115 - - [06/Feb/2025:00:45:53 +0700] "GET /?dir=%2Fhome%2Fvietnamet.com%2Fpublic_html%2Fwp-includes%2Fjs%2Fdist%2Fscript-modules%2Fblock-library&item=query&action=rename HTTP/1.1" 200 41277 "-" "Mozilla/5.0 (compatible; MJ12bot/v1.4.8; http://mj12bot.com/)"
162.158.163.97 - - [06/Feb/2025:00:45:55 +0700] "GET /search/%22%20.%20esc_url(%20admin_url()%20)%20.%20%22?dir=//boot&item=System.map-5.4.0-204-generic&action=download HTTP/1.1" 302 336 "-" "Mozilla/5.0 (compatible; MJ12bot/v1.4.8; http://mj12bot.com/)"
162.158.162.23 - - [06/Feb/2025:00:45:57 +0700] "GET /search/%22%20.%20esc_url(%20admin_url()%20)%20.%20%22?dir=//boot HTTP/1.1" 200 25647 "-" "Mozilla/5.0 (compatible; MJ12bot/v1.4.8; http://mj12bot.com/)"
162.158.162.23 - - [06/Feb/2025:00:46:06 +0700] "POST /wp-cron.php?doing_wp_cron=1738777566.2598218917846679687500 HTTP/1.1" 200 31 "-" "jf2wNl8TNPBP"
162.158.162.114 - - [06/Feb/2025:00:46:06 +0700] "GET /?dir=/home/vietnamet.com/public_html/wp-includes/js/dist/script-modules/block-library&item=search&action=chmod HTTP/1.1" 301 40456 "-" "Mozilla/5.0 (compatible; MJ12bot/v1.4.8; http://mj12bot.com/)"
162.158.163.118 - - [06/Feb/2025:00:46:14 +0700] "POST /wp-cron.php?doing_wp_cron=1738777574.5864949226379394531250 HTTP/1.1" 200 31 "-" "ByV5r0GQHnLe"
162.158.162.23 - - [06/Feb/2025:00:46:14 +0700] "GET /?dir=/home/vietnamet.com/public_html/wp-admin&item=install-helper.php&action=rename HTTP/1.1" 301 283234 "http://vietnamet.com/?dir=/home/vietnamet.com/public_html/wp-admin" "Mozilla/5.0 (Linux; Android 7.0;) AppleWebKit/537.36 (KHTML, like Gecko) Mobile Safari/537.36 (compatible; PetalBot;+https://webmaster.petalsearch.com/site/petalbot)"
162.158.162.103 - - [06/Feb/2025:00:46:14 +0700] "GET /?dir=/home/vietnamet.com/public_html/wp-admin&item=install-helper.php&action=rename HTTP/1.1" 301 282895 "http://vietnamet.com/?dir=/home/vietnamet.com/public_html/wp-admin" "Mozilla/5.0 (Linux; Android 7.0;) AppleWebKit/537.36 (KHTML, like Gecko) Mobile Safari/537.36 (compatible; PetalBot;+https://webmaster.petalsearch.com/site/petalbot)"
162.158.163.20 - - [06/Feb/2025:00:46:15 +0700] "POST /wp-admin/admin-ajax.php?action=async_litespeed&nonce=YaGriebUEJsEOXXcLSCCDSwHWCgCxMbn&litespeed_type=imgoptm HTTP/1.1" 200 12360 "-" "pwGh0K257Nam"
172.69.165.18 - - [06/Feb/2025:00:46:15 +0700] "GET /?dir=/home/vietnamet.com/public_html/wp-admin&item=install-helper.php&action=rename HTTP/1.1" 301 282893 "http://vietnamet.com/?dir=/home/vietnamet.com/public_html/wp-admin" "Mozilla/5.0 (Linux; Android 7.0;) AppleWebKit/537.36 (KHTML, like Gecko) Mobile Safari/537.36 (compatible; PetalBot;+https://webmaster.petalsearch.com/site/petalbot)"
162.158.163.179 - - [06/Feb/2025:00:46:15 +0700] "GET /?dir=/home/vietnamet.com/public_html/wp-admin&item=install-helper.php&action=rename HTTP/1.1" 301 283202 "http://vietnamet.com/?dir=/home/vietnamet.com/public_html/wp-admin" "Mozilla/5.0 (Linux; Android 7.0;) AppleWebKit/537.36 (KHTML, like Gecko) Mobile Safari/537.36 (compatible; PetalBot;+https://webmaster.petalsearch.com/site/petalbot)"
162.158.162.75 - - [06/Feb/2025:00:46:15 +0700] "GET /?dir=/home/vietnamet.com/public_html/wp-admin&item=install-helper.php&action=rename HTTP/1.1" 301 283210 "http://vietnamet.com/?dir=/home/vietnamet.com/public_html/wp-admin" "Mozilla/5.0 (Linux; Android 7.0;) AppleWebKit/537.36 (KHTML, like Gecko) Mobile Safari/537.36 (compatible; PetalBot;+https://webmaster.petalsearch.com/site/petalbot)"
162.158.163.118 - - [06/Feb/2025:00:46:15 +0700] "GET /?dir=/home/vietnamet.com/public_html/wp-admin&item=install-helper.php&action=rename HTTP/1.1" 301 283197 "http://vietnamet.com/?dir=/home/vietnamet.com/public_html/wp-admin" "Mozilla/5.0 (Linux; Android 7.0;) AppleWebKit/537.36 (KHTML, like Gecko) Mobile Safari/537.36 (compatible; PetalBot;+https://webmaster.petalsearch.com/site/petalbot)"
162.158.162.75 - - [06/Feb/2025:00:46:15 +0700] "GET /?dir=/home/vietnamet.com/public_html/wp-admin&item=install-helper.php&action=rename HTTP/1.1" 301 283234 "http://vietnamet.com/?dir=/home/vietnamet.com/public_html/wp-admin" "Mozilla/5.0 (Linux; Android 7.0;) AppleWebKit/537.36 (KHTML, like Gecko) Mobile Safari/537.36 (compatible; PetalBot;+https://webmaster.petalsearch.com/site/petalbot)"
162.158.162.251 - - [06/Feb/2025:00:46:16 +0700] "POST /wp-cron.php?doing_wp_cron=1738777576.1138141155242919921875 HTTP/1.1" 200 31 "-" "5JI5e0xQUghD"
162.158.163.98 - - [06/Feb/2025:00:46:16 +0700] "GET /?dir=/home/vietnamet.com/public_html/wp-admin&item=install-helper.php&action=rename HTTP/1.1" 301 283208 "http://vietnamet.com/?dir=/home/vietnamet.com/public_html/wp-admin" "Mozilla/5.0 (Linux; Android 7.0;) AppleWebKit/537.36 (KHTML, like Gecko) Mobile Safari/537.36 (compatible; PetalBot;+https://webmaster.petalsearch.com/site/petalbot)"
162.158.163.118 - - [06/Feb/2025:00:46:17 +0700] "GET /wp-content/install.php HTTP/1.1" 499 0 "https://vietnamet.com/wp-content/install.php" "Mozilla/5.0 (Windows NT 10.0; Win64; x64) AppleWebKit/537.36 (KHTML, like Gecko) Chrome/58.0.3029.110 Safari/537.3"
162.158.162.23 - - [06/Feb/2025:00:46:17 +0700] "GET /?dir=%2Fhome%2Fvietnamet.com%2Fpublic_html%2Fwp-includes%2Fjs%2Fdist%2Fscript-modules%2Fblock-library&item=search&action=chmod HTTP/1.1" 200 41273 "-" "Mozilla/5.0 (compatible; MJ12bot/v1.4.8; http://mj12bot.com/)"
162.158.162.22 - - [06/Feb/2025:00:46:18 +0700] "GET /search/%22%20.%20esc_url(%20admin_url()%20)%20.%20%22?dir=//boot&item=System.map-5.4.0-205-generic&action=chmod HTTP/1.1" 200 25790 "-" "Mozilla/5.0 (compatible; MJ12bot/v1.4.8; http://mj12bot.com/)"
162.158.163.98 - - [06/Feb/2025:00:46:18 +0700] "GET / HTTP/1.1" 200 43281 "https://vietnamet.com" "Mozilla/5.0 (Windows NT 10.0; Win64; x64) AppleWebKit/537.36 (KHTML, like Gecko) Chrome/58.0.3029.110 Safari/537.3"
162.158.163.97 - - [06/Feb/2025:00:46:19 +0700] "GET /zhidingxinwen/article/13198973.html?dir=%2Fhome%2Fvietnamet.com%2Fpublic_html%2Fwp-admin HTTP/1.1" 404 34151 "-" "Mozilla/5.0 (Linux; Android 5.0) AppleWebKit/537.36 (KHTML, like Gecko) Mobile Safari/537.36 (compatible; Bytespider; spider-feedback@bytedance.com)"
172.69.165.72 - - [06/Feb/2025:00:46:19 +0700] "GET /?dir=/home/vietnamet.com/public_html/wp-admin&item=install-helper.php&action=rename HTTP/1.1" 301 283210 "http://vietnamet.com/?dir=/home/vietnamet.com/public_html/wp-admin" "Mozilla/5.0 (Linux; Android 7.0;) AppleWebKit/537.36 (KHTML, like Gecko) Mobile Safari/537.36 (compatible; PetalBot;+https://webmaster.petalsearch.com/site/petalbot)"
162.158.162.103 - - [06/Feb/2025:00:46:19 +0700] "GET /?dir=/home/vietnamet.com/public_html/wp-admin&item=install-helper.php&action=rename HTTP/1.1" 301 283225 "http://vietnamet.com/?dir=/home/vietnamet.com/public_html/wp-admin" "Mozilla/5.0 (Linux; Android 7.0;) AppleWebKit/537.36 (KHTML, like Gecko) Mobile Safari/537.36 (compatible; PetalBot;+https://webmaster.petalsearch.com/site/petalbot)"
162.158.163.118 - - [06/Feb/2025:00:46:23 +0700] "GET /wp-content/install.php HTTP/1.1" 200 37 "-" "GuzzleHttp/7"
172.69.165.18 - - [06/Feb/2025:00:46:24 +0700] "GET /wp-content/install.php HTTP/1.1" 200 37 "-" "GuzzleHttp/7"
162.158.163.179 - - [06/Feb/2025:00:46:25 +0700] "GET /wp-content/install.php HTTP/1.1" 200 37 "-" "GuzzleHttp/7"
172.69.165.18 - - [06/Feb/2025:00:46:26 +0700] "GET /wp-content/install.php HTTP/1.1" 200 37 "-" "GuzzleHttp/7"
162.158.162.23 - - [06/Feb/2025:00:46:26 +0700] "GET /wp-content/install.php HTTP/1.1" 200 37 "-" "GuzzleHttp/7"
172.69.165.73 - - [06/Feb/2025:00:46:33 +0700] "POST /wp-cron.php?doing_wp_cron=1738777593.5555830001831054687500 HTTP/1.1" 200 31 "-" "Qdkz0eZbbMOp"
162.158.162.23 - - [06/Feb/2025:00:46:33 +0700] "GET /?dir=/home/vietnamet.com/public_html/wp-includes/js/dist/script-modules/block-library&item=search&action=rename HTTP/1.1" 301 40459 "-" "Mozilla/5.0 (compatible; MJ12bot/v1.4.8; http://mj12bot.com/)"
162.158.163.89 - - [06/Feb/2025:00:46:36 +0700] "GET /wp-content/install.php HTTP/1.1" 200 37 "https://vietnamet.com/wp-content/install.php" "Mozilla/5.0 (Windows NT 10.0; Win64; x64) AppleWebKit/537.36 (KHTML, like Gecko) Chrome/58.0.3029.110 Safari/537.3"
162.158.163.118 - - [06/Feb/2025:00:46:39 +0700] "GET / HTTP/1.1" 200 43292 "https://vietnamet.com" "Mozilla/5.0 (Windows NT 10.0; Win64; x64) AppleWebKit/537.36 (KHTML, like Gecko) Chrome/58.0.3029.110 Safari/537.3"
162.158.162.22 - - [06/Feb/2025:00:46:44 +0700] "GET /?dir=%2Fhome%2Fvietnamet.com%2Fpublic_html%2Fwp-includes%2Fjs%2Fdist%2Fscript-modules%2Fblock-library&item=search&action=rename HTTP/1.1" 200 41274 "-" "Mozilla/5.0 (compatible; MJ12bot/v1.4.8; http://mj12bot.com/)"
162.158.163.98 - - [06/Feb/2025:00:46:51 +0700] "POST /wp-cron.php?doing_wp_cron=1738777611.4344580173492431640625 HTTP/1.1" 200 31 "-" "yygqClLYDMh2"
162.158.162.22 - - [06/Feb/2025:00:46:51 +0700] "GET /search/%22%20.%20esc_url(%20admin_url()%20)%20.%20%22?dir=//boot&item=config-5.4.0-204-generic&action=chmod HTTP/1.1" 200 25769 "-" "Mozilla/5.0 (compatible; MJ12bot/v1.4.8; http://mj12bot.com/)"
162.158.162.22 - - [06/Feb/2025:00:46:59 +0700] "POST /wp-cron.php?doing_wp_cron=1738777619.5915729999542236328125 HTTP/1.1" 200 31 "-" "0ZOXXC3JsDfs"
162.158.162.22 - - [06/Feb/2025:00:46:59 +0700] "GET /?dir=/home/vietnamet.com/public_html/wp-includes/js/dist/script-modules/block-library/file HTTP/1.1" 301 35046 "-" "Mozilla/5.0 (compatible; MJ12bot/v1.4.8; http://mj12bot.com/)"
162.158.162.114 - - [06/Feb/2025:00:47:07 +0700] "GET /?dir=%2Fhome%2Fvietnamet.com%2Fpublic_html%2Fwp-includes%2Fjs%2Fdist%2Fscript-modules%2Fblock-library%2Ffile HTTP/1.1" 200 41115 "-" "Mozilla/5.0 (compatible; MJ12bot/v1.4.8; http://mj12bot.com/)"
172.69.165.18 - - [06/Feb/2025:00:47:12 +0700] "GET /zhidingxinwen/article/11736879.html?dir=%2Fhome%2Fvietnamet.com HTTP/1.1" 404 27587 "-" "Mozilla/5.0 (Linux; Android 5.0) AppleWebKit/537.36 (KHTML, like Gecko) Mobile Safari/537.36 (compatible; Bytespider; spider-feedback@bytedance.com)"
162.158.162.23 - - [06/Feb/2025:00:47:19 +0700] "POST /wp-cron.php?doing_wp_cron=1738777639.6753330230712890625000 HTTP/1.1" 200 31 "-" "oQWH9NwK2hRZ"
162.158.162.114 - - [06/Feb/2025:00:47:19 +0700] "GET /?dir=/home/vietnamet.com/public_html/wp-includes/js/dist/script-modules/block-library/image HTTP/1.1" 301 35072 "-" "Mozilla/5.0 (compatible; MJ12bot/v1.4.8; http://mj12bot.com/)"
172.69.165.18 - - [06/Feb/2025:00:47:20 +0700] "POST /wp-admin/admin-ajax.php?action=async_litespeed&nonce=QAQbmWuWTWdb4nkG16hDDf8DBd5srXht&litespeed_type=imgoptm HTTP/1.1" 200 12361 "-" "kVagERCCxJQm"
162.158.162.23 - - [06/Feb/2025:00:47:25 +0700] "GET /search/%22%20.%20esc_url(%20admin_url()%20)%20.%20%22?dir=//boot&item=config-5.4.0-205-generic&action=download HTTP/1.1" 200 58601 "-" "Mozilla/5.0 (compatible; MJ12bot/v1.4.8; http://mj12bot.com/)"
172.69.165.13 - - [06/Feb/2025:00:47:27 +0700] "POST /wp-cron.php?doing_wp_cron=1738777647.3837959766387939453125 HTTP/1.1" 200 31 "-" "ILBPzFAL3r6t"
162.158.162.23 - - [06/Feb/2025:00:47:27 +0700] "GET /?dir=%2Fhome%2Fvietnamet.com%2Fpublic_html%2Fwp-includes%2Fjs%2Fdist%2Fscript-modules%2Fblock-library%2Fimage HTTP/1.1" 200 41117 "-" "Mozilla/5.0 (compatible; MJ12bot/v1.4.8; http://mj12bot.com/)"
162.158.162.23 - - [06/Feb/2025:00:47:37 +0700] "GET /search/%22%20.%20esc_url(%20admin_url()%20)%20.%20%22?dir=//boot&item=config-5.4.0-205-generic&action=rename HTTP/1.1" 200 25779 "-" "Mozilla/5.0 (compatible; MJ12bot/v1.4.8; http://mj12bot.com/)"
162.158.162.23 - - [06/Feb/2025:00:47:39 +0700] "GET /?dir=/home/vietnamet.com/public_html/wp-includes/js/dist/script-modules/block-library/navigation HTTP/1.1" 301 35163 "-" "Mozilla/5.0 (compatible; MJ12bot/v1.4.8; http://mj12bot.com/)"
172.69.165.19 - - [06/Feb/2025:00:47:41 +0700] "GET /wp-content/install.php?id=948718 HTTP/1.1" 499 0 "-" "GuzzleHttp/7"
162.158.163.97 - - [06/Feb/2025:00:47:47 +0700] "GET /wp-content/install.php HTTP/1.1" 200 37 "-" "GuzzleHttp/7"
162.158.162.105 - - [06/Feb/2025:00:47:47 +0700] "GET /?dir=%2Fhome%2Fvietnamet.com%2Fpublic_html%2Fwp-includes%2Fjs%2Fdist%2Fscript-modules%2Fblock-library%2Fnavigation HTTP/1.1" 200 41102 "-" "Mozilla/5.0 (compatible; MJ12bot/v1.4.8; http://mj12bot.com/)"
162.158.162.23 - - [06/Feb/2025:00:47:48 +0700] "GET /search/%22%20.%20esc_url(%20admin_url()%20)%20.%20%22?dir=//boot&item=grub&action=chmod HTTP/1.1" 200 25767 "-" "Mozilla/5.0 (compatible; MJ12bot/v1.4.8; http://mj12bot.com/)"
162.158.163.117 - - [06/Feb/2025:00:47:48 +0700] "GET /wp-content/install.php HTTP/1.1" 200 37 "-" "GuzzleHttp/7"
162.158.163.117 - - [06/Feb/2025:00:47:50 +0700] "GET /wp-content/install.php HTTP/1.1" 200 37 "-" "GuzzleHttp/7"
162.158.162.23 - - [06/Feb/2025:00:47:55 +0700] "GET /wp-content/install.php HTTP/1.1" 200 37 "-" "GuzzleHttp/7"
162.158.162.23 - - [06/Feb/2025:00:47:57 +0700] "GET /wp-content/install.php HTTP/1.1" 200 37 "-" "GuzzleHttp/7"
172.69.165.18 - - [06/Feb/2025:00:47:58 +0700] "POST /wp-cron.php?doing_wp_cron=1738777678.6984620094299316406250 HTTP/1.1" 200 31 "-" "i3xrRjtkmRmg"
162.158.162.105 - - [06/Feb/2025:00:47:58 +0700] "GET /?dir=/home/vietnamet.com/public_html/wp-includes/js/dist/script-modules/block-library/query HTTP/1.1" 301 35069 "-" "Mozilla/5.0 (compatible; MJ12bot/v1.4.8; http://mj12bot.com/)"
162.158.162.23 - - [06/Feb/2025:00:47:59 +0700] "GET /search/%22%20.%20esc_url(%20admin_url()%20)%20.%20%22?dir=//boot&item=initrd.img&action=chmod HTTP/1.1" 200 25764 "-" "Mozilla/5.0 (compatible; MJ12bot/v1.4.8; http://mj12bot.com/)"
