162.158.162.207 - - [06/Feb/2025:00:37:20 +0700] "GET /aomenkaixuanmenguanfangwangzhi/article/13608593.html?dir=%2Fhome%2Fvietnamet.com%2Fpublic_html%2Fwp-admin HTTP/1.1" 404 34145 "-" "Mozilla/5.0 (Linux; Android 5.0) AppleWebKit/537.36 (KHTML, like Gecko) Mobile Safari/537.36 (compatible; Bytespider; spider-feedback@bytedance.com)"
162.158.163.154 - - [06/Feb/2025:00:37:20 +0700] "GET /wp-content/install.php HTTP/1.1" 200 37 "-" "GuzzleHttp/7"
162.158.163.90 - - [06/Feb/2025:00:37:21 +0700] "GET /book/3664/880257f4119ec.html HTTP/1.1" 404 30075 "-" "Mozilla/5.0 (compatible; DotBot/1.2; +https://opensiteexplorer.org/dotbot; help@moz.com)"
162.158.163.97 - - [06/Feb/2025:00:37:21 +0700] "GET /search/%22%20.%20esc_url(%20admin_url()%20)%20.%20%22?dir=//proc&item=624&action=chmod HTTP/1.1" 200 33302 "-" "Mozilla/5.0 (compatible; MJ12bot/v1.4.8; http://mj12bot.com/)"
162.158.162.114 - - [06/Feb/2025:00:37:22 +0700] "GET /book/3682/e43fd9c51aa1f.html HTTP/1.1" 404 30074 "-" "Mozilla/5.0 (compatible; DotBot/1.2; +https://opensiteexplorer.org/dotbot; help@moz.com)"
162.158.163.90 - - [06/Feb/2025:00:37:23 +0700] "POST /wp-cron.php?doing_wp_cron=1738777043.2009758949279785156250 HTTP/1.1" 200 31 "-" "SvkGhMhJIBWT"
162.158.162.23 - - [06/Feb/2025:00:37:23 +0700] "GET /book/3682/f98110143c5ee.html HTTP/1.1" 404 30073 "-" "Mozilla/5.0 (compatible; DotBot/1.2; +https://opensiteexplorer.org/dotbot; help@moz.com)"
162.158.163.97 - - [06/Feb/2025:00:37:24 +0700] "GET /book/3719/e86678daf4e2b.html HTTP/1.1" 404 30072 "-" "Mozilla/5.0 (compatible; DotBot/1.2; +https://opensiteexplorer.org/dotbot; help@moz.com)"
162.158.163.179 - - [06/Feb/2025:00:37:24 +0700] "GET /wp-content/install.php HTTP/1.1" 200 37 "-" "GuzzleHttp/7"
172.69.165.73 - - [06/Feb/2025:00:37:25 +0700] "GET /wp-content/install.php HTTP/1.1" 200 37 "https://vietnamet.com/wp-content/install.php" "Mozilla/5.0 (Windows NT 10.0; Win64; x64) AppleWebKit/537.36 (KHTML, like Gecko) Chrome/58.0.3029.110 Safari/537.3"
162.158.162.104 - - [06/Feb/2025:00:37:26 +0700] "GET /book/3768/0e570a153a51a.html HTTP/1.1" 404 30072 "-" "Mozilla/5.0 (compatible; DotBot/1.2; +https://opensiteexplorer.org/dotbot; help@moz.com)"
162.158.163.85 - - [06/Feb/2025:00:37:26 +0700] "GET /wp-content/install.php HTTP/1.1" 200 37 "-" "GuzzleHttp/7"
162.158.162.23 - - [06/Feb/2025:00:37:26 +0700] "GET / HTTP/1.1" 200 43270 "https://vietnamet.com" "Mozilla/5.0 (Windows NT 10.0; Win64; x64) AppleWebKit/537.36 (KHTML, like Gecko) Chrome/58.0.3029.110 Safari/537.3"
162.158.163.117 - - [06/Feb/2025:00:37:27 +0700] "POST /wp-cron.php?doing_wp_cron=1738777047.0486960411071777343750 HTTP/1.1" 200 31 "-" "2fbq3UxjZdZQ"
162.158.163.97 - - [06/Feb/2025:00:37:27 +0700] "GET /wp-content/install.php HTTP/1.1" 200 37 "-" "GuzzleHttp/7"
162.158.163.97 - - [06/Feb/2025:00:37:27 +0700] "GET /book/3856/70470b9bbb572.html HTTP/1.1" 404 30070 "-" "Mozilla/5.0 (compatible; DotBot/1.2; +https://opensiteexplorer.org/dotbot; help@moz.com)"
162.158.163.19 - - [06/Feb/2025:00:37:28 +0700] "GET /wp-content/install.php HTTP/1.1" 200 37 "-" "GuzzleHttp/7"
162.158.162.194 - - [06/Feb/2025:00:37:28 +0700] "GET /book/4130/32e6df8c53bef.html HTTP/1.1" 404 30073 "-" "Mozilla/5.0 (compatible; DotBot/1.2; +https://opensiteexplorer.org/dotbot; help@moz.com)"
162.158.163.97 - - [06/Feb/2025:00:37:29 +0700] "GET /wp-content/install.php HTTP/1.1" 200 37 "-" "GuzzleHttp/7"
162.158.163.97 - - [06/Feb/2025:00:37:29 +0700] "GET /search/%22%20.%20esc_url(%20admin_url()%20)%20.%20%22?dir=//proc&item=640&action=rename HTTP/1.1" 200 33296 "-" "Mozilla/5.0 (compatible; MJ12bot/v1.4.8; http://mj12bot.com/)"
162.158.162.51 - - [06/Feb/2025:00:37:29 +0700] "GET /book/4241/eb1491948ef9e.html HTTP/1.1" 404 30080 "-" "Mozilla/5.0 (compatible; DotBot/1.2; +https://opensiteexplorer.org/dotbot; help@moz.com)"
172.69.165.19 - - [06/Feb/2025:00:37:30 +0700] "GET /book/4250/6b507475f9f7a.html HTTP/1.1" 404 30067 "-" "Mozilla/5.0 (compatible; DotBot/1.2; +https://opensiteexplorer.org/dotbot; help@moz.com)"
162.158.163.166 - - [06/Feb/2025:00:37:32 +0700] "GET /book/4454/59ed2ab969dd1.html HTTP/1.1" 404 30064 "-" "Mozilla/5.0 (compatible; DotBot/1.2; +https://opensiteexplorer.org/dotbot; help@moz.com)"
162.158.162.23 - - [06/Feb/2025:00:37:33 +0700] "GET /book/4506/38b527eab4b62.html HTTP/1.1" 404 30071 "-" "Mozilla/5.0 (compatible; DotBot/1.2; +https://opensiteexplorer.org/dotbot; help@moz.com)"
162.158.163.97 - - [06/Feb/2025:00:37:33 +0700] "GET /wp-content/install.php HTTP/1.1" 200 37 "-" "GuzzleHttp/7"
162.158.163.90 - - [06/Feb/2025:00:37:34 +0700] "GET /book/4643/a9852fb650ab9.html HTTP/1.1" 404 30069 "-" "Mozilla/5.0 (compatible; DotBot/1.2; +https://opensiteexplorer.org/dotbot; help@moz.com)"
162.158.163.97 - - [06/Feb/2025:00:37:34 +0700] "GET /search/%22%20.%20esc_url(%20admin_url()%20)%20.%20%22?dir=//proc&item=655&action=rename HTTP/1.1" 200 33300 "-" "Mozilla/5.0 (compatible; MJ12bot/v1.4.8; http://mj12bot.com/)"
162.158.163.90 - - [06/Feb/2025:00:37:35 +0700] "GET /book/4695/32c7210486246.html HTTP/1.1" 404 30062 "-" "Mozilla/5.0 (compatible; DotBot/1.2; +https://opensiteexplorer.org/dotbot; help@moz.com)"
162.158.163.117 - - [06/Feb/2025:00:37:36 +0700] "GET /book/4700/cf1591d5949a7.html HTTP/1.1" 404 30072 "-" "Mozilla/5.0 (compatible; DotBot/1.2; +https://opensiteexplorer.org/dotbot; help@moz.com)"
162.158.163.97 - - [06/Feb/2025:00:37:36 +0700] "GET /search/%22%20.%20esc_url(%20admin_url()%20)%20.%20%22?dir=//proc&item=681&action=chmod HTTP/1.1" 200 33307 "-" "Mozilla/5.0 (compatible; MJ12bot/v1.4.8; http://mj12bot.com/)"
162.158.162.23 - - [06/Feb/2025:00:37:37 +0700] "GET /book/4707/4795b8e040a70.html HTTP/1.1" 404 30068 "-" "Mozilla/5.0 (compatible; DotBot/1.2; +https://opensiteexplorer.org/dotbot; help@moz.com)"
172.69.165.19 - - [06/Feb/2025:00:37:37 +0700] "GET /book/4715/0389583f6dd78.html HTTP/1.1" 404 30072 "-" "Mozilla/5.0 (compatible; DotBot/1.2; +https://opensiteexplorer.org/dotbot; help@moz.com)"
162.158.162.114 - - [06/Feb/2025:00:37:39 +0700] "GET /book/4718/1ff669c790b4c.html HTTP/1.1" 404 30070 "-" "Mozilla/5.0 (compatible; DotBot/1.2; +https://opensiteexplorer.org/dotbot; help@moz.com)"
162.158.162.23 - - [06/Feb/2025:00:37:39 +0700] "GET /wp-content/install.php HTTP/1.1" 200 37 "-" "GuzzleHttp/7"
162.158.162.23 - - [06/Feb/2025:00:37:41 +0700] "GET /book/4733/e05c2de823044.html HTTP/1.1" 404 30073 "-" "Mozilla/5.0 (compatible; DotBot/1.2; +https://opensiteexplorer.org/dotbot; help@moz.com)"
162.158.163.97 - - [06/Feb/2025:00:37:42 +0700] "GET /search/%22%20.%20esc_url(%20admin_url()%20)%20.%20%22?dir=//proc&item=681&action=rename HTTP/1.1" 200 33303 "-" "Mozilla/5.0 (compatible; MJ12bot/v1.4.8; http://mj12bot.com/)"
162.158.162.194 - - [06/Feb/2025:00:37:43 +0700] "GET /book/4734/3a0f687639378.html HTTP/1.1" 404 30071 "-" "Mozilla/5.0 (compatible; DotBot/1.2; +https://opensiteexplorer.org/dotbot; help@moz.com)"
162.158.162.105 - - [06/Feb/2025:00:37:44 +0700] "GET /wp-content/install.php HTTP/1.1" 200 37 "-" "GuzzleHttp/7"
162.158.163.97 - - [06/Feb/2025:00:37:46 +0700] "GET /search/%22%20.%20esc_url(%20admin_url()%20)%20.%20%22?dir=//proc&item=685&action=chmod HTTP/1.1" 200 33302 "-" "Mozilla/5.0 (compatible; MJ12bot/v1.4.8; http://mj12bot.com/)"
162.158.162.207 - - [06/Feb/2025:00:37:46 +0700] "GET /book/4768/2175485991eda.html HTTP/1.1" 404 30071 "-" "Mozilla/5.0 (compatible; DotBot/1.2; +https://opensiteexplorer.org/dotbot; help@moz.com)"
162.158.162.23 - - [06/Feb/2025:00:37:48 +0700] "POST /wp-cron.php?doing_wp_cron=1738777068.6530189514160156250000 HTTP/1.1" 200 31 "-" "UCeYfge0ZNEn"
162.158.163.180 - - [06/Feb/2025:00:37:48 +0700] "GET /book/4774/3c1bf5448365d.html HTTP/1.1" 404 30072 "-" "Mozilla/5.0 (compatible; DotBot/1.2; +https://opensiteexplorer.org/dotbot; help@moz.com)"
162.158.163.97 - - [06/Feb/2025:00:37:50 +0700] "GET /search/%22%20.%20esc_url(%20admin_url()%20)%20.%20%22?dir=//proc&item=72029&action=rename HTTP/1.1" 200 33307 "-" "Mozilla/5.0 (compatible; MJ12bot/v1.4.8; http://mj12bot.com/)"
162.158.162.114 - - [06/Feb/2025:00:37:51 +0700] "GET /book/4784/6b3461f989ad7.html HTTP/1.1" 404 30069 "-" "Mozilla/5.0 (compatible; DotBot/1.2; +https://opensiteexplorer.org/dotbot; help@moz.com)"
172.69.165.18 - - [06/Feb/2025:00:37:53 +0700] "GET /wp-content/install.php HTTP/1.1" 200 37 "-" "GuzzleHttp/7"
162.158.163.97 - - [06/Feb/2025:00:37:54 +0700] "GET /search/%22%20.%20esc_url(%20admin_url()%20)%20.%20%22?dir=//proc&item=73385&action=rename HTTP/1.1" 200 33302 "-" "Mozilla/5.0 (compatible; MJ12bot/v1.4.8; http://mj12bot.com/)"
162.158.163.180 - - [06/Feb/2025:00:37:55 +0700] "GET /book/4809/9911d891df2a0.html HTTP/1.1" 404 30070 "-" "Mozilla/5.0 (compatible; DotBot/1.2; +https://opensiteexplorer.org/dotbot; help@moz.com)"
162.158.163.118 - - [06/Feb/2025:00:37:58 +0700] "POST /wp-cron.php?doing_wp_cron=1738777078.1274778842926025390625 HTTP/1.1" 200 31 "-" "cr1Bcit0YwIR"
172.69.165.18 - - [06/Feb/2025:00:37:58 +0700] "GET /book/4816/c8c45068b998c.html HTTP/1.1" 404 30069 "-" "Mozilla/5.0 (compatible; DotBot/1.2; +https://opensiteexplorer.org/dotbot; help@moz.com)"
162.158.163.90 - - [06/Feb/2025:00:37:58 +0700] "GET /wp-content/install.php HTTP/1.1" 200 37 "-" "GuzzleHttp/7"
162.158.163.97 - - [06/Feb/2025:00:37:59 +0700] "GET /search/%22%20.%20esc_url(%20admin_url()%20)%20.%20%22?dir=//proc&item=74188&action=chmod HTTP/1.1" 200 33301 "-" "Mozilla/5.0 (compatible; MJ12bot/v1.4.8; http://mj12bot.com/)"
162.158.163.118 - - [06/Feb/2025:00:38:00 +0700] "GET /book/4836/bb5265b82bbd1.html HTTP/1.1" 404 30078 "-" "Mozilla/5.0 (compatible; DotBot/1.2; +https://opensiteexplorer.org/dotbot; help@moz.com)"
172.69.165.18 - - [06/Feb/2025:00:38:03 +0700] "GET /book/4932/c639a8bdf2fc7.html HTTP/1.1" 404 30067 "-" "Mozilla/5.0 (compatible; DotBot/1.2; +https://opensiteexplorer.org/dotbot; help@moz.com)"
162.158.163.97 - - [06/Feb/2025:00:38:05 +0700] "GET /book/4944/dc608d9b70bad.html HTTP/1.1" 404 30075 "-" "Mozilla/5.0 (compatible; DotBot/1.2; +https://opensiteexplorer.org/dotbot; help@moz.com)"
162.158.163.97 - - [06/Feb/2025:00:38:06 +0700] "GET /search/%22%20.%20esc_url(%20admin_url()%20)%20.%20%22?dir=//proc&item=78880&action=chmod HTTP/1.1" 200 33303 "-" "Mozilla/5.0 (compatible; MJ12bot/v1.4.8; http://mj12bot.com/)"
162.158.162.104 - - [06/Feb/2025:00:38:06 +0700] "GET /book/4947/bb3dd3b95be3b.html HTTP/1.1" 404 30067 "-" "Mozilla/5.0 (compatible; DotBot/1.2; +https://opensiteexplorer.org/dotbot; help@moz.com)"
162.158.162.195 - - [06/Feb/2025:00:38:08 +0700] "GET /book/4962/696c98ecec227.html HTTP/1.1" 404 30078 "-" "Mozilla/5.0 (compatible; DotBot/1.2; +https://opensiteexplorer.org/dotbot; help@moz.com)"
162.158.163.118 - - [06/Feb/2025:00:38:09 +0700] "GET /wp-content/install.php?id=145891 HTTP/1.1" 499 0 "-" "GuzzleHttp/7"
162.158.162.114 - - [06/Feb/2025:00:38:09 +0700] "GET /book/4963/665411ff097b9.html HTTP/1.1" 404 30073 "-" "Mozilla/5.0 (compatible; DotBot/1.2; +https://opensiteexplorer.org/dotbot; help@moz.com)"
172.69.165.18 - - [06/Feb/2025:00:38:09 +0700] "GET /wp-content/install.php HTTP/1.1" 200 37 "-" "GuzzleHttp/7"
162.158.162.207 - - [06/Feb/2025:00:38:11 +0700] "GET /book/4967/8093f74935588.html HTTP/1.1" 404 30078 "-" "Mozilla/5.0 (compatible; DotBot/1.2; +https://opensiteexplorer.org/dotbot; help@moz.com)"
172.69.165.18 - - [06/Feb/2025:00:38:11 +0700] "GET /wp-content/install.php HTTP/1.1" 200 37 "-" "GuzzleHttp/7"
162.158.163.117 - - [06/Feb/2025:00:38:12 +0700] "GET /book/4978/a4c4969553e2a.html HTTP/1.1" 404 30072 "-" "Mozilla/5.0 (compatible; DotBot/1.2; +https://opensiteexplorer.org/dotbot; help@moz.com)"
162.158.163.97 - - [06/Feb/2025:00:38:12 +0700] "GET /wp-content/install.php HTTP/1.1" 200 37 "-" "GuzzleHttp/7"
162.158.163.117 - - [06/Feb/2025:00:38:13 +0700] "POST /wp-cron.php?doing_wp_cron=1738777093.5154879093170166015625 HTTP/1.1" 200 31 "-" "kudoVX2uoWol"
162.158.163.90 - - [06/Feb/2025:00:38:13 +0700] "GET /book/4989/999105f7bf387.html HTTP/1.1" 404 30072 "-" "Mozilla/5.0 (compatible; DotBot/1.2; +https://opensiteexplorer.org/dotbot; help@moz.com)"
162.158.163.20 - - [06/Feb/2025:00:38:13 +0700] "POST /wp-admin/admin-ajax.php?action=async_litespeed&nonce=FUfLnMMSAE1YLwbqMWzTfhiqQrh4HBxv&litespeed_type=imgoptm HTTP/1.1" 200 12380 "-" "UXtWHgxigqGA"
162.158.163.97 - - [06/Feb/2025:00:38:13 +0700] "GET /search/%22%20.%20esc_url(%20admin_url()%20)%20.%20%22?dir=//proc&item=89&action=rename HTTP/1.1" 200 33292 "-" "Mozilla/5.0 (compatible; MJ12bot/v1.4.8; http://mj12bot.com/)"
162.158.162.23 - - [06/Feb/2025:00:38:14 +0700] "GET /wp-content/install.php HTTP/1.1" 200 37 "-" "GuzzleHttp/7"
162.158.163.97 - - [06/Feb/2025:00:38:14 +0700] "GET /zhidingxinwen/article/13977663.html?dir=%2F HTTP/1.1" 404 28713 "-" "Mozilla/5.0 (Linux; Android 5.0) AppleWebKit/537.36 (KHTML, like Gecko) Mobile Safari/537.36 (compatible; Bytespider; spider-feedback@bytedance.com)"
162.158.162.195 - - [06/Feb/2025:00:38:14 +0700] "GET /book/5002/5635480dc5f93.html HTTP/1.1" 404 30077 "-" "Mozilla/5.0 (compatible; DotBot/1.2; +https://opensiteexplorer.org/dotbot; help@moz.com)"
172.69.165.18 - - [06/Feb/2025:00:38:15 +0700] "GET /wp-content/install.php HTTP/1.1" 200 37 "-" "GuzzleHttp/7"
172.69.165.18 - - [06/Feb/2025:00:38:15 +0700] "GET /book/5003/ed07654663734.html HTTP/1.1" 404 30074 "-" "Mozilla/5.0 (compatible; DotBot/1.2; +https://opensiteexplorer.org/dotbot; help@moz.com)"
162.158.163.117 - - [06/Feb/2025:00:38:17 +0700] "POST /wp-cron.php?doing_wp_cron=1738777097.1778109073638916015625 HTTP/1.1" 200 31 "-" "dDXHJqDNNJQu"
162.158.162.195 - - [06/Feb/2025:00:38:17 +0700] "GET /book/5024/c701d48d0023c.html HTTP/1.1" 404 30075 "-" "Mozilla/5.0 (compatible; DotBot/1.2; +https://opensiteexplorer.org/dotbot; help@moz.com)"
162.158.163.180 - - [06/Feb/2025:00:38:18 +0700] "GET /book/5196/0ff13e9b0e2ad.html HTTP/1.1" 404 30073 "-" "Mozilla/5.0 (compatible; DotBot/1.2; +https://opensiteexplorer.org/dotbot; help@moz.com)"
162.158.163.97 - - [06/Feb/2025:00:38:19 +0700] "GET /search/%22%20.%20esc_url(%20admin_url()%20)%20.%20%22?dir=//proc&item=95&action=chmod HTTP/1.1" 200 33301 "-" "Mozilla/5.0 (compatible; MJ12bot/v1.4.8; http://mj12bot.com/)"
172.69.165.18 - - [06/Feb/2025:00:38:19 +0700] "GET /book/5257/f5577ce4870b6.html HTTP/1.1" 404 30075 "-" "Mozilla/5.0 (compatible; DotBot/1.2; +https://opensiteexplorer.org/dotbot; help@moz.com)"
162.158.163.117 - - [06/Feb/2025:00:38:21 +0700] "GET /book/5296/bbb36a5e526b4.html HTTP/1.1" 404 30076 "-" "Mozilla/5.0 (compatible; DotBot/1.2; +https://opensiteexplorer.org/dotbot; help@moz.com)"
162.158.162.23 - - [06/Feb/2025:00:38:22 +0700] "GET /book/5324/ff3fba491f7bb.html HTTP/1.1" 404 30075 "-" "Mozilla/5.0 (compatible; DotBot/1.2; +https://opensiteexplorer.org/dotbot; help@moz.com)"
172.69.165.18 - - [06/Feb/2025:00:38:24 +0700] "POST /wp-cron.php?doing_wp_cron=1738777104.0290229320526123046875 HTTP/1.1" 200 31 "-" "ukEsKkSrpjCX"
172.69.165.18 - - [06/Feb/2025:00:38:24 +0700] "GET /book/5401/70fc1da968407.html HTTP/1.1" 404 30070 "-" "Mozilla/5.0 (compatible; DotBot/1.2; +https://opensiteexplorer.org/dotbot; help@moz.com)"
162.158.163.112 - - [06/Feb/2025:00:38:24 +0700] "GET /wp-content/install.php HTTP/1.1" 200 37 "-" "GuzzleHttp/7"
162.158.163.97 - - [06/Feb/2025:00:38:25 +0700] "GET /search/%22%20.%20esc_url(%20admin_url()%20)%20.%20%22?dir=//proc&item=95&action=rename HTTP/1.1" 200 33263 "-" "Mozilla/5.0 (compatible; MJ12bot/v1.4.8; http://mj12bot.com/)"
162.158.163.97 - - [06/Feb/2025:00:38:27 +0700] "GET /wp-content/install.php HTTP/1.1" 200 37 "-" "GuzzleHttp/7"
172.69.165.18 - - [06/Feb/2025:00:38:27 +0700] "POST /wp-cron.php?doing_wp_cron=1738777107.8935968875885009765625 HTTP/1.1" 200 31 "-" "tKw6wcuLi1Y2"
162.158.162.114 - - [06/Feb/2025:00:38:28 +0700] "GET /book/5425/d3a7052b31a39.html HTTP/1.1" 404 30064 "-" "Mozilla/5.0 (compatible; DotBot/1.2; +https://opensiteexplorer.org/dotbot; help@moz.com)"
162.158.163.97 - - [06/Feb/2025:00:38:28 +0700] "GET /search/%22%20.%20esc_url(%20admin_url()%20)%20.%20%22?dir=//proc&item=cgroups&action=chmod HTTP/1.1" 200 33270 "-" "Mozilla/5.0 (compatible; MJ12bot/v1.4.8; http://mj12bot.com/)"
162.158.163.97 - - [06/Feb/2025:00:38:29 +0700] "GET /wp-content/install.php HTTP/1.1" 200 37 "-" "GuzzleHttp/7"
162.158.163.180 - - [06/Feb/2025:00:38:30 +0700] "GET /book/5469/af44485c93dba.html HTTP/1.1" 404 30076 "-" "Mozilla/5.0 (compatible; DotBot/1.2; +https://opensiteexplorer.org/dotbot; help@moz.com)"
162.158.163.117 - - [06/Feb/2025:00:38:31 +0700] "GET /wp-content/install.php HTTP/1.1" 200 37 "-" "GuzzleHttp/7"
162.158.162.105 - - [06/Feb/2025:00:38:32 +0700] "GET /book/5540/83eaa923468f0.html HTTP/1.1" 404 30079 "-" "Mozilla/5.0 (compatible; DotBot/1.2; +https://opensiteexplorer.org/dotbot; help@moz.com)"
162.158.162.22 - - [06/Feb/2025:00:38:34 +0700] "GET /book/5554/2aab060b6724e.html HTTP/1.1" 404 30077 "-" "Mozilla/5.0 (compatible; DotBot/1.2; +https://opensiteexplorer.org/dotbot; help@moz.com)"
162.158.163.97 - - [06/Feb/2025:00:38:34 +0700] "GET /search/%22%20.%20esc_url(%20admin_url()%20)%20.%20%22?dir=//proc&item=crypto&action=edit HTTP/1.1" 200 34427 "-" "Mozilla/5.0 (compatible; MJ12bot/v1.4.8; http://mj12bot.com/)"
162.158.162.195 - - [06/Feb/2025:00:38:35 +0700] "GET /book/5628/8cc288b8277d9.html HTTP/1.1" 404 30078 "-" "Mozilla/5.0 (compatible; DotBot/1.2; +https://opensiteexplorer.org/dotbot; help@moz.com)"
162.158.162.105 - - [06/Feb/2025:00:38:37 +0700] "GET /book/5637/ebc039eba869c.html HTTP/1.1" 404 30078 "-" "Mozilla/5.0 (compatible; DotBot/1.2; +https://opensiteexplorer.org/dotbot; help@moz.com)"
172.69.165.18 - - [06/Feb/2025:00:38:38 +0700] "GET /wp-content/install.php HTTP/1.1" 200 37 "-" "GuzzleHttp/7"
162.158.163.117 - - [06/Feb/2025:00:38:39 +0700] "GET /book/5653/8eac73ae160d6.html HTTP/1.1" 404 30079 "-" "Mozilla/5.0 (compatible; DotBot/1.2; +https://opensiteexplorer.org/dotbot; help@moz.com)"
162.158.163.97 - - [06/Feb/2025:00:38:40 +0700] "GET /book/5654/f480777e53c91.html HTTP/1.1" 404 30073 "-" "Mozilla/5.0 (compatible; DotBot/1.2; +https://opensiteexplorer.org/dotbot; help@moz.com)"
162.158.162.22 - - [06/Feb/2025:00:38:41 +0700] "GET /book/5662/a95f81cd54750.html HTTP/1.1" 404 30076 "-" "Mozilla/5.0 (compatible; DotBot/1.2; +https://opensiteexplorer.org/dotbot; help@moz.com)"
172.69.165.53 - - [06/Feb/2025:00:38:42 +0700] "GET /wp-content/install.php HTTP/1.1" 200 37 "-" "GuzzleHttp/7"
162.158.162.22 - - [06/Feb/2025:00:38:42 +0700] "GET /book/5664/bdaa65f0f9a24.html HTTP/1.1" 404 30076 "-" "Mozilla/5.0 (compatible; DotBot/1.2; +https://opensiteexplorer.org/dotbot; help@moz.com)"
162.158.163.117 - - [06/Feb/2025:00:38:43 +0700] "GET /wp-content/install.php HTTP/1.1" 200 37 "-" "GuzzleHttp/7"
162.158.163.117 - - [06/Feb/2025:00:38:43 +0700] "GET /book/5762/aeade7e00d504.html HTTP/1.1" 404 30077 "-" "Mozilla/5.0 (compatible; DotBot/1.2; +https://opensiteexplorer.org/dotbot; help@moz.com)"
162.158.162.22 - - [06/Feb/2025:00:38:44 +0700] "GET /wp-content/install.php HTTP/1.1" 200 37 "-" "GuzzleHttp/7"
162.158.162.207 - - [06/Feb/2025:00:38:45 +0700] "GET /book/5781/30e784a62b1fa.html HTTP/1.1" 404 30078 "-" "Mozilla/5.0 (compatible; DotBot/1.2; +https://opensiteexplorer.org/dotbot; help@moz.com)"
162.158.163.97 - - [06/Feb/2025:00:38:46 +0700] "GET /wp-content/install.php HTTP/1.1" 200 37 "-" "GuzzleHttp/7"
162.158.163.117 - - [06/Feb/2025:00:38:46 +0700] "GET /book/5784/f70bfb965059a.html HTTP/1.1" 404 30072 "-" "Mozilla/5.0 (compatible; DotBot/1.2; +https://opensiteexplorer.org/dotbot; help@moz.com)"
172.69.165.18 - - [06/Feb/2025:00:38:47 +0700] "GET /wp-content/install.php HTTP/1.1" 200 37 "-" "GuzzleHttp/7"
162.158.162.23 - - [06/Feb/2025:00:38:48 +0700] "POST /wp-cron.php?doing_wp_cron=1738777128.1400990486145019531250 HTTP/1.1" 200 31 "-" "eyWfKfVuRwLE"
162.158.162.22 - - [06/Feb/2025:00:38:48 +0700] "GET /book/5788/7346c0cc39a12.html HTTP/1.1" 404 30076 "-" "Mozilla/5.0 (compatible; DotBot/1.2; +https://opensiteexplorer.org/dotbot; help@moz.com)"
162.158.163.97 - - [06/Feb/2025:00:38:48 +0700] "GET /search/%22%20.%20esc_url(%20admin_url()%20)%20.%20%22?dir=//proc&item=diskstats&action=rename HTTP/1.1" 200 33271 "-" "Mozilla/5.0 (compatible; MJ12bot/v1.4.8; http://mj12bot.com/)"
162.158.162.195 - - [06/Feb/2025:00:38:49 +0700] "GET /book/5793/b30b45e963c61.html HTTP/1.1" 404 30077 "-" "Mozilla/5.0 (compatible; DotBot/1.2; +https://opensiteexplorer.org/dotbot; help@moz.com)"
162.158.163.117 - - [06/Feb/2025:00:38:50 +0700] "GET /book/5800/3f30c7e5404d6.html HTTP/1.1" 404 30077 "-" "Mozilla/5.0 (compatible; DotBot/1.2; +https://opensiteexplorer.org/dotbot; help@moz.com)"
172.69.165.18 - - [06/Feb/2025:00:38:51 +0700] "GET /book/5800/7364097286c9a.html HTTP/1.1" 404 30079 "-" "Mozilla/5.0 (compatible; DotBot/1.2; +https://opensiteexplorer.org/dotbot; help@moz.com)"
162.158.162.195 - - [06/Feb/2025:00:38:53 +0700] "GET /book/5811/9d558a699cf87.html HTTP/1.1" 404 30079 "-" "Mozilla/5.0 (compatible; DotBot/1.2; +https://opensiteexplorer.org/dotbot; help@moz.com)"
162.158.162.195 - - [06/Feb/2025:00:38:55 +0700] "GET /book/5813/bc37bfc69a916.html HTTP/1.1" 404 30078 "-" "Mozilla/5.0 (compatible; DotBot/1.2; +https://opensiteexplorer.org/dotbot; help@moz.com)"
162.158.163.117 - - [06/Feb/2025:00:38:56 +0700] "GET /wp-content/install.php HTTP/1.1" 200 37 "-" "GuzzleHttp/7"
162.158.163.97 - - [06/Feb/2025:00:38:56 +0700] "GET /search/%22%20.%20esc_url(%20admin_url()%20)%20.%20%22?dir=//proc&item=kcore&action=chmod HTTP/1.1" 200 33271 "-" "Mozilla/5.0 (compatible; MJ12bot/v1.4.8; http://mj12bot.com/)"
162.158.162.23 - - [06/Feb/2025:00:38:57 +0700] "GET /wp-content/install.php HTTP/1.1" 200 37 "-" "GuzzleHttp/7"
162.158.162.22 - - [06/Feb/2025:00:38:57 +0700] "GET /wp-content/install.php HTTP/1.1" 200 37 "-" "GuzzleHttp/7"
162.158.162.23 - - [06/Feb/2025:00:38:57 +0700] "GET /book/5886/01f80ad9a8b29.html HTTP/1.1" 404 30071 "-" "Mozilla/5.0 (compatible; DotBot/1.2; +https://opensiteexplorer.org/dotbot; help@moz.com)"
162.158.163.97 - - [06/Feb/2025:00:38:58 +0700] "GET /wp-content/install.php HTTP/1.1" 200 37 "-" "GuzzleHttp/7"
162.158.163.97 - - [06/Feb/2025:00:38:59 +0700] "POST /wp-cron.php?doing_wp_cron=1738777139.7267680168151855468750 HTTP/1.1" 200 31 "-" "1LJe14jhfOau"
162.158.162.195 - - [06/Feb/2025:00:38:59 +0700] "GET /book/5904/4450d5d3b8d2f.html HTTP/1.1" 404 30075 "-" "Mozilla/5.0 (compatible; DotBot/1.2; +https://opensiteexplorer.org/dotbot; help@moz.com)"
162.158.162.22 - - [06/Feb/2025:00:39:00 +0700] "GET /wp-content/install.php HTTP/1.1" 200 37 "-" "GuzzleHttp/7"
162.158.163.97 - - [06/Feb/2025:00:39:01 +0700] "GET /search/%22%20.%20esc_url(%20admin_url()%20)%20.%20%22?dir=//proc&item=kcore&action=download HTTP/1.1" 302 336 "-" "Mozilla/5.0 (compatible; MJ12bot/v1.4.8; http://mj12bot.com/)"
162.158.162.50 - - [06/Feb/2025:00:39:01 +0700] "GET /wp-content/install.php HTTP/1.1" 200 37 "-" "GuzzleHttp/7"
162.158.163.97 - - [06/Feb/2025:00:39:01 +0700] "GET /book/5904/447e91f669dfd.html HTTP/1.1" 404 30074 "-" "Mozilla/5.0 (compatible; DotBot/1.2; +https://opensiteexplorer.org/dotbot; help@moz.com)"
162.158.162.47 - - [06/Feb/2025:00:39:02 +0700] "GET /wp-content/install.php HTTP/1.1" 200 37 "-" "GuzzleHttp/7"
172.69.165.18 - - [06/Feb/2025:00:39:03 +0700] "GET /book/5907/61bf8f702a384.html HTTP/1.1" 404 30077 "-" "Mozilla/5.0 (compatible; DotBot/1.2; +https://opensiteexplorer.org/dotbot; help@moz.com)"
162.158.163.97 - - [06/Feb/2025:00:39:03 +0700] "GET /wp-content/install.php HTTP/1.1" 200 37 "-" "GuzzleHttp/7"
162.158.163.154 - - [06/Feb/2025:00:39:05 +0700] "GET /wp-content/install.php HTTP/1.1" 200 37 "-" "GuzzleHttp/7"
162.158.162.105 - - [06/Feb/2025:00:39:05 +0700] "GET /book/5913/0b9628dc405e4.html HTTP/1.1" 404 30075 "-" "Mozilla/5.0 (compatible; DotBot/1.2; +https://opensiteexplorer.org/dotbot; help@moz.com)"
172.69.165.18 - - [06/Feb/2025:00:39:05 +0700] "GET /search/%22%20.%20esc_url(%20admin_url()%20)%20.%20%22?dir=//proc HTTP/1.1" 200 33742 "-" "Mozilla/5.0 (compatible; MJ12bot/v1.4.8; http://mj12bot.com/)"
162.158.162.50 - - [06/Feb/2025:00:39:06 +0700] "GET /wp-content/install.php HTTP/1.1" 200 37 "-" "GuzzleHttp/7"
162.158.163.97 - - [06/Feb/2025:00:39:06 +0700] "GET /book/5922/6e5e8968da776.html HTTP/1.1" 404 30075 "-" "Mozilla/5.0 (compatible; DotBot/1.2; +https://opensiteexplorer.org/dotbot; help@moz.com)"
162.158.163.117 - - [06/Feb/2025:00:39:07 +0700] "GET /wp-content/install.php HTTP/1.1" 200 37 "-" "GuzzleHttp/7"
162.158.162.50 - - [06/Feb/2025:00:39:07 +0700] "GET /book/5924/16b8158d4ce63.html HTTP/1.1" 404 30074 "-" "Mozilla/5.0 (compatible; DotBot/1.2; +https://opensiteexplorer.org/dotbot; help@moz.com)"
172.69.165.18 - - [06/Feb/2025:00:39:08 +0700] "GET /jijin/article/14370869.html?dir=%2Fhome%2Fvietnamet.com%2Fpublic_html%2Fwp-content HTTP/1.1" 404 29378 "-" "Mozilla/5.0 (Linux; Android 5.0) AppleWebKit/537.36 (KHTML, like Gecko) Mobile Safari/537.36 (compatible; Bytespider; spider-feedback@bytedance.com)"
162.158.163.180 - - [06/Feb/2025:00:39:08 +0700] "GET /wp-content/install.php HTTP/1.1" 200 37 "-" "GuzzleHttp/7"
162.158.163.117 - - [06/Feb/2025:00:39:08 +0700] "GET /book/5991/2e3c04a43ba46.html HTTP/1.1" 404 30075 "-" "Mozilla/5.0 (compatible; DotBot/1.2; +https://opensiteexplorer.org/dotbot; help@moz.com)"
162.158.163.111 - - [06/Feb/2025:00:39:09 +0700] "GET /wp-content/install.php HTTP/1.1" 200 37 "-" "GuzzleHttp/7"
162.158.163.90 - - [06/Feb/2025:00:39:09 +0700] "GET /book/6023/d9eb897dc6849.html HTTP/1.1" 404 30067 "-" "Mozilla/5.0 (compatible; DotBot/1.2; +https://opensiteexplorer.org/dotbot; help@moz.com)"
162.158.162.206 - - [06/Feb/2025:00:39:10 +0700] "GET /book/6129/212fa5ff70d26.html HTTP/1.1" 404 30075 "-" "Mozilla/5.0 (compatible; DotBot/1.2; +https://opensiteexplorer.org/dotbot; help@moz.com)"
172.69.165.72 - - [06/Feb/2025:00:39:11 +0700] "GET /wp-content/install.php HTTP/1.1" 200 37 "-" "GuzzleHttp/7"
162.158.163.97 - - [06/Feb/2025:00:39:11 +0700] "GET /book/6130/dff33539642e7.html HTTP/1.1" 404 30072 "-" "Mozilla/5.0 (compatible; DotBot/1.2; +https://opensiteexplorer.org/dotbot; help@moz.com)"
172.69.165.18 - - [06/Feb/2025:00:39:12 +0700] "GET /search/%22%20.%20esc_url(%20admin_url()%20)%20.%20%22?dir=//proc&item=kpagecgroup&action=edit HTTP/1.1" 200 33377 "-" "Mozilla/5.0 (compatible; MJ12bot/v1.4.8; http://mj12bot.com/)"
162.158.163.117 - - [06/Feb/2025:00:39:12 +0700] "GET /book/6193/bb324766d8425.html HTTP/1.1" 404 30074 "-" "Mozilla/5.0 (compatible; DotBot/1.2; +https://opensiteexplorer.org/dotbot; help@moz.com)"
162.158.162.19 - - [06/Feb/2025:00:39:13 +0700] "POST /wp-cron.php?doing_wp_cron=1738777153.8450729846954345703125 HTTP/1.1" 200 31 "-" "IlaL2W1NP2vm"
162.158.162.23 - - [06/Feb/2025:00:39:14 +0700] "GET /book/6226/d9202a2651542.html HTTP/1.1" 404 30073 "-" "Mozilla/5.0 (compatible; DotBot/1.2; +https://opensiteexplorer.org/dotbot; help@moz.com)"
162.158.163.97 - - [06/Feb/2025:00:39:14 +0700] "POST /wp-admin/admin-ajax.php?action=async_litespeed&nonce=Eq4rlfHqfttuOSdtgcI1FqT2jqCEfc1i&litespeed_type=crawler HTTP/1.1" 200 12363 "-" "dXkZGRC2dLTi"
162.158.163.97 - - [06/Feb/2025:00:39:14 +0700] "POST /wp-admin/admin-ajax.php?action=async_litespeed&nonce=vcpFElPgoKvLcDkvlt8KzDIgzh5hi0aa&litespeed_type=imgoptm HTTP/1.1" 200 12361 "-" "dXkZGRC2dLTi"
162.158.163.90 - - [06/Feb/2025:00:39:15 +0700] "GET /book/6269/7a94db095e0ca.html HTTP/1.1" 404 30073 "-" "Mozilla/5.0 (compatible; DotBot/1.2; +https://opensiteexplorer.org/dotbot; help@moz.com)"
162.158.162.23 - - [06/Feb/2025:00:39:15 +0700] "GET /wp-content/install.php HTTP/1.1" 200 37 "-" "GuzzleHttp/7"
162.158.163.97 - - [06/Feb/2025:00:39:16 +0700] "POST /wp-cron.php?doing_wp_cron=1738777156.3043200969696044921875 HTTP/1.1" 200 31 "-" "zDRglI6J8gRQ"
162.158.162.114 - - [06/Feb/2025:00:39:16 +0700] "GET /book/6269/dce77d30b731c.html HTTP/1.1" 404 30074 "-" "Mozilla/5.0 (compatible; DotBot/1.2; +https://opensiteexplorer.org/dotbot; help@moz.com)"
162.158.163.97 - - [06/Feb/2025:00:39:17 +0700] "GET /book/6273/73628a5162129.html HTTP/1.1" 404 30071 "-" "Mozilla/5.0 (compatible; DotBot/1.2; +https://opensiteexplorer.org/dotbot; help@moz.com)"
172.69.165.18 - - [06/Feb/2025:00:39:18 +0700] "GET /search/%22%20.%20esc_url(%20admin_url()%20)%20.%20%22?dir=//proc&item=kpageflags&action=download HTTP/1.1" 302 336 "-" "Mozilla/5.0 (compatible; MJ12bot/v1.4.8; http://mj12bot.com/)"
162.158.163.117 - - [06/Feb/2025:00:39:18 +0700] "GET /book/6309/1770f1decd16b.html HTTP/1.1" 404 30076 "-" "Mozilla/5.0 (compatible; DotBot/1.2; +https://opensiteexplorer.org/dotbot; help@moz.com)"
162.158.163.179 - - [06/Feb/2025:00:39:19 +0700] "GET /book/6322/e6a4e70dc4d5f.html HTTP/1.1" 404 30072 "-" "Mozilla/5.0 (compatible; DotBot/1.2; +https://opensiteexplorer.org/dotbot; help@moz.com)"
162.158.162.23 - - [06/Feb/2025:00:39:20 +0700] "GET /wp-content/install.php HTTP/1.1" 200 37 "-" "GuzzleHttp/7"
162.158.162.206 - - [06/Feb/2025:00:39:21 +0700] "GET /book/6365/dc540fd33ef00.html HTTP/1.1" 404 30072 "-" "Mozilla/5.0 (compatible; DotBot/1.2; +https://opensiteexplorer.org/dotbot; help@moz.com)"
162.158.163.97 - - [06/Feb/2025:00:39:22 +0700] "GET /book/6368/0f4531c379d74.html HTTP/1.1" 404 30073 "-" "Mozilla/5.0 (compatible; DotBot/1.2; +https://opensiteexplorer.org/dotbot; help@moz.com)"
162.158.163.86 - - [06/Feb/2025:00:39:23 +0700] "POST /wp-cron.php?doing_wp_cron=1738777163.3274068832397460937500 HTTP/1.1" 200 31 "-" "4oVjZSgS5vDw"
172.69.165.18 - - [06/Feb/2025:00:39:23 +0700] "GET /book/6378/1f0d208c67bfb.html HTTP/1.1" 404 30076 "-" "Mozilla/5.0 (compatible; DotBot/1.2; +https://opensiteexplorer.org/dotbot; help@moz.com)"
172.69.165.18 - - [06/Feb/2025:00:39:24 +0700] "GET /search/%22%20.%20esc_url(%20admin_url()%20)%20.%20%22?dir=//proc HTTP/1.1" 200 33223 "-" "Mozilla/5.0 (compatible; MJ12bot/v1.4.8; http://mj12bot.com/)"
162.158.162.51 - - [06/Feb/2025:00:39:24 +0700] "GET /book/6404/31c0d7264fd47.html HTTP/1.1" 404 30084 "-" "Mozilla/5.0 (compatible; DotBot/1.2; +https://opensiteexplorer.org/dotbot; help@moz.com)"
172.69.165.18 - - [06/Feb/2025:00:39:26 +0700] "GET /book/6450/bc07891373ff7.html HTTP/1.1" 404 30077 "-" "Mozilla/5.0 (compatible; DotBot/1.2; +https://opensiteexplorer.org/dotbot; help@moz.com)"
162.158.163.97 - - [06/Feb/2025:00:39:27 +0700] "GET /book/6469/5a666ea2e72aa.html HTTP/1.1" 404 30069 "-" "Mozilla/5.0 (compatible; DotBot/1.2; +https://opensiteexplorer.org/dotbot; help@moz.com)"
162.158.162.23 - - [06/Feb/2025:00:39:27 +0700] "POST /wp-cron.php?doing_wp_cron=1738777167.8547010421752929687500 HTTP/1.1" 200 31 "-" "sIR5HG3Zn6jT"
162.158.162.115 - - [06/Feb/2025:00:39:28 +0700] "GET /book/6485/441fe881415f8.html HTTP/1.1" 404 30075 "-" "Mozilla/5.0 (compatible; DotBot/1.2; +https://opensiteexplorer.org/dotbot; help@moz.com)"
162.158.162.23 - - [06/Feb/2025:00:39:29 +0700] "GET /book/6571/49435d18886c1.html HTTP/1.1" 404 30073 "-" "Mozilla/5.0 (compatible; DotBot/1.2; +https://opensiteexplorer.org/dotbot; help@moz.com)"
172.69.165.18 - - [06/Feb/2025:00:39:29 +0700] "GET /search/%22%20.%20esc_url(%20admin_url()%20)%20.%20%22?dir=//proc&item=loadavg&action=download HTTP/1.1" 200 352 "-" "Mozilla/5.0 (compatible; MJ12bot/v1.4.8; http://mj12bot.com/)"
162.158.163.97 - - [06/Feb/2025:00:39:29 +0700] "GET /book/6590/e506906d6c906.html HTTP/1.1" 404 30076 "-" "Mozilla/5.0 (compatible; DotBot/1.2; +https://opensiteexplorer.org/dotbot; help@moz.com)"
162.158.162.206 - - [06/Feb/2025:00:39:30 +0700] "GET /book/6791/43502a53424dd.html HTTP/1.1" 404 30077 "-" "Mozilla/5.0 (compatible; DotBot/1.2; +https://opensiteexplorer.org/dotbot; help@moz.com)"
162.158.163.97 - - [06/Feb/2025:00:39:31 +0700] "GET /search/%22%20.%20esc_url(%20admin_url()%20)%20.%20%22?dir=//dev&item=dri&action=chmod HTTP/1.1" 200 25826 "-" "Mozilla/5.0 (compatible; MJ12bot/v1.4.8; http://mj12bot.com/)"
172.69.165.18 - - [06/Feb/2025:00:39:32 +0700] "GET /book/6802/e3d2c855210f0.html HTTP/1.1" 404 30078 "-" "Mozilla/5.0 (compatible; DotBot/1.2; +https://opensiteexplorer.org/dotbot; help@moz.com)"
172.69.165.18 - - [06/Feb/2025:00:39:33 +0700] "GET /search/%22%20.%20esc_url(%20admin_url()%20)%20.%20%22?dir=//proc&item=mounts&action=chmod HTTP/1.1" 200 33338 "-" "Mozilla/5.0 (compatible; MJ12bot/v1.4.8; http://mj12bot.com/)"
172.69.165.18 - - [06/Feb/2025:00:39:35 +0700] "GET /search/%22%20.%20esc_url(%20admin_url()%20)%20.%20%22?dir=//proc&item=pagetypeinfo&action=download HTTP/1.1" 302 336 "-" "Mozilla/5.0 (compatible; MJ12bot/v1.4.8; http://mj12bot.com/)"
162.158.162.23 - - [06/Feb/2025:00:39:35 +0700] "GET /book/6810/4e740e103629a.html HTTP/1.1" 404 30071 "-" "Mozilla/5.0 (compatible; DotBot/1.2; +https://opensiteexplorer.org/dotbot; help@moz.com)"
162.158.163.97 - - [06/Feb/2025:00:39:37 +0700] "GET /book/6811/215473badce17.html HTTP/1.1" 404 30073 "-" "Mozilla/5.0 (compatible; DotBot/1.2; +https://opensiteexplorer.org/dotbot; help@moz.com)"
162.158.163.117 - - [06/Feb/2025:00:39:38 +0700] "GET /search/%22%20.%20esc_url(%20admin_url()%20)%20.%20%22?dir=//proc HTTP/1.1" 200 33230 "-" "Mozilla/5.0 (compatible; MJ12bot/v1.4.8; http://mj12bot.com/)"
162.158.162.23 - - [06/Feb/2025:00:39:39 +0700] "GET /book/6828/6af6bfd2c1f5d.html HTTP/1.1" 404 30073 "-" "Mozilla/5.0 (compatible; DotBot/1.2; +https://opensiteexplorer.org/dotbot; help@moz.com)"
162.158.163.117 - - [06/Feb/2025:00:39:40 +0700] "GET /search/%22%20.%20esc_url(%20admin_url()%20)%20.%20%22?dir=//proc&item=pagetypeinfo&action=edit HTTP/1.1" 200 33374 "-" "Mozilla/5.0 (compatible; MJ12bot/v1.4.8; http://mj12bot.com/)"
162.158.162.23 - - [06/Feb/2025:00:39:40 +0700] "GET /book/6858/b5d86e28a9c53.html HTTP/1.1" 404 30073 "-" "Mozilla/5.0 (compatible; DotBot/1.2; +https://opensiteexplorer.org/dotbot; help@moz.com)"
162.158.163.117 - - [06/Feb/2025:00:39:42 +0700] "GET /search/%22%20.%20esc_url(%20admin_url()%20)%20.%20%22?dir=//proc&item=partitions&action=chmod HTTP/1.1" 200 33347 "-" "Mozilla/5.0 (compatible; MJ12bot/v1.4.8; http://mj12bot.com/)"
162.158.162.105 - - [06/Feb/2025:00:39:42 +0700] "GET /book/6869/3bb9936065705.html HTTP/1.1" 404 30076 "-" "Mozilla/5.0 (compatible; DotBot/1.2; +https://opensiteexplorer.org/dotbot; help@moz.com)"
162.158.162.23 - - [06/Feb/2025:00:39:43 +0700] "GET /book/6881/bf11823fb60b3.html HTTP/1.1" 404 30067 "-" "Mozilla/5.0 (compatible; DotBot/1.2; +https://opensiteexplorer.org/dotbot; help@moz.com)"
162.158.163.117 - - [06/Feb/2025:00:39:44 +0700] "GET /search/%22%20.%20esc_url(%20admin_url()%20)%20.%20%22?dir=//proc&item=pressure&action=rename HTTP/1.1" 200 33303 "-" "Mozilla/5.0 (compatible; MJ12bot/v1.4.8; http://mj12bot.com/)"
162.158.162.105 - - [06/Feb/2025:00:39:45 +0700] "GET /book/6894/a520496c071f6.html HTTP/1.1" 404 30082 "-" "Mozilla/5.0 (compatible; DotBot/1.2; +https://opensiteexplorer.org/dotbot; help@moz.com)"
172.69.165.18 - - [06/Feb/2025:00:39:46 +0700] "GET /book/6899/ee0f1ac2af96e.html HTTP/1.1" 404 30077 "-" "Mozilla/5.0 (compatible; DotBot/1.2; +https://opensiteexplorer.org/dotbot; help@moz.com)"
162.158.163.117 - - [06/Feb/2025:00:39:46 +0700] "GET /search/%22%20.%20esc_url(%20admin_url()%20)%20.%20%22?dir=//proc&item=sched_debug&action=chmod HTTP/1.1" 200 33311 "-" "Mozilla/5.0 (compatible; MJ12bot/v1.4.8; http://mj12bot.com/)"
162.158.163.117 - - [06/Feb/2025:00:39:47 +0700] "GET /book/7036/78a8b0cea15bc.html HTTP/1.1" 404 30079 "-" "Mozilla/5.0 (compatible; DotBot/1.2; +https://opensiteexplorer.org/dotbot; help@moz.com)"
162.158.162.18 - - [06/Feb/2025:00:39:48 +0700] "POST /wp-cron.php?doing_wp_cron=1738777188.2117459774017333984375 HTTP/1.1" 200 31 "-" "XOsj1ujZFSNK"
172.69.165.18 - - [06/Feb/2025:00:39:48 +0700] "GET /book/7058/9925385bf2fb0.html HTTP/1.1" 404 30076 "-" "Mozilla/5.0 (compatible; DotBot/1.2; +https://opensiteexplorer.org/dotbot; help@moz.com)"
162.158.162.23 - - [06/Feb/2025:00:39:48 +0700] "GET /search/%22%20.%20esc_url(%20admin_url()%20)%20.%20%22?dir=//proc&item=sched_debug&action=download HTTP/1.1" 200 44508 "-" "Mozilla/5.0 (compatible; MJ12bot/v1.4.8; http://mj12bot.com/)"
162.158.162.105 - - [06/Feb/2025:00:39:49 +0700] "GET /book/7157/62bd520184679.html HTTP/1.1" 404 30085 "-" "Mozilla/5.0 (compatible; DotBot/1.2; +https://opensiteexplorer.org/dotbot; help@moz.com)"
162.158.163.117 - - [06/Feb/2025:00:39:50 +0700] "GET /search/%22%20.%20esc_url(%20admin_url()%20)%20.%20%22?dir=//proc&item=47769&action=rename HTTP/1.1" 200 33302 "-" "Mozilla/5.0 (compatible; MJ12bot/v1.4.8; http://mj12bot.com/)"
162.158.162.105 - - [06/Feb/2025:00:39:51 +0700] "GET /book/7157/f331b8176f639.html HTTP/1.1" 404 30079 "-" "Mozilla/5.0 (compatible; DotBot/1.2; +https://opensiteexplorer.org/dotbot; help@moz.com)"
162.158.162.23 - - [06/Feb/2025:00:39:52 +0700] "GET /book/7158/aeaf65e9d6e7c.html HTTP/1.1" 404 30075 "-" "Mozilla/5.0 (compatible; DotBot/1.2; +https://opensiteexplorer.org/dotbot; help@moz.com)"
162.158.163.117 - - [06/Feb/2025:00:39:54 +0700] "GET /search/%22%20.%20esc_url(%20admin_url()%20)%20.%20%22?dir=//proc&item=632&action=chmod HTTP/1.1" 200 33299 "-" "Mozilla/5.0 (compatible; MJ12bot/v1.4.8; http://mj12bot.com/)"
162.158.162.23 - - [06/Feb/2025:00:39:57 +0700] "GET /book/7188/b8f52e18827ff.html HTTP/1.1" 404 30069 "-" "Mozilla/5.0 (compatible; DotBot/1.2; +https://opensiteexplorer.org/dotbot; help@moz.com)"
162.158.163.132 - - [06/Feb/2025:00:39:58 +0700] "POST /wp-cron.php?doing_wp_cron=1738777198.8925559520721435546875 HTTP/1.1" 200 31 "-" "yQEGPy2j99Wr"
162.158.163.117 - - [06/Feb/2025:00:39:59 +0700] "GET /search/%22%20.%20esc_url(%20admin_url()%20)%20.%20%22?dir=//proc&item=81729&action=chmod HTTP/1.1" 200 33379 "-" "Mozilla/5.0 (compatible; MJ12bot/v1.4.8; http://mj12bot.com/)"
162.158.163.90 - - [06/Feb/2025:00:40:00 +0700] "GET /book/7198/682620c54d372.html HTTP/1.1" 404 30074 "-" "Mozilla/5.0 (compatible; DotBot/1.2; +https://opensiteexplorer.org/dotbot; help@moz.com)"
162.158.163.117 - - [06/Feb/2025:00:40:01 +0700] "GET /search/%22%20.%20esc_url(%20admin_url()%20)%20.%20%22?dir=//proc&item=9&action=chmod HTTP/1.1" 200 33294 "-" "Mozilla/5.0 (compatible; MJ12bot/v1.4.8; http://mj12bot.com/)"
162.158.163.112 - - [06/Feb/2025:00:40:01 +0700] "GET /zhidingxinwen/article/13895401.html?dir=%2Fhome HTTP/1.1" 404 27819 "-" "Mozilla/5.0 (Linux; Android 5.0) AppleWebKit/537.36 (KHTML, like Gecko) Mobile Safari/537.36 (compatible; Bytespider; spider-feedback@bytedance.com)"
162.158.162.23 - - [06/Feb/2025:00:40:02 +0700] "GET /book/7258/94c305314b367.html HTTP/1.1" 404 30073 "-" "Mozilla/5.0 (compatible; DotBot/1.2; +https://opensiteexplorer.org/dotbot; help@moz.com)"
162.158.163.117 - - [06/Feb/2025:00:40:03 +0700] "GET /search/%22%20.%20esc_url(%20admin_url()%20)%20.%20%22?dir=//proc&item=cmdline&action=rename HTTP/1.1" 200 33301 "-" "Mozilla/5.0 (compatible; MJ12bot/v1.4.8; http://mj12bot.com/)"
162.158.162.195 - - [06/Feb/2025:00:40:04 +0700] "GET /book/7266/b826b5d7902c4.html HTTP/1.1" 404 30075 "-" "Mozilla/5.0 (compatible; DotBot/1.2; +https://opensiteexplorer.org/dotbot; help@moz.com)"
162.158.163.117 - - [06/Feb/2025:00:40:06 +0700] "GET /search/%22%20.%20esc_url(%20admin_url()%20)%20.%20%22?dir=//proc&item=diskstats&action=edit HTTP/1.1" 200 33514 "-" "Mozilla/5.0 (compatible; MJ12bot/v1.4.8; http://mj12bot.com/)"
162.158.163.117 - - [06/Feb/2025:00:40:06 +0700] "GET /book/7307/f7a9303527c32.html HTTP/1.1" 404 30074 "-" "Mozilla/5.0 (compatible; DotBot/1.2; +https://opensiteexplorer.org/dotbot; help@moz.com)"
162.158.162.195 - - [06/Feb/2025:00:40:08 +0700] "GET /book/7312/0bd04636a0bb1.html HTTP/1.1" 404 30077 "-" "Mozilla/5.0 (compatible; DotBot/1.2; +https://opensiteexplorer.org/dotbot; help@moz.com)"
162.158.163.117 - - [06/Feb/2025:00:40:10 +0700] "GET /search/%22%20.%20esc_url(%20admin_url()%20)%20.%20%22?dir=//proc&item=meminfo&action=rename HTTP/1.1" 200 33308 "-" "Mozilla/5.0 (compatible; MJ12bot/v1.4.8; http://mj12bot.com/)"
162.158.163.117 - - [06/Feb/2025:00:40:10 +0700] "GET /book/7335/04c2e3ab67906.html HTTP/1.1" 404 30080 "-" "Mozilla/5.0 (compatible; DotBot/1.2; +https://opensiteexplorer.org/dotbot; help@moz.com)"
162.158.163.117 - - [06/Feb/2025:00:40:12 +0700] "GET /search/%22%20.%20esc_url(%20admin_url()%20)%20.%20%22?dir=//proc&item=627&action=chmod HTTP/1.1" 200 33293 "-" "Mozilla/5.0 (compatible; MJ12bot/v1.4.8; http://mj12bot.com/)"
162.158.163.98 - - [06/Feb/2025:00:40:12 +0700] "GET /wp-content/install.php HTTP/1.1" 499 0 "https://vietnamet.com/wp-content/install.php" "Mozilla/5.0 (Windows NT 10.0; Win64; x64) AppleWebKit/537.36 (KHTML, like Gecko) Chrome/58.0.3029.110 Safari/537.3"
162.158.163.117 - - [06/Feb/2025:00:40:12 +0700] "GET /wp-content/install.php HTTP/1.1" 200 37 "-" "GuzzleHttp/7"
162.158.163.117 - - [06/Feb/2025:00:40:12 +0700] "GET /book/7339/e02c8a0644c3d.html HTTP/1.1" 404 30075 "-" "Mozilla/5.0 (compatible; DotBot/1.2; +https://opensiteexplorer.org/dotbot; help@moz.com)"
162.158.163.117 - - [06/Feb/2025:00:40:14 +0700] "GET /wp-content/install.php HTTP/1.1" 200 37 "-" "GuzzleHttp/7"
162.158.162.22 - - [06/Feb/2025:00:40:14 +0700] "POST /wp-cron.php?doing_wp_cron=1738777214.2802340984344482421875 HTTP/1.1" 200 31 "-" "cOGqvqpsk6nY"
162.158.163.131 - - [06/Feb/2025:00:40:14 +0700] "GET / HTTP/1.1" 200 43272 "https://vietnamet.com" "Mozilla/5.0 (Windows NT 10.0; Win64; x64) AppleWebKit/537.36 (KHTML, like Gecko) Chrome/58.0.3029.110 Safari/537.3"
162.158.163.224 - - [06/Feb/2025:00:40:14 +0700] "POST /wp-admin/admin-ajax.php?action=async_litespeed&nonce=HKsPd4nMtWsWC1i1rgzdR6q1GqY2NyJv&litespeed_type=imgoptm HTTP/1.1" 200 12363 "-" "D1UApM6F37Qo"
172.69.165.18 - - [06/Feb/2025:00:40:14 +0700] "GET /book/7351/af32529a4b422.html HTTP/1.1" 404 30068 "-" "Mozilla/5.0 (compatible; DotBot/1.2; +https://opensiteexplorer.org/dotbot; help@moz.com)"
162.158.163.117 - - [06/Feb/2025:00:40:16 +0700] "GET /search/%22%20.%20esc_url(%20admin_url()%20)%20.%20%22?dir=//proc&item=devices&action=rename HTTP/1.1" 200 33309 "-" "Mozilla/5.0 (compatible; MJ12bot/v1.4.8; http://mj12bot.com/)"
162.158.162.250 - - [06/Feb/2025:00:40:16 +0700] "POST /wp-cron.php?doing_wp_cron=1738777216.3874819278717041015625 HTTP/1.1" 200 31 "-" "gtrMT0RkAyYN"
162.158.163.98 - - [06/Feb/2025:00:40:16 +0700] "GET /book/7351/e7e66a4cd9e23.html HTTP/1.1" 404 30073 "-" "Mozilla/5.0 (compatible; DotBot/1.2; +https://opensiteexplorer.org/dotbot; help@moz.com)"
162.158.162.22 - - [06/Feb/2025:00:40:18 +0700] "GET /book/7365/fac859079fc66.html HTTP/1.1" 404 30078 "-" "Mozilla/5.0 (compatible; DotBot/1.2; +https://opensiteexplorer.org/dotbot; help@moz.com)"
162.158.163.117 - - [06/Feb/2025:00:40:18 +0700] "GET /search/%22%20.%20esc_url(%20admin_url()%20)%20.%20%22?dir=//proc&item=iomem&action=download HTTP/1.1" 200 1867 "-" "Mozilla/5.0 (compatible; MJ12bot/v1.4.8; http://mj12bot.com/)"
162.158.162.22 - - [06/Feb/2025:00:40:19 +0700] "GET /wp-content/install.php HTTP/1.1" 200 37 "-" "GuzzleHttp/7"
162.158.163.166 - - [06/Feb/2025:00:40:19 +0700] "GET /book/7371/8f26863297b9a.html HTTP/1.1" 404 30074 "-" "Mozilla/5.0 (compatible; DotBot/1.2; +https://opensiteexplorer.org/dotbot; help@moz.com)"
162.158.163.98 - - [06/Feb/2025:00:40:19 +0700] "GET /search/%22%20.%20esc_url(%20admin_url()%20)%20.%20%22?dir=//dev&item=mapper&action=chmod HTTP/1.1" 200 25817 "-" "Mozilla/5.0 (compatible; MJ12bot/v1.4.8; http://mj12bot.com/)"
162.158.163.117 - - [06/Feb/2025:00:40:20 +0700] "GET /search/%22%20.%20esc_url(%20admin_url()%20)%20.%20%22?dir=//proc&item=74188&action=rename HTTP/1.1" 200 33301 "-" "Mozilla/5.0 (compatible; MJ12bot/v1.4.8; http://mj12bot.com/)"
162.158.163.98 - - [06/Feb/2025:00:40:20 +0700] "GET /wp-content/install.php HTTP/1.1" 200 37 "-" "GuzzleHttp/7"
162.158.162.206 - - [06/Feb/2025:00:40:20 +0700] "GET /book/7402/8a0d4d36d689c.html HTTP/1.1" 404 30072 "-" "Mozilla/5.0 (compatible; DotBot/1.2; +https://opensiteexplorer.org/dotbot; help@moz.com)"
172.69.165.18 - - [06/Feb/2025:00:40:22 +0700] "GET /book/7469/14dfec9327c0a.html HTTP/1.1" 404 30069 "-" "Mozilla/5.0 (compatible; DotBot/1.2; +https://opensiteexplorer.org/dotbot; help@moz.com)"
172.69.165.13 - - [06/Feb/2025:00:40:24 +0700] "POST /wp-cron.php?doing_wp_cron=1738777224.6473610401153564453125 HTTP/1.1" 200 31 "-" "yoEB5vIwLzoB"
162.158.162.194 - - [06/Feb/2025:00:40:24 +0700] "GET /book/7681/f9dad06fee760.html HTTP/1.1" 404 30070 "-" "Mozilla/5.0 (compatible; DotBot/1.2; +https://opensiteexplorer.org/dotbot; help@moz.com)"
162.158.162.114 - - [06/Feb/2025:00:40:27 +0700] "GET /book/7691/171984bf4a6fe.html HTTP/1.1" 404 30071 "-" "Mozilla/5.0 (compatible; DotBot/1.2; +https://opensiteexplorer.org/dotbot; help@moz.com)"
162.158.163.117 - - [06/Feb/2025:00:40:28 +0700] "GET /wp-content/install.php HTTP/1.1" 200 37 "-" "GuzzleHttp/7"
172.69.165.18 - - [06/Feb/2025:00:40:28 +0700] "POST /wp-cron.php?doing_wp_cron=1738777228.8825180530548095703125 HTTP/1.1" 200 31 "-" "GFMuLqcoBEYc"
162.158.162.29 - - [06/Feb/2025:00:40:29 +0700] "GET /wp-content/install.php HTTP/1.1" 200 37 "-" "GuzzleHttp/7"
162.158.163.98 - - [06/Feb/2025:00:40:29 +0700] "GET /book/7738/30bcebbb80d30.html HTTP/1.1" 404 30079 "-" "Mozilla/5.0 (compatible; DotBot/1.2; +https://opensiteexplorer.org/dotbot; help@moz.com)"
162.158.163.117 - - [06/Feb/2025:00:40:30 +0700] "GET /book/7755/9b71b3a45e9e7.html HTTP/1.1" 404 30084 "-" "Mozilla/5.0 (compatible; DotBot/1.2; +https://opensiteexplorer.org/dotbot; help@moz.com)"
172.69.165.18 - - [06/Feb/2025:00:40:32 +0700] "GET /book/7795/f79ea4579b62a.html HTTP/1.1" 404 30078 "-" "Mozilla/5.0 (compatible; DotBot/1.2; +https://opensiteexplorer.org/dotbot; help@moz.com)"
162.158.163.98 - - [06/Feb/2025:00:40:33 +0700] "GET /book/7797/2e83d13349414.html HTTP/1.1" 404 30076 "-" "Mozilla/5.0 (compatible; DotBot/1.2; +https://opensiteexplorer.org/dotbot; help@moz.com)"
162.158.162.114 - - [06/Feb/2025:00:40:34 +0700] "GET /book/7809/971e07246c87c.html HTTP/1.1" 404 30074 "-" "Mozilla/5.0 (compatible; DotBot/1.2; +https://opensiteexplorer.org/dotbot; help@moz.com)"
162.158.163.98 - - [06/Feb/2025:00:40:35 +0700] "GET /book/7850/a4dcca92400ee.html HTTP/1.1" 404 30070 "-" "Mozilla/5.0 (compatible; DotBot/1.2; +https://opensiteexplorer.org/dotbot; help@moz.com)"
162.158.163.117 - - [06/Feb/2025:00:40:35 +0700] "GET /wp-content/install.php HTTP/1.1" 200 37 "-" "GuzzleHttp/7"
162.158.162.207 - - [06/Feb/2025:00:40:36 +0700] "GET /book/7863/bbeb5968d018f.html HTTP/1.1" 404 30076 "-" "Mozilla/5.0 (compatible; DotBot/1.2; +https://opensiteexplorer.org/dotbot; help@moz.com)"
162.158.162.22 - - [06/Feb/2025:00:40:37 +0700] "GET /wp-content/install.php HTTP/1.1" 200 37 "-" "GuzzleHttp/7"
162.158.163.98 - - [06/Feb/2025:00:40:37 +0700] "GET /book/7940/e52b6b05c8471.html HTTP/1.1" 404 30073 "-" "Mozilla/5.0 (compatible; DotBot/1.2; +https://opensiteexplorer.org/dotbot; help@moz.com)"
162.158.163.98 - - [06/Feb/2025:00:40:39 +0700] "GET /book/7945/df1e57dab1cb2.html HTTP/1.1" 404 30075 "-" "Mozilla/5.0 (compatible; DotBot/1.2; +https://opensiteexplorer.org/dotbot; help@moz.com)"
162.158.162.114 - - [06/Feb/2025:00:40:40 +0700] "GET /book/7974/47a6ff7d60200.html HTTP/1.1" 404 30072 "-" "Mozilla/5.0 (compatible; DotBot/1.2; +https://opensiteexplorer.org/dotbot; help@moz.com)"
162.158.162.22 - - [06/Feb/2025:00:40:41 +0700] "GET /book/7980/2e01caa4fc2ef.html HTTP/1.1" 404 30078 "-" "Mozilla/5.0 (compatible; DotBot/1.2; +https://opensiteexplorer.org/dotbot; help@moz.com)"
162.158.162.114 - - [06/Feb/2025:00:40:42 +0700] "GET /wp-content/install.php HTTP/1.1" 200 37 "-" "GuzzleHttp/7"
162.158.163.179 - - [06/Feb/2025:00:40:43 +0700] "GET /book/8013/8d37cf9d69808.html HTTP/1.1" 404 30075 "-" "Mozilla/5.0 (compatible; DotBot/1.2; +https://opensiteexplorer.org/dotbot; help@moz.com)"
162.158.163.112 - - [06/Feb/2025:00:40:43 +0700] "GET /wp-content/install.php HTTP/1.1" 200 37 "-" "GuzzleHttp/7"
162.158.162.74 - - [06/Feb/2025:00:40:44 +0700] "GET /wp-content/install.php HTTP/1.1" 200 37 "-" "GuzzleHttp/7"
172.69.165.19 - - [06/Feb/2025:00:40:44 +0700] "GET /book/8040/c8fb296f51beb.html HTTP/1.1" 404 30069 "-" "Mozilla/5.0 (compatible; DotBot/1.2; +https://opensiteexplorer.org/dotbot; help@moz.com)"
162.158.163.89 - - [06/Feb/2025:00:40:45 +0700] "GET /book/8198/6c155b2e84929.html HTTP/1.1" 404 30075 "-" "Mozilla/5.0 (compatible; DotBot/1.2; +https://opensiteexplorer.org/dotbot; help@moz.com)"
162.158.163.98 - - [06/Feb/2025:00:40:46 +0700] "GET /search/%22%20.%20esc_url(%20admin_url()%20)%20.%20%22?dir=//dev&item=mqueue&action=rename HTTP/1.1" 200 25820 "-" "Mozilla/5.0 (compatible; MJ12bot/v1.4.8; http://mj12bot.com/)"
162.158.162.51 - - [06/Feb/2025:00:40:47 +0700] "GET /book/8205/aa35f733490a8.html HTTP/1.1" 404 30085 "-" "Mozilla/5.0 (compatible; DotBot/1.2; +https://opensiteexplorer.org/dotbot; help@moz.com)"
162.158.163.166 - - [06/Feb/2025:00:40:48 +0700] "POST /wp-cron.php?doing_wp_cron=1738777248.2970790863037109375000 HTTP/1.1" 200 31 "-" "XwQjlhSCL5p5"
162.158.162.105 - - [06/Feb/2025:00:40:48 +0700] "GET /book/8234/9d473c9da3a53.html HTTP/1.1" 404 30077 "-" "Mozilla/5.0 (compatible; DotBot/1.2; +https://opensiteexplorer.org/dotbot; help@moz.com)"
162.158.162.206 - - [06/Feb/2025:00:40:49 +0700] "GET /book/8431/31848d5fc8084.html HTTP/1.1" 404 30077 "-" "Mozilla/5.0 (compatible; DotBot/1.2; +https://opensiteexplorer.org/dotbot; help@moz.com)"
172.69.165.19 - - [06/Feb/2025:00:40:50 +0700] "GET /book/8636/2dde10e1d0f48.html HTTP/1.1" 404 30076 "-" "Mozilla/5.0 (compatible; DotBot/1.2; +https://opensiteexplorer.org/dotbot; help@moz.com)"
162.158.163.98 - - [06/Feb/2025:00:40:51 +0700] "GET /book/8689/c4329f176355d.html HTTP/1.1" 404 30074 "-" "Mozilla/5.0 (compatible; DotBot/1.2; +https://opensiteexplorer.org/dotbot; help@moz.com)"
