172.69.165.19 - - [06/Feb/2025:01:02:40 +0700] "GET /search/%22%20.%20esc_url(%20admin_url()%20)%20.%20%22?dir=//lib/git-core&item=git-web--browse&action=download HTTP/1.1" 200 1943 "-" "Mozilla/5.0 (compatible; MJ12bot/v1.4.8; http://mj12bot.com/)"
162.158.163.190 - - [06/Feb/2025:01:02:40 +0700] "GET /?action=rename&dir=%2Fhome%2Fvietnamet.com%2Fpublic_html%2Fwp-content%2Fplugins%2Fseo-by-rank-math%2Fvendor%2Fcomposer&item=autoload_files.php HTTP/1.1" 200 42029 "-" "Mozilla/5.0 AppleWebKit/537.36 (KHTML, like Gecko; compatible; GPTBot/1.2; +https://openai.com/gptbot)"
172.69.165.19 - - [06/Feb/2025:01:02:42 +0700] "GET /search/%22%20.%20esc_url(%20admin_url()%20)%20.%20%22?dir=//lib/git-core&item=git-web--browse&action=edit HTTP/1.1" 200 35881 "-" "Mozilla/5.0 (compatible; MJ12bot/v1.4.8; http://mj12bot.com/)"
172.69.165.19 - - [06/Feb/2025:01:02:44 +0700] "GET /search/%22%20.%20esc_url(%20admin_url()%20)%20.%20%22?dir=//lib/git-core&item=git-web--browse&action=rename HTTP/1.1" 200 34086 "-" "Mozilla/5.0 (compatible; MJ12bot/v1.4.8; http://mj12bot.com/)"
162.158.163.189 - - [06/Feb/2025:01:02:45 +0700] "GET /?action=chmod&dir=%2Fhome%2Fvietnamet.com%2Fpublic_html%2Fwp-content%2Fplugins%2Fseo-by-rank-math%2Fincludes&item=class-thumbnail-overlay.php HTTP/1.1" 200 43276 "-" "Mozilla/5.0 AppleWebKit/537.36 (KHTML, like Gecko; compatible; GPTBot/1.2; +https://openai.com/gptbot)"
172.69.165.19 - - [06/Feb/2025:01:02:46 +0700] "GET /search/%22%20.%20esc_url(%20admin_url()%20)%20.%20%22?dir=//lib/git-core&item=git-whatchanged&action=chmod HTTP/1.1" 200 34092 "-" "Mozilla/5.0 (compatible; MJ12bot/v1.4.8; http://mj12bot.com/)"
172.69.165.19 - - [06/Feb/2025:01:02:48 +0700] "GET /search/%22%20.%20esc_url(%20admin_url()%20)%20.%20%22?dir=//lib/git-core&item=git-whatchanged&action=download HTTP/1.1" 200 1527651 "-" "Mozilla/5.0 (compatible; MJ12bot/v1.4.8; http://mj12bot.com/)"
162.158.163.97 - - [06/Feb/2025:01:02:50 +0700] "POST /wp-cron.php?doing_wp_cron=1738778570.8033180236816406250000 HTTP/1.1" 200 31 "-" "yNmsHfFNcGPv"
172.69.165.19 - - [06/Feb/2025:01:02:51 +0700] "GET /search/%22%20.%20esc_url(%20admin_url()%20)%20.%20%22?dir=//lib/git-core&item=git-whatchanged&action=edit HTTP/1.1" 200 34111 "-" "Mozilla/5.0 (compatible; MJ12bot/v1.4.8; http://mj12bot.com/)"
172.69.165.19 - - [06/Feb/2025:01:02:53 +0700] "GET /search/%22%20.%20esc_url(%20admin_url()%20)%20.%20%22?dir=//lib/git-core&item=git-whatchanged&action=rename HTTP/1.1" 200 34094 "-" "Mozilla/5.0 (compatible; MJ12bot/v1.4.8; http://mj12bot.com/)"
172.69.165.19 - - [06/Feb/2025:01:02:55 +0700] "GET /search/%22%20.%20esc_url(%20admin_url()%20)%20.%20%22?dir=//lib/git-core&item=git-worktree&action=chmod HTTP/1.1" 200 34086 "-" "Mozilla/5.0 (compatible; MJ12bot/v1.4.8; http://mj12bot.com/)"
162.158.163.97 - - [06/Feb/2025:01:02:57 +0700] "GET /search/%22%20.%20esc_url(%20admin_url()%20)%20.%20%22?dir=//lib/git-core&item=git-worktree&action=download HTTP/1.1" 200 1527650 "-" "Mozilla/5.0 (compatible; MJ12bot/v1.4.8; http://mj12bot.com/)"
162.158.162.22 - - [06/Feb/2025:01:02:59 +0700] "POST /wp-cron.php?doing_wp_cron=1738778579.2234499454498291015625 HTTP/1.1" 200 31 "-" "JIS8scwB1BvJ"
162.158.163.165 - - [06/Feb/2025:01:02:59 +0700] "GET /?dir=/home/vietnamet.com/public_html/wp-includes/js/tinymce/skins/lightgray/fonts&item=.&action=chmod HTTP/1.1" 301 52499 "-" "Mozilla/5.0 (compatible; MJ12bot/v1.4.8; http://mj12bot.com/)"
162.158.163.189 - - [06/Feb/2025:01:03:00 +0700] "GET /?action=chmod&dir=%2Fhome%2Fvietnamet.com%2Fpublic_html%2Fwp-content%2Fplugins%2Fseo-by-rank-math%2Fincludes%2Fadmin&item=class-admin.php HTTP/1.1" 200 43194 "-" "Mozilla/5.0 AppleWebKit/537.36 (KHTML, like Gecko; compatible; GPTBot/1.2; +https://openai.com/gptbot)"
162.158.162.22 - - [06/Feb/2025:01:03:00 +0700] "GET /search/%22%20.%20esc_url(%20admin_url()%20)%20.%20%22?dir=//lib/git-core&item=git-worktree&action=edit HTTP/1.1" 200 34114 "-" "Mozilla/5.0 (compatible; MJ12bot/v1.4.8; http://mj12bot.com/)"
162.158.163.189 - - [06/Feb/2025:01:03:02 +0700] "GET /?action=edit&dir=%2Fhome%2Fvietnamet.com%2Fpublic_html%2Fwp-content%2Fplugins%2Fseo-by-rank-math%2Fincludes%2Fopengraph&item=class-slack.php HTTP/1.1" 200 43754 "-" "Mozilla/5.0 AppleWebKit/537.36 (KHTML, like Gecko; compatible; GPTBot/1.2; +https://openai.com/gptbot)"
162.158.162.22 - - [06/Feb/2025:01:03:02 +0700] "GET /search/%22%20.%20esc_url(%20admin_url()%20)%20.%20%22?dir=//lib/git-core&item=git-worktree&action=rename HTTP/1.1" 200 34082 "-" "Mozilla/5.0 (compatible; MJ12bot/v1.4.8; http://mj12bot.com/)"
162.158.162.22 - - [06/Feb/2025:01:03:05 +0700] "GET /search/%22%20.%20esc_url(%20admin_url()%20)%20.%20%22?dir=//lib/git-core&item=git-write-tree&action=chmod HTTP/1.1" 200 34089 "-" "Mozilla/5.0 (compatible; MJ12bot/v1.4.8; http://mj12bot.com/)"
162.158.163.97 - - [06/Feb/2025:01:03:05 +0700] "GET /?action=chmod&dir=%2Fhome%2Fvietnamet.com%2Fpublic_html%2Fwp-content%2Fplugins%2Fseo-by-rank-math%2Fincludes&item=class-json-manager.php HTTP/1.1" 200 43272 "-" "Mozilla/5.0 AppleWebKit/537.36 (KHTML, like Gecko; compatible; GPTBot/1.2; +https://openai.com/gptbot)"
162.158.162.22 - - [06/Feb/2025:01:03:07 +0700] "GET /search/%22%20.%20esc_url(%20admin_url()%20)%20.%20%22?dir=//lib/git-core&item=git-write-tree&action=download HTTP/1.1" 200 1527650 "-" "Mozilla/5.0 (compatible; MJ12bot/v1.4.8; http://mj12bot.com/)"
172.69.165.19 - - [06/Feb/2025:01:03:10 +0700] "GET /search/%22%20.%20esc_url(%20admin_url()%20)%20.%20%22?dir=//lib/git-core&item=git-write-tree&action=edit HTTP/1.1" 200 34110 "-" "Mozilla/5.0 (compatible; MJ12bot/v1.4.8; http://mj12bot.com/)"
162.158.162.114 - - [06/Feb/2025:01:03:11 +0700] "GET /?dir=%2Fhome%2Fvietnamet.com%2Fpublic_html%2Fwp-includes%2Fjs%2Ftinymce%2Fskins%2Flightgray%2Ffonts&item=.&action=chmod HTTP/1.1" 200 41693 "-" "Mozilla/5.0 (compatible; MJ12bot/v1.4.8; http://mj12bot.com/)"
172.69.165.19 - - [06/Feb/2025:01:03:13 +0700] "GET /search/%22%20.%20esc_url(%20admin_url()%20)%20.%20%22?dir=//lib/git-core&item=git-write-tree&action=rename HTTP/1.1" 200 34080 "-" "Mozilla/5.0 (compatible; MJ12bot/v1.4.8; http://mj12bot.com/)"
172.69.165.62 - - [06/Feb/2025:01:03:13 +0700] "POST /wp-cron.php?doing_wp_cron=1738778593.3902730941772460937500 HTTP/1.1" 200 31 "-" "GPeHpZrPUUEg"
162.158.163.190 - - [06/Feb/2025:01:03:14 +0700] "GET /?action=chmod&dir=%2Fhome%2Fvietnamet.com%2Fpublic_html%2Fwp-content%2Fplugins%2Fseo-by-rank-math%2Fincludes%2Fhelpers&item=class-wordpress.php HTTP/1.1" 200 42521 "-" "Mozilla/5.0 AppleWebKit/537.36 (KHTML, like Gecko; compatible; GPTBot/1.2; +https://openai.com/gptbot)"
172.69.165.19 - - [06/Feb/2025:01:03:14 +0700] "POST /wp-admin/admin-ajax.php?action=async_litespeed&nonce=WvnnL4cqF4j17GBbQA4Q7kQRhKju3UrU&litespeed_type=imgoptm HTTP/1.1" 200 12360 "-" "nzeyQEyq0i2J"
162.158.163.97 - - [06/Feb/2025:01:03:14 +0700] "GET /wp-content/install.php?id=964959 HTTP/1.1" 499 0 "https://vietnamet.com/wp-content/install.php?id=964959" "Mozilla/5.0 (Windows NT 10.0; Win64; x64) AppleWebKit/537.36 (KHTML, like Gecko) Chrome/58.0.3029.110 Safari/537.3"
162.158.163.117 - - [06/Feb/2025:01:03:15 +0700] "GET /wp-content/install.php HTTP/1.1" 200 37 "-" "GuzzleHttp/7"
172.69.165.19 - - [06/Feb/2025:01:03:16 +0700] "GET /search/%22%20.%20esc_url(%20admin_url()%20)%20.%20%22?dir=//lib/git-core&item=mergetools&action=chmod HTTP/1.1" 200 34091 "-" "Mozilla/5.0 (compatible; MJ12bot/v1.4.8; http://mj12bot.com/)"
162.158.163.117 - - [06/Feb/2025:01:03:16 +0700] "GET / HTTP/1.1" 200 43279 "https://vietnamet.com" "Mozilla/5.0 (Windows NT 10.0; Win64; x64) AppleWebKit/537.36 (KHTML, like Gecko) Chrome/58.0.3029.110 Safari/537.3"
162.158.163.117 - - [06/Feb/2025:01:03:18 +0700] "POST /wp-cron.php?doing_wp_cron=1738778598.3409049510955810546875 HTTP/1.1" 200 31 "-" "hXLe8X3l4Xso"
172.69.165.19 - - [06/Feb/2025:01:03:18 +0700] "GET /search/%22%20.%20esc_url(%20admin_url()%20)%20.%20%22?dir=//lib/git-core&item=mergetools&action=rename HTTP/1.1" 200 34085 "-" "Mozilla/5.0 (compatible; MJ12bot/v1.4.8; http://mj12bot.com/)"
162.158.162.19 - - [06/Feb/2025:01:03:20 +0700] "GET /wp-content/install.php HTTP/1.1" 200 37 "-" "GuzzleHttp/7"
172.69.165.19 - - [06/Feb/2025:01:03:21 +0700] "GET /search/%22%20.%20esc_url(%20admin_url()%20)%20.%20%22?dir=//lib/git-core/mergetools HTTP/1.1" 200 26366 "-" "Mozilla/5.0 (compatible; MJ12bot/v1.4.8; http://mj12bot.com/)"
162.158.163.86 - - [06/Feb/2025:01:03:22 +0700] "GET /huanjing/article/13239908.html?dir=%2F HTTP/1.1" 404 28724 "-" "Mozilla/5.0 (Linux; Android 5.0) AppleWebKit/537.36 (KHTML, like Gecko) Mobile Safari/537.36 (compatible; Bytespider; spider-feedback@bytedance.com)"
162.158.163.98 - - [06/Feb/2025:01:03:23 +0700] "POST /wp-cron.php?doing_wp_cron=1738778603.6680281162261962890625 HTTP/1.1" 200 31 "-" "Z3f3xkowePc8"
172.69.165.19 - - [06/Feb/2025:01:03:23 +0700] "GET /search/%22%20.%20esc_url(%20admin_url()%20)%20.%20%22?dir=//lib/gnupg HTTP/1.1" 200 25210 "-" "Mozilla/5.0 (compatible; MJ12bot/v1.4.8; http://mj12bot.com/)"
172.69.165.19 - - [06/Feb/2025:01:03:26 +0700] "GET /search/%22%20.%20esc_url(%20admin_url()%20)%20.%20%22?dir=//lib/gnupg2 HTTP/1.1" 200 24904 "-" "Mozilla/5.0 (compatible; MJ12bot/v1.4.8; http://mj12bot.com/)"
162.158.162.23 - - [06/Feb/2025:01:03:28 +0700] "POST /wp-cron.php?doing_wp_cron=1738778608.2280700206756591796875 HTTP/1.1" 200 31 "-" "bHSqCimhxjYs"
172.69.165.19 - - [06/Feb/2025:01:03:28 +0700] "GET /search/%22%20.%20esc_url(%20admin_url()%20)%20.%20%22?dir=//lib/gold-ld HTTP/1.1" 200 24779 "-" "Mozilla/5.0 (compatible; MJ12bot/v1.4.8; http://mj12bot.com/)"
162.158.162.23 - - [06/Feb/2025:01:03:29 +0700] "GET /wp-content/install.php HTTP/1.1" 200 37 "-" "GuzzleHttp/7"
172.69.165.19 - - [06/Feb/2025:01:03:30 +0700] "GET /search/%22%20.%20esc_url(%20admin_url()%20)%20.%20%22?dir=//lib/groff HTTP/1.1" 200 24727 "-" "Mozilla/5.0 (compatible; MJ12bot/v1.4.8; http://mj12bot.com/)"
172.69.165.19 - - [06/Feb/2025:01:03:31 +0700] "GET /wp-content/install.php HTTP/1.1" 200 37 "-" "GuzzleHttp/7"
162.158.163.98 - - [06/Feb/2025:01:03:31 +0700] "GET /wp-content/install.php HTTP/1.1" 200 37 "-" "GuzzleHttp/7"
162.158.163.190 - - [06/Feb/2025:01:03:32 +0700] "GET /?action=edit&dir=%2Fhome%2Fvietnamet.com%2Fpublic_html%2Fwp-content%2Fplugins%2Fseo-by-rank-math%2Fincludes%2Fhelpers&item=class-api.php HTTP/1.1" 200 43638 "-" "Mozilla/5.0 AppleWebKit/537.36 (KHTML, like Gecko; compatible; GPTBot/1.2; +https://openai.com/gptbot)"
172.69.165.19 - - [06/Feb/2025:01:03:33 +0700] "GET /search/%22%20.%20esc_url(%20admin_url()%20)%20.%20%22?dir=//lib/grub HTTP/1.1" 200 25030 "-" "Mozilla/5.0 (compatible; MJ12bot/v1.4.8; http://mj12bot.com/)"
162.158.163.190 - - [06/Feb/2025:01:03:35 +0700] "GET /?action=edit&dir=%2Fhome%2Fvietnamet.com%2Fpublic_html%2Fwp-content%2Fplugins%2Fseo-by-rank-math%2Fincludes%2Ftraits&item=class-ajax.php HTTP/1.1" 200 42596 "-" "Mozilla/5.0 AppleWebKit/537.36 (KHTML, like Gecko; compatible; GPTBot/1.2; +https://openai.com/gptbot)"
172.69.165.19 - - [06/Feb/2025:01:03:36 +0700] "GET /search/%22%20.%20esc_url(%20admin_url()%20)%20.%20%22?dir=//lib/grub-legacy HTTP/1.1" 200 24787 "-" "Mozilla/5.0 (compatible; MJ12bot/v1.4.8; http://mj12bot.com/)"
172.69.165.19 - - [06/Feb/2025:01:03:38 +0700] "GET /search/%22%20.%20esc_url(%20admin_url()%20)%20.%20%22?dir=//lib/hdparm HTTP/1.1" 200 24789 "-" "Mozilla/5.0 (compatible; MJ12bot/v1.4.8; http://mj12bot.com/)"
172.69.165.19 - - [06/Feb/2025:01:03:41 +0700] "GET /search/%22%20.%20esc_url(%20admin_url()%20)%20.%20%22?dir=//lib/init HTTP/1.1" 200 24868 "-" "Mozilla/5.0 (compatible; MJ12bot/v1.4.8; http://mj12bot.com/)"
162.158.163.224 - - [06/Feb/2025:01:03:42 +0700] "GET /wp-content/install.php HTTP/1.1" 200 37 "-" "GuzzleHttp/7"
162.158.162.115 - - [06/Feb/2025:01:03:43 +0700] "GET /?dir=/home/vietnamet.com/public_html/wp-includes/js/tinymce/skins/lightgray/fonts&item=..&action=chmod HTTP/1.1" 301 52193 "-" "Mozilla/5.0 (compatible; MJ12bot/v1.4.8; http://mj12bot.com/)"
172.69.165.19 - - [06/Feb/2025:01:03:43 +0700] "GET /wp-content/install.php HTTP/1.1" 200 37 "-" "GuzzleHttp/7"
172.69.165.19 - - [06/Feb/2025:01:03:44 +0700] "GET /search/%22%20.%20esc_url(%20admin_url()%20)%20.%20%22?dir=//lib/initcpio HTTP/1.1" 200 24681 "-" "Mozilla/5.0 (compatible; MJ12bot/v1.4.8; http://mj12bot.com/)"
162.158.163.190 - - [06/Feb/2025:01:03:44 +0700] "GET /?action=chmod&dir=%2Fhome%2Fvietnamet.com%2Fpublic_html%2Fwp-content%2Fplugins%2Fseo-by-rank-math%2Fincludes&item=interface-runner.php HTTP/1.1" 200 43272 "-" "Mozilla/5.0 AppleWebKit/537.36 (KHTML, like Gecko; compatible; GPTBot/1.2; +https://openai.com/gptbot)"
162.158.163.97 - - [06/Feb/2025:01:03:44 +0700] "GET /wp-content/install.php HTTP/1.1" 200 37 "-" "GuzzleHttp/7"
162.158.163.118 - - [06/Feb/2025:01:03:46 +0700] "GET /wp-content/install.php HTTP/1.1" 200 37 "-" "GuzzleHttp/7"
172.69.165.19 - - [06/Feb/2025:01:03:46 +0700] "GET /search/%22%20.%20esc_url(%20admin_url()%20)%20.%20%22?dir=//lib/initramfs-tools HTTP/1.1" 200 24740 "-" "Mozilla/5.0 (compatible; MJ12bot/v1.4.8; http://mj12bot.com/)"
162.158.163.190 - - [06/Feb/2025:01:03:47 +0700] "GET /?action=rename&dir=%2Fhome%2Fvietnamet.com%2Fpublic_html%2Fwp-content%2Fplugins%2Fseo-by-rank-math%2Fincludes%2Frest&item=class-sanitize.php HTTP/1.1" 200 41600 "-" "Mozilla/5.0 AppleWebKit/537.36 (KHTML, like Gecko; compatible; GPTBot/1.2; +https://openai.com/gptbot)"
162.158.163.97 - - [06/Feb/2025:01:03:47 +0700] "GET /wp-content/install.php HTTP/1.1" 200 37 "-" "GuzzleHttp/7"
162.158.163.97 - - [06/Feb/2025:01:03:48 +0700] "POST /wp-cron.php?doing_wp_cron=1738778628.1827049255371093750000 HTTP/1.1" 200 31 "-" "tOSTA4syZEwm"
172.69.165.19 - - [06/Feb/2025:01:03:48 +0700] "GET /search/%22%20.%20esc_url(%20admin_url()%20)%20.%20%22?dir=//lib/kernel HTTP/1.1" 200 24681 "-" "Mozilla/5.0 (compatible; MJ12bot/v1.4.8; http://mj12bot.com/)"
172.69.165.19 - - [06/Feb/2025:01:03:51 +0700] "GET /search/%22%20.%20esc_url(%20admin_url()%20)%20.%20%22?dir=//lib/klibc HTTP/1.1" 200 24676 "-" "Mozilla/5.0 (compatible; MJ12bot/v1.4.8; http://mj12bot.com/)"
162.158.162.115 - - [06/Feb/2025:01:03:52 +0700] "GET /?dir=%2Fhome%2Fvietnamet.com%2Fpublic_html%2Fwp-includes%2Fjs%2Ftinymce%2Fskins%2Flightgray%2Ffonts&item=..&action=chmod HTTP/1.1" 200 41690 "-" "Mozilla/5.0 (compatible; MJ12bot/v1.4.8; http://mj12bot.com/)"
172.69.165.19 - - [06/Feb/2025:01:03:53 +0700] "GET /search/%22%20.%20esc_url(%20admin_url()%20)%20.%20%22?dir=//lib/libpsm1 HTTP/1.1" 200 24792 "-" "Mozilla/5.0 (compatible; MJ12bot/v1.4.8; http://mj12bot.com/)"
162.158.163.97 - - [06/Feb/2025:01:03:54 +0700] "GET /wp-content/install.php HTTP/1.1" 200 37 "-" "GuzzleHttp/7"
172.69.165.19 - - [06/Feb/2025:01:03:54 +0700] "GET /wp-content/install.php HTTP/1.1" 200 37 "-" "GuzzleHttp/7"
162.158.162.206 - - [06/Feb/2025:01:03:54 +0700] "GET / HTTP/1.1" 200 43272 "https://acsincorp.com/" "Mozilla/5.0 (X11; Linux x86_64) AppleWebKit/537.36 (KHTML, like Gecko) Chrome/105.0.0.0 Safari/537.36"
162.158.163.97 - - [06/Feb/2025:01:03:55 +0700] "GET /wp-content/install.php HTTP/1.1" 200 37 "-" "GuzzleHttp/7"
172.69.165.19 - - [06/Feb/2025:01:03:56 +0700] "GET /search/%22%20.%20esc_url(%20admin_url()%20)%20.%20%22?dir=//lib/linux HTTP/1.1" 200 24692 "-" "Mozilla/5.0 (compatible; MJ12bot/v1.4.8; http://mj12bot.com/)"
172.69.165.62 - - [06/Feb/2025:01:03:58 +0700] "POST /wp-cron.php?doing_wp_cron=1738778638.2480120658874511718750 HTTP/1.1" 200 31 "-" "Px80LhjquPUk"
172.69.165.19 - - [06/Feb/2025:01:03:58 +0700] "GET /search/%22%20.%20esc_url(%20admin_url()%20)%20.%20%22?dir=//lib/llvm-18 HTTP/1.1" 200 24827 "-" "Mozilla/5.0 (compatible; MJ12bot/v1.4.8; http://mj12bot.com/)"
162.158.163.190 - - [06/Feb/2025:01:03:59 +0700] "GET /?action=chmod&dir=%2Fhome%2Fvietnamet.com%2Fpublic_html%2Fwp-content%2Fplugins%2Fseo-by-rank-math%2Fincludes%2Fadmin&item=class-admin-header.php HTTP/1.1" 200 43199 "-" "Mozilla/5.0 AppleWebKit/537.36 (KHTML, like Gecko; compatible; GPTBot/1.2; +https://openai.com/gptbot)"
172.69.165.19 - - [06/Feb/2025:01:04:00 +0700] "GET /search/%22%20.%20esc_url(%20admin_url()%20)%20.%20%22?dir=//lib/modprobe.d&item=.&action=chmod HTTP/1.1" 200 25349 "-" "Mozilla/5.0 (compatible; MJ12bot/v1.4.8; http://mj12bot.com/)"
162.158.163.223 - - [06/Feb/2025:01:04:01 +0700] "GET /wp-content/install.php HTTP/1.1" 200 37 "-" "GuzzleHttp/7"
162.158.163.97 - - [06/Feb/2025:01:04:02 +0700] "HEAD / HTTP/1.1" 200 0 "-" "scalaj-http/2.4.2"
162.158.163.190 - - [06/Feb/2025:01:04:02 +0700] "GET /?action=chmod&dir=%2Fhome%2Fvietnamet.com%2Fpublic_html%2Fwp-content%2Fplugins%2Fseo-by-rank-math%2Fincludes%2Fhelpers&item=class-security.php HTTP/1.1" 200 42527 "-" "Mozilla/5.0 AppleWebKit/537.36 (KHTML, like Gecko; compatible; GPTBot/1.2; +https://openai.com/gptbot)"
172.69.165.19 - - [06/Feb/2025:01:04:03 +0700] "GET /search/%22%20.%20esc_url(%20admin_url()%20)%20.%20%22?dir=//lib/modprobe.d&item=..&action=chmod HTTP/1.1" 200 25345 "-" "Mozilla/5.0 (compatible; MJ12bot/v1.4.8; http://mj12bot.com/)"
162.158.162.114 - - [06/Feb/2025:01:04:03 +0700] "GET / HTTP/1.1" 200 43266 "-" "Buck/2.4.2; (+https://app.hypefactors.com/media-monitoring/about.html)"
162.158.163.97 - - [06/Feb/2025:01:04:05 +0700] "GET /wp-content/install.php HTTP/1.1" 200 37 "-" "GuzzleHttp/7"
162.158.163.97 - - [06/Feb/2025:01:04:05 +0700] "GET /wp-content/install.php HTTP/1.1" 200 37 "-" "GuzzleHttp/7"
172.69.165.19 - - [06/Feb/2025:01:04:05 +0700] "GET /search/%22%20.%20esc_url(%20admin_url()%20)%20.%20%22?dir=//lib/modprobe.d&item=aliases.conf&action=chmod HTTP/1.1" 200 25351 "-" "Mozilla/5.0 (compatible; MJ12bot/v1.4.8; http://mj12bot.com/)"
162.158.163.117 - - [06/Feb/2025:01:04:06 +0700] "GET /wp-content/install.php HTTP/1.1" 200 37 "-" "GuzzleHttp/7"
172.69.165.19 - - [06/Feb/2025:01:04:07 +0700] "GET /search/%22%20.%20esc_url(%20admin_url()%20)%20.%20%22?dir=//lib/modprobe.d&item=aliases.conf&action=download HTTP/1.1" 200 561 "-" "Mozilla/5.0 (compatible; MJ12bot/v1.4.8; http://mj12bot.com/)"
162.158.163.97 - - [06/Feb/2025:01:04:07 +0700] "GET /wp-content/install.php HTTP/1.1" 200 37 "-" "GuzzleHttp/7"
172.69.165.19 - - [06/Feb/2025:01:04:10 +0700] "GET /search/%22%20.%20esc_url(%20admin_url()%20)%20.%20%22?dir=//lib/modprobe.d&item=aliases.conf&action=edit HTTP/1.1" 200 25657 "-" "Mozilla/5.0 (compatible; MJ12bot/v1.4.8; http://mj12bot.com/)"
162.158.162.114 - - [06/Feb/2025:01:04:11 +0700] "GET /?dir=/home/vietnamet.com/public_html/wp-includes/js/tinymce/skins/lightgray/fonts&item=tinymce-small.eot&action=chmod HTTP/1.1" 301 52532 "-" "Mozilla/5.0 (compatible; MJ12bot/v1.4.8; http://mj12bot.com/)"
172.69.165.19 - - [06/Feb/2025:01:04:12 +0700] "GET /search/%22%20.%20esc_url(%20admin_url()%20)%20.%20%22?dir=//lib/modprobe.d&item=aliases.conf&action=rename HTTP/1.1" 200 25351 "-" "Mozilla/5.0 (compatible; MJ12bot/v1.4.8; http://mj12bot.com/)"
162.158.162.29 - - [06/Feb/2025:01:04:13 +0700] "POST /wp-cron.php?doing_wp_cron=1738778653.5043540000915527343750 HTTP/1.1" 200 31 "-" "VuioJFNsBHIY"
162.158.163.190 - - [06/Feb/2025:01:04:13 +0700] "GET /?action=chmod&dir=%2Fhome%2Fvietnamet.com%2Fpublic_html%2Fwp-content%2Fplugins%2Fseo-by-rank-math%2Fincludes%2Frest&item=class-front.php HTTP/1.1" 200 41604 "-" "Mozilla/5.0 AppleWebKit/537.36 (KHTML, like Gecko; compatible; GPTBot/1.2; +https://openai.com/gptbot)"
162.158.162.75 - - [06/Feb/2025:01:04:13 +0700] "POST /wp-admin/admin-ajax.php?action=async_litespeed&nonce=InMtbRvWrKlvBFUGDERZFeaoz3ul5flK&litespeed_type=imgoptm HTTP/1.1" 200 12361 "-" "WWJIs9TRJVbV"
172.69.165.19 - - [06/Feb/2025:01:04:15 +0700] "GET /search/%22%20.%20esc_url(%20admin_url()%20)%20.%20%22?dir=//lib/modprobe.d&item=blacklist_linux_5.4.0-204-generic.conf&action=chmod HTTP/1.1" 200 25354 "-" "Mozilla/5.0 (compatible; MJ12bot/v1.4.8; http://mj12bot.com/)"
162.158.162.23 - - [06/Feb/2025:01:04:16 +0700] "POST /wp-cron.php?doing_wp_cron=1738778656.1534049510955810546875 HTTP/1.1" 200 31 "-" "S6M7yDiPLqvX"
162.158.163.97 - - [06/Feb/2025:01:04:17 +0700] "GET /aomenkaixuanmenguanfangwangzhi/article/13321775.html?dir=%2Fhome%2Fvietnamet.com%2Fpublic_html%2Fwp-admin HTTP/1.1" 404 34143 "-" "Mozilla/5.0 (Linux; Android 5.0) AppleWebKit/537.36 (KHTML, like Gecko) Mobile Safari/537.36 (compatible; Bytespider; spider-feedback@bytedance.com)"
172.69.165.19 - - [06/Feb/2025:01:04:17 +0700] "GET /search/%22%20.%20esc_url(%20admin_url()%20)%20.%20%22?dir=//lib/modprobe.d&item=blacklist_linux_5.4.0-204-generic.conf&action=download HTTP/1.1" 200 772 "-" "Mozilla/5.0 (compatible; MJ12bot/v1.4.8; http://mj12bot.com/)"
162.158.163.190 - - [06/Feb/2025:01:04:19 +0700] "GET /?action=rename&dir=%2Fhome%2Fvietnamet.com%2Fpublic_html%2Fwp-content%2Fplugins%2Fseo-by-rank-math%2Fincludes%2Frest&item=class-admin.php HTTP/1.1" 200 41588 "-" "Mozilla/5.0 AppleWebKit/537.36 (KHTML, like Gecko; compatible; GPTBot/1.2; +https://openai.com/gptbot)"
162.158.163.97 - - [06/Feb/2025:01:04:20 +0700] "GET /?dir=%2Fhome%2Fvietnamet.com%2Fpublic_html%2Fwp-includes%2Fjs%2Ftinymce%2Fskins%2Flightgray%2Ffonts&item=tinymce-small.eot&action=chmod HTTP/1.1" 200 41708 "-" "Mozilla/5.0 (compatible; MJ12bot/v1.4.8; http://mj12bot.com/)"
162.158.163.190 - - [06/Feb/2025:01:04:20 +0700] "GET /?action=rename&dir=%2Fhome%2Fvietnamet.com%2Fpublic_html%2Fwp-content%2Fplugins%2Fseo-by-rank-math%2Fincludes%2Fhelpers&item=class-db.php HTTP/1.1" 200 42521 "-" "Mozilla/5.0 AppleWebKit/537.36 (KHTML, like Gecko; compatible; GPTBot/1.2; +https://openai.com/gptbot)"
172.69.165.19 - - [06/Feb/2025:01:04:21 +0700] "GET /search/%22%20.%20esc_url(%20admin_url()%20)%20.%20%22?dir=//lib/modprobe.d&item=blacklist_linux_5.4.0-204-generic.conf&action=edit HTTP/1.1" 200 25901 "-" "Mozilla/5.0 (compatible; MJ12bot/v1.4.8; http://mj12bot.com/)"
162.158.163.223 - - [06/Feb/2025:01:04:23 +0700] "POST /wp-cron.php?doing_wp_cron=1738778663.1473269462585449218750 HTTP/1.1" 200 31 "-" "VRGlsj5jZFK7"
172.69.165.19 - - [06/Feb/2025:01:04:23 +0700] "GET /search/%22%20.%20esc_url(%20admin_url()%20)%20.%20%22?dir=//lib/modprobe.d&item=blacklist_linux_5.4.0-204-generic.conf&action=rename HTTP/1.1" 200 25356 "-" "Mozilla/5.0 (compatible; MJ12bot/v1.4.8; http://mj12bot.com/)"
172.69.165.19 - - [06/Feb/2025:01:04:26 +0700] "GET /search/%22%20.%20esc_url(%20admin_url()%20)%20.%20%22?dir=//lib/modprobe.d&item=blacklist_linux_5.4.0-205-generic.conf&action=chmod HTTP/1.1" 200 25361 "-" "Mozilla/5.0 (compatible; MJ12bot/v1.4.8; http://mj12bot.com/)"
172.69.165.19 - - [06/Feb/2025:01:04:29 +0700] "GET /search/%22%20.%20esc_url(%20admin_url()%20)%20.%20%22?dir=//lib/modprobe.d&item=blacklist_linux_5.4.0-205-generic.conf&action=download HTTP/1.1" 200 551 "-" "Mozilla/5.0 (compatible; MJ12bot/v1.4.8; http://mj12bot.com/)"
162.158.163.131 - - [06/Feb/2025:01:04:29 +0700] "POST /wp-cron.php?doing_wp_cron=1738778669.4329679012298583984375 HTTP/1.1" 200 31 "-" "C9LQFtpN3GyA"
162.158.163.190 - - [06/Feb/2025:01:04:31 +0700] "GET /?action=rename&dir=%2Fhome%2Fvietnamet.com%2Fpublic_html%2Fwp-content%2Fplugins%2Fseo-by-rank-math-pro%2Fincludes&item=class-modules.php HTTP/1.1" 200 42003 "-" "Mozilla/5.0 AppleWebKit/537.36 (KHTML, like Gecko; compatible; GPTBot/1.2; +https://openai.com/gptbot)"
172.69.165.19 - - [06/Feb/2025:01:04:31 +0700] "GET /search/%22%20.%20esc_url(%20admin_url()%20)%20.%20%22?dir=//lib/modprobe.d&item=blacklist_linux_5.4.0-205-generic.conf&action=edit HTTP/1.1" 200 25909 "-" "Mozilla/5.0 (compatible; MJ12bot/v1.4.8; http://mj12bot.com/)"
162.158.163.117 - - [06/Feb/2025:01:04:31 +0700] "GET /feed/ HTTP/1.1" 200 222137 "-" "Buck/2.4.2; (+https://app.hypefactors.com/media-monitoring/about.html)"
162.158.163.190 - - [06/Feb/2025:01:04:32 +0700] "GET /?action=rename&dir=%2Fhome%2Fvietnamet.com%2Fpublic_html%2Fwp-content%2Fplugins%2Fseo-by-rank-math-pro%2Fincludes&item=class-installer.php HTTP/1.1" 200 42001 "-" "Mozilla/5.0 AppleWebKit/537.36 (KHTML, like Gecko; compatible; GPTBot/1.2; +https://openai.com/gptbot)"
162.158.162.108 - - [06/Feb/2025:01:04:33 +0700] "GET /?sitemapindex.xml HTTP/1.1" 200 436 "-" "Buck/2.4.2; (+https://app.hypefactors.com/media-monitoring/about.html)"
172.69.165.19 - - [06/Feb/2025:01:04:34 +0700] "GET /search/%22%20.%20esc_url(%20admin_url()%20)%20.%20%22?dir=//lib/modprobe.d&item=blacklist_linux_5.4.0-205-generic.conf&action=rename HTTP/1.1" 200 25358 "-" "Mozilla/5.0 (compatible; MJ12bot/v1.4.8; http://mj12bot.com/)"
162.158.163.166 - - [06/Feb/2025:01:04:35 +0700] "GET /sitemap497.xml HTTP/1.1" 200 25575 "-" "Buck/2.4.2; (+https://app.hypefactors.com/media-monitoring/about.html)"
172.69.165.19 - - [06/Feb/2025:01:04:36 +0700] "GET /search/%22%20.%20esc_url(%20admin_url()%20)%20.%20%22?dir=//lib/modprobe.d&item=fbdev-blacklist.conf&action=chmod HTTP/1.1" 200 25353 "-" "Mozilla/5.0 (compatible; MJ12bot/v1.4.8; http://mj12bot.com/)"
162.158.163.98 - - [06/Feb/2025:01:04:36 +0700] "GET /sitemap294.xml HTTP/1.1" 200 25617 "-" "Buck/2.4.2; (+https://app.hypefactors.com/media-monitoring/about.html)"
162.158.163.98 - - [06/Feb/2025:01:04:38 +0700] "GET /wp-content/install.php?id=964959 HTTP/1.1" 499 0 "-" "GuzzleHttp/7"
172.69.165.19 - - [06/Feb/2025:01:04:38 +0700] "GET /search/%22%20.%20esc_url(%20admin_url()%20)%20.%20%22?dir=//lib/modprobe.d&item=fbdev-blacklist.conf&action=download HTTP/1.1" 200 399 "-" "Mozilla/5.0 (compatible; MJ12bot/v1.4.8; http://mj12bot.com/)"
162.158.162.19 - - [06/Feb/2025:01:04:38 +0700] "GET /sitemap842.xml HTTP/1.1" 200 25543 "-" "Buck/2.4.2; (+https://app.hypefactors.com/media-monitoring/about.html)"
162.158.163.98 - - [06/Feb/2025:01:04:39 +0700] "GET /?dir=/home/vietnamet.com/public_html/wp-includes/js/tinymce/skins/lightgray/fonts&item=tinymce-small.eot&action=download HTTP/1.1" 200 5209 "-" "Mozilla/5.0 (compatible; MJ12bot/v1.4.8; http://mj12bot.com/)"
172.69.165.19 - - [06/Feb/2025:01:04:40 +0700] "GET /search/%22%20.%20esc_url(%20admin_url()%20)%20.%20%22?dir=//lib/modprobe.d&item=fbdev-blacklist.conf&action=edit HTTP/1.1" 200 25519 "-" "Mozilla/5.0 (compatible; MJ12bot/v1.4.8; http://mj12bot.com/)"
172.69.165.19 - - [06/Feb/2025:01:04:43 +0700] "GET /search/%22%20.%20esc_url(%20admin_url()%20)%20.%20%22?dir=//lib/modprobe.d&item=fbdev-blacklist.conf&action=rename HTTP/1.1" 200 25353 "-" "Mozilla/5.0 (compatible; MJ12bot/v1.4.8; http://mj12bot.com/)"
162.158.163.190 - - [06/Feb/2025:01:04:44 +0700] "GET /?action=chmod&dir=%2Fhome%2Fvietnamet.com%2Fpublic_html%2Fwp-content%2Fplugins%2Fseo-by-rank-math%2Fincludes%2Fadmin&item=class-options.php HTTP/1.1" 200 43188 "-" "Mozilla/5.0 AppleWebKit/537.36 (KHTML, like Gecko; compatible; GPTBot/1.2; +https://openai.com/gptbot)"
172.69.165.19 - - [06/Feb/2025:01:04:46 +0700] "GET /search/%22%20.%20esc_url(%20admin_url()%20)%20.%20%22?dir=//lib/modprobe.d&item=systemd.conf&action=chmod HTTP/1.1" 200 25353 "-" "Mozilla/5.0 (compatible; MJ12bot/v1.4.8; http://mj12bot.com/)"
162.158.163.190 - - [06/Feb/2025:01:04:47 +0700] "GET /?action=edit&dir=%2Fhome%2Fvietnamet.com%2Fpublic_html%2Fwp-content%2Fplugins%2Fseo-by-rank-math%2Fincludes%2Fhelpers&item=class-security.php HTTP/1.1" 200 42954 "-" "Mozilla/5.0 AppleWebKit/537.36 (KHTML, like Gecko; compatible; GPTBot/1.2; +https://openai.com/gptbot)"
162.158.163.98 - - [06/Feb/2025:01:04:48 +0700] "GET /?dir=/home/vietnamet.com/public_html/wp-includes/js/tinymce/skins/lightgray/fonts&item=tinymce-small.eot&action=edit HTTP/1.1" 301 52689 "-" "Mozilla/5.0 (compatible; MJ12bot/v1.4.8; http://mj12bot.com/)"
172.69.165.19 - - [06/Feb/2025:01:04:48 +0700] "GET /search/%22%20.%20esc_url(%20admin_url()%20)%20.%20%22?dir=//lib/modprobe.d&item=systemd.conf&action=download HTTP/1.1" 200 663 "-" "Mozilla/5.0 (compatible; MJ12bot/v1.4.8; http://mj12bot.com/)"
162.158.163.98 - - [06/Feb/2025:01:04:50 +0700] "POST /wp-cron.php?doing_wp_cron=1738778690.6274189949035644531250 HTTP/1.1" 200 31 "-" "nSvnpKDLERpB"
172.69.165.19 - - [06/Feb/2025:01:04:51 +0700] "GET /search/%22%20.%20esc_url(%20admin_url()%20)%20.%20%22?dir=//lib/modprobe.d&item=systemd.conf&action=edit HTTP/1.1" 200 25783 "-" "Mozilla/5.0 (compatible; MJ12bot/v1.4.8; http://mj12bot.com/)"
172.69.165.19 - - [06/Feb/2025:01:04:53 +0700] "GET /search/%22%20.%20esc_url(%20admin_url()%20)%20.%20%22?dir=//lib/modprobe.d&item=systemd.conf&action=rename HTTP/1.1" 200 25349 "-" "Mozilla/5.0 (compatible; MJ12bot/v1.4.8; http://mj12bot.com/)"
162.158.163.98 - - [06/Feb/2025:01:04:53 +0700] "GET /wp-content/install.php HTTP/1.1" 200 37 "-" "GuzzleHttp/7"
162.158.162.102 - - [06/Feb/2025:01:04:53 +0700] "GET /wp-content/install.php HTTP/1.1" 200 37 "-" "GuzzleHttp/7"
162.158.162.23 - - [06/Feb/2025:01:04:54 +0700] "GET /wp-content/install.php HTTP/1.1" 200 37 "-" "GuzzleHttp/7"
172.69.165.19 - - [06/Feb/2025:01:04:55 +0700] "GET /search/%22%20.%20esc_url(%20admin_url()%20)%20.%20%22?dir=//lib/modules&item=.&action=chmod HTTP/1.1" 200 24991 "-" "Mozilla/5.0 (compatible; MJ12bot/v1.4.8; http://mj12bot.com/)"
162.158.162.23 - - [06/Feb/2025:01:04:55 +0700] "GET /wp-content/install.php HTTP/1.1" 200 37 "-" "GuzzleHttp/7"
162.158.163.117 - - [06/Feb/2025:01:04:57 +0700] "GET /wp-content/install.php HTTP/1.1" 200 37 "-" "GuzzleHttp/7"
172.69.165.19 - - [06/Feb/2025:01:04:58 +0700] "GET /search/%22%20.%20esc_url(%20admin_url()%20)%20.%20%22?dir=//lib/modules&item=..&action=chmod HTTP/1.1" 200 24991 "-" "Mozilla/5.0 (compatible; MJ12bot/v1.4.8; http://mj12bot.com/)"
162.158.163.190 - - [06/Feb/2025:01:04:58 +0700] "GET /?action=chmod&dir=%2Fhome%2Fvietnamet.com%2Fpublic_html%2Fwp-content%2Fplugins%2Fseo-by-rank-math%2Fincludes%2Fhelpers&item=class-api.php HTTP/1.1" 200 42519 "-" "Mozilla/5.0 AppleWebKit/537.36 (KHTML, like Gecko; compatible; GPTBot/1.2; +https://openai.com/gptbot)"
162.158.162.18 - - [06/Feb/2025:01:04:59 +0700] "POST /wp-cron.php?doing_wp_cron=1738778699.7862169742584228515625 HTTP/1.1" 200 31 "-" "e7qV5HJ4VBhc"
162.158.162.195 - - [06/Feb/2025:01:05:00 +0700] "GET /?dir=%2Fhome%2Fvietnamet.com%2Fpublic_html%2Fwp-includes%2Fjs%2Ftinymce%2Fskins%2Flightgray%2Ffonts&item=tinymce-small.eot&action=edit HTTP/1.1" 200 41710 "-" "Mozilla/5.0 (compatible; MJ12bot/v1.4.8; http://mj12bot.com/)"
172.69.165.19 - - [06/Feb/2025:01:05:01 +0700] "GET /search/%22%20.%20esc_url(%20admin_url()%20)%20.%20%22?dir=//lib/modules&item=5.4.0-204-generic&action=chmod HTTP/1.1" 200 24997 "-" "Mozilla/5.0 (compatible; MJ12bot/v1.4.8; http://mj12bot.com/)"
162.158.163.190 - - [06/Feb/2025:01:05:01 +0700] "GET /?action=edit&dir=%2Fhome%2Fvietnamet.com%2Fpublic_html%2Fwp-content%2Fplugins%2Fseo-by-rank-math%2Fincludes%2Fhelpers&item=class-wordpress.php HTTP/1.1" 200 47607 "-" "Mozilla/5.0 AppleWebKit/537.36 (KHTML, like Gecko; compatible; GPTBot/1.2; +https://openai.com/gptbot)"
172.69.165.19 - - [06/Feb/2025:01:05:03 +0700] "GET /search/%22%20.%20esc_url(%20admin_url()%20)%20.%20%22?dir=//lib/modules&item=5.4.0-204-generic&action=rename HTTP/1.1" 200 24993 "-" "Mozilla/5.0 (compatible; MJ12bot/v1.4.8; http://mj12bot.com/)"
172.69.165.19 - - [06/Feb/2025:01:05:06 +0700] "GET /search/%22%20.%20esc_url(%20admin_url()%20)%20.%20%22?dir=//lib/modules&item=5.4.0-205-generic&action=chmod HTTP/1.1" 200 24999 "-" "Mozilla/5.0 (compatible; MJ12bot/v1.4.8; http://mj12bot.com/)"
172.69.165.19 - - [06/Feb/2025:01:05:08 +0700] "GET /search/%22%20.%20esc_url(%20admin_url()%20)%20.%20%22?dir=//lib/modules&item=5.4.0-205-generic&action=rename HTTP/1.1" 200 24997 "-" "Mozilla/5.0 (compatible; MJ12bot/v1.4.8; http://mj12bot.com/)"
172.69.165.19 - - [06/Feb/2025:01:05:08 +0700] "GET /wp-content/install.php HTTP/1.1" 200 37 "-" "GuzzleHttp/7"
162.158.163.98 - - [06/Feb/2025:01:05:08 +0700] "GET /wp-content/install.php HTTP/1.1" 200 37 "-" "GuzzleHttp/7"
172.69.165.19 - - [06/Feb/2025:01:05:10 +0700] "GET /wp-content/install.php HTTP/1.1" 200 37 "-" "GuzzleHttp/7"
172.69.165.19 - - [06/Feb/2025:01:05:11 +0700] "GET /search/%22%20.%20esc_url(%20admin_url()%20)%20.%20%22?dir=//lib/modules&item=grub-2.06-20-linode.img&action=chmod HTTP/1.1" 200 24997 "-" "Mozilla/5.0 (compatible; MJ12bot/v1.4.8; http://mj12bot.com/)"
162.158.163.189 - - [06/Feb/2025:01:05:12 +0700] "GET /?action=rename&dir=%2Fhome%2Fvietnamet.com%2Fpublic_html%2Fwp-content%2Fplugins%2Fseo-by-rank-math%2Fincludes%2Fcli&item=class-commands.php HTTP/1.1" 200 41117 "-" "Mozilla/5.0 AppleWebKit/537.36 (KHTML, like Gecko; compatible; GPTBot/1.2; +https://openai.com/gptbot)"
172.69.165.19 - - [06/Feb/2025:01:05:13 +0700] "GET /search/%22%20.%20esc_url(%20admin_url()%20)%20.%20%22?dir=//lib/modules&item=grub-2.06-20-linode.img&action=rename HTTP/1.1" 200 24993 "-" "Mozilla/5.0 (compatible; MJ12bot/v1.4.8; http://mj12bot.com/)"
162.158.163.98 - - [06/Feb/2025:01:05:13 +0700] "GET /wp-content/install.php HTTP/1.1" 200 37 "-" "GuzzleHttp/7"
162.158.163.154 - - [06/Feb/2025:01:05:15 +0700] "POST /wp-cron.php?doing_wp_cron=1738778714.9566268920898437500000 HTTP/1.1" 200 31 "-" "UvX7x8jscigg"
172.69.165.19 - - [06/Feb/2025:01:05:15 +0700] "GET /search/%22%20.%20esc_url(%20admin_url()%20)%20.%20%22?dir=//lib/modules-load.d&item=.&action=chmod HTTP/1.1" 200 24752 "-" "Mozilla/5.0 (compatible; MJ12bot/v1.4.8; http://mj12bot.com/)"
162.158.163.189 - - [06/Feb/2025:01:05:15 +0700] "GET /?action=chmod&dir=%2Fhome%2Fvietnamet.com%2Fpublic_html%2Fwp-content%2Fplugins%2Fseo-by-rank-math%2Fincludes%2Fhelpers&item=class-choices.php HTTP/1.1" 200 42527 "-" "Mozilla/5.0 AppleWebKit/537.36 (KHTML, like Gecko; compatible; GPTBot/1.2; +https://openai.com/gptbot)"
162.158.163.85 - - [06/Feb/2025:01:05:16 +0700] "POST /wp-admin/admin-ajax.php?action=async_litespeed&nonce=dAQMATKACJMICxGyVFLfGdYWyfYWRrRQ&litespeed_type=imgoptm HTTP/1.1" 200 12361 "-" "gEYzTI9ylpkS"
162.158.163.189 - - [06/Feb/2025:01:05:17 +0700] "POST /wp-cron.php?doing_wp_cron=1738778717.5206110477447509765625 HTTP/1.1" 200 31 "-" "OKhf8DlfIoM4"
172.69.165.19 - - [06/Feb/2025:01:05:18 +0700] "GET /search/%22%20.%20esc_url(%20admin_url()%20)%20.%20%22?dir=//lib/modules-load.d&item=..&action=chmod HTTP/1.1" 200 24899 "-" "Mozilla/5.0 (compatible; MJ12bot/v1.4.8; http://mj12bot.com/)"
162.158.162.74 - - [06/Feb/2025:01:05:18 +0700] "GET /wp-content/install.php HTTP/1.1" 200 37 "-" "GuzzleHttp/7"
162.158.163.98 - - [06/Feb/2025:01:05:18 +0700] "GET /wp-content/install.php HTTP/1.1" 200 37 "-" "GuzzleHttp/7"
172.69.165.19 - - [06/Feb/2025:01:05:21 +0700] "GET /search/%22%20.%20esc_url(%20admin_url()%20)%20.%20%22?dir=//lib/modules-load.d&item=fwupd-msr.conf&action=chmod HTTP/1.1" 200 24899 "-" "Mozilla/5.0 (compatible; MJ12bot/v1.4.8; http://mj12bot.com/)"
172.69.165.19 - - [06/Feb/2025:01:05:22 +0700] "GET /wp-content/install.php HTTP/1.1" 200 37 "-" "GuzzleHttp/7"
172.69.165.19 - - [06/Feb/2025:01:05:23 +0700] "GET /search/%22%20.%20esc_url(%20admin_url()%20)%20.%20%22?dir=//lib/modules-load.d&item=fwupd-msr.conf&action=download HTTP/1.1" 200 328 "-" "Mozilla/5.0 (compatible; MJ12bot/v1.4.8; http://mj12bot.com/)"
172.69.165.19 - - [06/Feb/2025:01:05:23 +0700] "GET /wp-content/install.php HTTP/1.1" 200 37 "-" "GuzzleHttp/7"
162.158.163.117 - - [06/Feb/2025:01:05:24 +0700] "GET /wp-content/install.php HTTP/1.1" 200 37 "-" "GuzzleHttp/7"
162.158.162.23 - - [06/Feb/2025:01:05:25 +0700] "POST /wp-cron.php?doing_wp_cron=1738778725.2383360862731933593750 HTTP/1.1" 200 31 "-" "khSD8072URue"
172.69.165.19 - - [06/Feb/2025:01:05:25 +0700] "GET /search/%22%20.%20esc_url(%20admin_url()%20)%20.%20%22?dir=//lib/modules-load.d&item=fwupd-msr.conf&action=edit HTTP/1.1" 200 24918 "-" "Mozilla/5.0 (compatible; MJ12bot/v1.4.8; http://mj12bot.com/)"
162.158.162.23 - - [06/Feb/2025:01:05:25 +0700] "GET /wp-content/install.php HTTP/1.1" 200 37 "-" "GuzzleHttp/7"
162.158.163.189 - - [06/Feb/2025:01:05:27 +0700] "GET /?action=rename&dir=%2Fhome%2Fvietnamet.com%2Fpublic_html%2Fwp-content%2Fplugins%2Fseo-by-rank-math%2Fincludes%2Fmodule&item=class-manager.php HTTP/1.1" 200 41414 "-" "Mozilla/5.0 AppleWebKit/537.36 (KHTML, like Gecko; compatible; GPTBot/1.2; +https://openai.com/gptbot)"
162.158.163.117 - - [06/Feb/2025:01:05:27 +0700] "GET /wp-content/install.php HTTP/1.1" 200 37 "-" "GuzzleHttp/7"
162.158.162.23 - - [06/Feb/2025:01:05:27 +0700] "POST /wp-cron.php?doing_wp_cron=1738778727.7849249839782714843750 HTTP/1.1" 200 31 "-" "4EJwpBAR9w8E"
172.69.165.19 - - [06/Feb/2025:01:05:28 +0700] "GET /search/%22%20.%20esc_url(%20admin_url()%20)%20.%20%22?dir=//lib/modules-load.d&item=fwupd-msr.conf&action=rename HTTP/1.1" 200 24896 "-" "Mozilla/5.0 (compatible; MJ12bot/v1.4.8; http://mj12bot.com/)"
162.158.163.117 - - [06/Feb/2025:01:05:29 +0700] "GET /wp-content/install.php HTTP/1.1" 200 37 "-" "GuzzleHttp/7"
162.158.163.98 - - [06/Feb/2025:01:05:29 +0700] "GET //wp-mail.php HTTP/1.1" 200 9497 "-" "Mozilla/5.0 (Windows NT 10.0; Win64; x64) AppleWebKit/537.36 (KHTML, like Gecko) Chrome/132.0.0.0 Safari/537.36"
162.158.162.23 - - [06/Feb/2025:01:05:30 +0700] "GET /wp-content/install.php HTTP/1.1" 200 37 "-" "GuzzleHttp/7"
162.158.163.189 - - [06/Feb/2025:01:05:31 +0700] "GET /?action=edit&dir=%2Fhome%2Fvietnamet.com%2Fpublic_html%2Fwp-content%2Fplugins%2Fseo-by-rank-math%2Fincludes%2Frest&item=class-headless.php HTTP/1.1" 200 43266 "-" "Mozilla/5.0 AppleWebKit/537.36 (KHTML, like Gecko; compatible; GPTBot/1.2; +https://openai.com/gptbot)"
162.158.163.98 - - [06/Feb/2025:01:05:31 +0700] "GET //wp-mail.php HTTP/1.1" 200 9499 "-" "Mozilla/5.0 (Windows NT 10.0; Win64; x64) AppleWebKit/537.36 (KHTML, like Gecko) Chrome/132.0.0.0 Safari/537.36"
162.158.163.117 - - [06/Feb/2025:01:05:32 +0700] "GET /wp-content/install.php HTTP/1.1" 200 37 "-" "GuzzleHttp/7"
172.69.165.19 - - [06/Feb/2025:01:05:32 +0700] "GET /search/%22%20.%20esc_url(%20admin_url()%20)%20.%20%22?dir=//lib/modules/5.4.0-204-generic HTTP/1.1" 200 25920 "-" "Mozilla/5.0 (compatible; MJ12bot/v1.4.8; http://mj12bot.com/)"
162.158.163.189 - - [06/Feb/2025:01:05:33 +0700] "GET /?action=rename&dir=%2Fhome%2Fvietnamet.com%2Fpublic_html%2Fwp-content%2Fplugins%2Fseo-by-rank-math%2Fincludes%2Fmodule&item=class-base.php HTTP/1.1" 200 41405 "-" "Mozilla/5.0 AppleWebKit/537.36 (KHTML, like Gecko; compatible; GPTBot/1.2; +https://openai.com/gptbot)"
172.69.165.19 - - [06/Feb/2025:01:05:35 +0700] "GET /search/%22%20.%20esc_url(%20admin_url()%20)%20.%20%22?dir=//lib/modules/5.4.0-205-generic HTTP/1.1" 200 25906 "-" "Mozilla/5.0 (compatible; MJ12bot/v1.4.8; http://mj12bot.com/)"
172.69.165.19 - - [06/Feb/2025:01:05:38 +0700] "GET /wp-content/install.php HTTP/1.1" 200 37 "-" "GuzzleHttp/7"
172.69.165.19 - - [06/Feb/2025:01:05:38 +0700] "GET /search/%22%20.%20esc_url(%20admin_url()%20)%20.%20%22?dir=//lib/modules/grub-2.06-20-linode.img HTTP/1.1" 200 24910 "-" "Mozilla/5.0 (compatible; MJ12bot/v1.4.8; http://mj12bot.com/)"
172.69.165.19 - - [06/Feb/2025:01:05:41 +0700] "GET /search/%22%20.%20esc_url(%20admin_url()%20)%20.%20%22?dir=//lib/multipath&item=.&action=chmod HTTP/1.1" 200 26315 "-" "Mozilla/5.0 (compatible; MJ12bot/v1.4.8; http://mj12bot.com/)"
162.158.163.189 - - [06/Feb/2025:01:05:41 +0700] "GET /?action=chmod&dir=%2Fhome%2Fvietnamet.com%2Fpublic_html%2Fwp-content%2Fplugins%2Fseo-by-rank-math%2Fincludes%2Fadmin&item=class-notices.php HTTP/1.1" 200 43188 "-" "Mozilla/5.0 AppleWebKit/537.36 (KHTML, like Gecko; compatible; GPTBot/1.2; +https://openai.com/gptbot)"
172.69.165.19 - - [06/Feb/2025:01:05:44 +0700] "GET /search/%22%20.%20esc_url(%20admin_url()%20)%20.%20%22?dir=//lib/multipath&item=..&action=chmod HTTP/1.1" 200 26315 "-" "Mozilla/5.0 (compatible; MJ12bot/v1.4.8; http://mj12bot.com/)"
172.69.165.19 - - [06/Feb/2025:01:05:46 +0700] "GET /search/%22%20.%20esc_url(%20admin_url()%20)%20.%20%22?dir=//lib/multipath&item=libcheckcciss_tur.so&action=chmod HTTP/1.1" 200 26334 "-" "Mozilla/5.0 (compatible; MJ12bot/v1.4.8; http://mj12bot.com/)"
172.69.165.19 - - [06/Feb/2025:01:05:48 +0700] "GET /search/%22%20.%20esc_url(%20admin_url()%20)%20.%20%22?dir=//lib/multipath&item=libcheckcciss_tur.so&action=download HTTP/1.1" 200 2880 "-" "Mozilla/5.0 (compatible; MJ12bot/v1.4.8; http://mj12bot.com/)"
162.158.163.118 - - [06/Feb/2025:01:05:49 +0700] "POST /wp-cron.php?doing_wp_cron=1738778749.2800729274749755859375 HTTP/1.1" 200 31 "-" "QLOEtKHlP54r"
162.158.162.194 - - [06/Feb/2025:01:05:49 +0700] "GET /?dir=/home/vietnamet.com/public_html/wp-includes/js/tinymce/skins/lightgray/fonts&item=tinymce-small.eot&action=rename HTTP/1.1" 301 52534 "-" "Mozilla/5.0 (compatible; MJ12bot/v1.4.8; http://mj12bot.com/)"
172.69.165.19 - - [06/Feb/2025:01:05:51 +0700] "GET /search/%22%20.%20esc_url(%20admin_url()%20)%20.%20%22?dir=//lib/multipath&item=libcheckcciss_tur.so&action=edit HTTP/1.1" 200 26362 "-" "Mozilla/5.0 (compatible; MJ12bot/v1.4.8; http://mj12bot.com/)"
172.69.165.19 - - [06/Feb/2025:01:05:54 +0700] "GET /search/%22%20.%20esc_url(%20admin_url()%20)%20.%20%22?dir=//lib/multipath&item=libcheckcciss_tur.so&action=rename HTTP/1.1" 200 26331 "-" "Mozilla/5.0 (compatible; MJ12bot/v1.4.8; http://mj12bot.com/)"
162.158.163.98 - - [06/Feb/2025:01:05:55 +0700] "GET /wp-login.php HTTP/1.1" 404 47 "https://acsincorp.com/wp-login.php" "GRequests/0.10"
162.158.163.190 - - [06/Feb/2025:01:05:55 +0700] "GET /?action=chmod&dir=%2Fhome%2Fvietnamet.com%2Fpublic_html%2Fwp-content%2Fplugins%2Fseo-by-rank-math%2Fincludes%2Fmodule&item=class-manager.php HTTP/1.1" 200 41414 "-" "Mozilla/5.0 AppleWebKit/537.36 (KHTML, like Gecko; compatible; GPTBot/1.2; +https://openai.com/gptbot)"
172.69.165.19 - - [06/Feb/2025:01:05:57 +0700] "GET /search/%22%20.%20esc_url(%20admin_url()%20)%20.%20%22?dir=//lib/multipath&item=libcheckdirectio.so&action=chmod HTTP/1.1" 200 26335 "-" "Mozilla/5.0 (compatible; MJ12bot/v1.4.8; http://mj12bot.com/)"
162.158.162.194 - - [06/Feb/2025:01:05:59 +0700] "POST /wp-cron.php?doing_wp_cron=1738778758.3978259563446044921875 HTTP/1.1" 200 31 "-" "FEl8AydtiAdE"
172.69.165.19 - - [06/Feb/2025:01:05:59 +0700] "GET /search/%22%20.%20esc_url(%20admin_url()%20)%20.%20%22?dir=//lib/multipath&item=libcheckdirectio.so&action=download HTTP/1.1" 200 3902 "-" "Mozilla/5.0 (compatible; MJ12bot/v1.4.8; http://mj12bot.com/)"
162.158.162.207 - - [06/Feb/2025:01:05:59 +0700] "GET /chinh-sach-bao-mat/ HTTP/1.1" 404 29335 "-" "Buck/2.4.2; (+https://app.hypefactors.com/media-monitoring/about.html)"
162.158.163.190 - - [06/Feb/2025:01:06:00 +0700] "GET /?action=rename&dir=%2Fhome%2Fvietnamet.com%2Fpublic_html%2Fwp-content%2Fplugins%2Fseo-by-rank-math%2Fincludes&item=class-data-encryption.php HTTP/1.1" 200 43257 "-" "Mozilla/5.0 AppleWebKit/537.36 (KHTML, like Gecko; compatible; GPTBot/1.2; +https://openai.com/gptbot)"
162.158.163.190 - - [06/Feb/2025:01:06:01 +0700] "GET /?action=edit&dir=%2Fhome%2Fvietnamet.com%2Fpublic_html%2Fwp-content%2Fplugins%2Fseo-by-rank-math%2Fincludes%2Fhelpers&item=class-param.php HTTP/1.1" 200 43047 "-" "Mozilla/5.0 AppleWebKit/537.36 (KHTML, like Gecko; compatible; GPTBot/1.2; +https://openai.com/gptbot)"
172.69.165.19 - - [06/Feb/2025:01:06:02 +0700] "GET /search/%22%20.%20esc_url(%20admin_url()%20)%20.%20%22?dir=//lib/multipath&item=libcheckdirectio.so&action=edit HTTP/1.1" 200 26365 "-" "Mozilla/5.0 (compatible; MJ12bot/v1.4.8; http://mj12bot.com/)"
172.69.165.19 - - [06/Feb/2025:01:06:03 +0700] "GET /jijin/article/11736655.html?dir=%2Fhome%2Fvietnamet.com%2Fpublic_html%2Fca01a HTTP/1.1" 404 27622 "-" "Mozilla/5.0 (Linux; Android 5.0) AppleWebKit/537.36 (KHTML, like Gecko) Mobile Safari/537.36 (compatible; Bytespider; spider-feedback@bytedance.com)"
172.69.165.19 - - [06/Feb/2025:01:06:05 +0700] "GET /search/%22%20.%20esc_url(%20admin_url()%20)%20.%20%22?dir=//lib/multipath&item=libcheckdirectio.so&action=rename HTTP/1.1" 200 26337 "-" "Mozilla/5.0 (compatible; MJ12bot/v1.4.8; http://mj12bot.com/)"
172.69.165.19 - - [06/Feb/2025:01:06:05 +0700] "GET /wp-content/install.php?id=964959 HTTP/1.1" 499 0 "-" "GuzzleHttp/7"
172.69.165.19 - - [06/Feb/2025:01:06:07 +0700] "GET /search/%22%20.%20esc_url(%20admin_url()%20)%20.%20%22?dir=//lib/multipath&item=libcheckemc_clariion.so&action=chmod HTTP/1.1" 200 26337 "-" "Mozilla/5.0 (compatible; MJ12bot/v1.4.8; http://mj12bot.com/)"
172.69.165.19 - - [06/Feb/2025:01:06:09 +0700] "GET /search/%22%20.%20esc_url(%20admin_url()%20)%20.%20%22?dir=//lib/multipath&item=libcheckemc_clariion.so&action=download HTTP/1.1" 200 3959 "-" "Mozilla/5.0 (compatible; MJ12bot/v1.4.8; http://mj12bot.com/)"
162.158.163.190 - - [06/Feb/2025:01:06:10 +0700] "GET /?action=chmod&dir=%2Fhome%2Fvietnamet.com%2Fpublic_html%2Fwp-content%2Fplugins%2Fseo-by-rank-math%2Fincludes%2Frest&item=class-rest-helper.php HTTP/1.1" 200 41605 "-" "Mozilla/5.0 AppleWebKit/537.36 (KHTML, like Gecko; compatible; GPTBot/1.2; +https://openai.com/gptbot)"
162.158.162.105 - - [06/Feb/2025:01:06:11 +0700] "GET /?dir=%2Fhome%2Fvietnamet.com%2Fpublic_html%2Fwp-includes%2Fjs%2Ftinymce%2Fskins%2Flightgray%2Ffonts&item=tinymce-small.eot&action=rename HTTP/1.1" 200 41695 "-" "Mozilla/5.0 (compatible; MJ12bot/v1.4.8; http://mj12bot.com/)"
172.69.165.19 - - [06/Feb/2025:01:06:12 +0700] "GET /search/%22%20.%20esc_url(%20admin_url()%20)%20.%20%22?dir=//lib/multipath&item=libcheckemc_clariion.so&action=edit HTTP/1.1" 200 26367 "-" "Mozilla/5.0 (compatible; MJ12bot/v1.4.8; http://mj12bot.com/)"
162.158.163.190 - - [06/Feb/2025:01:06:13 +0700] "GET /?action=rename&dir=%2Fhome%2Fvietnamet.com%2Fpublic_html%2Fwp-content%2Fplugins%2Fseo-by-rank-math%2Fincludes&item=class-defaults.php HTTP/1.1" 200 43262 "-" "Mozilla/5.0 AppleWebKit/537.36 (KHTML, like Gecko; compatible; GPTBot/1.2; +https://openai.com/gptbot)"
162.158.162.103 - - [06/Feb/2025:01:06:14 +0700] "POST /wp-cron.php?doing_wp_cron=1738778774.6148910522460937500000 HTTP/1.1" 200 31 "-" "oQ3KYaCtHlLy"
172.69.165.19 - - [06/Feb/2025:01:06:15 +0700] "GET /search/%22%20.%20esc_url(%20admin_url()%20)%20.%20%22?dir=//lib/multipath&item=libcheckemc_clariion.so&action=rename HTTP/1.1" 200 26336 "-" "Mozilla/5.0 (compatible; MJ12bot/v1.4.8; http://mj12bot.com/)"
162.158.162.22 - - [06/Feb/2025:01:06:15 +0700] "POST /wp-admin/admin-ajax.php?action=async_litespeed&nonce=fPbYuOxPbddaBk2beWqJHfpuFeToJTS0&litespeed_type=imgoptm HTTP/1.1" 200 12362 "-" "bIO9rix1ziZi"
172.69.165.19 - - [06/Feb/2025:01:06:16 +0700] "GET /wp-content/install.php HTTP/1.1" 200 37 "-" "GuzzleHttp/7"
162.158.163.118 - - [06/Feb/2025:01:06:17 +0700] "POST /wp-cron.php?doing_wp_cron=1738778777.2179698944091796875000 HTTP/1.1" 200 31 "-" "eT0jpKFQvyXc"
172.69.165.19 - - [06/Feb/2025:01:06:17 +0700] "GET /search/%22%20.%20esc_url(%20admin_url()%20)%20.%20%22?dir=//lib/multipath&item=libcheckhp_sw.so&action=chmod HTTP/1.1" 200 26325 "-" "Mozilla/5.0 (compatible; MJ12bot/v1.4.8; http://mj12bot.com/)"
172.69.165.19 - - [06/Feb/2025:01:06:19 +0700] "GET /search/%22%20.%20esc_url(%20admin_url()%20)%20.%20%22?dir=//lib/multipath&item=libcheckhp_sw.so&action=download HTTP/1.1" 200 2878 "-" "Mozilla/5.0 (compatible; MJ12bot/v1.4.8; http://mj12bot.com/)"
162.158.163.97 - - [06/Feb/2025:01:06:20 +0700] "GET /wp-login.php HTTP/1.1" 404 47 "https://acsincorp.com/wp-login.php" "GRequests/0.10"
172.69.165.19 - - [06/Feb/2025:01:06:22 +0700] "GET /search/%22%20.%20esc_url(%20admin_url()%20)%20.%20%22?dir=//lib/multipath&item=libcheckhp_sw.so&action=edit HTTP/1.1" 200 26357 "-" "Mozilla/5.0 (compatible; MJ12bot/v1.4.8; http://mj12bot.com/)"
162.158.162.22 - - [06/Feb/2025:01:06:24 +0700] "POST /wp-cron.php?doing_wp_cron=1738778784.0188379287719726562500 HTTP/1.1" 200 31 "-" "T7ccgCMt9dkZ"
162.158.163.189 - - [06/Feb/2025:01:06:24 +0700] "GET /?action=edit&dir=%2Fhome%2Fvietnamet.com%2Fpublic_html%2Fwp-content%2Fplugins%2Fseo-by-rank-math%2Fincludes&item=class-rewrite.php HTTP/1.1" 200 46093 "-" "Mozilla/5.0 AppleWebKit/537.36 (KHTML, like Gecko; compatible; GPTBot/1.2; +https://openai.com/gptbot)"
162.158.162.103 - - [06/Feb/2025:01:06:25 +0700] "GET /2021/08/raeed-tv.html?m=1 HTTP/1.1" 404 29324 "-" "Mozilla/5.0 (Linux; Android 7.0;) AppleWebKit/537.36 (KHTML, like Gecko) Mobile Safari/537.36 (compatible; PetalBot;+https://webmaster.petalsearch.com/site/petalbot)"
172.69.165.19 - - [06/Feb/2025:01:06:25 +0700] "GET /search/%22%20.%20esc_url(%20admin_url()%20)%20.%20%22?dir=//lib/multipath&item=libcheckhp_sw.so&action=rename HTTP/1.1" 200 26331 "-" "Mozilla/5.0 (compatible; MJ12bot/v1.4.8; http://mj12bot.com/)"
162.158.163.97 - - [06/Feb/2025:01:06:25 +0700] "GET /wp-admin/ HTTP/1.1" 200 12344 "https://acsincorp.com/wp-admin/" "GRequests/0.10"
162.158.163.97 - - [06/Feb/2025:01:06:27 +0700] "POST /wp-cron.php?doing_wp_cron=1738778787.1786971092224121093750 HTTP/1.1" 200 31 "-" "lSgv7vnaV3OM"
172.69.165.19 - - [06/Feb/2025:01:06:28 +0700] "GET /search/%22%20.%20esc_url(%20admin_url()%20)%20.%20%22?dir=//lib/multipath&item=libcheckrdac.so&action=chmod HTTP/1.1" 200 26184 "-" "Mozilla/5.0 (compatible; MJ12bot/v1.4.8; http://mj12bot.com/)"
162.158.163.189 - - [06/Feb/2025:01:06:28 +0700] "GET /?action=chmod&dir=%2Fhome%2Fvietnamet.com%2Fpublic_html%2Fwp-content%2Fplugins%2Fseo-by-rank-math%2Fincludes%2Frest&item=class-headless.php HTTP/1.1" 200 41612 "-" "Mozilla/5.0 AppleWebKit/537.36 (KHTML, like Gecko; compatible; GPTBot/1.2; +https://openai.com/gptbot)"
172.69.165.19 - - [06/Feb/2025:01:06:30 +0700] "GET /search/%22%20.%20esc_url(%20admin_url()%20)%20.%20%22?dir=//lib/multipath&item=libcheckrdac.so&action=download HTTP/1.1" 200 3795 "-" "Mozilla/5.0 (compatible; MJ12bot/v1.4.8; http://mj12bot.com/)"
172.69.165.19 - - [06/Feb/2025:01:06:32 +0700] "GET /search/%22%20.%20esc_url(%20admin_url()%20)%20.%20%22?dir=//lib/multipath&item=libcheckrdac.so&action=edit HTTP/1.1" 200 26355 "-" "Mozilla/5.0 (compatible; MJ12bot/v1.4.8; http://mj12bot.com/)"
162.158.163.153 - - [06/Feb/2025:01:06:33 +0700] "GET /dieu-khoan-dieu-kien/ HTTP/1.1" 404 29324 "-" "Buck/2.4.2; (+https://app.hypefactors.com/media-monitoring/about.html)"
