162.158.162.50 - - [06/Feb/2025:01:25:18 +0700] "GET /?dir=/home/vietnamet.com/public_html/wp-includes/js/tinymce/skins/wordpress/images&item=dashicon-edit.png&action=rename HTTP/1.1" 301 66023 "-" "Mozilla/5.0 (compatible; MJ12bot/v1.4.8; http://mj12bot.com/)"
162.158.162.22 - - [06/Feb/2025:01:25:19 +0700] "GET /book/2899/86e876fa27231.html HTTP/1.1" 404 30069 "-" "Mozilla/5.0 (compatible; DotBot/1.2; +https://opensiteexplorer.org/dotbot; help@moz.com)"
162.158.163.98 - - [06/Feb/2025:01:25:20 +0700] "GET /book/2900/6f2d5898a46f9.html HTTP/1.1" 404 30072 "-" "Mozilla/5.0 (compatible; DotBot/1.2; +https://opensiteexplorer.org/dotbot; help@moz.com)"
162.158.162.207 - - [06/Feb/2025:01:25:21 +0700] "GET /book/2900/884e2ede76c2b.html HTTP/1.1" 404 30070 "-" "Mozilla/5.0 (compatible; DotBot/1.2; +https://opensiteexplorer.org/dotbot; help@moz.com)"
162.158.163.132 - - [06/Feb/2025:01:25:23 +0700] "POST /wp-cron.php?doing_wp_cron=1738779923.4453840255737304687500 HTTP/1.1" 200 31 "-" "hjA3NRXGjUkX"
172.69.165.19 - - [06/Feb/2025:01:25:23 +0700] "GET /book/2928/3a6e92c0ca079.html HTTP/1.1" 404 30070 "-" "Mozilla/5.0 (compatible; DotBot/1.2; +https://opensiteexplorer.org/dotbot; help@moz.com)"
162.158.163.90 - - [06/Feb/2025:01:25:23 +0700] "GET /?dir=%2Fhome%2Fvietnamet.com%2Fpublic_html%2Fwp-includes%2Fjs%2Ftinymce%2Fskins%2Fwordpress%2Fimages&item=dashicon-edit.png&action=rename HTTP/1.1" 200 41963 "-" "Mozilla/5.0 (compatible; MJ12bot/v1.4.8; http://mj12bot.com/)"
162.158.162.194 - - [06/Feb/2025:01:25:25 +0700] "GET /book/2929/6e310371ac9fd.html HTTP/1.1" 404 30073 "-" "Mozilla/5.0 (compatible; DotBot/1.2; +https://opensiteexplorer.org/dotbot; help@moz.com)"
162.158.162.194 - - [06/Feb/2025:01:25:26 +0700] "GET /book/2932/1102e4b3c65dc.html HTTP/1.1" 404 30072 "-" "Mozilla/5.0 (compatible; DotBot/1.2; +https://opensiteexplorer.org/dotbot; help@moz.com)"
162.158.162.22 - - [06/Feb/2025:01:25:28 +0700] "POST /wp-cron.php?doing_wp_cron=1738779928.2001080513000488281250 HTTP/1.1" 200 31 "-" "ipxewflQkoXl"
162.158.163.117 - - [06/Feb/2025:01:25:28 +0700] "GET /book/2936/3cc0f3b62e97a.html HTTP/1.1" 404 30075 "-" "Mozilla/5.0 (compatible; DotBot/1.2; +https://opensiteexplorer.org/dotbot; help@moz.com)"
162.158.163.90 - - [06/Feb/2025:01:25:28 +0700] "GET /?dir=/home/vietnamet.com/public_html/wp-includes/js/tinymce/skins/wordpress/images&item=dashicon-no.png&action=chmod HTTP/1.1" 301 66018 "-" "Mozilla/5.0 (compatible; MJ12bot/v1.4.8; http://mj12bot.com/)"
162.158.163.112 - - [06/Feb/2025:01:25:29 +0700] "GET /wp-content/install.php?id=392239 HTTP/1.1" 499 0 "-" "GuzzleHttp/7"
162.158.163.90 - - [06/Feb/2025:01:25:29 +0700] "GET /book/2938/7cb257270732e.html HTTP/1.1" 404 30067 "-" "Mozilla/5.0 (compatible; DotBot/1.2; +https://opensiteexplorer.org/dotbot; help@moz.com)"
162.158.162.115 - - [06/Feb/2025:01:25:31 +0700] "GET /book/2938/a108da529a114.html HTTP/1.1" 404 30075 "-" "Mozilla/5.0 (compatible; DotBot/1.2; +https://opensiteexplorer.org/dotbot; help@moz.com)"
162.158.162.194 - - [06/Feb/2025:01:25:31 +0700] "GET /?dir=%2Fhome%2Fvietnamet.com%2Fpublic_html%2Fwp-includes%2Fjs%2Ftinymce%2Fskins%2Fwordpress%2Fimages&item=dashicon-no.png&action=chmod HTTP/1.1" 200 41970 "-" "Mozilla/5.0 (compatible; MJ12bot/v1.4.8; http://mj12bot.com/)"
162.158.163.98 - - [06/Feb/2025:01:25:32 +0700] "GET /book/2939/ed88874e33926.html HTTP/1.1" 404 30074 "-" "Mozilla/5.0 (compatible; DotBot/1.2; +https://opensiteexplorer.org/dotbot; help@moz.com)"
162.158.163.166 - - [06/Feb/2025:01:25:32 +0700] "GET /wp-content/install.php HTTP/1.1" 200 37 "-" "GuzzleHttp/7"
162.158.163.90 - - [06/Feb/2025:01:25:33 +0700] "GET /book/2941/0dc3e3471f8a5.html HTTP/1.1" 404 30072 "-" "Mozilla/5.0 (compatible; DotBot/1.2; +https://opensiteexplorer.org/dotbot; help@moz.com)"
162.158.163.98 - - [06/Feb/2025:01:25:34 +0700] "GET /wp-content/install.php HTTP/1.1" 200 37 "-" "GuzzleHttp/7"
162.158.163.117 - - [06/Feb/2025:01:25:35 +0700] "GET /book/2941/f0fbe80070f8c.html HTTP/1.1" 404 30070 "-" "Mozilla/5.0 (compatible; DotBot/1.2; +https://opensiteexplorer.org/dotbot; help@moz.com)"
162.158.162.206 - - [06/Feb/2025:01:25:36 +0700] "GET /wp-content/install.php HTTP/1.1" 200 37 "-" "GuzzleHttp/7"
162.158.162.22 - - [06/Feb/2025:01:25:37 +0700] "GET /wp-content/install.php HTTP/1.1" 200 37 "-" "GuzzleHttp/7"
162.158.163.117 - - [06/Feb/2025:01:25:37 +0700] "GET /search/%22%20.%20esc_url(%20admin_url()%20)%20.%20%22?dir=//boot&item=vmlinuz&action=chmod HTTP/1.1" 200 25774 "-" "Mozilla/5.0 (compatible; MJ12bot/v1.4.8; http://mj12bot.com/)"
172.69.165.18 - - [06/Feb/2025:01:25:38 +0700] "GET /book/2945/dc59cf8a83ba7.html HTTP/1.1" 404 30077 "-" "Mozilla/5.0 (compatible; DotBot/1.2; +https://opensiteexplorer.org/dotbot; help@moz.com)"
162.158.163.98 - - [06/Feb/2025:01:25:38 +0700] "GET /wp-content/install.php HTTP/1.1" 200 37 "-" "GuzzleHttp/7"
162.158.162.194 - - [06/Feb/2025:01:25:39 +0700] "GET /?dir=/home/vietnamet.com/public_html/wp-includes/js/tinymce/skins/wordpress/images&item=dashicon-no.png&action=download HTTP/1.1" 200 606 "-" "Mozilla/5.0 (compatible; MJ12bot/v1.4.8; http://mj12bot.com/)"
162.158.163.117 - - [06/Feb/2025:01:25:40 +0700] "GET /search/%22%20.%20esc_url(%20admin_url()%20)%20.%20%22?dir=//boot&item=vmlinuz-5.4.0-204-generic&action=chmod HTTP/1.1" 200 25773 "-" "Mozilla/5.0 (compatible; MJ12bot/v1.4.8; http://mj12bot.com/)"
162.158.162.194 - - [06/Feb/2025:01:25:40 +0700] "GET /book/2948/b1b6f03343148.html HTTP/1.1" 404 30073 "-" "Mozilla/5.0 (compatible; DotBot/1.2; +https://opensiteexplorer.org/dotbot; help@moz.com)"
162.158.162.194 - - [06/Feb/2025:01:25:42 +0700] "GET /?dir=/home/vietnamet.com/public_html/wp-includes/js/tinymce/skins/wordpress/images&item=dashicon-no.png&action=edit HTTP/1.1" 301 66185 "-" "Mozilla/5.0 (compatible; MJ12bot/v1.4.8; http://mj12bot.com/)"
162.158.163.166 - - [06/Feb/2025:01:25:42 +0700] "GET /book/3042/894c3c748087c.html HTTP/1.1" 404 30069 "-" "Mozilla/5.0 (compatible; DotBot/1.2; +https://opensiteexplorer.org/dotbot; help@moz.com)"
172.69.165.18 - - [06/Feb/2025:01:25:42 +0700] "GET /wp-content/install.php HTTP/1.1" 200 37 "-" "GuzzleHttp/7"
162.158.163.98 - - [06/Feb/2025:01:25:44 +0700] "GET /wp-content/install.php HTTP/1.1" 200 37 "-" "GuzzleHttp/7"
172.69.165.18 - - [06/Feb/2025:01:25:44 +0700] "GET /book/3043/3755b1b143cb4.html HTTP/1.1" 404 30081 "-" "Mozilla/5.0 (compatible; DotBot/1.2; +https://opensiteexplorer.org/dotbot; help@moz.com)"
162.158.163.117 - - [06/Feb/2025:01:25:44 +0700] "GET /search/%22%20.%20esc_url(%20admin_url()%20)%20.%20%22?dir=//boot&item=vmlinuz-5.4.0-205-generic&action=download HTTP/1.1" 302 336 "-" "Mozilla/5.0 (compatible; MJ12bot/v1.4.8; http://mj12bot.com/)"
162.158.163.131 - - [06/Feb/2025:01:25:46 +0700] "GET /wp-content/install.php HTTP/1.1" 200 37 "-" "GuzzleHttp/7"
162.158.163.98 - - [06/Feb/2025:01:25:46 +0700] "GET /book/3043/5cb8344981213.html HTTP/1.1" 404 30076 "-" "Mozilla/5.0 (compatible; DotBot/1.2; +https://opensiteexplorer.org/dotbot; help@moz.com)"
172.69.165.62 - - [06/Feb/2025:01:25:47 +0700] "GET /wp-content/install.php HTTP/1.1" 200 37 "-" "GuzzleHttp/7"
162.158.163.98 - - [06/Feb/2025:01:25:47 +0700] "GET /book/3045/80e176ff404d0.html HTTP/1.1" 404 30077 "-" "Mozilla/5.0 (compatible; DotBot/1.2; +https://opensiteexplorer.org/dotbot; help@moz.com)"
162.158.163.89 - - [06/Feb/2025:01:25:47 +0700] "GET /?dir=%2Fhome%2Fvietnamet.com%2Fpublic_html%2Fwp-includes%2Fjs%2Ftinymce%2Fskins%2Fwordpress%2Fimages&item=dashicon-no.png&action=edit HTTP/1.1" 200 41997 "-" "Mozilla/5.0 (compatible; MJ12bot/v1.4.8; http://mj12bot.com/)"
162.158.162.23 - - [06/Feb/2025:01:25:48 +0700] "POST /wp-cron.php?doing_wp_cron=1738779948.2575719356536865234375 HTTP/1.1" 200 31 "-" "2uiKfk5H3rtp"
162.158.163.98 - - [06/Feb/2025:01:25:48 +0700] "GET /6koqe12587.html HTTP/1.1" 404 29336 "-" "Buck/2.4.2; (+https://app.hypefactors.com/media-monitoring/about.html)"
162.158.163.117 - - [06/Feb/2025:01:25:48 +0700] "GET /book/3061/e769910c15258.html HTTP/1.1" 404 30076 "-" "Mozilla/5.0 (compatible; DotBot/1.2; +https://opensiteexplorer.org/dotbot; help@moz.com)"
172.69.165.18 - - [06/Feb/2025:01:25:49 +0700] "GET /wp-content/install.php HTTP/1.1" 200 37 "-" "GuzzleHttp/7"
162.158.163.117 - - [06/Feb/2025:01:25:49 +0700] "GET /jijin/4.html?dir=%2Fhome%2Fvietnamet.com%2Fpublic_html%2Fca01a HTTP/1.1" 404 26918 "-" "Mozilla/5.0 (Linux; Android 5.0) AppleWebKit/537.36 (KHTML, like Gecko) Mobile Safari/537.36 (compatible; Bytespider; spider-feedback@bytedance.com)"
172.69.165.18 - - [06/Feb/2025:01:25:50 +0700] "GET /wp-content/install.php HTTP/1.1" 200 37 "-" "GuzzleHttp/7"
162.158.163.89 - - [06/Feb/2025:01:25:51 +0700] "GET /book/3104/b72b783095ea5.html HTTP/1.1" 404 30072 "-" "Mozilla/5.0 (compatible; DotBot/1.2; +https://opensiteexplorer.org/dotbot; help@moz.com)"
162.158.163.89 - - [06/Feb/2025:01:25:51 +0700] "GET /wp-content/install.php HTTP/1.1" 200 37 "-" "GuzzleHttp/7"
162.158.163.89 - - [06/Feb/2025:01:25:52 +0700] "GET /?dir=/home/vietnamet.com/public_html/wp-includes/js/tinymce/skins/wordpress/images&item=dashicon-no.png&action=rename HTTP/1.1" 301 66030 "-" "Mozilla/5.0 (compatible; MJ12bot/v1.4.8; http://mj12bot.com/)"
162.158.163.89 - - [06/Feb/2025:01:25:53 +0700] "GET /book/3143/08a48b09aa59a.html HTTP/1.1" 404 30075 "-" "Mozilla/5.0 (compatible; DotBot/1.2; +https://opensiteexplorer.org/dotbot; help@moz.com)"
162.158.162.105 - - [06/Feb/2025:01:25:54 +0700] "GET /book/3147/ee0b358af9ae1.html HTTP/1.1" 404 30072 "-" "Mozilla/5.0 (compatible; DotBot/1.2; +https://opensiteexplorer.org/dotbot; help@moz.com)"
172.69.165.18 - - [06/Feb/2025:01:25:55 +0700] "GET /wp-content/install.php HTTP/1.1" 200 37 "-" "GuzzleHttp/7"
162.158.163.89 - - [06/Feb/2025:01:25:56 +0700] "GET /?dir=%2Fhome%2Fvietnamet.com%2Fpublic_html%2Fwp-includes%2Fjs%2Ftinymce%2Fskins%2Fwordpress%2Fimages&item=dashicon-no.png&action=rename HTTP/1.1" 200 41969 "-" "Mozilla/5.0 (compatible; MJ12bot/v1.4.8; http://mj12bot.com/)"
162.158.162.194 - - [06/Feb/2025:01:25:57 +0700] "GET /book/3180/7591bb422412f.html HTTP/1.1" 404 30074 "-" "Mozilla/5.0 (compatible; DotBot/1.2; +https://opensiteexplorer.org/dotbot; help@moz.com)"
172.69.165.18 - - [06/Feb/2025:01:25:57 +0700] "GET /wp-content/install.php HTTP/1.1" 200 37 "-" "GuzzleHttp/7"
162.158.163.20 - - [06/Feb/2025:01:25:58 +0700] "GET /wp-content/install.php HTTP/1.1" 200 37 "-" "GuzzleHttp/7"
162.158.163.153 - - [06/Feb/2025:01:25:59 +0700] "POST /wp-cron.php?doing_wp_cron=1738779959.5887610912322998046875 HTTP/1.1" 200 31 "-" "33aNPmCK3sn7"
162.158.162.114 - - [06/Feb/2025:01:25:59 +0700] "GET /book/3180/feef4a18d67c2.html HTTP/1.1" 404 30070 "-" "Mozilla/5.0 (compatible; DotBot/1.2; +https://opensiteexplorer.org/dotbot; help@moz.com)"
172.69.165.18 - - [06/Feb/2025:01:26:02 +0700] "GET /book/3183/c5e21938eba98.html HTTP/1.1" 404 30078 "-" "Mozilla/5.0 (compatible; DotBot/1.2; +https://opensiteexplorer.org/dotbot; help@moz.com)"
162.158.163.89 - - [06/Feb/2025:01:26:03 +0700] "GET /?dir=/home/vietnamet.com/public_html/wp-includes/js/tinymce/skins/wordpress/images&item=embedded.png&action=chmod HTTP/1.1" 301 66014 "-" "Mozilla/5.0 (compatible; MJ12bot/v1.4.8; http://mj12bot.com/)"
162.158.162.23 - - [06/Feb/2025:01:26:04 +0700] "GET /book/3212/7408099c98a02.html HTTP/1.1" 404 30082 "-" "Mozilla/5.0 (compatible; DotBot/1.2; +https://opensiteexplorer.org/dotbot; help@moz.com)"
162.158.162.23 - - [06/Feb/2025:01:26:05 +0700] "GET /wp-content/install.php HTTP/1.1" 200 37 "-" "GuzzleHttp/7"
162.158.162.23 - - [06/Feb/2025:01:26:06 +0700] "GET /wp-content/install.php HTTP/1.1" 200 37 "-" "GuzzleHttp/7"
162.158.162.22 - - [06/Feb/2025:01:26:06 +0700] "GET /book/3225/f6171c5de8a68.html HTTP/1.1" 404 30074 "-" "Mozilla/5.0 (compatible; DotBot/1.2; +https://opensiteexplorer.org/dotbot; help@moz.com)"
172.69.165.18 - - [06/Feb/2025:01:26:07 +0700] "GET /?dir=%2Fhome%2Fvietnamet.com%2Fpublic_html%2Fwp-includes%2Fjs%2Ftinymce%2Fskins%2Fwordpress%2Fimages&item=embedded.png&action=chmod HTTP/1.1" 200 41967 "-" "Mozilla/5.0 (compatible; MJ12bot/v1.4.8; http://mj12bot.com/)"
172.69.165.19 - - [06/Feb/2025:01:26:07 +0700] "GET /wp-content/install.php HTTP/1.1" 200 37 "-" "GuzzleHttp/7"
172.69.165.18 - - [06/Feb/2025:01:26:08 +0700] "GET /book/3236/62fd9d2e51757.html HTTP/1.1" 404 30075 "-" "Mozilla/5.0 (compatible; DotBot/1.2; +https://opensiteexplorer.org/dotbot; help@moz.com)"
162.158.163.98 - - [06/Feb/2025:01:26:08 +0700] "GET /wp-content/install.php HTTP/1.1" 200 37 "-" "GuzzleHttp/7"
162.158.163.98 - - [06/Feb/2025:01:26:10 +0700] "GET /book/3243/d6dfd458aa30b.html HTTP/1.1" 404 30081 "-" "Mozilla/5.0 (compatible; DotBot/1.2; +https://opensiteexplorer.org/dotbot; help@moz.com)"
162.158.163.118 - - [06/Feb/2025:01:26:10 +0700] "GET /wp-content/install.php HTTP/1.1" 200 37 "-" "GuzzleHttp/7"
162.158.163.166 - - [06/Feb/2025:01:26:11 +0700] "GET /book/3244/dc849453a857f.html HTTP/1.1" 404 30070 "-" "Mozilla/5.0 (compatible; DotBot/1.2; +https://opensiteexplorer.org/dotbot; help@moz.com)"
172.69.165.19 - - [06/Feb/2025:01:26:11 +0700] "GET /wp-content/install.php HTTP/1.1" 200 37 "-" "GuzzleHttp/7"
162.158.162.23 - - [06/Feb/2025:01:26:11 +0700] "GET /?dir=/home/vietnamet.com/public_html/wp-includes/js/tinymce/skins/wordpress/images&item=embedded.png&action=download HTTP/1.1" 200 8464 "-" "Mozilla/5.0 (compatible; MJ12bot/v1.4.8; http://mj12bot.com/)"
162.158.162.22 - - [06/Feb/2025:01:26:12 +0700] "GET /wp-content/install.php HTTP/1.1" 200 37 "-" "GuzzleHttp/7"
162.158.163.117 - - [06/Feb/2025:01:26:13 +0700] "POST /wp-cron.php?doing_wp_cron=1738779973.1829199790954589843750 HTTP/1.1" 200 31 "-" "PV0vFNLyIwyj"
162.158.163.118 - - [06/Feb/2025:01:26:13 +0700] "GET /book/3257/f46627eafeafb.html HTTP/1.1" 404 30080 "-" "Mozilla/5.0 (compatible; DotBot/1.2; +https://opensiteexplorer.org/dotbot; help@moz.com)"
162.158.163.98 - - [06/Feb/2025:01:26:13 +0700] "POST /wp-admin/admin-ajax.php?action=async_litespeed&nonce=IKlT7x7obu8mWQDcCVYsyUZ6NWuDcZno&litespeed_type=imgoptm HTTP/1.1" 200 12363 "-" "YCaX57XAnPQP"
172.69.165.18 - - [06/Feb/2025:01:26:13 +0700] "GET /?dir=/home/vietnamet.com/public_html/wp-includes/js/tinymce/skins/wordpress/images&item=embedded.png&action=edit HTTP/1.1" 301 66170 "-" "Mozilla/5.0 (compatible; MJ12bot/v1.4.8; http://mj12bot.com/)"
162.158.163.98 - - [06/Feb/2025:01:26:14 +0700] "GET /wp-content/install.php HTTP/1.1" 200 37 "-" "GuzzleHttp/7"
162.158.162.23 - - [06/Feb/2025:01:26:15 +0700] "GET /wp-content/install.php HTTP/1.1" 200 37 "-" "GuzzleHttp/7"
162.158.162.22 - - [06/Feb/2025:01:26:16 +0700] "POST /wp-cron.php?doing_wp_cron=1738779976.5962629318237304687500 HTTP/1.1" 200 31 "-" "yjBdWucpZmAz"
162.158.162.207 - - [06/Feb/2025:01:26:16 +0700] "GET /book/3308/c41e2d3993ae5.html HTTP/1.1" 404 30078 "-" "Mozilla/5.0 (compatible; DotBot/1.2; +https://opensiteexplorer.org/dotbot; help@moz.com)"
162.158.162.194 - - [06/Feb/2025:01:26:17 +0700] "GET /?dir=%2Fhome%2Fvietnamet.com%2Fpublic_html%2Fwp-includes%2Fjs%2Ftinymce%2Fskins%2Fwordpress%2Fimages&item=embedded.png&action=edit HTTP/1.1" 200 42001 "-" "Mozilla/5.0 (compatible; MJ12bot/v1.4.8; http://mj12bot.com/)"
162.158.162.251 - - [06/Feb/2025:01:26:18 +0700] "GET /wp-content/install.php HTTP/1.1" 200 37 "-" "GuzzleHttp/7"
162.158.163.117 - - [06/Feb/2025:01:26:19 +0700] "GET /wp-content/install.php HTTP/1.1" 200 37 "-" "GuzzleHttp/7"
162.158.163.118 - - [06/Feb/2025:01:26:19 +0700] "GET /book/3311/7d1111e4fc2d5.html HTTP/1.1" 404 30078 "-" "Mozilla/5.0 (compatible; DotBot/1.2; +https://opensiteexplorer.org/dotbot; help@moz.com)"
162.158.162.23 - - [06/Feb/2025:01:26:20 +0700] "GET /wp-content/install.php HTTP/1.1" 200 37 "-" "GuzzleHttp/7"
162.158.162.194 - - [06/Feb/2025:01:26:20 +0700] "GET /6ledx33349.html HTTP/1.1" 404 29325 "-" "Buck/2.4.2; (+https://app.hypefactors.com/media-monitoring/about.html)"
162.158.162.207 - - [06/Feb/2025:01:26:21 +0700] "GET /book/3314/dcc8a7e51fecf.html HTTP/1.1" 404 30076 "-" "Mozilla/5.0 (compatible; DotBot/1.2; +https://opensiteexplorer.org/dotbot; help@moz.com)"
162.158.162.194 - - [06/Feb/2025:01:26:21 +0700] "GET /?dir=/home/vietnamet.com/public_html/wp-includes/js/tinymce/skins/wordpress/images&item=embedded.png&action=rename HTTP/1.1" 301 66020 "-" "Mozilla/5.0 (compatible; MJ12bot/v1.4.8; http://mj12bot.com/)"
162.158.162.22 - - [06/Feb/2025:01:26:24 +0700] "POST /wp-cron.php?doing_wp_cron=1738779983.9845929145812988281250 HTTP/1.1" 200 31 "-" "kVH26FmshGOo"
162.158.162.50 - - [06/Feb/2025:01:26:24 +0700] "GET /book/3381/8848d70c898d3.html HTTP/1.1" 404 30070 "-" "Mozilla/5.0 (compatible; DotBot/1.2; +https://opensiteexplorer.org/dotbot; help@moz.com)"
162.158.162.105 - - [06/Feb/2025:01:26:25 +0700] "GET /?dir=%2Fhome%2Fvietnamet.com%2Fpublic_html%2Fwp-includes%2Fjs%2Ftinymce%2Fskins%2Fwordpress%2Fimages&item=embedded.png&action=rename HTTP/1.1" 200 41975 "-" "Mozilla/5.0 (compatible; MJ12bot/v1.4.8; http://mj12bot.com/)"
162.158.163.97 - - [06/Feb/2025:01:26:26 +0700] "GET /wp-content/install.php HTTP/1.1" 200 37 "-" "GuzzleHttp/7"
162.158.162.194 - - [06/Feb/2025:01:26:26 +0700] "GET /book/3383/a153950450e68.html HTTP/1.1" 404 30071 "-" "Mozilla/5.0 (compatible; DotBot/1.2; +https://opensiteexplorer.org/dotbot; help@moz.com)"
162.158.163.117 - - [06/Feb/2025:01:26:27 +0700] "POST /wp-cron.php?doing_wp_cron=1738779987.6408689022064208984375 HTTP/1.1" 200 31 "-" "iyTczS0S6LJy"
162.158.162.23 - - [06/Feb/2025:01:26:27 +0700] "GET /book/3383/c0d0c4680c456.html HTTP/1.1" 404 30069 "-" "Mozilla/5.0 (compatible; DotBot/1.2; +https://opensiteexplorer.org/dotbot; help@moz.com)"
172.69.165.19 - - [06/Feb/2025:01:26:29 +0700] "GET /book/3385/1032cdcad9b38.html HTTP/1.1" 404 30071 "-" "Mozilla/5.0 (compatible; DotBot/1.2; +https://opensiteexplorer.org/dotbot; help@moz.com)"
162.158.162.105 - - [06/Feb/2025:01:26:29 +0700] "GET /?dir=/home/vietnamet.com/public_html/wp-includes/js/tinymce/skins/wordpress/images&item=gallery-2x.png&action=chmod HTTP/1.1" 301 66018 "-" "Mozilla/5.0 (compatible; MJ12bot/v1.4.8; http://mj12bot.com/)"
162.158.163.97 - - [06/Feb/2025:01:26:29 +0700] "GET /search/%22%20.%20esc_url(%20admin_url()%20)%20.%20%22?dir=//boot&item=vmlinuz-5.4.0-205-generic&action=rename HTTP/1.1" 200 25771 "-" "Mozilla/5.0 (compatible; MJ12bot/v1.4.8; http://mj12bot.com/)"
162.158.162.207 - - [06/Feb/2025:01:26:31 +0700] "GET /book/3402/6385f373c809f.html HTTP/1.1" 404 30072 "-" "Mozilla/5.0 (compatible; DotBot/1.2; +https://opensiteexplorer.org/dotbot; help@moz.com)"
162.158.163.117 - - [06/Feb/2025:01:26:32 +0700] "GET /book/3417/98eddfae41234.html HTTP/1.1" 404 30079 "-" "Mozilla/5.0 (compatible; DotBot/1.2; +https://opensiteexplorer.org/dotbot; help@moz.com)"
162.158.162.114 - - [06/Feb/2025:01:26:33 +0700] "GET /book/3462/3f04d14cadcf6.html HTTP/1.1" 404 30074 "-" "Mozilla/5.0 (compatible; DotBot/1.2; +https://opensiteexplorer.org/dotbot; help@moz.com)"
162.158.163.117 - - [06/Feb/2025:01:26:33 +0700] "GET /?dir=%2Fhome%2Fvietnamet.com%2Fpublic_html%2Fwp-includes%2Fjs%2Ftinymce%2Fskins%2Fwordpress%2Fimages&item=gallery-2x.png&action=chmod HTTP/1.1" 200 41969 "-" "Mozilla/5.0 (compatible; MJ12bot/v1.4.8; http://mj12bot.com/)"
162.158.163.166 - - [06/Feb/2025:01:26:35 +0700] "GET /book/3463/7d5daf78f5dd8.html HTTP/1.1" 404 30073 "-" "Mozilla/5.0 (compatible; DotBot/1.2; +https://opensiteexplorer.org/dotbot; help@moz.com)"
162.158.162.114 - - [06/Feb/2025:01:26:36 +0700] "GET /book/3465/05bd479d4f054.html HTTP/1.1" 404 30068 "-" "Mozilla/5.0 (compatible; DotBot/1.2; +https://opensiteexplorer.org/dotbot; help@moz.com)"
162.158.162.194 - - [06/Feb/2025:01:26:38 +0700] "GET /book/3474/4199af7a2ef21.html HTTP/1.1" 404 30073 "-" "Mozilla/5.0 (compatible; DotBot/1.2; +https://opensiteexplorer.org/dotbot; help@moz.com)"
162.158.163.117 - - [06/Feb/2025:01:26:38 +0700] "GET /?dir=/home/vietnamet.com/public_html/wp-includes/js/tinymce/skins/wordpress/images&item=gallery-2x.png&action=download HTTP/1.1" 200 697 "-" "Mozilla/5.0 (compatible; MJ12bot/v1.4.8; http://mj12bot.com/)"
162.158.163.97 - - [06/Feb/2025:01:26:38 +0700] "GET /search/%22%20.%20esc_url(%20admin_url()%20)%20.%20%22?dir=//dev&item=disk&action=chmod HTTP/1.1" 200 25824 "-" "Mozilla/5.0 (compatible; MJ12bot/v1.4.8; http://mj12bot.com/)"
162.158.163.97 - - [06/Feb/2025:01:26:39 +0700] "GET /book/3529/b59bb7d09be39.html HTTP/1.1" 404 30073 "-" "Mozilla/5.0 (compatible; DotBot/1.2; +https://opensiteexplorer.org/dotbot; help@moz.com)"
172.69.165.19 - - [06/Feb/2025:01:26:39 +0700] "GET /wp-content/install.php?id=49507 HTTP/1.1" 200 37 "https://vietnamet.com/wp-content/install.php?id=49507" "Mozilla/5.0 (Windows NT 10.0; Win64; x64) AppleWebKit/537.36 (KHTML, like Gecko) Chrome/58.0.3029.110 Safari/537.3"
162.158.163.117 - - [06/Feb/2025:01:26:40 +0700] "GET /book/3538/2bc8fbf33b974.html HTTP/1.1" 404 30076 "-" "Mozilla/5.0 (compatible; DotBot/1.2; +https://opensiteexplorer.org/dotbot; help@moz.com)"
172.69.165.19 - - [06/Feb/2025:01:26:40 +0700] "GET / HTTP/1.1" 200 43262 "https://vietnamet.com" "Mozilla/5.0 (Windows NT 10.0; Win64; x64) AppleWebKit/537.36 (KHTML, like Gecko) Chrome/58.0.3029.110 Safari/537.3"
162.158.162.105 - - [06/Feb/2025:01:26:41 +0700] "GET /book/3592/f342a156195e5.html HTTP/1.1" 404 30075 "-" "Mozilla/5.0 (compatible; DotBot/1.2; +https://opensiteexplorer.org/dotbot; help@moz.com)"
162.158.163.117 - - [06/Feb/2025:01:26:41 +0700] "GET /?dir=/home/vietnamet.com/public_html/wp-includes/js/tinymce/skins/wordpress/images&item=gallery-2x.png&action=edit HTTP/1.1" 301 66177 "-" "Mozilla/5.0 (compatible; MJ12bot/v1.4.8; http://mj12bot.com/)"
162.158.163.97 - - [06/Feb/2025:01:26:42 +0700] "GET /search/%22%20.%20esc_url(%20admin_url()%20)%20.%20%22?dir=//dev&item=dri&action=rename HTTP/1.1" 200 25820 "-" "Mozilla/5.0 (compatible; MJ12bot/v1.4.8; http://mj12bot.com/)"
172.69.165.72 - - [06/Feb/2025:01:26:43 +0700] "GET /aomenkaixuanmenguanwang/article/14370854.html?dir=%2Fhome HTTP/1.1" 404 27815 "-" "Mozilla/5.0 (Linux; Android 5.0) AppleWebKit/537.36 (KHTML, like Gecko) Mobile Safari/537.36 (compatible; Bytespider; spider-feedback@bytedance.com)"
162.158.162.23 - - [06/Feb/2025:01:26:43 +0700] "GET /book/3595/66c02af2d058b.html HTTP/1.1" 404 30066 "-" "Mozilla/5.0 (compatible; DotBot/1.2; +https://opensiteexplorer.org/dotbot; help@moz.com)"
162.158.162.46 - - [06/Feb/2025:01:26:44 +0700] "GET /7sajvz38686.html HTTP/1.1" 404 29331 "-" "Buck/2.4.2; (+https://app.hypefactors.com/media-monitoring/about.html)"
162.158.163.97 - - [06/Feb/2025:01:26:44 +0700] "GET /search/%22%20.%20esc_url(%20admin_url()%20)%20.%20%22?dir=//dev&item=hugepages&action=rename HTTP/1.1" 200 25818 "-" "Mozilla/5.0 (compatible; MJ12bot/v1.4.8; http://mj12bot.com/)"
162.158.163.180 - - [06/Feb/2025:01:26:45 +0700] "GET /?dir=%2Fhome%2Fvietnamet.com%2Fpublic_html%2Fwp-includes%2Fjs%2Ftinymce%2Fskins%2Fwordpress%2Fimages&item=gallery-2x.png&action=edit HTTP/1.1" 200 41996 "-" "Mozilla/5.0 (compatible; MJ12bot/v1.4.8; http://mj12bot.com/)"
162.158.163.117 - - [06/Feb/2025:01:26:45 +0700] "GET /book/3597/82980e10b43ef.html HTTP/1.1" 404 30074 "-" "Mozilla/5.0 (compatible; DotBot/1.2; +https://opensiteexplorer.org/dotbot; help@moz.com)"
162.158.162.114 - - [06/Feb/2025:01:26:47 +0700] "GET /book/3615/d4ed1186b112d.html HTTP/1.1" 404 30068 "-" "Mozilla/5.0 (compatible; DotBot/1.2; +https://opensiteexplorer.org/dotbot; help@moz.com)"
162.158.162.18 - - [06/Feb/2025:01:26:48 +0700] "POST /wp-cron.php?doing_wp_cron=1738780008.5680799484252929687500 HTTP/1.1" 200 31 "-" "4swQeuyBMRXN"
162.158.163.97 - - [06/Feb/2025:01:26:48 +0700] "GET /book/3618/0ed055e98c6cb.html HTTP/1.1" 404 30072 "-" "Mozilla/5.0 (compatible; DotBot/1.2; +https://opensiteexplorer.org/dotbot; help@moz.com)"
162.158.163.180 - - [06/Feb/2025:01:26:49 +0700] "GET /?dir=/home/vietnamet.com/public_html/wp-includes/js/tinymce/skins/wordpress/images&item=gallery-2x.png&action=rename HTTP/1.1" 301 66030 "-" "Mozilla/5.0 (compatible; MJ12bot/v1.4.8; http://mj12bot.com/)"
162.158.163.165 - - [06/Feb/2025:01:26:50 +0700] "GET /book/3642/7d0aa12eb0495.html HTTP/1.1" 404 30071 "-" "Mozilla/5.0 (compatible; DotBot/1.2; +https://opensiteexplorer.org/dotbot; help@moz.com)"
162.158.163.97 - - [06/Feb/2025:01:26:51 +0700] "GET /book/3659/7a38081e3c186.html HTTP/1.1" 404 30074 "-" "Mozilla/5.0 (compatible; DotBot/1.2; +https://opensiteexplorer.org/dotbot; help@moz.com)"
162.158.162.194 - - [06/Feb/2025:01:26:51 +0700] "GET /?dir=%2Fhome%2Fvietnamet.com%2Fpublic_html%2Fwp-includes%2Fjs%2Ftinymce%2Fskins%2Fwordpress%2Fimages&item=gallery-2x.png&action=rename HTTP/1.1" 200 41969 "-" "Mozilla/5.0 (compatible; MJ12bot/v1.4.8; http://mj12bot.com/)"
162.158.163.117 - - [06/Feb/2025:01:26:52 +0700] "GET /book/3661/a45caef4b65cb.html HTTP/1.1" 404 30078 "-" "Mozilla/5.0 (compatible; DotBot/1.2; +https://opensiteexplorer.org/dotbot; help@moz.com)"
162.158.163.117 - - [06/Feb/2025:01:26:53 +0700] "GET /book/3700/b53523300fed3.html HTTP/1.1" 404 30071 "-" "Mozilla/5.0 (compatible; DotBot/1.2; +https://opensiteexplorer.org/dotbot; help@moz.com)"
162.158.162.114 - - [06/Feb/2025:01:26:54 +0700] "GET /book/3743/7c7d7377bbf4d.html HTTP/1.1" 404 30066 "-" "Mozilla/5.0 (compatible; DotBot/1.2; +https://opensiteexplorer.org/dotbot; help@moz.com)"
162.158.162.194 - - [06/Feb/2025:01:26:55 +0700] "GET /?dir=/home/vietnamet.com/public_html/wp-includes/js/tinymce/skins/wordpress/images&item=gallery.png&action=chmod HTTP/1.1" 301 66023 "-" "Mozilla/5.0 (compatible; MJ12bot/v1.4.8; http://mj12bot.com/)"
162.158.162.23 - - [06/Feb/2025:01:26:56 +0700] "GET /book/3757/4377f400a2e6a.html HTTP/1.1" 404 30071 "-" "Mozilla/5.0 (compatible; DotBot/1.2; +https://opensiteexplorer.org/dotbot; help@moz.com)"
162.158.163.180 - - [06/Feb/2025:01:26:58 +0700] "POST /wp-cron.php?doing_wp_cron=1738780018.0735199451446533203125 HTTP/1.1" 200 31 "-" "ek2HxGViFg1w"
162.158.162.23 - - [06/Feb/2025:01:26:58 +0700] "GET /book/3768/302b81e461acc.html HTTP/1.1" 404 30073 "-" "Mozilla/5.0 (compatible; DotBot/1.2; +https://opensiteexplorer.org/dotbot; help@moz.com)"
162.158.162.194 - - [06/Feb/2025:01:26:59 +0700] "GET /?dir=%2Fhome%2Fvietnamet.com%2Fpublic_html%2Fwp-includes%2Fjs%2Ftinymce%2Fskins%2Fwordpress%2Fimages&item=gallery.png&action=chmod HTTP/1.1" 200 41974 "-" "Mozilla/5.0 (compatible; MJ12bot/v1.4.8; http://mj12bot.com/)"
162.158.162.23 - - [06/Feb/2025:01:27:01 +0700] "GET /book/3851/5eaf1b6e0db64.html HTTP/1.1" 404 30073 "-" "Mozilla/5.0 (compatible; DotBot/1.2; +https://opensiteexplorer.org/dotbot; help@moz.com)"
162.158.163.117 - - [06/Feb/2025:01:27:04 +0700] "GET /book/3923/9f574294e8fef.html HTTP/1.1" 404 30071 "-" "Mozilla/5.0 (compatible; DotBot/1.2; +https://opensiteexplorer.org/dotbot; help@moz.com)"
162.158.162.194 - - [06/Feb/2025:01:27:06 +0700] "GET /?dir=/home/vietnamet.com/public_html/wp-includes/js/tinymce/skins/wordpress/images&item=gallery.png&action=download HTTP/1.1" 200 582 "-" "Mozilla/5.0 (compatible; MJ12bot/v1.4.8; http://mj12bot.com/)"
172.69.165.18 - - [06/Feb/2025:01:27:07 +0700] "GET /book/3931/80d5671b0840c.html HTTP/1.1" 404 30072 "-" "Mozilla/5.0 (compatible; DotBot/1.2; +https://opensiteexplorer.org/dotbot; help@moz.com)"
162.158.162.194 - - [06/Feb/2025:01:27:08 +0700] "GET /?dir=/home/vietnamet.com/public_html/wp-includes/js/tinymce/skins/wordpress/images&item=gallery.png&action=edit HTTP/1.1" 301 66181 "-" "Mozilla/5.0 (compatible; MJ12bot/v1.4.8; http://mj12bot.com/)"
162.158.163.97 - - [06/Feb/2025:01:27:09 +0700] "GET /book/4190/f7f486f67cf5e.html HTTP/1.1" 404 30072 "-" "Mozilla/5.0 (compatible; DotBot/1.2; +https://opensiteexplorer.org/dotbot; help@moz.com)"
162.158.162.50 - - [06/Feb/2025:01:27:10 +0700] "GET /book/4235/e7107d0b71d2d.html HTTP/1.1" 404 30064 "-" "Mozilla/5.0 (compatible; DotBot/1.2; +https://opensiteexplorer.org/dotbot; help@moz.com)"
162.158.163.179 - - [06/Feb/2025:01:27:13 +0700] "POST /wp-cron.php?doing_wp_cron=1738780033.0025620460510253906250 HTTP/1.1" 200 31 "-" "yIAS3mq6FpzX"
162.158.162.22 - - [06/Feb/2025:01:27:13 +0700] "GET /book/4448/7dad315f78efe.html HTTP/1.1" 404 30075 "-" "Mozilla/5.0 (compatible; DotBot/1.2; +https://opensiteexplorer.org/dotbot; help@moz.com)"
172.69.165.18 - - [06/Feb/2025:01:27:13 +0700] "POST /wp-admin/admin-ajax.php?action=async_litespeed&nonce=DuMYVjbqeCMwH8Flh2hH04KS8EZLq91n&litespeed_type=imgoptm HTTP/1.1" 200 12359 "-" "WXTwjqxgQzFw"
162.158.162.105 - - [06/Feb/2025:01:27:13 +0700] "GET /?dir=%2Fhome%2Fvietnamet.com%2Fpublic_html%2Fwp-includes%2Fjs%2Ftinymce%2Fskins%2Fwordpress%2Fimages&item=gallery.png&action=edit HTTP/1.1" 200 41991 "-" "Mozilla/5.0 (compatible; MJ12bot/v1.4.8; http://mj12bot.com/)"
162.158.163.118 - - [06/Feb/2025:01:27:15 +0700] "GET /book/4451/3ca59ec6742ab.html HTTP/1.1" 404 30076 "-" "Mozilla/5.0 (compatible; DotBot/1.2; +https://opensiteexplorer.org/dotbot; help@moz.com)"
162.158.162.103 - - [06/Feb/2025:01:27:16 +0700] "POST /wp-cron.php?doing_wp_cron=1738780036.6274690628051757812500 HTTP/1.1" 200 31 "-" "YtJpYramsIBj"
162.158.162.22 - - [06/Feb/2025:01:27:16 +0700] "GET /book/4455/f44302ec5a75c.html HTTP/1.1" 404 30072 "-" "Mozilla/5.0 (compatible; DotBot/1.2; +https://opensiteexplorer.org/dotbot; help@moz.com)"
172.69.165.52 - - [06/Feb/2025:01:27:16 +0700] "GET /7xmejl36426.html HTTP/1.1" 404 29324 "-" "Buck/2.4.2; (+https://app.hypefactors.com/media-monitoring/about.html)"
162.158.162.105 - - [06/Feb/2025:01:27:17 +0700] "GET / HTTP/1.1" 200 43279 "-" "Mozilla/5.0 (Linux; Android 5.0; SM-G900P Build/LRX21T) AppleWebKit/537.36 (KHTML, like Gecko) Chrome/41.0.7976.1116 Mobile Safari/537.36"
162.158.162.105 - - [06/Feb/2025:01:27:17 +0700] "GET /?dir=/home/vietnamet.com/public_html/wp-includes/js/tinymce/skins/wordpress/images&item=gallery.png&action=rename HTTP/1.1" 301 66018 "-" "Mozilla/5.0 (compatible; MJ12bot/v1.4.8; http://mj12bot.com/)"
162.158.163.165 - - [06/Feb/2025:01:27:18 +0700] "GET /book/4456/8e1f52800b479.html HTTP/1.1" 404 30072 "-" "Mozilla/5.0 (compatible; DotBot/1.2; +https://opensiteexplorer.org/dotbot; help@moz.com)"
162.158.163.89 - - [06/Feb/2025:01:27:19 +0700] "GET /book/4460/39e84c00884f8.html HTTP/1.1" 404 30072 "-" "Mozilla/5.0 (compatible; DotBot/1.2; +https://opensiteexplorer.org/dotbot; help@moz.com)"
162.158.162.105 - - [06/Feb/2025:01:27:20 +0700] "POST /wp-content/plugins/litespeed-cache/guest.vary.php HTTP/1.1" 200 47 "https://vietnamet.com/" "Mozilla/5.0 (Linux; Android 5.0; SM-G900P Build/LRX21T) AppleWebKit/537.36 (KHTML, like Gecko) Chrome/41.0.7976.1116 Mobile Safari/537.36"
162.158.162.194 - - [06/Feb/2025:01:27:21 +0700] "GET /?dir=%2Fhome%2Fvietnamet.com%2Fpublic_html%2Fwp-includes%2Fjs%2Ftinymce%2Fskins%2Fwordpress%2Fimages&item=gallery.png&action=rename HTTP/1.1" 200 41953 "-" "Mozilla/5.0 (compatible; MJ12bot/v1.4.8; http://mj12bot.com/)"
162.158.162.105 - - [06/Feb/2025:01:27:21 +0700] "GET / HTTP/1.1" 200 40273 "https://vietnamet.com/" "Mozilla/5.0 (Linux; Android 5.0; SM-G900P Build/LRX21T) AppleWebKit/537.36 (KHTML, like Gecko) Chrome/41.0.7976.1116 Mobile Safari/537.36"
162.158.162.74 - - [06/Feb/2025:01:27:23 +0700] "POST /wp-cron.php?doing_wp_cron=1738780043.4173910617828369140625 HTTP/1.1" 200 31 "-" "lr29THO3wIA6"
162.158.163.97 - - [06/Feb/2025:01:27:23 +0700] "GET /book/4611/a6784c6551e43.html HTTP/1.1" 404 30072 "-" "Mozilla/5.0 (compatible; DotBot/1.2; +https://opensiteexplorer.org/dotbot; help@moz.com)"
162.158.163.165 - - [06/Feb/2025:01:27:27 +0700] "GET /book/4611/aefdd11885e98.html HTTP/1.1" 404 30073 "-" "Mozilla/5.0 (compatible; DotBot/1.2; +https://opensiteexplorer.org/dotbot; help@moz.com)"
162.158.163.179 - - [06/Feb/2025:01:27:29 +0700] "POST /wp-cron.php?doing_wp_cron=1738780049.6006240844726562500000 HTTP/1.1" 200 31 "-" "oeAvOy2IVMOW"
162.158.162.194 - - [06/Feb/2025:01:27:29 +0700] "GET /?dir=/home/vietnamet.com/public_html/wp-includes/js/tinymce/skins/wordpress/images&item=more-2x.png&action=chmod HTTP/1.1" 301 65691 "-" "Mozilla/5.0 (compatible; MJ12bot/v1.4.8; http://mj12bot.com/)"
162.158.163.89 - - [06/Feb/2025:01:27:29 +0700] "GET /book/4636/a8b7cd9382555.html HTTP/1.1" 404 30076 "-" "Mozilla/5.0 (compatible; DotBot/1.2; +https://opensiteexplorer.org/dotbot; help@moz.com)"
172.69.165.18 - - [06/Feb/2025:01:27:32 +0700] "GET /book/4675/421bba242c0f6.html HTTP/1.1" 404 30074 "-" "Mozilla/5.0 (compatible; DotBot/1.2; +https://opensiteexplorer.org/dotbot; help@moz.com)"
162.158.162.115 - - [06/Feb/2025:01:27:34 +0700] "GET /?dir=%2Fhome%2Fvietnamet.com%2Fpublic_html%2Fwp-includes%2Fjs%2Ftinymce%2Fskins%2Fwordpress%2Fimages&item=more-2x.png&action=chmod HTTP/1.1" 200 41968 "-" "Mozilla/5.0 (compatible; MJ12bot/v1.4.8; http://mj12bot.com/)"
162.158.163.98 - - [06/Feb/2025:01:27:34 +0700] "GET /book/4693/908af03a589a5.html HTTP/1.1" 404 30083 "-" "Mozilla/5.0 (compatible; DotBot/1.2; +https://opensiteexplorer.org/dotbot; help@moz.com)"
162.158.162.207 - - [06/Feb/2025:01:27:36 +0700] "GET /book/4703/2efc9425a7498.html HTTP/1.1" 404 30072 "-" "Mozilla/5.0 (compatible; DotBot/1.2; +https://opensiteexplorer.org/dotbot; help@moz.com)"
162.158.163.98 - - [06/Feb/2025:01:27:37 +0700] "GET /aomenkaixuanmenguanwang/article/11735588.html?dir=%2Fhome%2Fvietnamet.com%2Fpublic_html%2Fwp-content HTTP/1.1" 404 29383 "-" "Mozilla/5.0 (Linux; Android 5.0) AppleWebKit/537.36 (KHTML, like Gecko) Mobile Safari/537.36 (compatible; Bytespider; spider-feedback@bytedance.com)"
162.158.162.115 - - [06/Feb/2025:01:27:38 +0700] "GET /?dir=/home/vietnamet.com/public_html/wp-includes/js/tinymce/skins/wordpress/images&item=more-2x.png&action=download HTTP/1.1" 200 867 "-" "Mozilla/5.0 (compatible; MJ12bot/v1.4.8; http://mj12bot.com/)"
162.158.162.22 - - [06/Feb/2025:01:27:38 +0700] "GET /book/4704/98f93f1f4f46e.html HTTP/1.1" 404 30072 "-" "Mozilla/5.0 (compatible; DotBot/1.2; +https://opensiteexplorer.org/dotbot; help@moz.com)"
162.158.162.115 - - [06/Feb/2025:01:27:41 +0700] "GET /book/4708/a3eaca54ea67d.html HTTP/1.1" 404 30073 "-" "Mozilla/5.0 (compatible; DotBot/1.2; +https://opensiteexplorer.org/dotbot; help@moz.com)"
162.158.162.115 - - [06/Feb/2025:01:27:41 +0700] "GET /?dir=/home/vietnamet.com/public_html/wp-includes/js/tinymce/skins/wordpress/images&item=more-2x.png&action=edit HTTP/1.1" 301 66174 "-" "Mozilla/5.0 (compatible; MJ12bot/v1.4.8; http://mj12bot.com/)"
162.158.162.22 - - [06/Feb/2025:01:27:42 +0700] "GET /book/4712/2af21a4e6cc72.html HTTP/1.1" 404 30078 "-" "Mozilla/5.0 (compatible; DotBot/1.2; +https://opensiteexplorer.org/dotbot; help@moz.com)"
162.158.162.22 - - [06/Feb/2025:01:27:44 +0700] "GET /book/4717/b647e385a96a5.html HTTP/1.1" 404 30075 "-" "Mozilla/5.0 (compatible; DotBot/1.2; +https://opensiteexplorer.org/dotbot; help@moz.com)"
162.158.163.131 - - [06/Feb/2025:01:27:46 +0700] "GET /7azxes14464.html HTTP/1.1" 404 29332 "-" "Buck/2.4.2; (+https://app.hypefactors.com/media-monitoring/about.html)"
162.158.162.51 - - [06/Feb/2025:01:27:46 +0700] "GET /?dir=%2Fhome%2Fvietnamet.com%2Fpublic_html%2Fwp-includes%2Fjs%2Ftinymce%2Fskins%2Fwordpress%2Fimages&item=more-2x.png&action=edit HTTP/1.1" 200 41853 "-" "Mozilla/5.0 (compatible; MJ12bot/v1.4.8; http://mj12bot.com/)"
162.158.162.207 - - [06/Feb/2025:01:27:46 +0700] "GET /book/4735/71d31782fef77.html HTTP/1.1" 404 30071 "-" "Mozilla/5.0 (compatible; DotBot/1.2; +https://opensiteexplorer.org/dotbot; help@moz.com)"
162.158.162.19 - - [06/Feb/2025:01:27:48 +0700] "POST /wp-cron.php?doing_wp_cron=1738780068.5377221107482910156250 HTTP/1.1" 200 31 "-" "P2XCwxlm4kxN"
162.158.163.97 - - [06/Feb/2025:01:27:48 +0700] "GET /book/4738/f24140939664e.html HTTP/1.1" 404 30069 "-" "Mozilla/5.0 (compatible; DotBot/1.2; +https://opensiteexplorer.org/dotbot; help@moz.com)"
162.158.162.51 - - [06/Feb/2025:01:27:50 +0700] "GET /?dir=/home/vietnamet.com/public_html/wp-includes/js/tinymce/skins/wordpress/images&item=more-2x.png&action=rename HTTP/1.1" 301 65693 "-" "Mozilla/5.0 (compatible; MJ12bot/v1.4.8; http://mj12bot.com/)"
172.69.165.18 - - [06/Feb/2025:01:27:50 +0700] "GET /book/4762/412284b98fbdc.html HTTP/1.1" 404 30073 "-" "Mozilla/5.0 (compatible; DotBot/1.2; +https://opensiteexplorer.org/dotbot; help@moz.com)"
162.158.162.22 - - [06/Feb/2025:01:27:52 +0700] "GET /book/4768/c389c8ec1a3bf.html HTTP/1.1" 404 30075 "-" "Mozilla/5.0 (compatible; DotBot/1.2; +https://opensiteexplorer.org/dotbot; help@moz.com)"
162.158.163.117 - - [06/Feb/2025:01:27:53 +0700] "GET /?dir=%2Fhome%2Fvietnamet.com%2Fpublic_html%2Fwp-includes%2Fjs%2Ftinymce%2Fskins%2Fwordpress%2Fimages&item=more-2x.png&action=rename HTTP/1.1" 200 41973 "-" "Mozilla/5.0 (compatible; MJ12bot/v1.4.8; http://mj12bot.com/)"
162.158.163.117 - - [06/Feb/2025:01:27:53 +0700] "GET /book/4769/371cb5c6160af.html HTTP/1.1" 404 30076 "-" "Mozilla/5.0 (compatible; DotBot/1.2; +https://opensiteexplorer.org/dotbot; help@moz.com)"
162.158.162.114 - - [06/Feb/2025:01:27:57 +0700] "GET /book/4777/42ca64de8691d.html HTTP/1.1" 404 30071 "-" "Mozilla/5.0 (compatible; DotBot/1.2; +https://opensiteexplorer.org/dotbot; help@moz.com)"
162.158.163.97 - - [06/Feb/2025:01:27:59 +0700] "POST /wp-cron.php?doing_wp_cron=1738780079.5121519565582275390625 HTTP/1.1" 200 31 "-" "VBepn5ECmunE"
162.158.163.117 - - [06/Feb/2025:01:27:59 +0700] "GET /?dir=/home/vietnamet.com/public_html/wp-includes/js/tinymce/skins/wordpress/images&item=more.png&action=chmod HTTP/1.1" 301 66010 "-" "Mozilla/5.0 (compatible; MJ12bot/v1.4.8; http://mj12bot.com/)"
162.158.163.180 - - [06/Feb/2025:01:27:59 +0700] "GET /book/4812/b579ce5974aea.html HTTP/1.1" 404 30076 "-" "Mozilla/5.0 (compatible; DotBot/1.2; +https://opensiteexplorer.org/dotbot; help@moz.com)"
162.158.162.29 - - [06/Feb/2025:01:28:00 +0700] "GET /wp-content/install.php HTTP/1.1" 499 0 "https://vietnamet.com/wp-content/install.php" "Mozilla/5.0 (Windows NT 10.0; Win64; x64) AppleWebKit/537.36 (KHTML, like Gecko) Chrome/58.0.3029.110 Safari/537.3"
172.69.165.18 - - [06/Feb/2025:01:28:01 +0700] "GET /wp-content/install.php HTTP/1.1" 200 37 "-" "GuzzleHttp/7"
162.158.163.97 - - [06/Feb/2025:01:28:02 +0700] "GET /book/4822/c10f48930700f.html HTTP/1.1" 404 30075 "-" "Mozilla/5.0 (compatible; DotBot/1.2; +https://opensiteexplorer.org/dotbot; help@moz.com)"
162.158.162.22 - - [06/Feb/2025:01:28:02 +0700] "GET / HTTP/1.1" 200 43270 "https://vietnamet.com" "Mozilla/5.0 (Windows NT 10.0; Win64; x64) AppleWebKit/537.36 (KHTML, like Gecko) Chrome/58.0.3029.110 Safari/537.3"
162.158.163.117 - - [06/Feb/2025:01:28:02 +0700] "GET /wp-content/install.php HTTP/1.1" 200 37 "-" "GuzzleHttp/7"
162.158.163.117 - - [06/Feb/2025:01:28:02 +0700] "GET /?dir=%2Fhome%2Fvietnamet.com%2Fpublic_html%2Fwp-includes%2Fjs%2Ftinymce%2Fskins%2Fwordpress%2Fimages&item=more.png&action=chmod HTTP/1.1" 200 41968 "-" "Mozilla/5.0 (compatible; MJ12bot/v1.4.8; http://mj12bot.com/)"
162.158.163.117 - - [06/Feb/2025:01:28:03 +0700] "GET /wp-content/install.php HTTP/1.1" 200 37 "-" "GuzzleHttp/7"
162.158.162.51 - - [06/Feb/2025:01:28:04 +0700] "GET /book/4830/5eff4c46b6043.html HTTP/1.1" 404 30081 "-" "Mozilla/5.0 (compatible; DotBot/1.2; +https://opensiteexplorer.org/dotbot; help@moz.com)"
162.158.171.28 - - [06/Feb/2025:01:28:05 +0700] "GET /?_ga=2.194806273.1957210951.1729981480-266523268.1699181788&_bdsid=e3ephz.n~YWNXJ.1755355285498.1792963594&_bd_prev_page=https://vietnamet.com/super.do?186nob11885.html HTTP/1.1" 200 86766 "-" "Mozilla/5.0 (Linux; Android 6.0.1; Nexus 5X Build/MMB29P) AppleWebKit/537.36 (KHTML, like Gecko) Chrome/132.0.6834.159 Mobile Safari/537.36 (compatible; Googlebot/2.1; +http://www.google.com/bot.html)"
162.158.162.51 - - [06/Feb/2025:01:28:06 +0700] "GET /book/4836/efbcc6445a6ae.html HTTP/1.1" 404 30080 "-" "Mozilla/5.0 (compatible; DotBot/1.2; +https://opensiteexplorer.org/dotbot; help@moz.com)"
162.158.162.104 - - [06/Feb/2025:01:28:07 +0700] "GET /book/4839/a41560c7eceb5.html HTTP/1.1" 404 30075 "-" "Mozilla/5.0 (compatible; DotBot/1.2; +https://opensiteexplorer.org/dotbot; help@moz.com)"
162.158.163.117 - - [06/Feb/2025:01:28:08 +0700] "GET /wp-content/install.php HTTP/1.1" 200 37 "-" "GuzzleHttp/7"
172.69.165.18 - - [06/Feb/2025:01:28:09 +0700] "GET /book/4868/24b6a47db3de4.html HTTP/1.1" 404 30071 "-" "Mozilla/5.0 (compatible; DotBot/1.2; +https://opensiteexplorer.org/dotbot; help@moz.com)"
162.158.163.97 - - [06/Feb/2025:01:28:09 +0700] "GET /wp-content/install.php HTTP/1.1" 200 37 "-" "GuzzleHttp/7"
162.158.163.117 - - [06/Feb/2025:01:28:10 +0700] "GET /?dir=/home/vietnamet.com/public_html/wp-includes/js/tinymce/skins/wordpress/images&item=more.png&action=download HTTP/1.1" 200 441 "-" "Mozilla/5.0 (compatible; MJ12bot/v1.4.8; http://mj12bot.com/)"
162.158.162.194 - - [06/Feb/2025:01:28:10 +0700] "GET /book/4874/ff147d62c90a2.html HTTP/1.1" 404 30070 "-" "Mozilla/5.0 (compatible; DotBot/1.2; +https://opensiteexplorer.org/dotbot; help@moz.com)"
162.158.163.153 - - [06/Feb/2025:01:28:11 +0700] "GET /7eam12916.html HTTP/1.1" 404 29332 "-" "Buck/2.4.2; (+https://app.hypefactors.com/media-monitoring/about.html)"
162.158.163.166 - - [06/Feb/2025:01:28:12 +0700] "GET /book/4877/eb6a310370070.html HTTP/1.1" 404 30075 "-" "Mozilla/5.0 (compatible; DotBot/1.2; +https://opensiteexplorer.org/dotbot; help@moz.com)"
162.158.162.22 - - [06/Feb/2025:01:28:12 +0700] "GET //wp-mail.php?dir=/home HTTP/1.1" 200 7287 "https://vietnamet.com//wp-mail.php" "Mozilla/5.0 (Windows NT 10.0; Win64; x64) AppleWebKit/537.36 (KHTML, like Gecko) Chrome/132.0.0.0 Safari/537.36"
172.69.165.18 - - [06/Feb/2025:01:28:13 +0700] "POST /wp-cron.php?doing_wp_cron=1738780093.4181129932403564453125 HTTP/1.1" 200 31 "-" "iCawh7suyom3"
162.158.163.117 - - [06/Feb/2025:01:28:13 +0700] "GET /?dir=/home/vietnamet.com/public_html/wp-includes/js/tinymce/skins/wordpress/images&item=more.png&action=edit HTTP/1.1" 301 65844 "-" "Mozilla/5.0 (compatible; MJ12bot/v1.4.8; http://mj12bot.com/)"
162.158.163.89 - - [06/Feb/2025:01:28:13 +0700] "GET /book/4882/ca295044f0093.html HTTP/1.1" 404 30075 "-" "Mozilla/5.0 (compatible; DotBot/1.2; +https://opensiteexplorer.org/dotbot; help@moz.com)"
162.158.163.117 - - [06/Feb/2025:01:28:13 +0700] "POST /wp-admin/admin-ajax.php?action=async_litespeed&nonce=3roLXRjGG2CMIUSTYkiyrEGKdE5Zb2T9&litespeed_type=imgoptm HTTP/1.1" 200 12362 "-" "h2XiNC6c94eg"
172.69.165.18 - - [06/Feb/2025:01:28:14 +0700] "GET /wp-content/install.php HTTP/1.1" 200 37 "-" "GuzzleHttp/7"
162.158.162.114 - - [06/Feb/2025:01:28:15 +0700] "GET /book/4886/483fe5f11197e.html HTTP/1.1" 404 30073 "-" "Mozilla/5.0 (compatible; DotBot/1.2; +https://opensiteexplorer.org/dotbot; help@moz.com)"
162.158.163.117 - - [06/Feb/2025:01:28:16 +0700] "GET /wp-content/install.php HTTP/1.1" 200 37 "-" "GuzzleHttp/7"
172.69.165.19 - - [06/Feb/2025:01:28:16 +0700] "POST /wp-cron.php?doing_wp_cron=1738780096.8824410438537597656250 HTTP/1.1" 200 31 "-" "iaHPkgoX5HgW"
172.69.165.18 - - [06/Feb/2025:01:28:17 +0700] "GET /book/4887/e1d4ec514ec36.html HTTP/1.1" 404 30074 "-" "Mozilla/5.0 (compatible; DotBot/1.2; +https://opensiteexplorer.org/dotbot; help@moz.com)"
162.158.163.166 - - [06/Feb/2025:01:28:17 +0700] "GET /?dir=%2Fhome%2Fvietnamet.com%2Fpublic_html%2Fwp-includes%2Fjs%2Ftinymce%2Fskins%2Fwordpress%2Fimages&item=more.png&action=edit HTTP/1.1" 200 41995 "-" "Mozilla/5.0 (compatible; MJ12bot/v1.4.8; http://mj12bot.com/)"
162.158.163.117 - - [06/Feb/2025:01:28:18 +0700] "GET /book/4892/14c81400dd124.html HTTP/1.1" 404 30077 "-" "Mozilla/5.0 (compatible; DotBot/1.2; +https://opensiteexplorer.org/dotbot; help@moz.com)"
162.158.163.97 - - [06/Feb/2025:01:28:19 +0700] "GET /search/%22%20.%20esc_url(%20admin_url()%20)%20.%20%22?dir=//boot/grub HTTP/1.1" 200 25266 "-" "Mozilla/5.0 (compatible; MJ12bot/v1.4.8; http://mj12bot.com/)"
162.158.163.89 - - [06/Feb/2025:01:28:19 +0700] "GET /book/4892/4d570ac3167c3.html HTTP/1.1" 404 30072 "-" "Mozilla/5.0 (compatible; DotBot/1.2; +https://opensiteexplorer.org/dotbot; help@moz.com)"
162.158.163.117 - - [06/Feb/2025:01:28:20 +0700] "GET /book/4897/de12a42dbd0bc.html HTTP/1.1" 404 30072 "-" "Mozilla/5.0 (compatible; DotBot/1.2; +https://opensiteexplorer.org/dotbot; help@moz.com)"
162.158.163.117 - - [06/Feb/2025:01:28:21 +0700] "GET /wp-content/install.php HTTP/1.1" 200 37 "-" "GuzzleHttp/7"
162.158.163.166 - - [06/Feb/2025:01:28:21 +0700] "GET /?dir=/home/vietnamet.com/public_html/wp-includes/js/tinymce/skins/wordpress/images&item=more.png&action=rename HTTP/1.1" 301 65700 "-" "Mozilla/5.0 (compatible; MJ12bot/v1.4.8; http://mj12bot.com/)"
172.69.165.19 - - [06/Feb/2025:01:28:21 +0700] "GET /book/4898/62bab801cf52c.html HTTP/1.1" 404 30073 "-" "Mozilla/5.0 (compatible; DotBot/1.2; +https://opensiteexplorer.org/dotbot; help@moz.com)"
162.158.163.117 - - [06/Feb/2025:01:28:22 +0700] "GET /book/4902/3b9aa9df73660.html HTTP/1.1" 404 30078 "-" "Mozilla/5.0 (compatible; DotBot/1.2; +https://opensiteexplorer.org/dotbot; help@moz.com)"
162.158.163.112 - - [06/Feb/2025:01:28:23 +0700] "POST /wp-cron.php?doing_wp_cron=1738780103.8816480636596679687500 HTTP/1.1" 200 31 "-" "yLxmRJDQZckZ"
172.69.165.18 - - [06/Feb/2025:01:28:24 +0700] "GET /book/4906/50f207cf2e810.html HTTP/1.1" 404 30075 "-" "Mozilla/5.0 (compatible; DotBot/1.2; +https://opensiteexplorer.org/dotbot; help@moz.com)"
162.158.162.23 - - [06/Feb/2025:01:28:24 +0700] "GET //wp-mail.php?dir=/home/mercedes-vietnam.net HTTP/1.1" 200 7053 "https://vietnamet.com//wp-mail.php?dir=/home" "Mozilla/5.0 (Windows NT 10.0; Win64; x64) AppleWebKit/537.36 (KHTML, like Gecko) Chrome/132.0.0.0 Safari/537.36"
162.158.162.195 - - [06/Feb/2025:01:28:25 +0700] "GET /book/4910/6a3af4e8db9ba.html HTTP/1.1" 404 30078 "-" "Mozilla/5.0 (compatible; DotBot/1.2; +https://opensiteexplorer.org/dotbot; help@moz.com)"
162.158.162.23 - - [06/Feb/2025:01:28:25 +0700] "GET /?dir=%2Fhome%2Fvietnamet.com%2Fpublic_html%2Fwp-includes%2Fjs%2Ftinymce%2Fskins%2Fwordpress%2Fimages&item=more.png&action=rename HTTP/1.1" 200 41974 "-" "Mozilla/5.0 (compatible; MJ12bot/v1.4.8; http://mj12bot.com/)"
162.158.162.103 - - [06/Feb/2025:01:28:26 +0700] "GET /wp-content/install.php HTTP/1.1" 200 37 "-" "GuzzleHttp/7"
172.69.165.19 - - [06/Feb/2025:01:28:27 +0700] "GET /book/4916/1276bb50b5e30.html HTTP/1.1" 404 30073 "-" "Mozilla/5.0 (compatible; DotBot/1.2; +https://opensiteexplorer.org/dotbot; help@moz.com)"
172.69.165.53 - - [06/Feb/2025:01:28:28 +0700] "POST /wp-cron.php?doing_wp_cron=1738780108.3958849906921386718750 HTTP/1.1" 200 31 "-" "mmC7b7XXCHqt"
162.158.162.195 - - [06/Feb/2025:01:28:28 +0700] "GET /book/4919/9210f8fbebf21.html HTTP/1.1" 404 30080 "-" "Mozilla/5.0 (compatible; DotBot/1.2; +https://opensiteexplorer.org/dotbot; help@moz.com)"
162.158.162.23 - - [06/Feb/2025:01:28:28 +0700] "GET /wp-content/install.php HTTP/1.1" 200 37 "-" "GuzzleHttp/7"
162.158.162.23 - - [06/Feb/2025:01:28:30 +0700] "GET //wp-mail.php? HTTP/1.1" 200 9499 "-" "Mozilla/5.0 (Windows NT 10.0; Win64; x64) AppleWebKit/537.36 (KHTML, like Gecko) Chrome/132.0.0.0 Safari/537.36"
162.158.163.98 - - [06/Feb/2025:01:28:30 +0700] "GET /search/%22%20.%20esc_url(%20admin_url()%20)%20.%20%22?dir=//boot&item=vmlinuz-5.4.0-204-generic&action=download HTTP/1.1" 302 336 "-" "Mozilla/5.0 (compatible; MJ12bot/v1.4.8; http://mj12bot.com/)"
172.69.165.18 - - [06/Feb/2025:01:28:30 +0700] "GET /wp-content/install.php HTTP/1.1" 200 37 "-" "GuzzleHttp/7"
162.158.162.50 - - [06/Feb/2025:01:28:31 +0700] "GET /book/4932/a45da8ef144f9.html HTTP/1.1" 404 30074 "-" "Mozilla/5.0 (compatible; DotBot/1.2; +https://opensiteexplorer.org/dotbot; help@moz.com)"
162.158.163.98 - - [06/Feb/2025:01:28:31 +0700] "GET /aomenkaixuanmenguanwangzhuce/article/13567624.html?dir=%2Fhome%2Fvietnamet.com%2Fpublic_html%2Fwp-includes HTTP/1.1" 404 43734 "-" "Mozilla/5.0 (Linux; Android 5.0) AppleWebKit/537.36 (KHTML, like Gecko) Mobile Safari/537.36 (compatible; Bytespider; spider-feedback@bytedance.com)"
162.158.162.23 - - [06/Feb/2025:01:28:32 +0700] "GET /?dir=/home/vietnamet.com/public_html/wp-includes/js/tinymce/skins/wordpress/images&item=pagebreak-2x.png&action=chmod HTTP/1.1" 301 66027 "-" "Mozilla/5.0 (compatible; MJ12bot/v1.4.8; http://mj12bot.com/)"
172.69.165.19 - - [06/Feb/2025:01:28:32 +0700] "GET /wp-content/install.php HTTP/1.1" 200 37 "-" "GuzzleHttp/7"
162.158.162.207 - - [06/Feb/2025:01:28:33 +0700] "GET /book/4936/5d9d0aa50e2fe.html HTTP/1.1" 404 30073 "-" "Mozilla/5.0 (compatible; DotBot/1.2; +https://opensiteexplorer.org/dotbot; help@moz.com)"
162.158.162.23 - - [06/Feb/2025:01:28:35 +0700] "GET /book/4940/71fec37db5f25.html HTTP/1.1" 404 30076 "-" "Mozilla/5.0 (compatible; DotBot/1.2; +https://opensiteexplorer.org/dotbot; help@moz.com)"
162.158.163.118 - - [06/Feb/2025:01:28:35 +0700] "GET /?dir=%2Fhome%2Fvietnamet.com%2Fpublic_html%2Fwp-includes%2Fjs%2Ftinymce%2Fskins%2Fwordpress%2Fimages&item=pagebreak-2x.png&action=chmod HTTP/1.1" 200 41976 "-" "Mozilla/5.0 (compatible; MJ12bot/v1.4.8; http://mj12bot.com/)"
162.158.163.118 - - [06/Feb/2025:01:28:36 +0700] "GET /book/4944/bcc11748fdf89.html HTTP/1.1" 404 30070 "-" "Mozilla/5.0 (compatible; DotBot/1.2; +https://opensiteexplorer.org/dotbot; help@moz.com)"
162.158.162.23 - - [06/Feb/2025:01:28:37 +0700] "GET /book/4947/567166f7d8802.html HTTP/1.1" 404 30071 "-" "Mozilla/5.0 (compatible; DotBot/1.2; +https://opensiteexplorer.org/dotbot; help@moz.com)"
162.158.163.98 - - [06/Feb/2025:01:28:38 +0700] "GET /wp-content/install.php HTTP/1.1" 200 37 "-" "GuzzleHttp/7"
162.158.163.118 - - [06/Feb/2025:01:28:39 +0700] "GET /wp-content/install.php HTTP/1.1" 200 37 "-" "GuzzleHttp/7"
162.158.162.50 - - [06/Feb/2025:01:28:40 +0700] "GET /book/4950/62e4b1c91f27a.html HTTP/1.1" 404 30075 "-" "Mozilla/5.0 (compatible; DotBot/1.2; +https://opensiteexplorer.org/dotbot; help@moz.com)"
162.158.163.118 - - [06/Feb/2025:01:28:41 +0700] "GET /wp-content/install.php HTTP/1.1" 200 37 "-" "GuzzleHttp/7"
