162.158.163.118 - - [06/Feb/2025:01:31:27 +0700] "GET /search/%22%20.%20esc_url(%20admin_url()%20)%20.%20%22?dir=//lib/git-core&item=git-bisect--helper&action=edit HTTP/1.1" 200 34120 "-" "Mozilla/5.0 (compatible; MJ12bot/v1.4.8; http://mj12bot.com/)"
162.158.162.104 - - [06/Feb/2025:01:31:27 +0700] "GET /book/6225/40e390333f6a0.html HTTP/1.1" 404 30072 "-" "Mozilla/5.0 (compatible; DotBot/1.2; +https://opensiteexplorer.org/dotbot; help@moz.com)"
162.158.162.51 - - [06/Feb/2025:01:31:28 +0700] "GET /book/6233/34046a1f34edc.html HTTP/1.1" 404 30085 "-" "Mozilla/5.0 (compatible; DotBot/1.2; +https://opensiteexplorer.org/dotbot; help@moz.com)"
162.158.163.118 - - [06/Feb/2025:01:31:29 +0700] "GET /search/%22%20.%20esc_url(%20admin_url()%20)%20.%20%22?dir=//lib/git-core&item=git-blame&action=download HTTP/1.1" 200 1527650 "-" "Mozilla/5.0 (compatible; MJ12bot/v1.4.8; http://mj12bot.com/)"
162.158.163.90 - - [06/Feb/2025:01:31:29 +0700] "GET /?dir=/home/vietnamet.com/public_html/wp-includes/sodium_compat/namespaced/Core/ChaCha20&item=Ctx.php&action=download HTTP/1.1" 200 350 "-" "Mozilla/5.0 (compatible; MJ12bot/v1.4.8; http://mj12bot.com/)"
162.158.163.180 - - [06/Feb/2025:01:31:29 +0700] "GET /book/6267/54e8a6ec8b8d4.html HTTP/1.1" 404 30073 "-" "Mozilla/5.0 (compatible; DotBot/1.2; +https://opensiteexplorer.org/dotbot; help@moz.com)"
162.158.162.207 - - [06/Feb/2025:01:31:31 +0700] "GET /book/6267/7ef0f6cee203e.html HTTP/1.1" 404 30075 "-" "Mozilla/5.0 (compatible; DotBot/1.2; +https://opensiteexplorer.org/dotbot; help@moz.com)"
162.158.163.97 - - [06/Feb/2025:01:31:31 +0700] "GET /search/%22%20.%20esc_url(%20admin_url()%20)%20.%20%22?dir=//lib/git-core&item=git-blame&action=edit HTTP/1.1" 200 34109 "-" "Mozilla/5.0 (compatible; MJ12bot/v1.4.8; http://mj12bot.com/)"
162.158.163.90 - - [06/Feb/2025:01:31:31 +0700] "GET /?dir=/home/vietnamet.com/public_html/wp-includes/sodium_compat/namespaced/Core/ChaCha20&item=Ctx.php&action=edit HTTP/1.1" 301 38875 "-" "Mozilla/5.0 (compatible; MJ12bot/v1.4.8; http://mj12bot.com/)"
162.158.162.114 - - [06/Feb/2025:01:31:32 +0700] "GET /book/6267/90bce7307293b.html HTTP/1.1" 404 30074 "-" "Mozilla/5.0 (compatible; DotBot/1.2; +https://opensiteexplorer.org/dotbot; help@moz.com)"
162.158.162.114 - - [06/Feb/2025:01:31:33 +0700] "GET /book/6285/39809b17b634b.html HTTP/1.1" 404 30073 "-" "Mozilla/5.0 (compatible; DotBot/1.2; +https://opensiteexplorer.org/dotbot; help@moz.com)"
162.158.163.97 - - [06/Feb/2025:01:31:33 +0700] "GET /search/%22%20.%20esc_url(%20admin_url()%20)%20.%20%22?dir=//lib/git-core&item=git-blame&action=rename HTTP/1.1" 200 34088 "-" "Mozilla/5.0 (compatible; MJ12bot/v1.4.8; http://mj12bot.com/)"
162.158.162.104 - - [06/Feb/2025:01:31:34 +0700] "GET /?dir=%2Fhome%2Fvietnamet.com%2Fpublic_html%2Fwp-includes%2Fsodium_compat%2Fnamespaced%2FCore%2FChaCha20&item=Ctx.php&action=edit HTTP/1.1" 200 41437 "-" "Mozilla/5.0 (compatible; MJ12bot/v1.4.8; http://mj12bot.com/)"
162.158.163.97 - - [06/Feb/2025:01:31:35 +0700] "GET /search/%22%20.%20esc_url(%20admin_url()%20)%20.%20%22?dir=//lib/git-core&item=git-branch&action=chmod HTTP/1.1" 200 34089 "-" "Mozilla/5.0 (compatible; MJ12bot/v1.4.8; http://mj12bot.com/)"
162.158.190.102 - - [06/Feb/2025:01:31:35 +0700] "GET /?_ga=2.194806273.1957210951.1729981480-266523268.1699181788&_bdsid=e3ephz.n~YWNXJ.1755355285498.1792963594&_bd_prev_page=https://vietnamet.com/super.do?10zraa47725.html HTTP/1.1" 200 88244 "-" "Mozilla/5.0 (Linux; Android 6.0.1; Nexus 5X Build/MMB29P) AppleWebKit/537.36 (KHTML, like Gecko) Chrome/132.0.6834.159 Mobile Safari/537.36 (compatible; Googlebot/2.1; +http://www.google.com/bot.html)"
162.158.163.97 - - [06/Feb/2025:01:31:37 +0700] "GET /search/%22%20.%20esc_url(%20admin_url()%20)%20.%20%22?dir=//lib/git-core&item=git-branch&action=download HTTP/1.1" 200 1527650 "-" "Mozilla/5.0 (compatible; MJ12bot/v1.4.8; http://mj12bot.com/)"
172.69.165.18 - - [06/Feb/2025:01:31:39 +0700] "GET /search/%22%20.%20esc_url(%20admin_url()%20)%20.%20%22?dir=//lib/git-core&item=git-branch&action=edit HTTP/1.1" 200 34116 "-" "Mozilla/5.0 (compatible; MJ12bot/v1.4.8; http://mj12bot.com/)"
172.69.165.18 - - [06/Feb/2025:01:31:41 +0700] "GET /search/%22%20.%20esc_url(%20admin_url()%20)%20.%20%22?dir=//lib/git-core&item=git-branch&action=rename HTTP/1.1" 200 34088 "-" "Mozilla/5.0 (compatible; MJ12bot/v1.4.8; http://mj12bot.com/)"
162.158.162.104 - - [06/Feb/2025:01:31:42 +0700] "GET /?dir=/home/vietnamet.com/public_html/wp-includes/sodium_compat/namespaced/Core/ChaCha20&item=Ctx.php&action=rename HTTP/1.1" 301 38609 "-" "Mozilla/5.0 (compatible; MJ12bot/v1.4.8; http://mj12bot.com/)"
162.158.162.75 - - [06/Feb/2025:01:31:43 +0700] "GET /8wvj20745.html HTTP/1.1" 404 29335 "-" "Buck/2.4.2; (+https://app.hypefactors.com/media-monitoring/about.html)"
172.69.165.18 - - [06/Feb/2025:01:31:44 +0700] "GET /search/%22%20.%20esc_url(%20admin_url()%20)%20.%20%22?dir=//lib/git-core&item=git-bundle&action=chmod HTTP/1.1" 200 34093 "-" "Mozilla/5.0 (compatible; MJ12bot/v1.4.8; http://mj12bot.com/)"
162.158.163.97 - - [06/Feb/2025:01:31:44 +0700] "GET /book/6288/457688c9e193a.html HTTP/1.1" 404 30080 "-" "Mozilla/5.0 (compatible; DotBot/1.2; +https://opensiteexplorer.org/dotbot; help@moz.com)"
162.158.163.166 - - [06/Feb/2025:01:31:45 +0700] "GET /?dir=%2Fhome%2Fvietnamet.com%2Fpublic_html%2Fwp-includes%2Fsodium_compat%2Fnamespaced%2FCore%2FChaCha20&item=Ctx.php&action=rename HTTP/1.1" 200 41294 "-" "Mozilla/5.0 (compatible; MJ12bot/v1.4.8; http://mj12bot.com/)"
172.69.165.18 - - [06/Feb/2025:01:31:46 +0700] "GET /search/%22%20.%20esc_url(%20admin_url()%20)%20.%20%22?dir=//lib/git-core&item=git-bundle&action=download HTTP/1.1" 200 1527650 "-" "Mozilla/5.0 (compatible; MJ12bot/v1.4.8; http://mj12bot.com/)"
162.158.163.97 - - [06/Feb/2025:01:31:48 +0700] "POST /wp-cron.php?doing_wp_cron=1738780308.4790759086608886718750 HTTP/1.1" 200 31 "-" "8brV8qVuvdQa"
172.69.165.18 - - [06/Feb/2025:01:31:48 +0700] "GET /search/%22%20.%20esc_url(%20admin_url()%20)%20.%20%22?dir=//lib/git-core&item=git-bundle&action=edit HTTP/1.1" 200 34111 "-" "Mozilla/5.0 (compatible; MJ12bot/v1.4.8; http://mj12bot.com/)"
162.158.163.97 - - [06/Feb/2025:01:31:50 +0700] "GET /?dir=/home/vietnamet.com/public_html/wp-includes/sodium_compat/namespaced/Core/ChaCha20&item=IetfCtx.php&action=chmod HTTP/1.1" 301 38608 "-" "Mozilla/5.0 (compatible; MJ12bot/v1.4.8; http://mj12bot.com/)"
172.69.165.18 - - [06/Feb/2025:01:31:50 +0700] "GET /search/%22%20.%20esc_url(%20admin_url()%20)%20.%20%22?dir=//lib/git-core&item=git-bundle&action=rename HTTP/1.1" 200 34084 "-" "Mozilla/5.0 (compatible; MJ12bot/v1.4.8; http://mj12bot.com/)"
172.69.165.18 - - [06/Feb/2025:01:31:51 +0700] "GET /book/6292/ed793a35f1937.html HTTP/1.1" 404 30069 "-" "Mozilla/5.0 (compatible; DotBot/1.2; +https://opensiteexplorer.org/dotbot; help@moz.com)"
172.69.165.18 - - [06/Feb/2025:01:31:52 +0700] "GET /search/%22%20.%20esc_url(%20admin_url()%20)%20.%20%22?dir=//lib/git-core&item=git-cat-file&action=chmod HTTP/1.1" 200 34085 "-" "Mozilla/5.0 (compatible; MJ12bot/v1.4.8; http://mj12bot.com/)"
162.158.162.22 - - [06/Feb/2025:01:31:54 +0700] "GET /?dir=%2Fhome%2Fvietnamet.com%2Fpublic_html%2Fwp-includes%2Fsodium_compat%2Fnamespaced%2FCore%2FChaCha20&item=IetfCtx.php&action=chmod HTTP/1.1" 200 41292 "-" "Mozilla/5.0 (compatible; MJ12bot/v1.4.8; http://mj12bot.com/)"
172.69.165.18 - - [06/Feb/2025:01:31:54 +0700] "GET /search/%22%20.%20esc_url(%20admin_url()%20)%20.%20%22?dir=//lib/git-core&item=git-cat-file&action=download HTTP/1.1" 200 1527650 "-" "Mozilla/5.0 (compatible; MJ12bot/v1.4.8; http://mj12bot.com/)"
162.158.163.97 - - [06/Feb/2025:01:31:57 +0700] "GET /search/%22%20.%20esc_url(%20admin_url()%20)%20.%20%22?dir=//lib/git-core&item=git-cat-file&action=edit HTTP/1.1" 200 34115 "-" "Mozilla/5.0 (compatible; MJ12bot/v1.4.8; http://mj12bot.com/)"
162.158.162.22 - - [06/Feb/2025:01:31:59 +0700] "POST /wp-cron.php?doing_wp_cron=1738780319.0611779689788818359375 HTTP/1.1" 200 31 "-" "8u0Zt34W81fD"
162.158.162.22 - - [06/Feb/2025:01:31:59 +0700] "GET /search/%22%20.%20esc_url(%20admin_url()%20)%20.%20%22?dir=//lib/git-core&item=git-cat-file&action=rename HTTP/1.1" 200 34090 "-" "Mozilla/5.0 (compatible; MJ12bot/v1.4.8; http://mj12bot.com/)"
162.158.162.22 - - [06/Feb/2025:01:32:00 +0700] "GET /?dir=/home/vietnamet.com/public_html/wp-includes/sodium_compat/namespaced/Core/ChaCha20&item=IetfCtx.php&action=download HTTP/1.1" 200 353 "-" "Mozilla/5.0 (compatible; MJ12bot/v1.4.8; http://mj12bot.com/)"
162.158.162.22 - - [06/Feb/2025:01:32:01 +0700] "GET /search/%22%20.%20esc_url(%20admin_url()%20)%20.%20%22?dir=//lib/git-core&item=git-check-attr&action=chmod HTTP/1.1" 200 34097 "-" "Mozilla/5.0 (compatible; MJ12bot/v1.4.8; http://mj12bot.com/)"
162.158.162.22 - - [06/Feb/2025:01:32:02 +0700] "GET /?dir=/home/vietnamet.com/public_html/wp-includes/sodium_compat/namespaced/Core/ChaCha20&item=IetfCtx.php&action=edit HTTP/1.1" 301 38887 "-" "Mozilla/5.0 (compatible; MJ12bot/v1.4.8; http://mj12bot.com/)"
162.158.162.22 - - [06/Feb/2025:01:32:03 +0700] "GET /search/%22%20.%20esc_url(%20admin_url()%20)%20.%20%22?dir=//lib/git-core&item=git-check-attr&action=download HTTP/1.1" 200 1527650 "-" "Mozilla/5.0 (compatible; MJ12bot/v1.4.8; http://mj12bot.com/)"
162.158.162.50 - - [06/Feb/2025:01:32:03 +0700] "GET /book/6294/62929d381c278.html HTTP/1.1" 404 30065 "-" "Mozilla/5.0 (compatible; DotBot/1.2; +https://opensiteexplorer.org/dotbot; help@moz.com)"
162.158.163.117 - - [06/Feb/2025:01:32:05 +0700] "GET /search/%22%20.%20esc_url(%20admin_url()%20)%20.%20%22?dir=//lib/git-core&item=git-check-attr&action=edit HTTP/1.1" 200 34120 "-" "Mozilla/5.0 (compatible; MJ12bot/v1.4.8; http://mj12bot.com/)"
162.158.163.166 - - [06/Feb/2025:01:32:05 +0700] "GET /?dir=%2Fhome%2Fvietnamet.com%2Fpublic_html%2Fwp-includes%2Fsodium_compat%2Fnamespaced%2FCore%2FChaCha20&item=IetfCtx.php&action=edit HTTP/1.1" 200 41445 "-" "Mozilla/5.0 (compatible; MJ12bot/v1.4.8; http://mj12bot.com/)"
162.158.163.97 - - [06/Feb/2025:01:32:07 +0700] "GET /jijin/article/14433136.html?dir=%2Fhome%2Fvietnamet.com%2Fpublic_html%2Fwp-content HTTP/1.1" 404 29372 "-" "Mozilla/5.0 (Linux; Android 5.0) AppleWebKit/537.36 (KHTML, like Gecko) Mobile Safari/537.36 (compatible; Bytespider; spider-feedback@bytedance.com)"
162.158.163.117 - - [06/Feb/2025:01:32:07 +0700] "GET /search/%22%20.%20esc_url(%20admin_url()%20)%20.%20%22?dir=//lib/git-core&item=git-check-attr&action=rename HTTP/1.1" 200 34098 "-" "Mozilla/5.0 (compatible; MJ12bot/v1.4.8; http://mj12bot.com/)"
162.158.163.166 - - [06/Feb/2025:01:32:09 +0700] "GET /?dir=/home/vietnamet.com/public_html/wp-includes/sodium_compat/namespaced/Core/ChaCha20&item=IetfCtx.php&action=rename HTTP/1.1" 301 38613 "-" "Mozilla/5.0 (compatible; MJ12bot/v1.4.8; http://mj12bot.com/)"
162.158.163.117 - - [06/Feb/2025:01:32:09 +0700] "GET /search/%22%20.%20esc_url(%20admin_url()%20)%20.%20%22?dir=//lib/git-core&item=git-check-ignore&action=chmod HTTP/1.1" 200 34106 "-" "Mozilla/5.0 (compatible; MJ12bot/v1.4.8; http://mj12bot.com/)"
172.69.165.18 - - [06/Feb/2025:01:32:11 +0700] "GET /book/6302/5a5ef18213dc2.html HTTP/1.1" 404 30073 "-" "Mozilla/5.0 (compatible; DotBot/1.2; +https://opensiteexplorer.org/dotbot; help@moz.com)"
162.158.162.74 - - [06/Feb/2025:01:32:11 +0700] "GET /8jpxp34481.html HTTP/1.1" 404 29321 "-" "Buck/2.4.2; (+https://app.hypefactors.com/media-monitoring/about.html)"
162.158.163.117 - - [06/Feb/2025:01:32:11 +0700] "GET /search/%22%20.%20esc_url(%20admin_url()%20)%20.%20%22?dir=//lib/git-core&item=git-check-ignore&action=download HTTP/1.1" 200 1527650 "-" "Mozilla/5.0 (compatible; MJ12bot/v1.4.8; http://mj12bot.com/)"
162.158.162.195 - - [06/Feb/2025:01:32:12 +0700] "GET /?dir=%2Fhome%2Fvietnamet.com%2Fpublic_html%2Fwp-includes%2Fsodium_compat%2Fnamespaced%2FCore%2FChaCha20&item=IetfCtx.php&action=rename HTTP/1.1" 200 41332 "-" "Mozilla/5.0 (compatible; MJ12bot/v1.4.8; http://mj12bot.com/)"
172.69.165.62 - - [06/Feb/2025:01:32:12 +0700] "GET /wp-login.php HTTP/1.1" 404 47 "https://acsincorp.com/wp-login.php" "Mozilla/5.0 (X11; Fedora; Linux x86_64; rv:94.0) Gecko/20100101 Firefox/95.0"
172.69.165.73 - - [06/Feb/2025:01:32:14 +0700] "POST /wp-cron.php?doing_wp_cron=1738780334.2155730724334716796875 HTTP/1.1" 200 31 "-" "zHRAF0V1hs9h"
162.158.163.97 - - [06/Feb/2025:01:32:14 +0700] "GET /search/%22%20.%20esc_url(%20admin_url()%20)%20.%20%22?dir=//lib/git-core&item=git-check-ignore&action=edit HTTP/1.1" 200 34127 "-" "Mozilla/5.0 (compatible; MJ12bot/v1.4.8; http://mj12bot.com/)"
162.158.162.46 - - [06/Feb/2025:01:32:14 +0700] "POST /wp-admin/admin-ajax.php?action=async_litespeed&nonce=5R29nYuIK3V93ME4eeT9D1nEEkcKgJOc&litespeed_type=imgoptm HTTP/1.1" 200 12361 "-" "I3oKThJmfjN0"
162.158.163.179 - - [06/Feb/2025:01:32:16 +0700] "POST /wp-cron.php?doing_wp_cron=1738780336.2894020080566406250000 HTTP/1.1" 200 31 "-" "wOGHi3df3Bl1"
162.158.163.97 - - [06/Feb/2025:01:32:16 +0700] "GET /search/%22%20.%20esc_url(%20admin_url()%20)%20.%20%22?dir=//lib/git-core&item=git-check-ignore&action=rename HTTP/1.1" 200 34094 "-" "Mozilla/5.0 (compatible; MJ12bot/v1.4.8; http://mj12bot.com/)"
162.158.162.22 - - [06/Feb/2025:01:32:17 +0700] "GET /book/6322/7cfd8e3e546c5.html HTTP/1.1" 404 30081 "-" "Mozilla/5.0 (compatible; DotBot/1.2; +https://opensiteexplorer.org/dotbot; help@moz.com)"
162.158.163.97 - - [06/Feb/2025:01:32:18 +0700] "GET /search/%22%20.%20esc_url(%20admin_url()%20)%20.%20%22?dir=//lib/git-core&item=git-check-mailmap&action=chmod HTTP/1.1" 200 34096 "-" "Mozilla/5.0 (compatible; MJ12bot/v1.4.8; http://mj12bot.com/)"
162.158.162.195 - - [06/Feb/2025:01:32:18 +0700] "GET /?dir=/home/vietnamet.com/public_html/wp-includes/sodium_compat/namespaced/Core/ChaCha20&item=index.php&action=chmod HTTP/1.1" 301 38609 "-" "Mozilla/5.0 (compatible; MJ12bot/v1.4.8; http://mj12bot.com/)"
162.158.162.18 - - [06/Feb/2025:01:32:19 +0700] "GET /wp-content/install.php?id=64075 HTTP/1.1" 499 0 "-" "GuzzleHttp/7"
162.158.163.97 - - [06/Feb/2025:01:32:20 +0700] "GET /search/%22%20.%20esc_url(%20admin_url()%20)%20.%20%22?dir=//lib/git-core&item=git-check-mailmap&action=download HTTP/1.1" 200 1527650 "-" "Mozilla/5.0 (compatible; MJ12bot/v1.4.8; http://mj12bot.com/)"
162.158.162.50 - - [06/Feb/2025:01:32:21 +0700] "GET /?dir=%2Fhome%2Fvietnamet.com%2Fpublic_html%2Fwp-includes%2Fsodium_compat%2Fnamespaced%2FCore%2FChaCha20&item=index.php&action=chmod HTTP/1.1" 200 41302 "-" "Mozilla/5.0 (compatible; MJ12bot/v1.4.8; http://mj12bot.com/)"
162.158.163.97 - - [06/Feb/2025:01:32:23 +0700] "POST /wp-cron.php?doing_wp_cron=1738780343.0323350429534912109375 HTTP/1.1" 200 31 "-" "9FbegnGDpxSr"
162.158.163.97 - - [06/Feb/2025:01:32:23 +0700] "GET /search/%22%20.%20esc_url(%20admin_url()%20)%20.%20%22?dir=//lib/git-core&item=git-check-mailmap&action=edit HTTP/1.1" 200 34122 "-" "Mozilla/5.0 (compatible; MJ12bot/v1.4.8; http://mj12bot.com/)"
162.158.163.89 - - [06/Feb/2025:01:32:23 +0700] "GET /book/6351/05321dc3f2dae.html HTTP/1.1" 404 30074 "-" "Mozilla/5.0 (compatible; DotBot/1.2; +https://opensiteexplorer.org/dotbot; help@moz.com)"
162.158.163.97 - - [06/Feb/2025:01:32:25 +0700] "GET /search/%22%20.%20esc_url(%20admin_url()%20)%20.%20%22?dir=//lib/git-core&item=git-check-mailmap&action=rename HTTP/1.1" 200 34094 "-" "Mozilla/5.0 (compatible; MJ12bot/v1.4.8; http://mj12bot.com/)"
162.158.162.50 - - [06/Feb/2025:01:32:25 +0700] "GET /?dir=/home/vietnamet.com/public_html/wp-includes/sodium_compat/namespaced/Core/ChaCha20&item=index.php&action=download HTTP/1.1" 200 7609 "-" "Mozilla/5.0 (compatible; MJ12bot/v1.4.8; http://mj12bot.com/)"
162.158.163.97 - - [06/Feb/2025:01:32:27 +0700] "GET /search/%22%20.%20esc_url(%20admin_url()%20)%20.%20%22?dir=//lib/git-core&item=git-check-ref-format&action=chmod HTTP/1.1" 200 34099 "-" "Mozilla/5.0 (compatible; MJ12bot/v1.4.8; http://mj12bot.com/)"
162.158.162.22 - - [06/Feb/2025:01:32:27 +0700] "GET /wp-content/install.php HTTP/1.1" 200 37 "-" "GuzzleHttp/7"
162.158.162.29 - - [06/Feb/2025:01:32:28 +0700] "POST /wp-cron.php?doing_wp_cron=1738780348.3765060901641845703125 HTTP/1.1" 200 31 "-" "tfH6g8Oky0Z0"
162.158.162.50 - - [06/Feb/2025:01:32:28 +0700] "GET /?dir=/home/vietnamet.com/public_html/wp-includes/sodium_compat/namespaced/Core/ChaCha20&item=index.php&action=edit HTTP/1.1" 301 59256 "-" "Mozilla/5.0 (compatible; MJ12bot/v1.4.8; http://mj12bot.com/)"
162.158.162.105 - - [06/Feb/2025:01:32:28 +0700] "GET /book/6351/855a678f4744b.html HTTP/1.1" 404 30074 "-" "Mozilla/5.0 (compatible; DotBot/1.2; +https://opensiteexplorer.org/dotbot; help@moz.com)"
162.158.163.97 - - [06/Feb/2025:01:32:29 +0700] "GET /search/%22%20.%20esc_url(%20admin_url()%20)%20.%20%22?dir=//lib/git-core&item=git-check-ref-format&action=download HTTP/1.1" 200 1527650 "-" "Mozilla/5.0 (compatible; MJ12bot/v1.4.8; http://mj12bot.com/)"
162.158.163.97 - - [06/Feb/2025:01:32:31 +0700] "GET /search/%22%20.%20esc_url(%20admin_url()%20)%20.%20%22?dir=//lib/git-core&item=git-check-ref-format&action=edit HTTP/1.1" 200 34124 "-" "Mozilla/5.0 (compatible; MJ12bot/v1.4.8; http://mj12bot.com/)"
172.69.165.18 - - [06/Feb/2025:01:32:31 +0700] "GET /?dir=%2Fhome%2Fvietnamet.com%2Fpublic_html%2Fwp-includes%2Fsodium_compat%2Fnamespaced%2FCore%2FChaCha20&item=index.php&action=edit HTTP/1.1" 200 49183 "-" "Mozilla/5.0 (compatible; MJ12bot/v1.4.8; http://mj12bot.com/)"
162.158.163.117 - - [06/Feb/2025:01:32:32 +0700] "GET /wp-content/install.php HTTP/1.1" 200 37 "-" "GuzzleHttp/7"
162.158.162.105 - - [06/Feb/2025:01:32:32 +0700] "GET /book/6368/d8b883592a086.html HTTP/1.1" 404 30074 "-" "Mozilla/5.0 (compatible; DotBot/1.2; +https://opensiteexplorer.org/dotbot; help@moz.com)"
162.158.163.97 - - [06/Feb/2025:01:32:33 +0700] "GET /search/%22%20.%20esc_url(%20admin_url()%20)%20.%20%22?dir=//lib/git-core&item=git-check-ref-format&action=rename HTTP/1.1" 200 34098 "-" "Mozilla/5.0 (compatible; MJ12bot/v1.4.8; http://mj12bot.com/)"
162.158.163.97 - - [06/Feb/2025:01:32:35 +0700] "GET /search/%22%20.%20esc_url(%20admin_url()%20)%20.%20%22?dir=//lib/git-core&item=git-checkout&action=chmod HTTP/1.1" 200 34096 "-" "Mozilla/5.0 (compatible; MJ12bot/v1.4.8; http://mj12bot.com/)"
172.69.165.18 - - [06/Feb/2025:01:32:35 +0700] "GET /?dir=/home/vietnamet.com/public_html/wp-includes/sodium_compat/namespaced/Core/ChaCha20&item=index.php&action=rename HTTP/1.1" 301 38609 "-" "Mozilla/5.0 (compatible; MJ12bot/v1.4.8; http://mj12bot.com/)"
162.158.162.22 - - [06/Feb/2025:01:32:36 +0700] "GET /book/6374/4c638734b7595.html HTTP/1.1" 404 30073 "-" "Mozilla/5.0 (compatible; DotBot/1.2; +https://opensiteexplorer.org/dotbot; help@moz.com)"
162.158.163.97 - - [06/Feb/2025:01:32:37 +0700] "GET /search/%22%20.%20esc_url(%20admin_url()%20)%20.%20%22?dir=//lib/git-core&item=git-checkout&action=download HTTP/1.1" 200 1527650 "-" "Mozilla/5.0 (compatible; MJ12bot/v1.4.8; http://mj12bot.com/)"
162.158.163.90 - - [06/Feb/2025:01:32:37 +0700] "GET /wp-content/install.php HTTP/1.1" 200 37 "-" "GuzzleHttp/7"
162.158.163.90 - - [06/Feb/2025:01:32:38 +0700] "GET /?dir=%2Fhome%2Fvietnamet.com%2Fpublic_html%2Fwp-includes%2Fsodium_compat%2Fnamespaced%2FCore%2FChaCha20&item=index.php&action=rename HTTP/1.1" 200 41326 "-" "Mozilla/5.0 (compatible; MJ12bot/v1.4.8; http://mj12bot.com/)"
162.158.163.111 - - [06/Feb/2025:01:32:39 +0700] "GET /wp-content/install.php HTTP/1.1" 200 37 "-" "GuzzleHttp/7"
162.158.162.114 - - [06/Feb/2025:01:32:39 +0700] "GET /book/6378/2dfc901cd0ebc.html HTTP/1.1" 404 30066 "-" "Mozilla/5.0 (compatible; DotBot/1.2; +https://opensiteexplorer.org/dotbot; help@moz.com)"
172.69.165.18 - - [06/Feb/2025:01:32:39 +0700] "GET /search/%22%20.%20esc_url(%20admin_url()%20)%20.%20%22?dir=//lib/git-core&item=git-checkout&action=edit HTTP/1.1" 200 34115 "-" "Mozilla/5.0 (compatible; MJ12bot/v1.4.8; http://mj12bot.com/)"
162.158.163.117 - - [06/Feb/2025:01:32:40 +0700] "GET /wp-content/install.php HTTP/1.1" 200 37 "-" "GuzzleHttp/7"
162.158.163.90 - - [06/Feb/2025:01:32:41 +0700] "GET /?dir=/home/vietnamet.com/public_html/wp-includes/sodium_compat/namespaced/Core/Curve25519&item=.&action=chmod HTTP/1.1" 301 37897 "-" "Mozilla/5.0 (compatible; MJ12bot/v1.4.8; http://mj12bot.com/)"
172.69.165.18 - - [06/Feb/2025:01:32:41 +0700] "GET /search/%22%20.%20esc_url(%20admin_url()%20)%20.%20%22?dir=//lib/git-core&item=git-checkout&action=rename HTTP/1.1" 200 34088 "-" "Mozilla/5.0 (compatible; MJ12bot/v1.4.8; http://mj12bot.com/)"
162.158.162.114 - - [06/Feb/2025:01:32:42 +0700] "GET /book/6393/a3c4392438edf.html HTTP/1.1" 404 30075 "-" "Mozilla/5.0 (compatible; DotBot/1.2; +https://opensiteexplorer.org/dotbot; help@moz.com)"
162.158.162.114 - - [06/Feb/2025:01:32:43 +0700] "GET /wp-content/install.php HTTP/1.1" 200 37 "-" "GuzzleHttp/7"
172.69.165.18 - - [06/Feb/2025:01:32:44 +0700] "GET /search/%22%20.%20esc_url(%20admin_url()%20)%20.%20%22?dir=//lib/git-core&item=git-checkout-index&action=chmod HTTP/1.1" 200 34097 "-" "Mozilla/5.0 (compatible; MJ12bot/v1.4.8; http://mj12bot.com/)"
162.158.163.132 - - [06/Feb/2025:01:32:44 +0700] "GET / HTTP/1.1" 200 43271 "-" "Mozilla/5.0 (X11; Linux x86_64) AppleWebKit/537.36 (KHTML, like Gecko) Chrome/59.0.3071.104 Safari/537.36"
162.158.162.22 - - [06/Feb/2025:01:32:45 +0700] "GET /?dir=%2Fhome%2Fvietnamet.com%2Fpublic_html%2Fwp-includes%2Fsodium_compat%2Fnamespaced%2FCore%2FCurve25519&item=.&action=chmod HTTP/1.1" 200 41286 "-" "Mozilla/5.0 (compatible; MJ12bot/v1.4.8; http://mj12bot.com/)"
162.158.162.18 - - [06/Feb/2025:01:32:45 +0700] "GET / HTTP/1.1" 200 43275 "-" "Mozilla/5.0 (X11; Linux x86_64) AppleWebKit/537.36 (KHTML, like Gecko) Chrome/59.0.3071.104 Safari/537.36"
172.69.165.18 - - [06/Feb/2025:01:32:45 +0700] "GET /search/%22%20.%20esc_url(%20admin_url()%20)%20.%20%22?dir=//lib/git-core&item=git-checkout-index&action=download HTTP/1.1" 200 1527650 "-" "Mozilla/5.0 (compatible; MJ12bot/v1.4.8; http://mj12bot.com/)"
162.158.162.28 - - [06/Feb/2025:01:32:47 +0700] "GET / HTTP/1.1" 200 43278 "-" "Mozilla/5.0 (Macintosh; Intel Mac OS X 10.10; rv:40.0) Gecko/20100101 Firefox/40.0"
162.158.163.97 - - [06/Feb/2025:01:32:48 +0700] "GET /wp-content/install.php HTTP/1.1" 200 37 "-" "GuzzleHttp/7"
162.158.163.97 - - [06/Feb/2025:01:32:48 +0700] "POST /wp-cron.php?doing_wp_cron=1738780368.4321429729461669921875 HTTP/1.1" 200 31 "-" "eQtScYpDfvUu"
162.158.163.117 - - [06/Feb/2025:01:32:48 +0700] "GET /search/%22%20.%20esc_url(%20admin_url()%20)%20.%20%22?dir=//lib/git-core&item=git-checkout-index&action=edit HTTP/1.1" 200 34127 "-" "Mozilla/5.0 (compatible; MJ12bot/v1.4.8; http://mj12bot.com/)"
162.158.163.117 - - [06/Feb/2025:01:32:49 +0700] "GET /wp-content/install.php HTTP/1.1" 200 37 "-" "GuzzleHttp/7"
162.158.162.22 - - [06/Feb/2025:01:32:50 +0700] "GET /?dir=/home/vietnamet.com/public_html/wp-includes/sodium_compat/namespaced/Core/Curve25519&item=..&action=chmod HTTP/1.1" 301 37898 "-" "Mozilla/5.0 (compatible; MJ12bot/v1.4.8; http://mj12bot.com/)"
162.158.163.117 - - [06/Feb/2025:01:32:50 +0700] "GET /search/%22%20.%20esc_url(%20admin_url()%20)%20.%20%22?dir=//lib/git-core&item=git-checkout-index&action=rename HTTP/1.1" 200 34097 "-" "Mozilla/5.0 (compatible; MJ12bot/v1.4.8; http://mj12bot.com/)"
162.158.163.180 - - [06/Feb/2025:01:32:51 +0700] "POST /wp-content/plugins/litespeed-cache/guest.vary.php HTTP/1.1" 200 47 "https://vietnamet.com/" "Mozilla/5.0 (Macintosh; Intel Mac OS X 10.10; rv:40.0) Gecko/20100101 Firefox/40.0"
162.158.163.180 - - [06/Feb/2025:01:32:52 +0700] "GET / HTTP/1.1" 200 40272 "https://vietnamet.com/" "Mozilla/5.0 (Macintosh; Intel Mac OS X 10.10; rv:40.0) Gecko/20100101 Firefox/40.0"
162.158.163.180 - - [06/Feb/2025:01:32:52 +0700] "GET / HTTP/1.1" 200 40279 "-" "Mozilla/5.0 (Macintosh; Intel Mac OS X 10.10; rv:40.0) Gecko/20100101 Firefox/40.0"
162.158.163.117 - - [06/Feb/2025:01:32:52 +0700] "GET /search/%22%20.%20esc_url(%20admin_url()%20)%20.%20%22?dir=//lib/git-core&item=git-cherry&action=chmod HTTP/1.1" 200 34091 "-" "Mozilla/5.0 (compatible; MJ12bot/v1.4.8; http://mj12bot.com/)"
162.158.162.22 - - [06/Feb/2025:01:32:53 +0700] "GET /?dir=%2Fhome%2Fvietnamet.com%2Fpublic_html%2Fwp-includes%2Fsodium_compat%2Fnamespaced%2FCore%2FCurve25519&item=..&action=chmod HTTP/1.1" 200 41271 "-" "Mozilla/5.0 (compatible; MJ12bot/v1.4.8; http://mj12bot.com/)"
162.158.163.97 - - [06/Feb/2025:01:32:54 +0700] "GET /wp-content/install.php HTTP/1.1" 200 37 "-" "GuzzleHttp/7"
162.158.163.117 - - [06/Feb/2025:01:32:54 +0700] "GET /search/%22%20.%20esc_url(%20admin_url()%20)%20.%20%22?dir=//lib/git-core&item=git-cherry&action=download HTTP/1.1" 200 1527650 "-" "Mozilla/5.0 (compatible; MJ12bot/v1.4.8; http://mj12bot.com/)"
162.158.163.97 - - [06/Feb/2025:01:32:56 +0700] "GET /wp-content/install.php HTTP/1.1" 200 37 "-" "GuzzleHttp/7"
162.158.162.22 - - [06/Feb/2025:01:32:57 +0700] "GET /search/%22%20.%20esc_url(%20admin_url()%20)%20.%20%22?dir=//lib/git-core&item=git-cherry&action=edit HTTP/1.1" 200 34115 "-" "Mozilla/5.0 (compatible; MJ12bot/v1.4.8; http://mj12bot.com/)"
162.158.163.112 - - [06/Feb/2025:01:32:57 +0700] "GET /8feqf18477.html HTTP/1.1" 404 29329 "-" "Buck/2.4.2; (+https://app.hypefactors.com/media-monitoring/about.html)"
162.158.162.22 - - [06/Feb/2025:01:32:57 +0700] "GET /?dir=/home/vietnamet.com/public_html/wp-includes/sodium_compat/namespaced/Core/Curve25519&item=Fe.php&action=chmod HTTP/1.1" 301 37902 "-" "Mozilla/5.0 (compatible; MJ12bot/v1.4.8; http://mj12bot.com/)"
162.158.163.97 - - [06/Feb/2025:01:32:58 +0700] "POST /wp-cron.php?doing_wp_cron=1738780378.9031078815460205078125 HTTP/1.1" 200 31 "-" "IdxKJhk4hbMH"
162.158.162.22 - - [06/Feb/2025:01:32:59 +0700] "GET /search/%22%20.%20esc_url(%20admin_url()%20)%20.%20%22?dir=//lib/git-core&item=git-cherry&action=rename HTTP/1.1" 200 34084 "-" "Mozilla/5.0 (compatible; MJ12bot/v1.4.8; http://mj12bot.com/)"
162.158.162.23 - - [06/Feb/2025:01:33:01 +0700] "GET /search/%22%20.%20esc_url(%20admin_url()%20)%20.%20%22?dir=//lib/git-core&item=git-cherry-pick&action=chmod HTTP/1.1" 200 34099 "-" "Mozilla/5.0 (compatible; MJ12bot/v1.4.8; http://mj12bot.com/)"
162.158.162.22 - - [06/Feb/2025:01:33:01 +0700] "GET /wp-content/install.php HTTP/1.1" 200 37 "-" "GuzzleHttp/7"
162.158.163.97 - - [06/Feb/2025:01:33:01 +0700] "GET /?dir=%2Fhome%2Fvietnamet.com%2Fpublic_html%2Fwp-includes%2Fsodium_compat%2Fnamespaced%2FCore%2FCurve25519&item=Fe.php&action=chmod HTTP/1.1" 200 41273 "-" "Mozilla/5.0 (compatible; MJ12bot/v1.4.8; http://mj12bot.com/)"
162.158.162.23 - - [06/Feb/2025:01:33:03 +0700] "GET /search/%22%20.%20esc_url(%20admin_url()%20)%20.%20%22?dir=//lib/git-core&item=git-cherry-pick&action=download HTTP/1.1" 200 1527650 "-" "Mozilla/5.0 (compatible; MJ12bot/v1.4.8; http://mj12bot.com/)"
162.158.163.117 - - [06/Feb/2025:01:33:03 +0700] "GET /wp-content/install.php HTTP/1.1" 200 37 "-" "GuzzleHttp/7"
162.158.163.165 - - [06/Feb/2025:01:33:04 +0700] "GET /wp-content/install.php HTTP/1.1" 200 37 "-" "GuzzleHttp/7"
172.69.165.18 - - [06/Feb/2025:01:33:05 +0700] "GET /?dir=/home/vietnamet.com/public_html/wp-includes/sodium_compat/namespaced/Core/Curve25519&item=Fe.php&action=download HTTP/1.1" 200 351 "-" "Mozilla/5.0 (compatible; MJ12bot/v1.4.8; http://mj12bot.com/)"
162.158.163.117 - - [06/Feb/2025:01:33:06 +0700] "GET /search/%22%20.%20esc_url(%20admin_url()%20)%20.%20%22?dir=//lib/git-core&item=git-cherry-pick&action=edit HTTP/1.1" 200 34129 "-" "Mozilla/5.0 (compatible; MJ12bot/v1.4.8; http://mj12bot.com/)"
162.158.162.74 - - [06/Feb/2025:01:33:06 +0700] "GET /wp-content/install.php HTTP/1.1" 200 37 "-" "GuzzleHttp/7"
162.158.162.22 - - [06/Feb/2025:01:33:07 +0700] "GET /wp-content/install.php HTTP/1.1" 200 37 "-" "GuzzleHttp/7"
162.158.163.97 - - [06/Feb/2025:01:33:07 +0700] "GET /?dir=/home/vietnamet.com/public_html/wp-includes/sodium_compat/namespaced/Core/Curve25519&item=Fe.php&action=edit HTTP/1.1" 301 38173 "-" "Mozilla/5.0 (compatible; MJ12bot/v1.4.8; http://mj12bot.com/)"
162.158.163.117 - - [06/Feb/2025:01:33:08 +0700] "GET /search/%22%20.%20esc_url(%20admin_url()%20)%20.%20%22?dir=//lib/git-core&item=git-cherry-pick&action=rename HTTP/1.1" 200 34097 "-" "Mozilla/5.0 (compatible; MJ12bot/v1.4.8; http://mj12bot.com/)"
162.158.163.86 - - [06/Feb/2025:01:33:09 +0700] "GET / HTTP/1.1" 200 40280 "-" "Mozilla/4.0 (compatible; MSIE 7.0; Windows NT 6.3; Trident/7.0; .NET4.0E; .NET4.0C)"
162.158.163.117 - - [06/Feb/2025:01:33:10 +0700] "GET /search/%22%20.%20esc_url(%20admin_url()%20)%20.%20%22?dir=//lib/git-core&item=git-clean&action=chmod HTTP/1.1" 200 34090 "-" "Mozilla/5.0 (compatible; MJ12bot/v1.4.8; http://mj12bot.com/)"
172.69.165.18 - - [06/Feb/2025:01:33:11 +0700] "GET /?dir=%2Fhome%2Fvietnamet.com%2Fpublic_html%2Fwp-includes%2Fsodium_compat%2Fnamespaced%2FCore%2FCurve25519&item=Fe.php&action=edit HTTP/1.1" 200 41348 "-" "Mozilla/5.0 (compatible; MJ12bot/v1.4.8; http://mj12bot.com/)"
162.158.163.117 - - [06/Feb/2025:01:33:12 +0700] "GET /search/%22%20.%20esc_url(%20admin_url()%20)%20.%20%22?dir=//lib/git-core&item=git-clean&action=download HTTP/1.1" 200 1527650 "-" "Mozilla/5.0 (compatible; MJ12bot/v1.4.8; http://mj12bot.com/)"
162.158.162.23 - - [06/Feb/2025:01:33:12 +0700] "GET /wp-content/install.php HTTP/1.1" 200 37 "-" "GuzzleHttp/7"
162.158.163.111 - - [06/Feb/2025:01:33:14 +0700] "POST /wp-cron.php?doing_wp_cron=1738780394.7133469581604003906250 HTTP/1.1" 200 31 "-" "oKR5StsyXLt7"
172.69.165.18 - - [06/Feb/2025:01:33:14 +0700] "GET /?dir=/home/vietnamet.com/public_html/wp-includes/sodium_compat/namespaced/Core/Curve25519&item=Fe.php&action=rename HTTP/1.1" 301 37903 "-" "Mozilla/5.0 (compatible; MJ12bot/v1.4.8; http://mj12bot.com/)"
162.158.162.74 - - [06/Feb/2025:01:33:15 +0700] "POST /wp-admin/admin-ajax.php?action=async_litespeed&nonce=LOEOCLbbzkfPnAxcRnqnSOSPH4m6MtZT&litespeed_type=imgoptm HTTP/1.1" 200 12359 "-" "YJHiJD57nbYq"
172.69.165.18 - - [06/Feb/2025:01:33:15 +0700] "GET /search/%22%20.%20esc_url(%20admin_url()%20)%20.%20%22?dir=//lib/git-core&item=git-clean&action=edit HTTP/1.1" 200 34113 "-" "Mozilla/5.0 (compatible; MJ12bot/v1.4.8; http://mj12bot.com/)"
162.158.162.22 - - [06/Feb/2025:01:33:16 +0700] "POST /wp-cron.php?doing_wp_cron=1738780396.9650690555572509765625 HTTP/1.1" 200 31 "-" "vKw10PsSxhtj"
162.158.163.90 - - [06/Feb/2025:01:33:17 +0700] "GET /?dir=%2Fhome%2Fvietnamet.com%2Fpublic_html%2Fwp-includes%2Fsodium_compat%2Fnamespaced%2FCore%2FCurve25519&item=Fe.php&action=rename HTTP/1.1" 200 41270 "-" "Mozilla/5.0 (compatible; MJ12bot/v1.4.8; http://mj12bot.com/)"
172.69.165.18 - - [06/Feb/2025:01:33:17 +0700] "GET /search/%22%20.%20esc_url(%20admin_url()%20)%20.%20%22?dir=//lib/git-core&item=git-clean&action=rename HTTP/1.1" 200 34088 "-" "Mozilla/5.0 (compatible; MJ12bot/v1.4.8; http://mj12bot.com/)"
162.158.162.74 - - [06/Feb/2025:01:33:17 +0700] "GET /wp-content/install.php HTTP/1.1" 200 37 "-" "GuzzleHttp/7"
162.158.162.18 - - [06/Feb/2025:01:33:18 +0700] "GET /wp-content/install.php HTTP/1.1" 200 37 "-" "GuzzleHttp/7"
172.69.165.18 - - [06/Feb/2025:01:33:19 +0700] "GET /search/%22%20.%20esc_url(%20admin_url()%20)%20.%20%22?dir=//lib/git-core&item=git-clone&action=chmod HTTP/1.1" 200 34083 "-" "Mozilla/5.0 (compatible; MJ12bot/v1.4.8; http://mj12bot.com/)"
162.158.163.90 - - [06/Feb/2025:01:33:20 +0700] "GET /?dir=/home/vietnamet.com/public_html/wp-includes/sodium_compat/namespaced/Core/Curve25519&item=Ge&action=chmod HTTP/1.1" 301 37896 "-" "Mozilla/5.0 (compatible; MJ12bot/v1.4.8; http://mj12bot.com/)"
172.69.165.18 - - [06/Feb/2025:01:33:21 +0700] "GET /search/%22%20.%20esc_url(%20admin_url()%20)%20.%20%22?dir=//lib/git-core&item=git-clone&action=download HTTP/1.1" 200 1527650 "-" "Mozilla/5.0 (compatible; MJ12bot/v1.4.8; http://mj12bot.com/)"
162.158.162.18 - - [06/Feb/2025:01:33:23 +0700] "POST /wp-cron.php?doing_wp_cron=1738780403.9518799781799316406250 HTTP/1.1" 200 31 "-" "T0Ny3P0Prd5l"
172.69.165.18 - - [06/Feb/2025:01:33:24 +0700] "GET /search/%22%20.%20esc_url(%20admin_url()%20)%20.%20%22?dir=//lib/git-core&item=git-clone&action=edit HTTP/1.1" 200 34114 "-" "Mozilla/5.0 (compatible; MJ12bot/v1.4.8; http://mj12bot.com/)"
162.158.162.51 - - [06/Feb/2025:01:33:24 +0700] "GET /?dir=%2Fhome%2Fvietnamet.com%2Fpublic_html%2Fwp-includes%2Fsodium_compat%2Fnamespaced%2FCore%2FCurve25519&item=Ge&action=chmod HTTP/1.1" 200 41258 "-" "Mozilla/5.0 (compatible; MJ12bot/v1.4.8; http://mj12bot.com/)"
162.158.163.98 - - [06/Feb/2025:01:33:25 +0700] "GET /wp-content/install.php HTTP/1.1" 200 37 "-" "GuzzleHttp/7"
162.158.163.223 - - [06/Feb/2025:01:33:25 +0700] "GET / HTTP/1.1" 200 43266 "-" "python-requests/2.32.3"
162.158.162.22 - - [06/Feb/2025:01:33:26 +0700] "GET /wp-content/install.php HTTP/1.1" 200 37 "-" "GuzzleHttp/7"
172.69.165.18 - - [06/Feb/2025:01:33:26 +0700] "GET /search/%22%20.%20esc_url(%20admin_url()%20)%20.%20%22?dir=//lib/git-core&item=git-clone&action=rename HTTP/1.1" 200 34082 "-" "Mozilla/5.0 (compatible; MJ12bot/v1.4.8; http://mj12bot.com/)"
162.158.162.22 - - [06/Feb/2025:01:33:28 +0700] "POST /wp-cron.php?doing_wp_cron=1738780408.1238000392913818359375 HTTP/1.1" 200 31 "-" "6z0bvehKNfua"
162.158.162.51 - - [06/Feb/2025:01:33:28 +0700] "GET /?dir=/home/vietnamet.com/public_html/wp-includes/sodium_compat/namespaced/Core/Curve25519&item=Ge&action=rename HTTP/1.1" 301 37902 "-" "Mozilla/5.0 (compatible; MJ12bot/v1.4.8; http://mj12bot.com/)"
172.69.165.18 - - [06/Feb/2025:01:33:28 +0700] "GET /search/%22%20.%20esc_url(%20admin_url()%20)%20.%20%22?dir=//lib/git-core&item=git-column&action=chmod HTTP/1.1" 200 34083 "-" "Mozilla/5.0 (compatible; MJ12bot/v1.4.8; http://mj12bot.com/)"
162.158.162.22 - - [06/Feb/2025:01:33:28 +0700] "GET /book/6402/f6374deda3079.html HTTP/1.1" 404 30069 "-" "Mozilla/5.0 (compatible; DotBot/1.2; +https://opensiteexplorer.org/dotbot; help@moz.com)"
172.69.165.18 - - [06/Feb/2025:01:33:30 +0700] "GET /search/%22%20.%20esc_url(%20admin_url()%20)%20.%20%22?dir=//lib/git-core&item=git-column&action=download HTTP/1.1" 200 1527650 "-" "Mozilla/5.0 (compatible; MJ12bot/v1.4.8; http://mj12bot.com/)"
162.158.162.207 - - [06/Feb/2025:01:33:31 +0700] "GET /?dir=%2Fhome%2Fvietnamet.com%2Fpublic_html%2Fwp-includes%2Fsodium_compat%2Fnamespaced%2FCore%2FCurve25519&item=Ge&action=rename HTTP/1.1" 200 41274 "-" "Mozilla/5.0 (compatible; MJ12bot/v1.4.8; http://mj12bot.com/)"
162.158.162.22 - - [06/Feb/2025:01:33:32 +0700] "GET /search/%22%20.%20esc_url(%20admin_url()%20)%20.%20%22?dir=//lib/git-core&item=git-column&action=edit HTTP/1.1" 200 34110 "-" "Mozilla/5.0 (compatible; MJ12bot/v1.4.8; http://mj12bot.com/)"
162.158.162.22 - - [06/Feb/2025:01:33:32 +0700] "GET /wp-content/install.php HTTP/1.1" 200 37 "-" "GuzzleHttp/7"
172.69.165.18 - - [06/Feb/2025:01:33:34 +0700] "GET /search/%22%20.%20esc_url(%20admin_url()%20)%20.%20%22?dir=//lib/git-core&item=git-column&action=rename HTTP/1.1" 200 34086 "-" "Mozilla/5.0 (compatible; MJ12bot/v1.4.8; http://mj12bot.com/)"
162.158.162.207 - - [06/Feb/2025:01:33:35 +0700] "GET /?dir=/home/vietnamet.com/public_html/wp-includes/sodium_compat/namespaced/Core/Curve25519&item=H.php&action=chmod HTTP/1.1" 301 37900 "-" "Mozilla/5.0 (compatible; MJ12bot/v1.4.8; http://mj12bot.com/)"
162.158.162.22 - - [06/Feb/2025:01:33:36 +0700] "GET /search/%22%20.%20esc_url(%20admin_url()%20)%20.%20%22?dir=//lib/git-core&item=git-commit&action=chmod HTTP/1.1" 200 34089 "-" "Mozilla/5.0 (compatible; MJ12bot/v1.4.8; http://mj12bot.com/)"
162.158.163.118 - - [06/Feb/2025:01:33:36 +0700] "GET /wp-content/install.php HTTP/1.1" 200 37 "-" "GuzzleHttp/7"
162.158.162.22 - - [06/Feb/2025:01:33:38 +0700] "GET /search/%22%20.%20esc_url(%20admin_url()%20)%20.%20%22?dir=//lib/git-core&item=git-commit&action=download HTTP/1.1" 200 1527649 "-" "Mozilla/5.0 (compatible; MJ12bot/v1.4.8; http://mj12bot.com/)"
162.158.163.166 - - [06/Feb/2025:01:33:38 +0700] "GET /?dir=%2Fhome%2Fvietnamet.com%2Fpublic_html%2Fwp-includes%2Fsodium_compat%2Fnamespaced%2FCore%2FCurve25519&item=H.php&action=chmod HTTP/1.1" 200 41271 "-" "Mozilla/5.0 (compatible; MJ12bot/v1.4.8; http://mj12bot.com/)"
162.158.162.251 - - [06/Feb/2025:01:33:39 +0700] "GET /9vkcob41942.html HTTP/1.1" 404 29335 "-" "Buck/2.4.2; (+https://app.hypefactors.com/media-monitoring/about.html)"
162.158.162.22 - - [06/Feb/2025:01:33:41 +0700] "GET /search/%22%20.%20esc_url(%20admin_url()%20)%20.%20%22?dir=//lib/git-core&item=git-commit&action=edit HTTP/1.1" 200 34114 "-" "Mozilla/5.0 (compatible; MJ12bot/v1.4.8; http://mj12bot.com/)"
162.158.163.118 - - [06/Feb/2025:01:33:42 +0700] "GET /wp-content/install.php HTTP/1.1" 200 37 "-" "GuzzleHttp/7"
162.158.163.166 - - [06/Feb/2025:01:33:42 +0700] "GET /?dir=/home/vietnamet.com/public_html/wp-includes/sodium_compat/namespaced/Core/Curve25519&item=H.php&action=download HTTP/1.1" 200 350 "-" "Mozilla/5.0 (compatible; MJ12bot/v1.4.8; http://mj12bot.com/)"
162.158.162.22 - - [06/Feb/2025:01:33:43 +0700] "GET /search/%22%20.%20esc_url(%20admin_url()%20)%20.%20%22?dir=//lib/git-core&item=git-commit&action=rename HTTP/1.1" 200 34089 "-" "Mozilla/5.0 (compatible; MJ12bot/v1.4.8; http://mj12bot.com/)"
162.158.162.22 - - [06/Feb/2025:01:33:45 +0700] "GET /search/%22%20.%20esc_url(%20admin_url()%20)%20.%20%22?dir=//lib/git-core&item=git-commit-graph&action=chmod HTTP/1.1" 200 34096 "-" "Mozilla/5.0 (compatible; MJ12bot/v1.4.8; http://mj12bot.com/)"
162.158.163.166 - - [06/Feb/2025:01:33:46 +0700] "GET /?dir=/home/vietnamet.com/public_html/wp-includes/sodium_compat/namespaced/Core/Curve25519&item=H.php&action=edit HTTP/1.1" 301 38169 "-" "Mozilla/5.0 (compatible; MJ12bot/v1.4.8; http://mj12bot.com/)"
162.158.162.22 - - [06/Feb/2025:01:33:47 +0700] "GET /search/%22%20.%20esc_url(%20admin_url()%20)%20.%20%22?dir=//lib/git-core&item=git-commit-graph&action=download HTTP/1.1" 200 1527634 "-" "Mozilla/5.0 (compatible; MJ12bot/v1.4.8; http://mj12bot.com/)"
162.158.163.118 - - [06/Feb/2025:01:33:48 +0700] "POST /wp-cron.php?doing_wp_cron=1738780428.1912848949432373046875 HTTP/1.1" 200 31 "-" "v0g4UxVhhTrC"
172.69.165.18 - - [06/Feb/2025:01:33:48 +0700] "GET /wp-content/install.php?id=64075 HTTP/1.1" 499 0 "-" "GuzzleHttp/7"
162.158.162.22 - - [06/Feb/2025:01:33:48 +0700] "GET /wp-content/install.php HTTP/1.1" 200 37 "-" "GuzzleHttp/7"
162.158.162.50 - - [06/Feb/2025:01:33:48 +0700] "GET /?dir=%2Fhome%2Fvietnamet.com%2Fpublic_html%2Fwp-includes%2Fsodium_compat%2Fnamespaced%2FCore%2FCurve25519&item=H.php&action=edit HTTP/1.1" 200 41350 "-" "Mozilla/5.0 (compatible; MJ12bot/v1.4.8; http://mj12bot.com/)"
172.69.165.18 - - [06/Feb/2025:01:33:50 +0700] "GET /search/%22%20.%20esc_url(%20admin_url()%20)%20.%20%22?dir=//lib/git-core&item=git-commit-graph&action=edit HTTP/1.1" 200 34121 "-" "Mozilla/5.0 (compatible; MJ12bot/v1.4.8; http://mj12bot.com/)"
162.158.162.19 - - [06/Feb/2025:01:33:50 +0700] "GET /wp-content/install.php HTTP/1.1" 200 37 "-" "GuzzleHttp/7"
162.158.162.50 - - [06/Feb/2025:01:33:51 +0700] "GET /?dir=/home/vietnamet.com/public_html/wp-includes/sodium_compat/namespaced/Core/Curve25519&item=H.php&action=rename HTTP/1.1" 301 37903 "-" "Mozilla/5.0 (compatible; MJ12bot/v1.4.8; http://mj12bot.com/)"
172.69.165.18 - - [06/Feb/2025:01:33:52 +0700] "GET /search/%22%20.%20esc_url(%20admin_url()%20)%20.%20%22?dir=//lib/git-core&item=git-commit-graph&action=rename HTTP/1.1" 200 34080 "-" "Mozilla/5.0 (compatible; MJ12bot/v1.4.8; http://mj12bot.com/)"
172.69.165.18 - - [06/Feb/2025:01:33:54 +0700] "GET /search/%22%20.%20esc_url(%20admin_url()%20)%20.%20%22?dir=//lib/git-core&item=git-commit-tree&action=chmod HTTP/1.1" 200 34095 "-" "Mozilla/5.0 (compatible; MJ12bot/v1.4.8; http://mj12bot.com/)"
162.158.162.22 - - [06/Feb/2025:01:33:54 +0700] "GET /?dir=%2Fhome%2Fvietnamet.com%2Fpublic_html%2Fwp-includes%2Fsodium_compat%2Fnamespaced%2FCore%2FCurve25519&item=H.php&action=rename HTTP/1.1" 200 41268 "-" "Mozilla/5.0 (compatible; MJ12bot/v1.4.8; http://mj12bot.com/)"
162.158.162.115 - - [06/Feb/2025:01:33:55 +0700] "GET /zhidingxinwen/article/13527195.html HTTP/1.1" 404 30075 "-" "Mozilla/5.0 (Linux; Android 5.0) AppleWebKit/537.36 (KHTML, like Gecko) Mobile Safari/537.36 (compatible; Bytespider; spider-feedback@bytedance.com)"
172.69.165.18 - - [06/Feb/2025:01:33:55 +0700] "GET /wp-content/install.php HTTP/1.1" 200 37 "-" "GuzzleHttp/7"
172.69.165.18 - - [06/Feb/2025:01:33:56 +0700] "GET /search/%22%20.%20esc_url(%20admin_url()%20)%20.%20%22?dir=//lib/git-core&item=git-commit-tree&action=download HTTP/1.1" 200 1527650 "-" "Mozilla/5.0 (compatible; MJ12bot/v1.4.8; http://mj12bot.com/)"
162.158.163.118 - - [06/Feb/2025:01:33:56 +0700] "GET /wp-content/install.php HTTP/1.1" 200 37 "-" "GuzzleHttp/7"
162.158.162.22 - - [06/Feb/2025:01:33:57 +0700] "GET /?dir=/home/vietnamet.com/public_html/wp-includes/sodium_compat/namespaced/Core/Curve25519/Ge HTTP/1.1" 301 43347 "-" "Mozilla/5.0 (compatible; MJ12bot/v1.4.8; http://mj12bot.com/)"
172.69.165.18 - - [06/Feb/2025:01:33:58 +0700] "POST /wp-cron.php?doing_wp_cron=1738780438.7480449676513671875000 HTTP/1.1" 200 31 "-" "2Ickc8N2XMSr"
162.158.163.97 - - [06/Feb/2025:01:33:58 +0700] "GET /search/%22%20.%20esc_url(%20admin_url()%20)%20.%20%22?dir=//lib/git-core&item=git-commit-tree&action=edit HTTP/1.1" 200 34122 "-" "Mozilla/5.0 (compatible; MJ12bot/v1.4.8; http://mj12bot.com/)"
162.158.162.195 - - [06/Feb/2025:01:34:00 +0700] "GET /book/6422/cd8fe3e593fc2.html HTTP/1.1" 404 30075 "-" "Mozilla/5.0 (compatible; DotBot/1.2; +https://opensiteexplorer.org/dotbot; help@moz.com)"
162.158.162.115 - - [06/Feb/2025:01:34:00 +0700] "GET /?dir=%2Fhome%2Fvietnamet.com%2Fpublic_html%2Fwp-includes%2Fsodium_compat%2Fnamespaced%2FCore%2FCurve25519%2FGe HTTP/1.1" 200 41353 "-" "Mozilla/5.0 (compatible; MJ12bot/v1.4.8; http://mj12bot.com/)"
162.158.163.97 - - [06/Feb/2025:01:34:01 +0700] "GET /search/%22%20.%20esc_url(%20admin_url()%20)%20.%20%22?dir=//lib/git-core&item=git-commit-tree&action=rename HTTP/1.1" 200 34087 "-" "Mozilla/5.0 (compatible; MJ12bot/v1.4.8; http://mj12bot.com/)"
162.158.163.118 - - [06/Feb/2025:01:34:02 +0700] "GET /wp-content/install.php HTTP/1.1" 200 37 "-" "GuzzleHttp/7"
162.158.163.118 - - [06/Feb/2025:01:34:03 +0700] "GET /wp-content/install.php HTTP/1.1" 200 37 "-" "GuzzleHttp/7"
162.158.163.97 - - [06/Feb/2025:01:34:03 +0700] "GET /search/%22%20.%20esc_url(%20admin_url()%20)%20.%20%22?dir=//lib/git-core&item=git-config&action=chmod HTTP/1.1" 200 34087 "-" "Mozilla/5.0 (compatible; MJ12bot/v1.4.8; http://mj12bot.com/)"
162.158.162.22 - - [06/Feb/2025:01:34:04 +0700] "GET /9ugr23378.html HTTP/1.1" 404 29329 "-" "Buck/2.4.2; (+https://app.hypefactors.com/media-monitoring/about.html)"
162.158.163.97 - - [06/Feb/2025:01:34:04 +0700] "GET /wp-content/install.php HTTP/1.1" 200 37 "-" "GuzzleHttp/7"
162.158.163.97 - - [06/Feb/2025:01:34:05 +0700] "GET /search/%22%20.%20esc_url(%20admin_url()%20)%20.%20%22?dir=//lib/git-core&item=git-config&action=download HTTP/1.1" 200 1527627 "-" "Mozilla/5.0 (compatible; MJ12bot/v1.4.8; http://mj12bot.com/)"
162.158.163.97 - - [06/Feb/2025:01:34:05 +0700] "GET /wp-content/install.php HTTP/1.1" 200 37 "-" "GuzzleHttp/7"
162.158.162.115 - - [06/Feb/2025:01:34:05 +0700] "GET /?dir=/home/vietnamet.com/public_html/wp-includes/sodium_compat/namespaced/Core/Poly1305&item=.&action=chmod HTTP/1.1" 301 33183 "-" "Mozilla/5.0 (compatible; MJ12bot/v1.4.8; http://mj12bot.com/)"
172.69.165.18 - - [06/Feb/2025:01:34:06 +0700] "GET /wp-content/install.php HTTP/1.1" 200 37 "-" "GuzzleHttp/7"
162.158.163.118 - - [06/Feb/2025:01:34:07 +0700] "GET /search/%22%20.%20esc_url(%20admin_url()%20)%20.%20%22?dir=//lib/git-core&item=git-config&action=edit HTTP/1.1" 200 34120 "-" "Mozilla/5.0 (compatible; MJ12bot/v1.4.8; http://mj12bot.com/)"
172.69.165.18 - - [06/Feb/2025:01:34:08 +0700] "GET /wp-content/install.php HTTP/1.1" 200 37 "-" "GuzzleHttp/7"
162.158.162.22 - - [06/Feb/2025:01:34:08 +0700] "GET /?dir=%2Fhome%2Fvietnamet.com%2Fpublic_html%2Fwp-includes%2Fsodium_compat%2Fnamespaced%2FCore%2FPoly1305&item=.&action=chmod HTTP/1.1" 200 41150 "-" "Mozilla/5.0 (compatible; MJ12bot/v1.4.8; http://mj12bot.com/)"
162.158.163.118 - - [06/Feb/2025:01:34:09 +0700] "GET /search/%22%20.%20esc_url(%20admin_url()%20)%20.%20%22?dir=//lib/git-core&item=git-config&action=rename HTTP/1.1" 200 34088 "-" "Mozilla/5.0 (compatible; MJ12bot/v1.4.8; http://mj12bot.com/)"
162.158.163.118 - - [06/Feb/2025:01:34:11 +0700] "GET /search/%22%20.%20esc_url(%20admin_url()%20)%20.%20%22?dir=//lib/git-core&item=git-count-objects&action=chmod HTTP/1.1" 200 34100 "-" "Mozilla/5.0 (compatible; MJ12bot/v1.4.8; http://mj12bot.com/)"
162.158.163.118 - - [06/Feb/2025:01:34:12 +0700] "GET /?dir=/home/vietnamet.com/public_html/wp-includes/sodium_compat/namespaced/Core/Poly1305&item=..&action=chmod HTTP/1.1" 301 33184 "-" "Mozilla/5.0 (compatible; MJ12bot/v1.4.8; http://mj12bot.com/)"
162.158.163.118 - - [06/Feb/2025:01:34:13 +0700] "GET /search/%22%20.%20esc_url(%20admin_url()%20)%20.%20%22?dir=//lib/git-core&item=git-count-objects&action=download HTTP/1.1" 200 1527650 "-" "Mozilla/5.0 (compatible; MJ12bot/v1.4.8; http://mj12bot.com/)"
172.69.165.18 - - [06/Feb/2025:01:34:13 +0700] "GET /wp-content/install.php HTTP/1.1" 200 37 "-" "GuzzleHttp/7"
162.158.162.22 - - [06/Feb/2025:01:34:15 +0700] "POST /wp-cron.php?doing_wp_cron=1738780454.9659550189971923828125 HTTP/1.1" 200 31 "-" "e338y14KLsEp"
162.158.162.104 - - [06/Feb/2025:01:34:15 +0700] "GET /?dir=%2Fhome%2Fvietnamet.com%2Fpublic_html%2Fwp-includes%2Fsodium_compat%2Fnamespaced%2FCore%2FPoly1305&item=..&action=chmod HTTP/1.1" 200 41140 "-" "Mozilla/5.0 (compatible; MJ12bot/v1.4.8; http://mj12bot.com/)"
162.158.163.97 - - [06/Feb/2025:01:34:15 +0700] "POST /wp-admin/admin-ajax.php?action=async_litespeed&nonce=VCYifUVpjrEkQM3IA7zEwXP3kCJf6GW6&litespeed_type=imgoptm HTTP/1.1" 200 12363 "-" "cX6Sj0c8eQ5U"
162.158.163.118 - - [06/Feb/2025:01:34:16 +0700] "POST /wp-cron.php?doing_wp_cron=1738780456.2848739624023437500000 HTTP/1.1" 200 31 "-" "NImgGt6PvweQ"
162.158.163.97 - - [06/Feb/2025:01:34:16 +0700] "GET /search/%22%20.%20esc_url(%20admin_url()%20)%20.%20%22?dir=//lib/git-core&item=git-count-objects&action=edit HTTP/1.1" 200 34121 "-" "Mozilla/5.0 (compatible; MJ12bot/v1.4.8; http://mj12bot.com/)"
162.158.163.97 - - [06/Feb/2025:01:34:17 +0700] "GET /wp-content/install.php HTTP/1.1" 200 37 "-" "GuzzleHttp/7"
162.158.163.97 - - [06/Feb/2025:01:34:18 +0700] "GET /search/%22%20.%20esc_url(%20admin_url()%20)%20.%20%22?dir=//lib/git-core&item=git-count-objects&action=rename HTTP/1.1" 200 34097 "-" "Mozilla/5.0 (compatible; MJ12bot/v1.4.8; http://mj12bot.com/)"
162.158.162.22 - - [06/Feb/2025:01:34:18 +0700] "GET /wp-content/install.php HTTP/1.1" 200 37 "-" "GuzzleHttp/7"
162.158.162.104 - - [06/Feb/2025:01:34:19 +0700] "GET /?dir=/home/vietnamet.com/public_html/wp-includes/sodium_compat/namespaced/Core/Poly1305&item=State.php&action=chmod HTTP/1.1" 301 33191 "-" "Mozilla/5.0 (compatible; MJ12bot/v1.4.8; http://mj12bot.com/)"
172.69.165.18 - - [06/Feb/2025:01:34:19 +0700] "GET /wp-content/install.php HTTP/1.1" 200 37 "-" "GuzzleHttp/7"
162.158.163.97 - - [06/Feb/2025:01:34:20 +0700] "GET /search/%22%20.%20esc_url(%20admin_url()%20)%20.%20%22?dir=//lib/git-core&item=git-credential&action=edit HTTP/1.1" 200 34119 "-" "Mozilla/5.0 (compatible; MJ12bot/v1.4.8; http://mj12bot.com/)"
162.158.163.97 - - [06/Feb/2025:01:34:21 +0700] "GET /wp-content/install.php HTTP/1.1" 200 37 "-" "GuzzleHttp/7"
172.69.165.18 - - [06/Feb/2025:01:34:22 +0700] "GET /?dir=%2Fhome%2Fvietnamet.com%2Fpublic_html%2Fwp-includes%2Fsodium_compat%2Fnamespaced%2FCore%2FPoly1305&item=State.php&action=chmod HTTP/1.1" 200 41136 "-" "Mozilla/5.0 (compatible; MJ12bot/v1.4.8; http://mj12bot.com/)"
162.158.163.97 - - [06/Feb/2025:01:34:22 +0700] "GET /search/%22%20.%20esc_url(%20admin_url()%20)%20.%20%22?dir=//lib/git-core&item=git-credential&action=rename HTTP/1.1" 200 34094 "-" "Mozilla/5.0 (compatible; MJ12bot/v1.4.8; http://mj12bot.com/)"
162.158.162.28 - - [06/Feb/2025:01:34:24 +0700] "POST /wp-cron.php?doing_wp_cron=1738780464.2522320747375488281250 HTTP/1.1" 200 31 "-" "tSHD7QYGH6Gs"
162.158.163.97 - - [06/Feb/2025:01:34:24 +0700] "GET /search/%22%20.%20esc_url(%20admin_url()%20)%20.%20%22?dir=//lib/git-core&item=git-credential-cache&action=chmod HTTP/1.1" 200 34098 "-" "Mozilla/5.0 (compatible; MJ12bot/v1.4.8; http://mj12bot.com/)"
162.158.163.118 - - [06/Feb/2025:01:34:25 +0700] "GET /wp-content/install.php HTTP/1.1" 200 37 "-" "GuzzleHttp/7"
172.69.165.18 - - [06/Feb/2025:01:34:26 +0700] "GET /?dir=/home/vietnamet.com/public_html/wp-includes/sodium_compat/namespaced/Core/Poly1305&item=State.php&action=download HTTP/1.1" 200 352 "-" "Mozilla/5.0 (compatible; MJ12bot/v1.4.8; http://mj12bot.com/)"
162.158.163.97 - - [06/Feb/2025:01:34:26 +0700] "GET /search/%22%20.%20esc_url(%20admin_url()%20)%20.%20%22?dir=//lib/git-core&item=git-credential-cache&action=download HTTP/1.1" 200 894550 "-" "Mozilla/5.0 (compatible; MJ12bot/v1.4.8; http://mj12bot.com/)"
172.69.165.18 - - [06/Feb/2025:01:34:27 +0700] "GET /wp-content/install.php HTTP/1.1" 200 37 "-" "GuzzleHttp/7"
162.158.162.102 - - [06/Feb/2025:01:34:28 +0700] "POST /wp-cron.php?doing_wp_cron=1738780468.1606938838958740234375 HTTP/1.1" 200 31 "-" "qSQNnVeQegAV"
172.69.165.18 - - [06/Feb/2025:01:34:28 +0700] "GET /?dir=/home/vietnamet.com/public_html/wp-includes/sodium_compat/namespaced/Core/Poly1305&item=State.php&action=edit HTTP/1.1" 301 33460 "-" "Mozilla/5.0 (compatible; MJ12bot/v1.4.8; http://mj12bot.com/)"
162.158.162.251 - - [06/Feb/2025:01:34:28 +0700] "GET /wp-content/install.php HTTP/1.1" 200 37 "-" "GuzzleHttp/7"
162.158.163.97 - - [06/Feb/2025:01:34:29 +0700] "GET /search/%22%20.%20esc_url(%20admin_url()%20)%20.%20%22?dir=//lib/git-core&item=git-credential-cache&action=edit HTTP/1.1" 200 34132 "-" "Mozilla/5.0 (compatible; MJ12bot/v1.4.8; http://mj12bot.com/)"
