162.158.163.165 - - [06/Feb/2025:00:56:32 +0700] "GET /?dir=/home/vietnamet.com/public_html/wp-includes/js/tinymce/plugins/lists&item=plugin.min.js&action=download HTTP/1.1" 200 9281 "-" "Mozilla/5.0 (compatible; MJ12bot/v1.4.8; http://mj12bot.com/)"
162.158.163.165 - - [06/Feb/2025:00:56:38 +0700] "GET /?dir=/home/vietnamet.com/public_html/wp-includes/js/tinymce/plugins/lists&item=plugin.min.js&action=edit HTTP/1.1" 301 68990 "-" "Mozilla/5.0 (compatible; MJ12bot/v1.4.8; http://mj12bot.com/)"
162.158.163.179 - - [06/Feb/2025:00:56:43 +0700] "GET /?dir=%2Fhome%2Fvietnamet.com%2Fpublic_html%2Fwp-includes%2Fjs%2Ftinymce%2Fplugins%2Flists&item=plugin.min.js&action=edit HTTP/1.1" 200 50994 "-" "Mozilla/5.0 (compatible; MJ12bot/v1.4.8; http://mj12bot.com/)"
162.158.162.195 - - [06/Feb/2025:00:56:55 +0700] "POST /wp-cron.php?doing_wp_cron=1738778215.7160890102386474609375 HTTP/1.1" 200 31 "-" "rBOUCEVrBSWz"
162.158.163.179 - - [06/Feb/2025:00:56:55 +0700] "GET /?dir=/home/vietnamet.com/public_html/wp-includes/js/tinymce/plugins/lists&item=plugin.min.js&action=rename HTTP/1.1" 301 38257 "-" "Mozilla/5.0 (compatible; MJ12bot/v1.4.8; http://mj12bot.com/)"
162.158.163.97 - - [06/Feb/2025:00:57:00 +0700] "POST /wp-cron.php?doing_wp_cron=1738778220.9488620758056640625000 HTTP/1.1" 200 31 "-" "PrPxJi0J0hrl"
162.158.162.105 - - [06/Feb/2025:00:57:01 +0700] "GET /?dir=%2Fhome%2Fvietnamet.com%2Fpublic_html%2Fwp-includes%2Fjs%2Ftinymce%2Fplugins%2Flists&item=plugin.min.js&action=rename HTTP/1.1" 200 41297 "-" "Mozilla/5.0 (compatible; MJ12bot/v1.4.8; http://mj12bot.com/)"
172.69.165.18 - - [06/Feb/2025:00:57:05 +0700] "GET /zhidingxinwen/article/13608725.html?dir=%2Fhome%2Fvietnamet.com%2Fpublic_html%2Fwp-includes HTTP/1.1" 404 43732 "-" "Mozilla/5.0 (Linux; Android 5.0) AppleWebKit/537.36 (KHTML, like Gecko) Mobile Safari/537.36 (compatible; Bytespider; spider-feedback@bytedance.com)"
162.158.162.105 - - [06/Feb/2025:00:57:09 +0700] "GET /?dir=/home/vietnamet.com/public_html/wp-includes/js/tinymce/plugins/media&item=.&action=chmod HTTP/1.1" 301 35622 "-" "Mozilla/5.0 (compatible; MJ12bot/v1.4.8; http://mj12bot.com/)"
162.158.162.109 - - [06/Feb/2025:00:57:13 +0700] "POST /wp-cron.php?doing_wp_cron=1738778233.2753050327301025390625 HTTP/1.1" 200 31 "-" "tSa6BMn8RIXu"
162.158.163.166 - - [06/Feb/2025:00:57:13 +0700] "GET /?dir=%2Fhome%2Fvietnamet.com%2Fpublic_html%2Fwp-includes%2Fjs%2Ftinymce%2Fplugins%2Fmedia&item=.&action=chmod HTTP/1.1" 200 41188 "-" "Mozilla/5.0 (compatible; MJ12bot/v1.4.8; http://mj12bot.com/)"
172.69.165.18 - - [06/Feb/2025:00:57:13 +0700] "POST /wp-admin/admin-ajax.php?action=async_litespeed&nonce=JW5lvX1Ap6QR61nfh4u97gfbsmUsc2uG&litespeed_type=imgoptm HTTP/1.1" 200 12360 "-" "ma28tIEcbUXH"
162.158.163.166 - - [06/Feb/2025:00:57:19 +0700] "GET /wp-content/themes/digital-download/up.php HTTP/1.1" 404 47 "-" "Mozlila/5.0 (Linux; Android 7.0; SM-G892A Bulid/NRD90M; wv) AppleWebKit/537.36 (KHTML, like Gecko) Version/4.0 Chrome/60.0.3112.107 Moblie Safari/537.36"
162.158.162.22 - - [06/Feb/2025:00:57:20 +0700] "POST /wp-cron.php?doing_wp_cron=1738778240.6340930461883544921875 HTTP/1.1" 200 31 "-" "jdAtlzYiFCZ9"
162.158.163.166 - - [06/Feb/2025:00:57:20 +0700] "GET /?dir=/home/vietnamet.com/public_html/wp-includes/js/tinymce/plugins/media&item=..&action=chmod HTTP/1.1" 301 35625 "-" "Mozilla/5.0 (compatible; MJ12bot/v1.4.8; http://mj12bot.com/)"
162.158.162.19 - - [06/Feb/2025:00:57:24 +0700] "POST /wp-cron.php?doing_wp_cron=1738778244.8930420875549316406250 HTTP/1.1" 200 31 "-" "ul9JFuyrW1j4"
162.158.163.97 - - [06/Feb/2025:00:57:25 +0700] "GET /?dir=%2Fhome%2Fvietnamet.com%2Fpublic_html%2Fwp-includes%2Fjs%2Ftinymce%2Fplugins%2Fmedia&item=..&action=chmod HTTP/1.1" 200 41185 "-" "Mozilla/5.0 (compatible; MJ12bot/v1.4.8; http://mj12bot.com/)"
172.69.165.18 - - [06/Feb/2025:00:57:31 +0700] "POST /wp-cron.php?doing_wp_cron=1738778251.9213330745697021484375 HTTP/1.1" 200 31 "-" "V0693MSqu0vz"
162.158.163.97 - - [06/Feb/2025:00:57:32 +0700] "GET /?dir=/home/vietnamet.com/public_html/wp-includes/js/tinymce/plugins/media&item=plugin.js&action=chmod HTTP/1.1" 301 35631 "-" "Mozilla/5.0 (compatible; MJ12bot/v1.4.8; http://mj12bot.com/)"
162.158.162.22 - - [06/Feb/2025:00:57:36 +0700] "GET /news/5979977.html HTTP/1.1" 404 29342 "-" "Mozilla/5.0 (Macintosh; Intel Mac OS X 10_15_7) AppleWebKit/537.36 (KHTML, like Gecko) Chrome/120.0.0.0 Safari/537.36"
162.158.162.207 - - [06/Feb/2025:00:57:39 +0700] "GET /?dir=%2Fhome%2Fvietnamet.com%2Fpublic_html%2Fwp-includes%2Fjs%2Ftinymce%2Fplugins%2Fmedia&item=plugin.js&action=chmod HTTP/1.1" 200 41190 "-" "Mozilla/5.0 (compatible; MJ12bot/v1.4.8; http://mj12bot.com/)"
162.158.162.22 - - [06/Feb/2025:00:57:43 +0700] "GET /link-vao-i9bet/?dir=/home/vietnamet.com/public_html/wp-content&item=uploads&action=rename HTTP/1.1" 200 75880 "-" "Mozilla/5.0 (compatible; MJ12bot/v1.4.8; http://mj12bot.com/)"
162.158.162.22 - - [06/Feb/2025:00:57:46 +0700] "GET /link-vao-i9bet/?dir=/home/vietnamet.com/public_html/wp-content&item=wflogs&action=chmod HTTP/1.1" 200 75866 "-" "Mozilla/5.0 (compatible; MJ12bot/v1.4.8; http://mj12bot.com/)"
162.158.163.118 - - [06/Feb/2025:00:57:49 +0700] "POST /wp-cron.php?doing_wp_cron=1738778269.1041650772094726562500 HTTP/1.1" 200 31 "-" "13OPOI8uuQmS"
162.158.162.207 - - [06/Feb/2025:00:57:49 +0700] "GET /?dir=/home/vietnamet.com/public_html/wp-includes/js/tinymce/plugins/media&item=plugin.js&action=download HTTP/1.1" 200 8786 "-" "Mozilla/5.0 (compatible; MJ12bot/v1.4.8; http://mj12bot.com/)"
162.158.163.117 - - [06/Feb/2025:00:57:49 +0700] "GET / HTTP/1.1" 200 43282 "-" "-"
162.158.162.22 - - [06/Feb/2025:00:57:49 +0700] "GET / HTTP/1.1" 200 43128 "-" "-"
162.158.163.165 - - [06/Feb/2025:00:57:58 +0700] "POST /wp-cron.php?doing_wp_cron=1738778278.7427361011505126953125 HTTP/1.1" 200 31 "-" "940YNE92Timl"
172.69.165.53 - - [06/Feb/2025:00:57:59 +0700] "GET /zhidingxinwen/article/11736848.htm?dir=%2Fhome HTTP/1.1" 404 27813 "-" "Mozilla/5.0 (Linux; Android 5.0) AppleWebKit/537.36 (KHTML, like Gecko) Mobile Safari/537.36 (compatible; Bytespider; spider-feedback@bytedance.com)"
162.158.163.118 - - [06/Feb/2025:00:57:59 +0700] "GET /link-vao-i9bet/?dir=/home/vietnamet.com/public_html/wp-content/fonts HTTP/1.1" 200 74472 "-" "Mozilla/5.0 (compatible; MJ12bot/v1.4.8; http://mj12bot.com/)"
162.158.162.207 - - [06/Feb/2025:00:58:00 +0700] "GET /?dir=/home/vietnamet.com/public_html/wp-includes/js/tinymce/plugins/media&item=plugin.js&action=edit HTTP/1.1" 301 77770 "-" "Mozilla/5.0 (compatible; MJ12bot/v1.4.8; http://mj12bot.com/)"
162.158.163.89 - - [06/Feb/2025:00:58:01 +0700] "GET /aff-cup-la-gi/feed/ HTTP/1.1" 200 109670 "-" "Mozilla/5.0 (compatible; AhrefsBot/7.0; +http://ahrefs.com/robot/)"
162.158.163.165 - - [06/Feb/2025:00:58:05 +0700] "GET /?dir=%2Fhome%2Fvietnamet.com%2Fpublic_html%2Fwp-includes%2Fjs%2Ftinymce%2Fplugins%2Fmedia&item=plugin.js&action=edit HTTP/1.1" 200 50332 "-" "Mozilla/5.0 (compatible; MJ12bot/v1.4.8; http://mj12bot.com/)"
162.158.162.22 - - [06/Feb/2025:00:58:09 +0700] "GET /link-vao-i9bet/?dir=/home/vietnamet.com/public_html/wp-content/upgrade-temp-backup HTTP/1.1" 200 73802 "-" "Mozilla/5.0 (compatible; MJ12bot/v1.4.8; http://mj12bot.com/)"
162.158.163.85 - - [06/Feb/2025:00:58:14 +0700] "POST /wp-cron.php?doing_wp_cron=1738778294.4529609680175781250000 HTTP/1.1" 200 31 "-" "IU9W7jn5c7bT"
162.158.162.22 - - [06/Feb/2025:00:58:14 +0700] "GET /search/%22%20.%20esc_url(%20admin_url()%20)%20.%20%22?dir=//boot&item=..&action=chmod HTTP/1.1" 200 25768 "-" "Mozilla/5.0 (compatible; MJ12bot/v1.4.8; http://mj12bot.com/)"
162.158.163.98 - - [06/Feb/2025:00:58:14 +0700] "POST /wp-admin/admin-ajax.php?action=async_litespeed&nonce=kjbS7ml57PAbndsjU8gzoUSJxWibB7zH&litespeed_type=imgoptm HTTP/1.1" 200 12363 "-" "jj5CtbWBGH42"
162.158.162.22 - - [06/Feb/2025:00:58:17 +0700] "POST /wp-cron.php?doing_wp_cron=1738778297.8763039112091064453125 HTTP/1.1" 200 31 "-" "sgPIEEttm452"
162.158.163.165 - - [06/Feb/2025:00:58:17 +0700] "GET /?dir=/home/vietnamet.com/public_html/wp-includes/js/tinymce/plugins/media&item=plugin.js&action=rename HTTP/1.1" 301 35634 "-" "Mozilla/5.0 (compatible; MJ12bot/v1.4.8; http://mj12bot.com/)"
162.158.162.22 - - [06/Feb/2025:00:58:19 +0700] "GET /search/%22%20.%20esc_url(%20admin_url()%20)%20.%20%22?dir=//boot&item=System.map-5.4.0-204-generic&action=edit HTTP/1.1" 200 25812 "-" "Mozilla/5.0 (compatible; MJ12bot/v1.4.8; http://mj12bot.com/)"
162.158.163.90 - - [06/Feb/2025:00:58:21 +0700] "GET /?dir=%2Fhome%2Fvietnamet.com%2Fpublic_html%2Fwp-includes%2Fjs%2Ftinymce%2Fplugins%2Fmedia&item=plugin.js&action=rename HTTP/1.1" 200 41197 "-" "Mozilla/5.0 (compatible; MJ12bot/v1.4.8; http://mj12bot.com/)"
162.158.162.22 - - [06/Feb/2025:00:58:26 +0700] "GET /search/%22%20.%20esc_url(%20admin_url()%20)%20.%20%22?dir=//boot&item=System.map-5.4.0-205-generic&action=download HTTP/1.1" 302 336 "-" "Mozilla/5.0 (compatible; MJ12bot/v1.4.8; http://mj12bot.com/)"
162.158.162.23 - - [06/Feb/2025:00:58:28 +0700] "POST /wp-cron.php?doing_wp_cron=1738778308.1657500267028808593750 HTTP/1.1" 200 31 "-" "HcqJ8EIheNQp"
162.158.163.90 - - [06/Feb/2025:00:58:28 +0700] "GET /?dir=/home/vietnamet.com/public_html/wp-includes/js/tinymce/plugins/media&item=plugin.min.js&action=chmod HTTP/1.1" 301 35635 "-" "Mozilla/5.0 (compatible; MJ12bot/v1.4.8; http://mj12bot.com/)"
162.158.163.117 - - [06/Feb/2025:00:58:30 +0700] "GET /search/%22%20.%20esc_url(%20admin_url()%20)%20.%20%22?dir=//boot&item=config-5.4.0-204-generic&action=download HTTP/1.1" 200 58600 "-" "Mozilla/5.0 (compatible; MJ12bot/v1.4.8; http://mj12bot.com/)"
162.158.162.50 - - [06/Feb/2025:00:58:32 +0700] "GET /?dir=%2Fhome%2Fvietnamet.com%2Fpublic_html%2Fwp-includes%2Fjs%2Ftinymce%2Fplugins%2Fmedia&item=plugin.min.js&action=chmod HTTP/1.1" 200 41190 "-" "Mozilla/5.0 (compatible; MJ12bot/v1.4.8; http://mj12bot.com/)"
162.158.162.22 - - [06/Feb/2025:00:58:32 +0700] "GET /wp-content/install.php HTTP/1.1" 499 0 "https://vietnamet.com/wp-content/install.php" "Mozilla/5.0 (Windows NT 10.0; Win64; x64) AppleWebKit/537.36 (KHTML, like Gecko) Chrome/58.0.3029.110 Safari/537.3"
162.158.163.117 - - [06/Feb/2025:00:58:34 +0700] "GET /search/%22%20.%20esc_url(%20admin_url()%20)%20.%20%22?dir=//boot&item=config-5.4.0-205-generic&action=chmod HTTP/1.1" 200 25776 "-" "Mozilla/5.0 (compatible; MJ12bot/v1.4.8; http://mj12bot.com/)"
162.158.163.97 - - [06/Feb/2025:00:58:35 +0700] "GET / HTTP/1.1" 200 43281 "https://vietnamet.com" "Mozilla/5.0 (Windows NT 10.0; Win64; x64) AppleWebKit/537.36 (KHTML, like Gecko) Chrome/58.0.3029.110 Safari/537.3"
162.158.163.117 - - [06/Feb/2025:00:58:36 +0700] "GET /search/%22%20.%20esc_url(%20admin_url()%20)%20.%20%22?dir=//boot&item=config-5.4.0-205-generic&action=edit HTTP/1.1" 200 85259 "-" "Mozilla/5.0 (compatible; MJ12bot/v1.4.8; http://mj12bot.com/)"
162.158.162.23 - - [06/Feb/2025:00:58:36 +0700] "GET /wp-content/install.php HTTP/1.1" 200 37 "-" "GuzzleHttp/7"
162.158.163.117 - - [06/Feb/2025:00:58:39 +0700] "GET /search/%22%20.%20esc_url(%20admin_url()%20)%20.%20%22?dir=//boot&item=grub&action=rename HTTP/1.1" 200 25767 "-" "Mozilla/5.0 (compatible; MJ12bot/v1.4.8; http://mj12bot.com/)"
162.158.162.50 - - [06/Feb/2025:00:58:41 +0700] "GET /?dir=/home/vietnamet.com/public_html/wp-includes/js/tinymce/plugins/media&item=plugin.min.js&action=download HTTP/1.1" 200 6103 "-" "Mozilla/5.0 (compatible; MJ12bot/v1.4.8; http://mj12bot.com/)"
162.158.163.97 - - [06/Feb/2025:00:58:43 +0700] "GET /wp-content/install.php HTTP/1.1" 200 37 "-" "GuzzleHttp/7"
162.158.163.97 - - [06/Feb/2025:00:58:43 +0700] "GET / HTTP/1.1" 301 107409 "-" "Mozilla/5.0 (Windows NT 10.0; Win64; x64) AppleWebKit/537.36 (KHTML, like Gecko) Chrome/78.0.3904.108 Safari/537.36"
162.158.163.117 - - [06/Feb/2025:00:58:43 +0700] "GET /search/%22%20.%20esc_url(%20admin_url()%20)%20.%20%22?dir=//boot&item=initrd.img-5.4.0-204-generic&action=chmod HTTP/1.1" 200 25768 "-" "Mozilla/5.0 (compatible; MJ12bot/v1.4.8; http://mj12bot.com/)"
172.69.165.18 - - [06/Feb/2025:00:58:44 +0700] "GET /wp-content/install.php HTTP/1.1" 200 37 "-" "GuzzleHttp/7"
162.158.163.97 - - [06/Feb/2025:00:58:45 +0700] "GET / HTTP/1.1" 200 43293 "-" "Mozilla/5.0 (Windows NT 10.0; Win64; x64) AppleWebKit/537.36 (KHTML, like Gecko) Chrome/78.0.3904.108 Safari/537.36"
162.158.162.23 - - [06/Feb/2025:00:58:45 +0700] "GET /wp-content/install.php HTTP/1.1" 200 37 "-" "GuzzleHttp/7"
162.158.162.50 - - [06/Feb/2025:00:58:45 +0700] "GET /?dir=/home/vietnamet.com/public_html/wp-includes/js/tinymce/plugins/media&item=plugin.min.js&action=rename HTTP/1.1" 301 35639 "-" "Mozilla/5.0 (compatible; MJ12bot/v1.4.8; http://mj12bot.com/)"
162.158.163.97 - - [06/Feb/2025:00:58:45 +0700] "GET //wp-includes/wlwmanifest.xml HTTP/1.1" 301 107115 "-" "Mozilla/5.0 (Windows NT 10.0; Win64; x64) AppleWebKit/537.36 (KHTML, like Gecko) Chrome/78.0.3904.108 Safari/537.36"
162.158.163.97 - - [06/Feb/2025:00:58:46 +0700] "GET /wp-content/install.php HTTP/1.1" 200 37 "-" "GuzzleHttp/7"
162.158.163.97 - - [06/Feb/2025:00:58:46 +0700] "GET //xmlrpc.php?rsd HTTP/1.1" 200 8694 "-" "Mozilla/5.0 (Windows NT 10.0; Win64; x64) AppleWebKit/537.36 (KHTML, like Gecko) Chrome/78.0.3904.108 Safari/537.36"
162.158.163.97 - - [06/Feb/2025:00:58:46 +0700] "GET //?author=1 HTTP/1.1" 301 107407 "-" "Mozilla/5.0 (Windows NT 10.0; Win64; x64) AppleWebKit/537.36 (KHTML, like Gecko) Chrome/78.0.3904.108 Safari/537.36"
172.69.165.62 - - [06/Feb/2025:00:58:46 +0700] "GET /wp-content/install.php HTTP/1.1" 200 37 "-" "GuzzleHttp/7"
162.158.162.23 - - [06/Feb/2025:00:58:47 +0700] "GET //?author=2 HTTP/1.1" 301 107439 "-" "Mozilla/5.0 (Windows NT 10.0; Win64; x64) AppleWebKit/537.36 (KHTML, like Gecko) Chrome/78.0.3904.108 Safari/537.36"
162.158.163.117 - - [06/Feb/2025:00:58:47 +0700] "GET /search/%22%20.%20esc_url(%20admin_url()%20)%20.%20%22?dir=//boot&item=initrd.img-5.4.0-204-generic&action=rename HTTP/1.1" 200 25773 "-" "Mozilla/5.0 (compatible; MJ12bot/v1.4.8; http://mj12bot.com/)"
162.158.162.23 - - [06/Feb/2025:00:58:48 +0700] "POST /wp-cron.php?doing_wp_cron=1738778328.0934469699859619140625 HTTP/1.1" 200 31 "-" "ZNcldW8N080I"
162.158.163.97 - - [06/Feb/2025:00:58:48 +0700] "GET //wp-json/wp/v2/users/ HTTP/1.1" 200 9008 "-" "Mozilla/5.0 (Windows NT 10.0; Win64; x64) AppleWebKit/537.36 (KHTML, like Gecko) Chrome/78.0.3904.108 Safari/537.36"
162.158.163.97 - - [06/Feb/2025:00:58:48 +0700] "POST //xmlrpc.php HTTP/1.1" 200 8685 "-" "Mozilla/5.0 (Windows NT 10.0; Win64; x64) AppleWebKit/537.36 (KHTML, like Gecko) Chrome/78.0.3904.108 Safari/537.36"
162.158.163.97 - - [06/Feb/2025:00:58:49 +0700] "POST //xmlrpc.php HTTP/1.1" 200 8682 "-" "Mozilla/5.0 (Windows NT 10.0; Win64; x64) AppleWebKit/537.36 (KHTML, like Gecko) Chrome/78.0.3904.108 Safari/537.36"
162.158.163.117 - - [06/Feb/2025:00:58:49 +0700] "GET /search/%22%20.%20esc_url(%20admin_url()%20)%20.%20%22?dir=//boot&item=initrd.img-5.4.0-205-generic&action=rename HTTP/1.1" 200 25774 "-" "Mozilla/5.0 (compatible; MJ12bot/v1.4.8; http://mj12bot.com/)"
162.158.163.97 - - [06/Feb/2025:00:58:49 +0700] "POST //xmlrpc.php HTTP/1.1" 200 8683 "-" "Mozilla/5.0 (Windows NT 10.0; Win64; x64) AppleWebKit/537.36 (KHTML, like Gecko) Chrome/78.0.3904.108 Safari/537.36"
162.158.163.97 - - [06/Feb/2025:00:58:50 +0700] "GET /wp-content/install.php HTTP/1.1" 200 37 "-" "GuzzleHttp/7"
162.158.162.23 - - [06/Feb/2025:00:58:50 +0700] "POST //xmlrpc.php HTTP/1.1" 200 8675 "-" "Mozilla/5.0 (Windows NT 10.0; Win64; x64) AppleWebKit/537.36 (KHTML, like Gecko) Chrome/78.0.3904.108 Safari/537.36"
162.158.162.206 - - [06/Feb/2025:00:58:50 +0700] "GET /?dir=%2Fhome%2Fvietnamet.com%2Fpublic_html%2Fwp-includes%2Fjs%2Ftinymce%2Fplugins%2Fmedia&item=plugin.min.js&action=rename HTTP/1.1" 200 41199 "-" "Mozilla/5.0 (compatible; MJ12bot/v1.4.8; http://mj12bot.com/)"
162.158.163.97 - - [06/Feb/2025:00:58:50 +0700] "POST //xmlrpc.php HTTP/1.1" 200 8683 "-" "Mozilla/5.0 (Windows NT 10.0; Win64; x64) AppleWebKit/537.36 (KHTML, like Gecko) Chrome/78.0.3904.108 Safari/537.36"
162.158.163.97 - - [06/Feb/2025:00:58:51 +0700] "POST //xmlrpc.php HTTP/1.1" 200 8685 "-" "Mozilla/5.0 (Windows NT 10.0; Win64; x64) AppleWebKit/537.36 (KHTML, like Gecko) Chrome/78.0.3904.108 Safari/537.36"
162.158.163.97 - - [06/Feb/2025:00:58:52 +0700] "POST //xmlrpc.php HTTP/1.1" 200 8685 "-" "Mozilla/5.0 (Windows NT 10.0; Win64; x64) AppleWebKit/537.36 (KHTML, like Gecko) Chrome/78.0.3904.108 Safari/537.36"
162.158.163.97 - - [06/Feb/2025:00:58:52 +0700] "POST //xmlrpc.php HTTP/1.1" 200 8680 "-" "Mozilla/5.0 (Windows NT 10.0; Win64; x64) AppleWebKit/537.36 (KHTML, like Gecko) Chrome/78.0.3904.108 Safari/537.36"
162.158.163.117 - - [06/Feb/2025:00:58:53 +0700] "GET /search/%22%20.%20esc_url(%20admin_url()%20)%20.%20%22?dir=//boot&item=initrd.img.old&action=chmod HTTP/1.1" 200 25772 "-" "Mozilla/5.0 (compatible; MJ12bot/v1.4.8; http://mj12bot.com/)"
162.158.163.97 - - [06/Feb/2025:00:58:53 +0700] "POST //xmlrpc.php HTTP/1.1" 200 8685 "-" "Mozilla/5.0 (Windows NT 10.0; Win64; x64) AppleWebKit/537.36 (KHTML, like Gecko) Chrome/78.0.3904.108 Safari/537.36"
162.158.163.97 - - [06/Feb/2025:00:58:54 +0700] "POST //xmlrpc.php HTTP/1.1" 200 8683 "-" "Mozilla/5.0 (Windows NT 10.0; Win64; x64) AppleWebKit/537.36 (KHTML, like Gecko) Chrome/78.0.3904.108 Safari/537.36"
162.158.163.117 - - [06/Feb/2025:00:58:54 +0700] "GET /huanjing/article/11736174.html?dir=%2Fhome%2Fvietnamet.com%2Fpublic_html%2Fwp-includes HTTP/1.1" 404 43752 "-" "Mozilla/5.0 (Linux; Android 5.0) AppleWebKit/537.36 (KHTML, like Gecko) Mobile Safari/537.36 (compatible; Bytespider; spider-feedback@bytedance.com)"
162.158.163.97 - - [06/Feb/2025:00:58:55 +0700] "POST //xmlrpc.php HTTP/1.1" 200 8683 "-" "Mozilla/5.0 (Windows NT 10.0; Win64; x64) AppleWebKit/537.36 (KHTML, like Gecko) Chrome/78.0.3904.108 Safari/537.36"
162.158.162.206 - - [06/Feb/2025:00:58:55 +0700] "GET /?dir=/home/vietnamet.com/public_html/wp-includes/js/tinymce/plugins/paste&item=.&action=chmod HTTP/1.1" 301 35624 "-" "Mozilla/5.0 (compatible; MJ12bot/v1.4.8; http://mj12bot.com/)"
162.158.163.97 - - [06/Feb/2025:00:58:56 +0700] "POST //xmlrpc.php HTTP/1.1" 200 8685 "-" "Mozilla/5.0 (Windows NT 10.0; Win64; x64) AppleWebKit/537.36 (KHTML, like Gecko) Chrome/78.0.3904.108 Safari/537.36"
162.158.163.97 - - [06/Feb/2025:00:58:56 +0700] "POST //xmlrpc.php HTTP/1.1" 200 8681 "-" "Mozilla/5.0 (Windows NT 10.0; Win64; x64) AppleWebKit/537.36 (KHTML, like Gecko) Chrome/78.0.3904.108 Safari/537.36"
162.158.163.97 - - [06/Feb/2025:00:58:57 +0700] "POST //xmlrpc.php HTTP/1.1" 200 8484 "-" "Mozilla/5.0 (Windows NT 10.0; Win64; x64) AppleWebKit/537.36 (KHTML, like Gecko) Chrome/78.0.3904.108 Safari/537.36"
162.158.163.117 - - [06/Feb/2025:00:58:57 +0700] "GET /search/%22%20.%20esc_url(%20admin_url()%20)%20.%20%22?dir=//boot&item=initrd.img.old&action=download HTTP/1.1" 500 0 "-" "Mozilla/5.0 (compatible; MJ12bot/v1.4.8; http://mj12bot.com/)"
162.158.163.97 - - [06/Feb/2025:00:58:57 +0700] "POST //xmlrpc.php HTTP/1.1" 200 8680 "-" "Mozilla/5.0 (Windows NT 10.0; Win64; x64) AppleWebKit/537.36 (KHTML, like Gecko) Chrome/78.0.3904.108 Safari/537.36"
162.158.163.154 - - [06/Feb/2025:00:58:58 +0700] "POST /wp-cron.php?doing_wp_cron=1738778338.4785559177398681640625 HTTP/1.1" 200 31 "-" "uykziFWX3ZwE"
162.158.163.97 - - [06/Feb/2025:00:58:58 +0700] "POST //xmlrpc.php HTTP/1.1" 200 8684 "-" "Mozilla/5.0 (Windows NT 10.0; Win64; x64) AppleWebKit/537.36 (KHTML, like Gecko) Chrome/78.0.3904.108 Safari/537.36"
162.158.163.97 - - [06/Feb/2025:00:58:59 +0700] "POST //xmlrpc.php HTTP/1.1" 200 8682 "-" "Mozilla/5.0 (Windows NT 10.0; Win64; x64) AppleWebKit/537.36 (KHTML, like Gecko) Chrome/78.0.3904.108 Safari/537.36"
162.158.162.102 - - [06/Feb/2025:00:58:59 +0700] "GET /wp-content/install.php HTTP/1.1" 200 37 "-" "GuzzleHttp/7"
162.158.163.97 - - [06/Feb/2025:00:58:59 +0700] "POST //xmlrpc.php HTTP/1.1" 200 8684 "-" "Mozilla/5.0 (Windows NT 10.0; Win64; x64) AppleWebKit/537.36 (KHTML, like Gecko) Chrome/78.0.3904.108 Safari/537.36"
162.158.163.97 - - [06/Feb/2025:00:58:59 +0700] "POST //xmlrpc.php HTTP/1.1" 200 8684 "-" "Mozilla/5.0 (Windows NT 10.0; Win64; x64) AppleWebKit/537.36 (KHTML, like Gecko) Chrome/78.0.3904.108 Safari/537.36"
162.158.163.97 - - [06/Feb/2025:00:59:00 +0700] "POST //xmlrpc.php HTTP/1.1" 200 8684 "-" "Mozilla/5.0 (Windows NT 10.0; Win64; x64) AppleWebKit/537.36 (KHTML, like Gecko) Chrome/78.0.3904.108 Safari/537.36"
162.158.163.97 - - [06/Feb/2025:00:59:00 +0700] "POST //xmlrpc.php HTTP/1.1" 200 8684 "-" "Mozilla/5.0 (Windows NT 10.0; Win64; x64) AppleWebKit/537.36 (KHTML, like Gecko) Chrome/78.0.3904.108 Safari/537.36"
162.158.163.97 - - [06/Feb/2025:00:59:01 +0700] "POST //xmlrpc.php HTTP/1.1" 200 8684 "-" "Mozilla/5.0 (Windows NT 10.0; Win64; x64) AppleWebKit/537.36 (KHTML, like Gecko) Chrome/78.0.3904.108 Safari/537.36"
162.158.163.97 - - [06/Feb/2025:00:59:01 +0700] "POST //xmlrpc.php HTTP/1.1" 200 8683 "-" "Mozilla/5.0 (Windows NT 10.0; Win64; x64) AppleWebKit/537.36 (KHTML, like Gecko) Chrome/78.0.3904.108 Safari/537.36"
162.158.163.97 - - [06/Feb/2025:00:59:02 +0700] "POST //xmlrpc.php HTTP/1.1" 200 8685 "-" "Mozilla/5.0 (Windows NT 10.0; Win64; x64) AppleWebKit/537.36 (KHTML, like Gecko) Chrome/78.0.3904.108 Safari/537.36"
162.158.163.97 - - [06/Feb/2025:00:59:03 +0700] "POST //xmlrpc.php HTTP/1.1" 200 8685 "-" "Mozilla/5.0 (Windows NT 10.0; Win64; x64) AppleWebKit/537.36 (KHTML, like Gecko) Chrome/78.0.3904.108 Safari/537.36"
162.158.163.97 - - [06/Feb/2025:00:59:03 +0700] "POST //xmlrpc.php HTTP/1.1" 200 8684 "-" "Mozilla/5.0 (Windows NT 10.0; Win64; x64) AppleWebKit/537.36 (KHTML, like Gecko) Chrome/78.0.3904.108 Safari/537.36"
162.158.163.97 - - [06/Feb/2025:00:59:04 +0700] "POST //xmlrpc.php HTTP/1.1" 200 8679 "-" "Mozilla/5.0 (Windows NT 10.0; Win64; x64) AppleWebKit/537.36 (KHTML, like Gecko) Chrome/78.0.3904.108 Safari/537.36"
162.158.162.50 - - [06/Feb/2025:00:59:04 +0700] "GET /?dir=%2Fhome%2Fvietnamet.com%2Fpublic_html%2Fwp-includes%2Fjs%2Ftinymce%2Fplugins%2Fpaste&item=.&action=chmod HTTP/1.1" 200 41191 "-" "Mozilla/5.0 (compatible; MJ12bot/v1.4.8; http://mj12bot.com/)"
162.158.163.97 - - [06/Feb/2025:00:59:04 +0700] "POST //xmlrpc.php HTTP/1.1" 200 8683 "-" "Mozilla/5.0 (Windows NT 10.0; Win64; x64) AppleWebKit/537.36 (KHTML, like Gecko) Chrome/78.0.3904.108 Safari/537.36"
162.158.163.97 - - [06/Feb/2025:00:59:04 +0700] "POST //xmlrpc.php HTTP/1.1" 200 8683 "-" "Mozilla/5.0 (Windows NT 10.0; Win64; x64) AppleWebKit/537.36 (KHTML, like Gecko) Chrome/78.0.3904.108 Safari/537.36"
162.158.163.97 - - [06/Feb/2025:00:59:05 +0700] "POST //xmlrpc.php HTTP/1.1" 200 8684 "-" "Mozilla/5.0 (Windows NT 10.0; Win64; x64) AppleWebKit/537.36 (KHTML, like Gecko) Chrome/78.0.3904.108 Safari/537.36"
162.158.163.97 - - [06/Feb/2025:00:59:05 +0700] "POST //xmlrpc.php HTTP/1.1" 200 8683 "-" "Mozilla/5.0 (Windows NT 10.0; Win64; x64) AppleWebKit/537.36 (KHTML, like Gecko) Chrome/78.0.3904.108 Safari/537.36"
162.158.163.97 - - [06/Feb/2025:00:59:06 +0700] "POST //xmlrpc.php HTTP/1.1" 200 8681 "-" "Mozilla/5.0 (Windows NT 10.0; Win64; x64) AppleWebKit/537.36 (KHTML, like Gecko) Chrome/78.0.3904.108 Safari/537.36"
162.158.163.97 - - [06/Feb/2025:00:59:06 +0700] "POST //xmlrpc.php HTTP/1.1" 200 8681 "-" "Mozilla/5.0 (Windows NT 10.0; Win64; x64) AppleWebKit/537.36 (KHTML, like Gecko) Chrome/78.0.3904.108 Safari/537.36"
162.158.163.97 - - [06/Feb/2025:00:59:07 +0700] "POST //xmlrpc.php HTTP/1.1" 200 8682 "-" "Mozilla/5.0 (Windows NT 10.0; Win64; x64) AppleWebKit/537.36 (KHTML, like Gecko) Chrome/78.0.3904.108 Safari/537.36"
162.158.163.97 - - [06/Feb/2025:00:59:07 +0700] "POST //xmlrpc.php HTTP/1.1" 200 8682 "-" "Mozilla/5.0 (Windows NT 10.0; Win64; x64) AppleWebKit/537.36 (KHTML, like Gecko) Chrome/78.0.3904.108 Safari/537.36"
162.158.163.97 - - [06/Feb/2025:00:59:08 +0700] "POST //xmlrpc.php HTTP/1.1" 200 8684 "-" "Mozilla/5.0 (Windows NT 10.0; Win64; x64) AppleWebKit/537.36 (KHTML, like Gecko) Chrome/78.0.3904.108 Safari/537.36"
162.158.163.97 - - [06/Feb/2025:00:59:08 +0700] "POST //xmlrpc.php HTTP/1.1" 200 8684 "-" "Mozilla/5.0 (Windows NT 10.0; Win64; x64) AppleWebKit/537.36 (KHTML, like Gecko) Chrome/78.0.3904.108 Safari/537.36"
162.158.163.97 - - [06/Feb/2025:00:59:09 +0700] "POST //xmlrpc.php HTTP/1.1" 200 8681 "-" "Mozilla/5.0 (Windows NT 10.0; Win64; x64) AppleWebKit/537.36 (KHTML, like Gecko) Chrome/78.0.3904.108 Safari/537.36"
162.158.163.166 - - [06/Feb/2025:00:59:09 +0700] "GET / HTTP/1.1" 200 43278 "-" "Magellan"
162.158.163.97 - - [06/Feb/2025:00:59:10 +0700] "POST //xmlrpc.php HTTP/1.1" 200 8681 "-" "Mozilla/5.0 (Windows NT 10.0; Win64; x64) AppleWebKit/537.36 (KHTML, like Gecko) Chrome/78.0.3904.108 Safari/537.36"
162.158.163.97 - - [06/Feb/2025:00:59:10 +0700] "POST //xmlrpc.php HTTP/1.1" 200 8683 "-" "Mozilla/5.0 (Windows NT 10.0; Win64; x64) AppleWebKit/537.36 (KHTML, like Gecko) Chrome/78.0.3904.108 Safari/537.36"
162.158.163.97 - - [06/Feb/2025:00:59:11 +0700] "POST //xmlrpc.php HTTP/1.1" 200 8683 "-" "Mozilla/5.0 (Windows NT 10.0; Win64; x64) AppleWebKit/537.36 (KHTML, like Gecko) Chrome/78.0.3904.108 Safari/537.36"
162.158.163.97 - - [06/Feb/2025:00:59:11 +0700] "POST //xmlrpc.php HTTP/1.1" 200 8682 "-" "Mozilla/5.0 (Windows NT 10.0; Win64; x64) AppleWebKit/537.36 (KHTML, like Gecko) Chrome/78.0.3904.108 Safari/537.36"
162.158.163.97 - - [06/Feb/2025:00:59:12 +0700] "POST //xmlrpc.php HTTP/1.1" 200 8683 "-" "Mozilla/5.0 (Windows NT 10.0; Win64; x64) AppleWebKit/537.36 (KHTML, like Gecko) Chrome/78.0.3904.108 Safari/537.36"
162.158.163.97 - - [06/Feb/2025:00:59:12 +0700] "POST //xmlrpc.php HTTP/1.1" 200 8685 "-" "Mozilla/5.0 (Windows NT 10.0; Win64; x64) AppleWebKit/537.36 (KHTML, like Gecko) Chrome/78.0.3904.108 Safari/537.36"
162.158.162.22 - - [06/Feb/2025:00:59:13 +0700] "POST /wp-cron.php?doing_wp_cron=1738778353.4265570640563964843750 HTTP/1.1" 200 31 "-" "XDJ8fa0vOn7G"
162.158.163.97 - - [06/Feb/2025:00:59:13 +0700] "POST //xmlrpc.php HTTP/1.1" 200 8683 "-" "Mozilla/5.0 (Windows NT 10.0; Win64; x64) AppleWebKit/537.36 (KHTML, like Gecko) Chrome/78.0.3904.108 Safari/537.36"
162.158.162.50 - - [06/Feb/2025:00:59:13 +0700] "GET /?dir=/home/vietnamet.com/public_html/wp-includes/js/tinymce/plugins/paste&item=..&action=chmod HTTP/1.1" 301 35300 "-" "Mozilla/5.0 (compatible; MJ12bot/v1.4.8; http://mj12bot.com/)"
162.158.163.97 - - [06/Feb/2025:00:59:14 +0700] "POST //xmlrpc.php HTTP/1.1" 200 8680 "-" "Mozilla/5.0 (Windows NT 10.0; Win64; x64) AppleWebKit/537.36 (KHTML, like Gecko) Chrome/78.0.3904.108 Safari/537.36"
162.158.163.118 - - [06/Feb/2025:00:59:14 +0700] "POST /wp-admin/admin-ajax.php?action=async_litespeed&nonce=b2ZtvK4KCKeIFiV0N0zNK79RsvXfjERL&litespeed_type=crawler HTTP/1.1" 200 12362 "-" "ikNtwTMZfM8G"
162.158.163.97 - - [06/Feb/2025:00:59:14 +0700] "POST //xmlrpc.php HTTP/1.1" 200 8680 "-" "Mozilla/5.0 (Windows NT 10.0; Win64; x64) AppleWebKit/537.36 (KHTML, like Gecko) Chrome/78.0.3904.108 Safari/537.36"
162.158.163.97 - - [06/Feb/2025:00:59:14 +0700] "POST /wp-admin/admin-ajax.php?action=async_litespeed&nonce=jzvUq3t6nrt6eaTPAa721JRCvuHfW5je&litespeed_type=imgoptm HTTP/1.1" 200 12363 "-" "ikNtwTMZfM8G"
162.158.163.97 - - [06/Feb/2025:00:59:15 +0700] "POST //xmlrpc.php HTTP/1.1" 200 8685 "-" "Mozilla/5.0 (Windows NT 10.0; Win64; x64) AppleWebKit/537.36 (KHTML, like Gecko) Chrome/78.0.3904.108 Safari/537.36"
162.158.163.97 - - [06/Feb/2025:00:59:15 +0700] "POST //xmlrpc.php HTTP/1.1" 200 8682 "-" "Mozilla/5.0 (Windows NT 10.0; Win64; x64) AppleWebKit/537.36 (KHTML, like Gecko) Chrome/78.0.3904.108 Safari/537.36"
162.158.163.97 - - [06/Feb/2025:00:59:15 +0700] "POST //xmlrpc.php HTTP/1.1" 200 8682 "-" "Mozilla/5.0 (Windows NT 10.0; Win64; x64) AppleWebKit/537.36 (KHTML, like Gecko) Chrome/78.0.3904.108 Safari/537.36"
162.158.163.118 - - [06/Feb/2025:00:59:16 +0700] "POST /wp-cron.php?doing_wp_cron=1738778356.3533749580383300781250 HTTP/1.1" 200 31 "-" "nFDu01yDw2Vx"
162.158.163.97 - - [06/Feb/2025:00:59:16 +0700] "POST //xmlrpc.php HTTP/1.1" 200 8682 "-" "Mozilla/5.0 (Windows NT 10.0; Win64; x64) AppleWebKit/537.36 (KHTML, like Gecko) Chrome/78.0.3904.108 Safari/537.36"
162.158.163.97 - - [06/Feb/2025:00:59:16 +0700] "POST //xmlrpc.php HTTP/1.1" 200 8682 "-" "Mozilla/5.0 (Windows NT 10.0; Win64; x64) AppleWebKit/537.36 (KHTML, like Gecko) Chrome/78.0.3904.108 Safari/537.36"
162.158.163.97 - - [06/Feb/2025:00:59:17 +0700] "POST //xmlrpc.php HTTP/1.1" 200 8681 "-" "Mozilla/5.0 (Windows NT 10.0; Win64; x64) AppleWebKit/537.36 (KHTML, like Gecko) Chrome/78.0.3904.108 Safari/537.36"
162.158.163.97 - - [06/Feb/2025:00:59:17 +0700] "POST //xmlrpc.php HTTP/1.1" 200 8683 "-" "Mozilla/5.0 (Windows NT 10.0; Win64; x64) AppleWebKit/537.36 (KHTML, like Gecko) Chrome/78.0.3904.108 Safari/537.36"
162.158.163.97 - - [06/Feb/2025:00:59:18 +0700] "POST //xmlrpc.php HTTP/1.1" 200 8682 "-" "Mozilla/5.0 (Windows NT 10.0; Win64; x64) AppleWebKit/537.36 (KHTML, like Gecko) Chrome/78.0.3904.108 Safari/537.36"
162.158.163.97 - - [06/Feb/2025:00:59:18 +0700] "POST //xmlrpc.php HTTP/1.1" 200 8681 "-" "Mozilla/5.0 (Windows NT 10.0; Win64; x64) AppleWebKit/537.36 (KHTML, like Gecko) Chrome/78.0.3904.108 Safari/537.36"
162.158.163.97 - - [06/Feb/2025:00:59:19 +0700] "POST //xmlrpc.php HTTP/1.1" 200 8681 "-" "Mozilla/5.0 (Windows NT 10.0; Win64; x64) AppleWebKit/537.36 (KHTML, like Gecko) Chrome/78.0.3904.108 Safari/537.36"
162.158.163.97 - - [06/Feb/2025:00:59:19 +0700] "POST //xmlrpc.php HTTP/1.1" 200 8685 "-" "Mozilla/5.0 (Windows NT 10.0; Win64; x64) AppleWebKit/537.36 (KHTML, like Gecko) Chrome/78.0.3904.108 Safari/537.36"
162.158.163.97 - - [06/Feb/2025:00:59:20 +0700] "POST //xmlrpc.php HTTP/1.1" 200 8683 "-" "Mozilla/5.0 (Windows NT 10.0; Win64; x64) AppleWebKit/537.36 (KHTML, like Gecko) Chrome/78.0.3904.108 Safari/537.36"
162.158.163.118 - - [06/Feb/2025:00:59:20 +0700] "GET /?dir=%2Fhome%2Fvietnamet.com%2Fpublic_html%2Fwp-includes%2Fjs%2Ftinymce%2Fplugins%2Fpaste&item=..&action=chmod HTTP/1.1" 200 41196 "-" "Mozilla/5.0 (compatible; MJ12bot/v1.4.8; http://mj12bot.com/)"
162.158.163.97 - - [06/Feb/2025:00:59:20 +0700] "POST //xmlrpc.php HTTP/1.1" 200 8683 "-" "Mozilla/5.0 (Windows NT 10.0; Win64; x64) AppleWebKit/537.36 (KHTML, like Gecko) Chrome/78.0.3904.108 Safari/537.36"
162.158.162.195 - - [06/Feb/2025:00:59:24 +0700] "POST /wp-cron.php?doing_wp_cron=1738778364.2507710456848144531250 HTTP/1.1" 200 31 "-" "N8pubRBCv0ig"
162.158.163.118 - - [06/Feb/2025:00:59:24 +0700] "GET /?dir=/home/vietnamet.com/public_html/wp-includes/js/tinymce/plugins/paste&item=plugin.js&action=chmod HTTP/1.1" 301 35632 "-" "Mozilla/5.0 (compatible; MJ12bot/v1.4.8; http://mj12bot.com/)"
162.158.162.47 - - [06/Feb/2025:00:59:28 +0700] "POST /wp-cron.php?doing_wp_cron=1738778368.7867619991302490234375 HTTP/1.1" 200 31 "-" "IKdEnWch2sgn"
162.158.163.165 - - [06/Feb/2025:00:59:29 +0700] "GET /?dir=%2Fhome%2Fvietnamet.com%2Fpublic_html%2Fwp-includes%2Fjs%2Ftinymce%2Fplugins%2Fpaste&item=plugin.js&action=chmod HTTP/1.1" 200 41187 "-" "Mozilla/5.0 (compatible; MJ12bot/v1.4.8; http://mj12bot.com/)"
162.158.162.22 - - [06/Feb/2025:00:59:36 +0700] "GET /wp-content/install.php HTTP/1.1" 200 37 "https://vietnamet.com/wp-content/install.php" "Mozilla/5.0 (Windows NT 10.0; Win64; x64) AppleWebKit/537.36 (KHTML, like Gecko) Chrome/58.0.3029.110 Safari/537.3"
162.158.162.22 - - [06/Feb/2025:00:59:37 +0700] "GET /wp-login.php HTTP/1.1" 404 47 "https://acsincorp.com/wp-login.php" "GRequests/0.10"
162.158.163.97 - - [06/Feb/2025:00:59:37 +0700] "GET /wp-login.php HTTP/1.1" 404 47 "https://acsincorp.com/wp-login.php" "GRequests/0.10"
162.158.163.97 - - [06/Feb/2025:00:59:37 +0700] "GET /wp-admin/ HTTP/1.1" 200 12342 "https://acsincorp.com/wp-admin/" "GRequests/0.10"
172.69.165.19 - - [06/Feb/2025:00:59:38 +0700] "GET / HTTP/1.1" 200 43279 "https://vietnamet.com" "Mozilla/5.0 (Windows NT 10.0; Win64; x64) AppleWebKit/537.36 (KHTML, like Gecko) Chrome/58.0.3029.110 Safari/537.3"
162.158.163.166 - - [06/Feb/2025:00:59:39 +0700] "GET /?dir=/home/vietnamet.com/public_html/wp-includes/js/tinymce/plugins/paste&item=plugin.js&action=download HTTP/1.1" 200 17758 "-" "Mozilla/5.0 (compatible; MJ12bot/v1.4.8; http://mj12bot.com/)"
162.158.163.117 - - [06/Feb/2025:00:59:41 +0700] "GET /wp-content/install.php HTTP/1.1" 200 37 "https://vietnamet.com/wp-content/install.php" "Mozilla/5.0 (Windows NT 10.0; Win64; x64) AppleWebKit/537.36 (KHTML, like Gecko) Chrome/58.0.3029.110 Safari/537.3"
162.158.163.97 - - [06/Feb/2025:00:59:42 +0700] "GET / HTTP/1.1" 200 43281 "https://vietnamet.com" "Mozilla/5.0 (Windows NT 10.0; Win64; x64) AppleWebKit/537.36 (KHTML, like Gecko) Chrome/58.0.3029.110 Safari/537.3"
162.158.163.166 - - [06/Feb/2025:00:59:44 +0700] "GET /?dir=/home/vietnamet.com/public_html/wp-includes/js/tinymce/plugins/paste&item=plugin.js&action=edit HTTP/1.1" 301 119376 "-" "Mozilla/5.0 (compatible; MJ12bot/v1.4.8; http://mj12bot.com/)"
162.158.163.117 - - [06/Feb/2025:00:59:47 +0700] "GET /zhidingxinwen/article/13116842.html?dir=%2Fhome%2Fvietnamet.com%2Fpublic_html HTTP/1.1" 404 30085 "-" "Mozilla/5.0 (Linux; Android 5.0) AppleWebKit/537.36 (KHTML, like Gecko) Mobile Safari/537.36 (compatible; Bytespider; spider-feedback@bytedance.com)"
162.158.163.117 - - [06/Feb/2025:00:59:48 +0700] "POST /wp-cron.php?doing_wp_cron=1738778388.6235959529876708984375 HTTP/1.1" 200 31 "-" "5R6aIlrZFtFB"
162.158.162.51 - - [06/Feb/2025:00:59:49 +0700] "GET /?dir=%2Fhome%2Fvietnamet.com%2Fpublic_html%2Fwp-includes%2Fjs%2Ftinymce%2Fplugins%2Fpaste&item=plugin.js&action=edit HTTP/1.1" 200 59123 "-" "Mozilla/5.0 (compatible; MJ12bot/v1.4.8; http://mj12bot.com/)"
162.158.162.23 - - [06/Feb/2025:00:59:55 +0700] "GET /search/%22%20.%20esc_url(%20admin_url()%20)%20.%20%22?dir=//dev&item=core&action=download HTTP/1.1" 302 336 "-" "Mozilla/5.0 (compatible; MJ12bot/v1.4.8; http://mj12bot.com/)"
162.158.162.23 - - [06/Feb/2025:00:59:57 +0700] "GET /search/%22%20.%20esc_url(%20admin_url()%20)%20.%20%22?dir=//dev HTTP/1.1" 200 25706 "-" "Mozilla/5.0 (compatible; MJ12bot/v1.4.8; http://mj12bot.com/)"
162.158.162.22 - - [06/Feb/2025:01:00:14 +0700] "POST /wp-cron.php?doing_wp_cron=1738778414.0890030860900878906250 HTTP/1.1" 200 31 "-" "AJhKtBL8Uy7t"
162.158.162.50 - - [06/Feb/2025:01:00:14 +0700] "GET /?dir=/home/vietnamet.com/public_html/wp-includes/js/tinymce/plugins/paste&item=plugin.js&action=rename HTTP/1.1" 301 35633 "-" "Mozilla/5.0 (compatible; MJ12bot/v1.4.8; http://mj12bot.com/)"
172.69.165.19 - - [06/Feb/2025:01:00:14 +0700] "POST /wp-admin/admin-ajax.php?action=async_litespeed&nonce=4WKgVH0LlsxEczkLpWJO4UKwtIN1DBMG&litespeed_type=imgoptm HTTP/1.1" 200 12360 "-" "0J0nhpbBhzKj"
172.69.165.19 - - [06/Feb/2025:01:00:21 +0700] "POST /wp-cron.php?doing_wp_cron=1738778421.0448510646820068359375 HTTP/1.1" 200 31 "-" "Ftpt3efehlKC"
162.158.162.22 - - [06/Feb/2025:01:00:21 +0700] "GET /search/%22%20.%20esc_url(%20admin_url()%20)%20.%20%22?dir=//dev&item=cpu&action=rename HTTP/1.1" 200 25820 "-" "Mozilla/5.0 (compatible; MJ12bot/v1.4.8; http://mj12bot.com/)"
162.158.163.97 - - [06/Feb/2025:01:00:23 +0700] "POST /wp-cron.php?doing_wp_cron=1738778423.4259049892425537109375 HTTP/1.1" 200 31 "-" "92yxfYY1Pu2g"
162.158.163.117 - - [06/Feb/2025:01:00:24 +0700] "GET /?dir=%2Fhome%2Fvietnamet.com%2Fpublic_html%2Fwp-includes%2Fjs%2Ftinymce%2Fplugins%2Fpaste&item=plugin.js&action=rename HTTP/1.1" 200 41199 "-" "Mozilla/5.0 (compatible; MJ12bot/v1.4.8; http://mj12bot.com/)"
172.69.165.19 - - [06/Feb/2025:01:00:33 +0700] "GET /wp-content/install.php HTTP/1.1" 499 0 "https://vietnamet.com/wp-content/install.php" "Mozilla/5.0 (Windows NT 10.0; Win64; x64) AppleWebKit/537.36 (KHTML, like Gecko) Chrome/58.0.3029.110 Safari/537.3"
162.158.163.98 - - [06/Feb/2025:01:00:34 +0700] "POST /wp-cron.php?doing_wp_cron=1738778434.5576400756835937500000 HTTP/1.1" 200 31 "-" "rOHkctQ3Ftf5"
162.158.162.22 - - [06/Feb/2025:01:00:35 +0700] "GET / HTTP/1.1" 200 43274 "https://vietnamet.com" "Mozilla/5.0 (Windows NT 10.0; Win64; x64) AppleWebKit/537.36 (KHTML, like Gecko) Chrome/58.0.3029.110 Safari/537.3"
162.158.162.22 - - [06/Feb/2025:01:00:37 +0700] "GET /search/%22%20.%20esc_url(%20admin_url()%20)%20.%20%22?dir=//dev&item=disk&action=rename HTTP/1.1" 200 25817 "-" "Mozilla/5.0 (compatible; MJ12bot/v1.4.8; http://mj12bot.com/)"
162.158.163.118 - - [06/Feb/2025:01:00:38 +0700] "GET /wp-content/install.php HTTP/1.1" 200 37 "-" "GuzzleHttp/7"
162.158.162.22 - - [06/Feb/2025:01:00:40 +0700] "GET /wp-content/install.php HTTP/1.1" 200 37 "-" "GuzzleHttp/7"
172.69.165.18 - - [06/Feb/2025:01:00:40 +0700] "GET /shichang/article/13527160.html?dir=%2Fhome%2Fvietnamet.com%2Fpublic_html%2Fwp-content HTTP/1.1" 404 29373 "-" "Mozilla/5.0 (Linux; Android 5.0) AppleWebKit/537.36 (KHTML, like Gecko) Mobile Safari/537.36 (compatible; Bytespider; spider-feedback@bytedance.com)"
162.158.162.22 - - [06/Feb/2025:01:00:47 +0700] "GET /search/%22%20.%20esc_url(%20admin_url()%20)%20.%20%22?dir=//dev&item=fd&action=chmod HTTP/1.1" 200 25817 "-" "Mozilla/5.0 (compatible; MJ12bot/v1.4.8; http://mj12bot.com/)"
172.69.165.18 - - [06/Feb/2025:01:00:50 +0700] "POST /wp-cron.php?doing_wp_cron=1738778450.2766900062561035156250 HTTP/1.1" 200 31 "-" "N2ILhw2YcieP"
162.158.163.118 - - [06/Feb/2025:01:00:50 +0700] "GET /?dir=/home/vietnamet.com/public_html/wp-includes/js/tinymce/plugins/paste&item=plugin.min.js&action=chmod HTTP/1.1" 301 35634 "-" "Mozilla/5.0 (compatible; MJ12bot/v1.4.8; http://mj12bot.com/)"
162.158.162.22 - - [06/Feb/2025:01:00:50 +0700] "GET /wp-content/install.php HTTP/1.1" 200 37 "-" "GuzzleHttp/7"
162.158.162.22 - - [06/Feb/2025:01:00:55 +0700] "GET /wp-content/install.php HTTP/1.1" 200 37 "-" "GuzzleHttp/7"
162.158.162.23 - - [06/Feb/2025:01:01:05 +0700] "POST /wp-cron.php?doing_wp_cron=1738778465.4527370929718017578125 HTTP/1.1" 200 31 "-" "j6z5U0iJeopj"
162.158.162.22 - - [06/Feb/2025:01:01:06 +0700] "GET /search/%22%20.%20esc_url(%20admin_url()%20)%20.%20%22?dir=//dev&item=input&action=chmod HTTP/1.1" 200 25815 "-" "Mozilla/5.0 (compatible; MJ12bot/v1.4.8; http://mj12bot.com/)"
162.158.162.104 - - [06/Feb/2025:01:01:06 +0700] "GET /?dir=%2Fhome%2Fvietnamet.com%2Fpublic_html%2Fwp-includes%2Fjs%2Ftinymce%2Fplugins%2Fpaste&item=plugin.min.js&action=chmod HTTP/1.1" 200 41199 "-" "Mozilla/5.0 (compatible; MJ12bot/v1.4.8; http://mj12bot.com/)"
172.69.165.18 - - [06/Feb/2025:01:01:18 +0700] "GET /?dir=/home/vietnamet.com/public_html/wp-includes/js/tinymce/plugins/paste&item=plugin.min.js&action=download HTTP/1.1" 200 11536 "-" "Mozilla/5.0 (compatible; MJ12bot/v1.4.8; http://mj12bot.com/)"
162.158.163.98 - - [06/Feb/2025:01:01:21 +0700] "POST /wp-cron.php?doing_wp_cron=1738778481.8029189109802246093750 HTTP/1.1" 200 31 "-" "kyaHeTTci5ql"
162.158.162.23 - - [06/Feb/2025:01:01:22 +0700] "GET /search/%22%20.%20esc_url(%20admin_url()%20)%20.%20%22?dir=//dev/input HTTP/1.1" 200 24671 "-" "Mozilla/5.0 (compatible; MJ12bot/v1.4.8; http://mj12bot.com/)"
162.158.162.19 - - [06/Feb/2025:01:01:22 +0700] "POST /wp-admin/admin-ajax.php?action=async_litespeed&nonce=HND4d0bUEY74mLzKl9ndlNWqiI5KYYCl&litespeed_type=imgoptm HTTP/1.1" 200 12361 "-" "9zKtGTFEJOV2"
172.69.165.19 - - [06/Feb/2025:01:01:34 +0700] "POST /wp-cron.php?doing_wp_cron=1738778493.9847929477691650390625 HTTP/1.1" 200 31 "-" "YW6FfxGMO5pJ"
162.158.162.22 - - [06/Feb/2025:01:01:34 +0700] "GET /zhidingxinwen/article/12461091.html?dir=%2Fhome%2Fvietnamet.com%2Fpublic_html%2Fwp-content HTTP/1.1" 404 29371 "-" "Mozilla/5.0 (Linux; Android 5.0) AppleWebKit/537.36 (KHTML, like Gecko) Mobile Safari/537.36 (compatible; Bytespider; spider-feedback@bytedance.com)"
162.158.162.105 - - [06/Feb/2025:01:01:34 +0700] "GET /?dir=/home/vietnamet.com/public_html/wp-includes/js/tinymce/plugins/paste&item=plugin.min.js&action=edit HTTP/1.1" 301 71503 "-" "Mozilla/5.0 (compatible; MJ12bot/v1.4.8; http://mj12bot.com/)"
162.158.162.22 - - [06/Feb/2025:01:01:47 +0700] "GET /search/%22%20.%20esc_url(%20admin_url()%20)%20.%20%22?dir=//lib/git-core&item=git-var&action=chmod HTTP/1.1" 200 34079 "-" "Mozilla/5.0 (compatible; MJ12bot/v1.4.8; http://mj12bot.com/)"
162.158.162.22 - - [06/Feb/2025:01:01:50 +0700] "GET /search/%22%20.%20esc_url(%20admin_url()%20)%20.%20%22?dir=//lib/git-core&item=git-var&action=download HTTP/1.1" 200 1527650 "-" "Mozilla/5.0 (compatible; MJ12bot/v1.4.8; http://mj12bot.com/)"
162.158.162.22 - - [06/Feb/2025:01:01:52 +0700] "POST /wp-cron.php?doing_wp_cron=1738778512.4774720668792724609375 HTTP/1.1" 200 31 "-" "DQg3Tdo8qnml"
162.158.162.50 - - [06/Feb/2025:01:01:53 +0700] "GET /?dir=%2Fhome%2Fvietnamet.com%2Fpublic_html%2Fwp-includes%2Fjs%2Ftinymce%2Fplugins%2Fpaste&item=plugin.min.js&action=edit HTTP/1.1" 200 53158 "-" "Mozilla/5.0 (compatible; MJ12bot/v1.4.8; http://mj12bot.com/)"
162.158.162.115 - - [06/Feb/2025:01:01:55 +0700] "GET /search/%22%20.%20esc_url(%20admin_url()%20)%20.%20%22?dir=//lib/git-core&item=git-var&action=edit HTTP/1.1" 200 34106 "-" "Mozilla/5.0 (compatible; MJ12bot/v1.4.8; http://mj12bot.com/)"
162.158.163.189 - - [06/Feb/2025:01:01:56 +0700] "GET /?dir=%2Fhome%2Fvietnamet.com%2Fpublic_html%2Fwp-includes%2Fjs%2Ftinymce%2Futils HTTP/1.1" 200 41326 "-" "Mozilla/5.0 AppleWebKit/537.36 (KHTML, like Gecko; compatible; GPTBot/1.2; +https://openai.com/gptbot)"
162.158.162.22 - - [06/Feb/2025:01:01:59 +0700] "POST /wp-cron.php?doing_wp_cron=1738778518.9932570457458496093750 HTTP/1.1" 200 31 "-" "ZxCSit2U1q0J"
162.158.162.115 - - [06/Feb/2025:01:01:59 +0700] "GET /search/%22%20.%20esc_url(%20admin_url()%20)%20.%20%22?dir=//lib/git-core&item=git-var&action=rename HTTP/1.1" 200 34084 "-" "Mozilla/5.0 (compatible; MJ12bot/v1.4.8; http://mj12bot.com/)"
162.158.163.189 - - [06/Feb/2025:01:02:01 +0700] "GET /?action=rename&dir=%2Fhome%2Fvietnamet.com%2Fpublic_html%2Fwp-content%2Fplugins%2Fseo-by-rank-math%2Fvendor%2Fcomposer&item=installed.php HTTP/1.1" 200 42013 "-" "Mozilla/5.0 AppleWebKit/537.36 (KHTML, like Gecko; compatible; GPTBot/1.2; +https://openai.com/gptbot)"
162.158.162.115 - - [06/Feb/2025:01:02:03 +0700] "GET /search/%22%20.%20esc_url(%20admin_url()%20)%20.%20%22?dir=//lib/git-core&item=git-verify-commit&action=chmod HTTP/1.1" 200 34085 "-" "Mozilla/5.0 (compatible; MJ12bot/v1.4.8; http://mj12bot.com/)"
162.158.163.189 - - [06/Feb/2025:01:02:04 +0700] "GET /?action=chmod&dir=%2Fhome%2Fvietnamet.com%2Fpublic_html%2Fwp-content%2Fplugins%2Fseo-by-rank-math%2Fincludes%2Fhelpers&item=class-options.php HTTP/1.1" 200 42521 "-" "Mozilla/5.0 AppleWebKit/537.36 (KHTML, like Gecko; compatible; GPTBot/1.2; +https://openai.com/gptbot)"
162.158.162.22 - - [06/Feb/2025:01:02:05 +0700] "GET /wp-login.php HTTP/1.1" 404 47 "https://acsincorp.com/wp-login.php" "GRequests/0.10"
162.158.163.118 - - [06/Feb/2025:01:02:06 +0700] "GET /wp-login.php HTTP/1.1" 404 47 "https://acsincorp.com/wp-login.php" "GRequests/0.10"
162.158.162.115 - - [06/Feb/2025:01:02:06 +0700] "GET /search/%22%20.%20esc_url(%20admin_url()%20)%20.%20%22?dir=//lib/git-core&item=git-verify-commit&action=download HTTP/1.1" 200 1527650 "-" "Mozilla/5.0 (compatible; MJ12bot/v1.4.8; http://mj12bot.com/)"
162.158.163.118 - - [06/Feb/2025:01:02:07 +0700] "GET /wp-admin/ HTTP/1.1" 200 12343 "https://acsincorp.com/wp-admin/" "GRequests/0.10"
162.158.162.108 - - [06/Feb/2025:01:02:11 +0700] "POST /wp-cron.php?doing_wp_cron=1738778531.6879210472106933593750 HTTP/1.1" 200 31 "-" "n25dbgMLE8wu"
162.158.163.89 - - [06/Feb/2025:01:02:12 +0700] "GET /search/%22%20.%20esc_url(%20admin_url()%20)%20.%20%22?dir=//lib/git-core&item=git-verify-commit&action=edit HTTP/1.1" 200 34117 "-" "Mozilla/5.0 (compatible; MJ12bot/v1.4.8; http://mj12bot.com/)"
162.158.163.189 - - [06/Feb/2025:01:02:13 +0700] "GET /wp-login.php HTTP/1.1" 404 47 "https://acsincorp.com/wp-login.php" "GRequests/0.10"
162.158.162.22 - - [06/Feb/2025:01:02:13 +0700] "GET /wp-login.php HTTP/1.1" 404 47 "https://acsincorp.com/wp-login.php" "GRequests/0.10"
162.158.162.104 - - [06/Feb/2025:01:02:14 +0700] "POST /wp-cron.php?doing_wp_cron=1738778534.1566429138183593750000 HTTP/1.1" 200 31 "-" "zfTvWH4jekey"
162.158.162.22 - - [06/Feb/2025:01:02:14 +0700] "GET /wp-admin/ HTTP/1.1" 200 12343 "https://acsincorp.com/wp-admin/" "GRequests/0.10"
162.158.163.118 - - [06/Feb/2025:01:02:14 +0700] "POST /wp-admin/admin-ajax.php?action=async_litespeed&nonce=RgnHRYOHXnPZ5Bmd5is1OTD2CahXsgt1&litespeed_type=imgoptm HTTP/1.1" 200 12384 "-" "kj0wNo6icNKe"
162.158.163.89 - - [06/Feb/2025:01:02:14 +0700] "GET /search/%22%20.%20esc_url(%20admin_url()%20)%20.%20%22?dir=//lib/git-core&item=git-verify-commit&action=rename HTTP/1.1" 200 34082 "-" "Mozilla/5.0 (compatible; MJ12bot/v1.4.8; http://mj12bot.com/)"
172.69.165.73 - - [06/Feb/2025:01:02:17 +0700] "POST /wp-cron.php?doing_wp_cron=1738778537.0200119018554687500000 HTTP/1.1" 200 31 "-" "crj372jU150o"
162.158.163.89 - - [06/Feb/2025:01:02:17 +0700] "GET /search/%22%20.%20esc_url(%20admin_url()%20)%20.%20%22?dir=//lib/git-core&item=git-verify-pack&action=chmod HTTP/1.1" 200 34088 "-" "Mozilla/5.0 (compatible; MJ12bot/v1.4.8; http://mj12bot.com/)"
162.158.163.89 - - [06/Feb/2025:01:02:19 +0700] "GET /search/%22%20.%20esc_url(%20admin_url()%20)%20.%20%22?dir=//lib/git-core&item=git-verify-pack&action=download HTTP/1.1" 200 1527650 "-" "Mozilla/5.0 (compatible; MJ12bot/v1.4.8; http://mj12bot.com/)"
162.158.162.22 - - [06/Feb/2025:01:02:23 +0700] "POST /wp-cron.php?doing_wp_cron=1738778543.3594460487365722656250 HTTP/1.1" 200 31 "-" "9mrkweYVWp51"
162.158.162.115 - - [06/Feb/2025:01:02:23 +0700] "GET /search/%22%20.%20esc_url(%20admin_url()%20)%20.%20%22?dir=//lib/git-core&item=git-verify-pack&action=edit HTTP/1.1" 200 34111 "-" "Mozilla/5.0 (compatible; MJ12bot/v1.4.8; http://mj12bot.com/)"
162.158.162.115 - - [06/Feb/2025:01:02:26 +0700] "GET /search/%22%20.%20esc_url(%20admin_url()%20)%20.%20%22?dir=//lib/git-core&item=git-verify-pack&action=rename HTTP/1.1" 200 34083 "-" "Mozilla/5.0 (compatible; MJ12bot/v1.4.8; http://mj12bot.com/)"
162.158.163.117 - - [06/Feb/2025:01:02:27 +0700] "POST /wp-cron.php?doing_wp_cron=1738778547.6502840518951416015625 HTTP/1.1" 200 31 "-" "JX3wRvKFkRXw"
162.158.162.51 - - [06/Feb/2025:01:02:27 +0700] "GET /?dir=/home/vietnamet.com/public_html/wp-includes/js/tinymce/plugins/paste&item=plugin.min.js&action=rename HTTP/1.1" 301 35639 "-" "Mozilla/5.0 (compatible; MJ12bot/v1.4.8; http://mj12bot.com/)"
162.158.162.207 - - [06/Feb/2025:01:02:28 +0700] "GET /qiwen/article/12338136.html?dir=%2Fhome%2Fvietnamet.com%2Fpublic_html HTTP/1.1" 404 30071 "-" "Mozilla/5.0 (Linux; Android 5.0) AppleWebKit/537.36 (KHTML, like Gecko) Mobile Safari/537.36 (compatible; Bytespider; spider-feedback@bytedance.com)"
162.158.162.115 - - [06/Feb/2025:01:02:29 +0700] "GET /search/%22%20.%20esc_url(%20admin_url()%20)%20.%20%22?dir=//lib/git-core&item=git-verify-tag&action=chmod HTTP/1.1" 200 34081 "-" "Mozilla/5.0 (compatible; MJ12bot/v1.4.8; http://mj12bot.com/)"
162.158.162.115 - - [06/Feb/2025:01:02:31 +0700] "GET /search/%22%20.%20esc_url(%20admin_url()%20)%20.%20%22?dir=//lib/git-core&item=git-verify-tag&action=download HTTP/1.1" 200 1527650 "-" "Mozilla/5.0 (compatible; MJ12bot/v1.4.8; http://mj12bot.com/)"
162.158.163.190 - - [06/Feb/2025:01:02:32 +0700] "GET /?action=chmod&dir=%2Fhome%2Fvietnamet.com%2Fpublic_html%2Fwp-content%2Fplugins%2Fseo-by-rank-math%2Fincludes&item=class-metadata.php HTTP/1.1" 200 43268 "-" "Mozilla/5.0 AppleWebKit/537.36 (KHTML, like Gecko; compatible; GPTBot/1.2; +https://openai.com/gptbot)"
162.158.163.98 - - [06/Feb/2025:01:02:32 +0700] "GET / HTTP/1.1" 301 107415 "-" "Mozilla/5.0 (iPhone; CPU iPhone OS 13_2_3 like Mac OS X) AppleWebKit/605.1.15 (KHTML, like Gecko) Version/13.0.3 Mobile/15E148 Safari/604.1"
172.69.165.19 - - [06/Feb/2025:01:02:33 +0700] "GET /search/%22%20.%20esc_url(%20admin_url()%20)%20.%20%22?dir=//lib/git-core&item=git-verify-tag&action=edit HTTP/1.1" 200 34111 "-" "Mozilla/5.0 (compatible; MJ12bot/v1.4.8; http://mj12bot.com/)"
162.158.163.190 - - [06/Feb/2025:01:02:35 +0700] "GET /?action=rename&dir=%2Fhome%2Fvietnamet.com%2Fpublic_html%2Fwp-content%2Fplugins%2Fseo-by-rank-math%2Fincludes%2Ftraits&item=class-hooker.php HTTP/1.1" 200 41598 "-" "Mozilla/5.0 AppleWebKit/537.36 (KHTML, like Gecko; compatible; GPTBot/1.2; +https://openai.com/gptbot)"
172.69.165.19 - - [06/Feb/2025:01:02:35 +0700] "GET /search/%22%20.%20esc_url(%20admin_url()%20)%20.%20%22?dir=//lib/git-core&item=git-verify-tag&action=rename HTTP/1.1" 200 34084 "-" "Mozilla/5.0 (compatible; MJ12bot/v1.4.8; http://mj12bot.com/)"
162.158.163.165 - - [06/Feb/2025:01:02:37 +0700] "GET /?dir=%2Fhome%2Fvietnamet.com%2Fpublic_html%2Fwp-includes%2Fjs%2Ftinymce%2Fplugins%2Fpaste&item=plugin.min.js&action=rename HTTP/1.1" 200 41209 "-" "Mozilla/5.0 (compatible; MJ12bot/v1.4.8; http://mj12bot.com/)"
162.158.163.190 - - [06/Feb/2025:01:02:38 +0700] "GET / HTTP/1.1" 200 43281 "http://vietnamet.com" "Mozilla/5.0 (iPhone; CPU iPhone OS 13_2_3 like Mac OS X) AppleWebKit/605.1.15 (KHTML, like Gecko) Version/13.0.3 Mobile/15E148 Safari/604.1"
172.69.165.19 - - [06/Feb/2025:01:02:38 +0700] "GET /search/%22%20.%20esc_url(%20admin_url()%20)%20.%20%22?dir=//lib/git-core&item=git-web--browse&action=chmod HTTP/1.1" 200 34087 "-" "Mozilla/5.0 (compatible; MJ12bot/v1.4.8; http://mj12bot.com/)"
162.158.163.189 - - [06/Feb/2025:01:02:38 +0700] "GET /?action=rename&dir=%2Fhome%2Fvietnamet.com%2Fpublic_html%2Fwp-content%2Fplugins%2Fseo-by-rank-math%2Fincludes%2Fopengraph&item=class-image.php HTTP/1.1" 200 41603 "-" "Mozilla/5.0 AppleWebKit/537.36 (KHTML, like Gecko; compatible; GPTBot/1.2; +https://openai.com/gptbot)"
